Report for Module-Info-0.35

Back
From: metabase:user:320bfe00-2aae-11df-837a-5e0a49663a4f
Subject: FAIL Module-Info-0.35 v5.23.4 GNU/Linux
Date: 2015-09-23T10:11:57Z

This distribution has been tested as part of the CPAN Testers
project, supporting the Perl programming language.  See
http://wiki.cpantesters.org/ for more information or email
questions to cpan-testers-discuss@perl.org


--
Dear Mattia Barbon,

This is a computer-generated report for Module-Info-0.35
on perl 5.23.4, created by CPAN-Reporter-1.2015.

Thank you for uploading your work to CPAN.  However, there was a problem
testing your distribution.

If you think this report is invalid, please consult the CPAN Testers Wiki
for suggestions on how to avoid getting FAIL reports for missing library
or binary dependencies, unsupported operating systems, and so on:

http://wiki.cpantesters.org/wiki/CPANAuthorNotes

Sections of this report:

    * Tester comments
    * Program output
    * Prerequisites
    * Environment and other context

------------------------------
TESTER COMMENTS
------------------------------

Additional comments from tester:

this report is from an automated smoke testing program
and was not reviewed by a human for accuracy

------------------------------
PROGRAM OUTPUT
------------------------------

Output from './Build test':

#     Failed test (t/Module-Info.t at line 82)
#          got: '4'
#     expected: '3'
#     Failed test (t/Module-Info.t at line 83)
#     Structures begin differing at:
#          $got->[3] = 'Subroutine B::OP::parent redefined at blib/lib/B/BUtils.pm line 217.'
#     $expected->[3] = Does not exist
#     Failed test (t/Module-Info.t at line 88)
#          got: '4'
#     expected: '3'
#     Failed test (t/Module-Info.t at line 89)
#          got: undef
#     expected: '0.35'
#     Failed test (t/Module-Info.t at line 185)
#          got: '3'
#     expected: '2'
#     Failed test (t/Module-Info.t at line 186)
#     Failed test (t/Module-Info.t at line 189)
#          got: '3'
#     expected: '2'
#     Failed test (t/Module-Info.t at line 190)
#          got: 'Illegal division by zero at -e line 1.'
#     expected: '7.254'
#     Failed test (t/Module-Info.t at line 191)
#          got: '7.254'
#     expected: undef
B::Module::Info,subs_called use failed with 255 saying:
Subroutine B::OP::parent redefined at blib/lib/B/BUtils.pm line 217.

function call to wibble at "/tmp/loop_over_bdir-13457-pDDBh7/Module-Info-0.35-rfvhlO/t/lib/Foo.pm" line 25

function call using symbolic ref at "/tmp/loop_over_bdir-13457-pDDBh7/Module-Info-0.35-rfvhlO/t/lib/Foo.pm" line 26

Can't locate object method "PV" via package "B::SPECIAL" at blib/lib/B/Module/Info.pm line 388.

CHECK failed--call queue aborted.
#     Failed test (t/Module-Info.t at line 296)
#     Structures begin differing at:
#          $got->[0] = Does not exist
#     $expected->[0] = 'HASH(0x20e1d38)'
B::Module::Info,subs_called use failed with 255 saying:
Subroutine B::OP::parent redefined at blib/lib/B/BUtils.pm line 217.

function call to wibble at "/tmp/loop_over_bdir-13457-pDDBh7/Module-Info-0.35-rfvhlO/t/lib/Foo.pm" line 25

function call using symbolic ref at "/tmp/loop_over_bdir-13457-pDDBh7/Module-Info-0.35-rfvhlO/t/lib/Foo.pm" line 26

Can't locate object method "PV" via package "B::SPECIAL" at blib/lib/B/Module/Info.pm line 388.

CHECK failed--call queue aborted.
#     Failed test (t/Module-Info.t at line 298)
#     Structures begin differing at:
#          $got->[0] = Does not exist
#     $expected->[0] = 'HASH(0x20e2050)'
# Looks like you failed 11 tests of 59.
t/Module-Info.t .......... 
Dubious, test returned 11 (wstat 2816, 0xb00)
Failed 11/59 subtests 
t/n0_die_on_error.t ...... ok
#     Failed test (t/n1_modules_required.t at line 17)
#     Structures begin differing at:
#          $got->[0] = Does not exist
#     $expected->[0] = '1'
# Looks like you failed 1 tests of 3.
t/n1_modules_required.t .. 
Dubious, test returned 1 (wstat 256, 0x100)
Failed 1/3 subtests 
t/n2_safe.t .............. ok
t/n3_version.t ........... ok
t/zy_pod_coverage.t ...... ok
t/zz_pod.t ............... ok

Test Summary Report
-------------------
t/Module-Info.t        (Wstat: 2816 Tests: 59 Failed: 11)
  Failed tests:  10-13, 43-47, 56-57
  Non-zero exit status: 11
t/n1_modules_required.t (Wstat: 256 Tests: 3 Failed: 1)
  Failed test:  2
  Non-zero exit status: 1
Files=7, Tests=118,  2 wallclock secs ( 0.05 usr  0.05 sys +  1.80 cusr  0.25 csys =  2.15 CPU)
Result: FAIL
Failed 2/7 test programs. 12/118 subtests failed.

------------------------------
PREREQUISITES
------------------------------

Prerequisite modules loaded:

requires:

    Module        Need Have  
    ------------- ---- ------
    File::Spec    0.08 3.58  

configure_requires:

    Module        Need Have  
    ------------- ---- ------
    Module::Build 0.40 0.4214


------------------------------
ENVIRONMENT AND OTHER CONTEXT
------------------------------

Environment variables:

    AUTOMATED_TESTING = 1
    LANG = en_US.UTF-8
    LANGUAGE = en_US:en
    PATH = /home/sand/bin:/usr/local/bin:/usr/bin:/bin:/usr/games:/usr/local/perl/bin:/usr/X11/bin:/sbin:/usr/sbin
    PERL5LIB = 
    PERL5OPT = 
    PERL5_CPANPLUS_IS_RUNNING = 13460
    PERL5_CPAN_IS_RUNNING = 13460
    PERL_MM_USE_DEFAULT = 1
    SHELL = /usr/bin/zsh
    TERM = screen

Perl special variables (and OS-specific diagnostics, for MSWin32):

    $^X = /tmp/basesmoker-reloperl-hlxK/bin/perl
    $UID/$EUID = 1005 / 1005
    $GID = 1005 1005
    $EGID = 1005 1005

Perl module toolchain versions installed:

    Module              Have    
    ------------------- --------
    CPAN                2.11    
    CPAN::Meta          2.150005
    Cwd                 3.58    
    ExtUtils::CBuilder  0.280223
    ExtUtils::Command   7.10    
    ExtUtils::Install   2.04    
    ExtUtils::MakeMaker 7.10    
    ExtUtils::Manifest  1.70    
    ExtUtils::ParseXS   3.30    
    File::Spec          3.58    
    JSON                2.90    
    JSON::PP            2.27300 
    Module::Build       0.4214  
    Module::Signature   0.79    
    Parse::CPAN::Meta   1.4417  
    Test::Harness       3.35    
    Test::More          1.001014
    YAML                1.15    
    YAML::Syck          1.29    
    version             0.9909  


--

Summary of my perl5 (revision 5 version 23 subversion 4) configuration:
  Commit id: e120c24fe257993e9cbf4c567194bec2792f3ccc
  Platform:
    osname=linux, osvers=4.1.0-2-amd64, archname=x86_64-linux-ld
    uname='linux k83 4.1.0-2-amd64 #1 smp debian 4.1.6-1 (2015-08-23) x86_64 gnulinux '
    config_args='-Dprefix=/home/sand/src/perl/repoperls/installed-perls/perl/v5.23.3-7-ge120c24/127e -Dmyhostname=k83 -Dinstallusrbinperl=n -Uversiononly -Dusedevel -des -Ui_db -Uuseithreads -Duselongdouble -DDEBUGGING=-g'
    hint=recommended, useposix=true, d_sigaction=define
    useithreads=undef, usemultiplicity=undef
    use64bitint=define, use64bitall=define, uselongdouble=define
    usemymalloc=n, bincompat5005=undef
  Compiler:
    cc='cc', ccflags ='-fwrapv -fno-strict-aliasing -pipe -fstack-protector-strong -I/usr/local/include -D_LARGEFILE_SOURCE -D_FILE_OFFSET_BITS=64',
    optimize='-O2 -g',
    cppflags='-fwrapv -fno-strict-aliasing -pipe -fstack-protector-strong -I/usr/local/include'
    ccversion='', gccversion='5.2.1 20150911', gccosandvers=''
    intsize=4, longsize=8, ptrsize=8, doublesize=8, byteorder=12345678, doublekind=3
    d_longlong=define, longlongsize=8, d_longdbl=define, longdblsize=16, longdblkind=3
    ivtype='long', ivsize=8, nvtype='long double', nvsize=16, Off_t='off_t', lseeksize=8
    alignbytes=16, prototype=define
  Linker and Libraries:
    ld='cc', ldflags =' -fstack-protector-strong -L/usr/local/lib'
    libpth=/usr/local/lib /usr/lib/gcc/x86_64-linux-gnu/5/include-fixed /usr/include/x86_64-linux-gnu /usr/lib /lib/x86_64-linux-gnu /lib/../lib /usr/lib/x86_64-linux-gnu /usr/lib/../lib /lib
    libs=-lpthread -lnsl -lgdbm -ldb -ldl -lm -lcrypt -lutil -lc -lgdbm_compat
    perllibs=-lpthread -lnsl -ldl -lm -lcrypt -lutil -lc
    libc=libc-2.19.so, so=so, useshrplib=false, libperl=libperl.a
    gnulibc_version='2.19'
  Dynamic Linking:
    dlsrc=dl_dlopen.xs, dlext=so, d_dlsymun=undef, ccdlflags='-Wl,-E'
    cccdlflags='-fPIC', lddlflags='-shared -O2 -g -L/usr/local/lib -fstack-protector-strong'


Characteristics of this binary (from libperl): 
  Compile-time options: HAS_TIMES PERLIO_LAYERS PERL_COPY_ON_WRITE
                        PERL_DONT_CREATE_GVSV
                        PERL_HASH_FUNC_ONE_AT_A_TIME_HARD PERL_MALLOC_WRAP
                        PERL_PRESERVE_IVUV PERL_USE_DEVEL USE_64_BIT_ALL
                        USE_64_BIT_INT USE_LARGE_FILES USE_LOCALE
                        USE_LOCALE_COLLATE USE_LOCALE_CTYPE
                        USE_LOCALE_NUMERIC USE_LOCALE_TIME USE_LONG_DOUBLE
                        USE_PERLIO USE_PERL_ATOF
  Built under linux
  Compiled at Sep 23 2015 02:47:33
  %ENV:
    PERL5LIB=""
    PERL5OPT=""
    PERL5_CPANPLUS_IS_RUNNING="13460"
    PERL5_CPAN_IS_RUNNING="13460"
    PERL_MM_USE_DEFAULT="1"
  @INC:
    /home/sand/src/perl/repoperls/installed-perls/perl/v5.23.3-7-ge120c24/127e/lib/site_perl/5.23.4/x86_64-linux-ld
    /home/sand/src/perl/repoperls/installed-perls/perl/v5.23.3-7-ge120c24/127e/lib/site_perl/5.23.4
    /home/sand/src/perl/repoperls/installed-perls/perl/v5.23.3-7-ge120c24/127e/lib/5.23.4/x86_64-linux-ld
    /home/sand/src/perl/repoperls/installed-perls/perl/v5.23.3-7-ge120c24/127e/lib/5.23.4
    .