Text-ANSITable v0.608 Perl 5 v5.32.1 i386-openbsd

Status
Fail
From
Alceu Rodrigues de Freitas Junior
Dist
Text-ANSITable v0.608
Platform
Perl 5 v5.32.1 i386-openbsd
Date
2022-06-17 22:47:54
ID
866b6f14-ee8f-11ec-b737-db65ffa5fe2c
This distribution has been tested as part of the CPAN Testers
project, supporting the Perl programming language.  See
http://wiki.cpantesters.org/ for more information or email
questions to cpan-testers-discuss@perl.org


--
Dear perlancar,

This is a computer-generated report for Text-ANSITable-0.608
on perl 5.32.1, created by CPAN-Reporter-1.2018.

Thank you for uploading your work to CPAN.  However, there was a problem
testing your distribution.

If you think this report is invalid, please consult the CPAN Testers Wiki
for suggestions on how to avoid getting FAIL reports for missing library
or binary dependencies, unsupported operating systems, and so on:

http://wiki.cpantesters.org/wiki/CPANAuthorNotes

Sections of this report:

    * Tester comments
    * Program output
    * Prerequisites
    * Environment and other context

------------------------------
TESTER COMMENTS
------------------------------

Additional comments from tester:

this report is from an automated smoke testing program
and was not reviewed by a human for accuracy

------------------------------
PROGRAM OUTPUT
------------------------------

Output from '/usr/bin/make test':

Skip blib/lib/auto/share/dist/Text-ANSITable/examples/demo1.pl (unchanged)
PERL_DL_NONLAZY=1 "/usr/bin/perl" "-MExtUtils::Command::MM" "-MTest::Harness" "-e" "undef *Test::Harness::Switches; test_harness(0, 'blib/lib', 'blib/arch')" t/*.t
t/00-compile.t ............... ok
    # No tests run!

#   Failed test 'No tests run for subtest "columns"'
#   at t/01-basics.t line 14.
Can't locate Proc/Find/Parents.pm in @INC (you may need to install the Proc::Find::Parents module) (@INC contains: /mnt/cpan_build_dir/goku/Text-ANSITable-0.608-0/blib/lib /mnt/cpan_build_dir/goku/Text-ANSITable-0.608-0/blib/arch /mnt/cpan_build_dir/goku/Term-App-Roles-0.031-0/blib/arch /mnt/cpan_build_dir/goku/Term-App-Roles-0.031-0/blib/lib /mnt/cpan_build_dir/goku/Term-App-Util-Color-0.003-1/blib/arch /mnt/cpan_build_dir/goku/Term-App-Util-Color-0.003-1/blib/lib /home/goku/perl5/lib/perl5/i386-openbsd /home/goku/perl5/lib/perl5/i386-openbsd /home/goku/perl5/lib/perl5 /mnt/cpan_build_dir/goku/Term-App-Roles-0.031-0/blib/arch /mnt/cpan_build_dir/goku/Term-App-Roles-0.031-0/blib/lib /mnt/cpan_build_dir/goku/Term-App-Util-Color-0.003-1/blib/arch /mnt/cpan_build_dir/goku/Term-App-Util-Color-0.003-1/blib/lib /home/goku/perl5/lib/perl5/i386-openbsd /home/goku/perl5/lib/perl5 /usr/local/libdata/perl5/site_perl/i386-openbsd /usr/local/libdata/perl5/site_perl /usr/libdata/perl5/i386-openbsd /usr/libdata/perl5 .) at /home/goku/perl5/lib/perl5/Term/Detect/Software.pm line 135.
# Tests were run but no plan was declared and done_testing() was not seen.
# Looks like your test exited with 255 just after 1.
t/01-basics.t ................ 
Dubious, test returned 255 (wstat 65280, 0xff00)
Failed 1/1 subtests 
t/author-critic.t ............ skipped: these tests are for testing by the author
t/author-pod-coverage.t ...... skipped: these tests are for testing by the author
t/author-pod-syntax.t ........ skipped: these tests are for testing by the author
t/release-module-features.t .. skipped: these tests are for release candidate testing
    # No tests run!

#   Failed test 'No tests run for subtest "set_cell_style(format)"'
#   at t/style-formats.t line 26.
Can't locate Proc/Find/Parents.pm in @INC (you may need to install the Proc::Find::Parents module) (@INC contains: /mnt/cpan_build_dir/goku/Text-ANSITable-0.608-0/blib/lib /mnt/cpan_build_dir/goku/Text-ANSITable-0.608-0/blib/arch /mnt/cpan_build_dir/goku/Term-App-Roles-0.031-0/blib/arch /mnt/cpan_build_dir/goku/Term-App-Roles-0.031-0/blib/lib /mnt/cpan_build_dir/goku/Term-App-Util-Color-0.003-1/blib/arch /mnt/cpan_build_dir/goku/Term-App-Util-Color-0.003-1/blib/lib /home/goku/perl5/lib/perl5/i386-openbsd /home/goku/perl5/lib/perl5/i386-openbsd /home/goku/perl5/lib/perl5 /mnt/cpan_build_dir/goku/Term-App-Roles-0.031-0/blib/arch /mnt/cpan_build_dir/goku/Term-App-Roles-0.031-0/blib/lib /mnt/cpan_build_dir/goku/Term-App-Util-Color-0.003-1/blib/arch /mnt/cpan_build_dir/goku/Term-App-Util-Color-0.003-1/blib/lib /home/goku/perl5/lib/perl5/i386-openbsd /home/goku/perl5/lib/perl5 /usr/local/libdata/perl5/site_perl/i386-openbsd /usr/local/libdata/perl5/site_perl /usr/libdata/perl5/i386-openbsd /usr/libdata/perl5 .) at /home/goku/perl5/lib/perl5/Term/Detect/Software.pm line 135.
# Tests were run but no plan was declared and done_testing() was not seen.
# Looks like your test exited with 255 just after 1.
t/style-formats.t ............ 
Dubious, test returned 255 (wstat 65280, 0xff00)
Failed 1/1 subtests 

Test Summary Report
-------------------
t/01-basics.t              (Wstat: 65280 (exited 255) Tests: 1 Failed: 1)
  Failed test:  1
  Non-zero exit status: 255
  Parse errors: No plan found in TAP output
t/style-formats.t          (Wstat: 65280 (exited 255) Tests: 1 Failed: 1)
  Failed test:  1
  Non-zero exit status: 255
  Parse errors: No plan found in TAP output
Files=7, Tests=45,  5 wallclock secs ( 0.07 usr  0.04 sys +  2.53 cusr  2.12 csys =  4.76 CPU)
Result: FAIL
Failed 2/7 test programs. 2/45 subtests failed.
*** Error 255 in /mnt/cpan_build_dir/goku/Text-ANSITable-0.608-0 (Makefile:1107 'test_dynamic')

------------------------------
PREREQUISITES
------------------------------

Prerequisite modules loaded:

requires:

    Module                                   Need     Have    
    ---------------------------------------- -------- --------
    alias::module                            0        0.002   
    BorderStyles::Standard                   0        0.014   
    Carp                                     1.12     1.50    
    Color::RGB::Util                         0.600    0.606   
    ColorThemeBase::Static::FromStructColors 0.006    0.008   
    ColorThemes::Standard                    0        0.003   
    ColorThemeUtil::ANSI                     0        0.002   
    experimental                             0        0.028   
    Function::Fallback::CoreOrPP             0        0.090   
    JSON::MaybeXS                            0        1.004003
    Log::ger                                 0.038    0.040   
    Module::List                             0        0.004   
    Module::Load                             0        0.36    
    Module::Load::Util                       0.004    0.008   
    Moo                                      0        2.005004
    namespace::clean                         0        0.27    
    Package::MoreUtil                        0.590    0.592   
    parent                                   0        0.238   
    Parse::VarName                           0        0.03    
    perl                                     5.010001 5.032001
    PerlIO                                   0        1.11    
    Scalar::Util                             0        1.62    
    strict                                   0        1.11    
    Term::App::Role::Attrs                   0.031    0.031   
    Text::ANSI::Util                         0.22     0.233   
    warnings                                 0        1.47    

build_requires:

    Module                                   Need     Have    
    ---------------------------------------- -------- --------
    ExtUtils::MakeMaker                      0        7.65_01 
    File::Spec                               0        3.78    
    IO::Handle                               0        1.48    
    IPC::Open3                               0        1.21    
    Test::Exception                          0        0.43    
    Test::More                               0.98     1.302190
    Test::Needs                              0        0.002009

configure_requires:

    Module                                   Need     Have    
    ---------------------------------------- -------- --------
    ExtUtils::MakeMaker                      0        7.65_01 
    File::ShareDir::Install                  0.06     0.13    

opt_requires:

    Module                                   Need     Have    
    ---------------------------------------- -------- --------
    Data::Unixish::ANSI                      0.02     0.08    
    Data::Unixish::Apply                     1.33     1.572   
    Text::ANSI::WideUtil                     0.21     0.232   


------------------------------
ENVIRONMENT AND OTHER CONTEXT
------------------------------

Environment variables:

    AUTOMATED_TESTING = 1
    PATH = /home/goku/perl5/bin:/usr/bin:/bin:/usr/sbin:/sbin:/usr/X11R6/bin:/usr/local/bin:/usr/local/sbin
    PERL5LIB = /mnt/cpan_build_dir/goku/Term-App-Roles-0.031-0/blib/arch:/mnt/cpan_build_dir/goku/Term-App-Roles-0.031-0/blib/lib:/mnt/cpan_build_dir/goku/Term-App-Util-Color-0.003-1/blib/arch:/mnt/cpan_build_dir/goku/Term-App-Util-Color-0.003-1/blib/lib:/home/goku/perl5/lib/perl5
    PERL5OPT = 
    PERL5_CPANPLUS_IS_RUNNING = 5221
    PERL5_CPAN_IS_RUNNING = 5221
    PERL5_CPAN_IS_RUNNING_IN_RECURSION = 6441,5221
    PERL_CR_SMOKER_CURRENT = DD-Dummy-0.009
    PERL_EXTUTILS_AUTOINSTALL = --defaultdeps
    PERL_LOCAL_LIB_ROOT = /home/goku/perl5
    PERL_MB_OPT = --install_base "/home/goku/perl5"
    PERL_MM_OPT = INSTALL_BASE=/home/goku/perl5
    PERL_MM_USE_DEFAULT = 1
    PERL_USE_UNSAFE_INC = 1
    SHELL = /bin/ksh
    TERM = xterm-256color

Perl special variables (and OS-specific diagnostics, for MSWin32):

    $^X = /usr/bin/perl
    $UID/$EUID = 1001 / 1001
    $GID = 1002 1002 1001
    $EGID = 1002 1002 1001

Perl module toolchain versions installed:

    Module              Have    
    ------------------- --------
    CPAN                2.34    
    CPAN::Meta          2.150010
    Cwd                 3.78    
    ExtUtils::CBuilder  0.280236
    ExtUtils::Command   7.65_01 
    ExtUtils::Install   2.20    
    ExtUtils::MakeMaker 7.65_01 
    ExtUtils::Manifest  1.73    
    ExtUtils::ParseXS   3.44    
    File::Spec          3.78    
    JSON                4.06    
    JSON::PP            4.09    
    Module::Build       0.4231  
    Module::Signature   n/a     
    Parse::CPAN::Meta   2.150010
    Test::Harness       3.44    
    Test::More          1.302190
    YAML                1.30    
    YAML::Syck          1.34    
    version             0.9929  


--

Summary of my perl5 (revision 5 version 32 subversion 1) configuration:
   
  Platform:
    osname=openbsd
    osvers=7.1
    archname=i386-openbsd
    uname='openbsd'
    config_args='-dse -Dopenbsd_distribution=defined -Dmksymlinks'
    hint=recommended
    useposix=true
    d_sigaction=define
    useithreads=undef
    usemultiplicity=undef
    use64bitint=undef
    use64bitall=undef
    uselongdouble=undef
    usemymalloc=n
    default_inc_excludes_dot=define
    bincompat5005=undef
  Compiler:
    cc='cc'
    ccflags ='-DNO_LOCALE_NUMERIC -DNO_LOCALE_COLLATE -fno-strict-aliasing -fno-delete-null-pointer-checks -pipe -fstack-protector-strong -I/usr/local/include'
    optimize='-O2'
    cppflags='-DBIG_TIME -DNO_LOCALE_NUMERIC -DNO_LOCALE_COLLATE -fno-strict-aliasing -fno-delete-null-pointer-checks -pipe -fstack-protector-strong -I/usr/local/include'
    ccversion=''
    gccversion='OpenBSD Clang 13.0.0'
    gccosandvers=''
    intsize=4
    longsize=4
    ptrsize=4
    doublesize=8
    byteorder=1234
    doublekind=3
    d_longlong=define
    longlongsize=8
    d_longdbl=define
    longdblsize=12
    longdblkind=3
    ivtype='long'
    ivsize=4
    nvtype='double'
    nvsize=8
    Off_t='off_t'
    lseeksize=8
    alignbytes=4
    prototype=define
  Linker and Libraries:
    ld='cc'
    ldflags ='-Wl,-E  -fstack-protector-strong -L/usr/local/lib'
    libpth=/usr/lib /usr/lib/clang/13.0.0/lib /usr/lib
    libs=-lm -lc
    perllibs=-lm -lc
    libc=/usr/lib/libc.so.96.1
    so=so
    useshrplib=true
    libperl=libperl.so.22.0
    gnulibc_version=''
  Dynamic Linking:
    dlsrc=dl_dlopen.xs
    dlext=so
    d_dlsymun=undef
    ccdlflags='-Wl,-R/usr/libdata/perl5/i386-openbsd/CORE'
    cccdlflags='-DPIC -fpic '
    lddlflags='-shared -fpic  -fstack-protector-strong -L/usr/local/lib'


Characteristics of this binary (from libperl): 
  Compile-time options:
    HAS_TIMES
    PERLIO_LAYERS
    PERL_COPY_ON_WRITE
    PERL_DONT_CREATE_GVSV
    PERL_MALLOC_WRAP
    PERL_OP_PARENT
    PERL_PRESERVE_IVUV
    USE_LARGE_FILES
    USE_LOCALE
    USE_LOCALE_CTYPE
    USE_LOCALE_TIME
    USE_PERLIO
    USE_PERL_ATOF
  Built under openbsd
  %ENV:
    PERL5LIB="/mnt/cpan_build_dir/goku/Term-App-Roles-0.031-0/blib/arch:/mnt/cpan_build_dir/goku/Term-App-Roles-0.031-0/blib/lib:/mnt/cpan_build_dir/goku/Term-App-Util-Color-0.003-1/blib/arch:/mnt/cpan_build_dir/goku/Term-App-Util-Color-0.003-1/blib/lib:/home/goku/perl5/lib/perl5"
    PERL5OPT=""
    PERL5_CPANPLUS_IS_RUNNING="5221"
    PERL5_CPAN_IS_RUNNING="5221"
    PERL5_CPAN_IS_RUNNING_IN_RECURSION="6441,5221"
    PERL_CR_SMOKER_CURRENT="DD-Dummy-0.009"
    PERL_EXTUTILS_AUTOINSTALL="--defaultdeps"
    PERL_LOCAL_LIB_ROOT="/home/goku/perl5"
    PERL_MB_OPT="--install_base "/home/goku/perl5""
    PERL_MM_OPT="INSTALL_BASE=/home/goku/perl5"
    PERL_MM_USE_DEFAULT="1"
    PERL_USE_UNSAFE_INC="1"
  @INC:
    /mnt/cpan_build_dir/goku/Term-App-Roles-0.031-0/blib/arch
    /mnt/cpan_build_dir/goku/Term-App-Roles-0.031-0/blib/lib
    /mnt/cpan_build_dir/goku/Term-App-Util-Color-0.003-1/blib/arch
    /mnt/cpan_build_dir/goku/Term-App-Util-Color-0.003-1/blib/lib
    /home/goku/perl5/lib/perl5/i386-openbsd
    /home/goku/perl5/lib/perl5
    /usr/local/libdata/perl5/site_perl/i386-openbsd
    /usr/local/libdata/perl5/site_perl
    /usr/libdata/perl5/i386-openbsd
    /usr/libdata/perl5
    .