ETL-Yertl v0.041 Perl 5 v5.20.1 x86_64-linux-thread-multi

Status
Fail
From
Nigel Horne
Dist
ETL-Yertl v0.041
Platform
Perl 5 v5.20.1 x86_64-linux-thread-multi
Date
2018-09-06 06:03:08
ID
86ecdc38-b19a-11e8-8fb1-ef5133556b3f
This distribution has been tested as part of the CPAN Testers
project, supporting the Perl programming language.  See
http://wiki.cpantesters.org/ for more information or email
questions to cpan-testers-discuss@perl.org


--
Dear Doug Bell,

This is a computer-generated report for ETL-Yertl-0.041
on perl 5.20.1, created by CPAN-Reporter-1.2018.

Thank you for uploading your work to CPAN.  However, there was a problem
testing your distribution.

If you think this report is invalid, please consult the CPAN Testers Wiki
for suggestions on how to avoid getting FAIL reports for missing library
or binary dependencies, unsupported operating systems, and so on:

http://wiki.cpantesters.org/wiki/CPANAuthorNotes

Sections of this report:

    * Tester comments
    * Program output
    * Prerequisites
    * Environment and other context

------------------------------
TESTER COMMENTS
------------------------------

Additional comments from tester:

this report is from an automated smoke testing program
and was not reviewed by a human for accuracy

------------------------------
PROGRAM OUTPUT
------------------------------

Output from '/usr/bin/make test':

PERL_DL_NONLAZY=1 "/home/njh/perl5/perlbrew/perls/perl-5.20.1/bin/perl5.20.1" "-MExtUtils::Command::MM" "-MTest::Harness" "-e" "undef *Test::Harness::Switches; test_harness(0, 'blib/lib', 'blib/arch')" t/*.t t/adapter/*.t t/bin/*.t t/command/ygrok/*.t t/command/ygrok/pattern/*.t t/command/yq/*.t t/format/*.t t/integration/*.t
# 
# Versions for all modules listed in MYMETA.json (including optional ones):
# 
# === Configure Requires ===
# 
#     Module              Want Have
#     ------------------- ---- ----
#     ExtUtils::MakeMaker  any 7.18
# 
# === Build Requires ===
# 
#     Module              Want Have
#     ------------------- ---- ----
#     ExtUtils::MakeMaker  any 7.18
# 
# === Test Requires ===
# 
#     Module                  Want     Have
#     ------------------- -------- --------
#     Capture::Tiny            any     0.27
#     Dir::Self                any     0.11
#     ExtUtils::MakeMaker      any     7.18
#     File::Spec               any     3.74
#     Future                   any     0.38
#     IO::Handle               any     1.35
#     IPC::Open3               any     1.16
#     JSON::PP                 any  2.27400
#     Mock::MonkeyPatch        any     0.04
#     Test::Deep               any    0.119
#     Test::Differences        any     0.64
#     Test::Exception          any     0.43
#     Test::Lib                any    0.002
#     Test::More          1.001005 1.302136
# 
# === Test Recommends ===
# 
#     Module         Want     Have
#     ---------- -------- --------
#     CPAN::Meta 2.120900 2.150010
# 
# === Runtime Requires ===
# 
#     Module                    Want       Have
#     ------------------- ---------- ----------
#     File::HomeDir              any      1.004
#     File::Spec                 any       3.74
#     Getopt::Long              2.36       2.42
#     Hash::Merge::Simple        any      0.051
#     IO::Async                 0.72       0.72
#     IO::Interactive            any      1.022
#     Import::Base             0.010      1.004
#     JSON::MaybeXS              any   1.003009
#     List::Util                 any       1.48
#     Module::Runtime            any      0.014
#     Net::Async::HTTP           any       0.42
#     Path::Tiny               0.072      0.108
#     Pod::Usage::Return         any      0.003
#     Regexp::Common      2013031301 2017060201
#     SQL::Abstract              any       1.86
#     Time::Local                any     1.2300
#     Time::Piece                any       1.27
#     URI                        any       1.65
#     YAML::Tiny                 any       1.73
#     boolean                    any       0.46
# 
# === Runtime Recommends ===
# 
#     Module       Want    Have
#     ------------ ---- -------
#     DBD::SQLite   any    1.54
#     DBI           any   1.634
#     JSON::PP      any 2.27400
#     JSON::XS      any    3.02
#     Text::CSV     any missing
#     Text::CSV_XS  any missing
#     YAML::Syck    any    1.30
#     YAML::XS      any    0.69
# 
t/00-report-prereqs.t .................... ok
Name "CORE::GLOBAL::time" used only once: possible typo at t/adapter/graphite.t line 142.
t/adapter/graphite.t ..................... ok
Name "CORE::GLOBAL::time" used only once: possible typo at t/adapter/influxdb.t line 151.
t/adapter/influxdb.t ..................... ok
t/bin/yfrom.t ............................ ok
t/bin/ygrok.t ............................ ok
Use of uninitialized value in string eq at /home/njh/.cpan/build/ETL-Yertl-0.041-4/blib/lib/ETL/Yertl.pm line 23.
t/bin/yq.t ............................... ok
t/00-compile.t ........................... ok
t/bin/yto.t .............................. ok

        #   Failed test 'nothing on stderr'
        #   at t/bin/yts.t line 41.
        # Filehandle STDIN reopened as STDOUT only for output at /home/njh/perl5/perlbrew/perls/perl-5.20.1/lib/site_perl/5.20.1/Capture/Tiny.pm line 99.
        # Filehandle STDIN reopened as STDERR only for output at /home/njh/perl5/perlbrew/perls/perl-5.20.1/lib/site_perl/5.20.1/Capture/Tiny.pm line 99.

        #   Failed test at t/bin/yts.t line 43.
        # Compared array length of $data
        #    got : array with 0 element(s)
        # expect : array with 2 element(s)
        # Looks like you failed 2 tests of 3.

    #   Failed test 'read metric'
    #   at t/bin/yts.t line 44.
        # No tests run!

    #   Failed test 'No tests run for subtest "read metric -- short"'
    #   at t/bin/yts.t line 56.
    # Looks like you failed 2 tests of 2.

#   Failed test 'read'
#   at t/bin/yts.t line 84.
Error from close(GLOB(0x155a800)): Bad file descriptor at /home/njh/perl5/perlbrew/perls/perl-5.20.1/lib/site_perl/5.20.1/Capture/Tiny.pm line 105.
	Capture::Tiny::_close(GLOB(0x155a800)) called at /home/njh/perl5/perlbrew/perls/perl-5.20.1/lib/site_perl/5.20.1/Capture/Tiny.pm line 164
	Capture::Tiny::_unproxy("stdin", GLOB(0x155a800)) called at /home/njh/perl5/perlbrew/perls/perl-5.20.1/lib/site_perl/5.20.1/Capture/Tiny.pm line 380
	Capture::Tiny::_capture_tee(1, 1, 0, 0, CODE(0x28a28c8)) called at t/bin/yts.t line 49
	main::__ANON__() called at /home/njh/perl5/perlbrew/perls/perl-5.20.1/lib/site_perl/5.20.1/Test/Builder.pm line 339
	eval {...} called at /home/njh/perl5/perlbrew/perls/perl-5.20.1/lib/site_perl/5.20.1/Test/Builder.pm line 339
	Test::Builder::subtest(Test::Builder=HASH(0x1f45ae0), "read metric -- short", CODE(0x2c4df50)) called at /home/njh/perl5/perlbrew/perls/perl-5.20.1/lib/site_perl/5.20.1/Test/More.pm line 807
	Test::More::subtest("read metric -- short", CODE(0x2c4df50)) called at t/bin/yts.t line 56
	main::__ANON__() called at /home/njh/perl5/perlbrew/perls/perl-5.20.1/lib/site_perl/5.20.1/Test/Builder.pm line 339
	eval {...} called at /home/njh/perl5/perlbrew/perls/perl-5.20.1/lib/site_perl/5.20.1/Test/Builder.pm line 339
	Test::Builder::subtest(Test::Builder=HASH(0x1f45ae0), "read", CODE(0x2897658)) called at /home/njh/perl5/perlbrew/perls/perl-5.20.1/lib/site_perl/5.20.1/Test/More.pm line 807
	Test::More::subtest("read", CODE(0x2897658)) called at t/bin/yts.t line 84
# Tests were run but no plan was declared and done_testing() was not seen.
# Looks like your test exited with 29 just after 2.
t/bin/yts.t .............................. 
Dubious, test returned 29 (wstat 7424, 0x1d00)
Failed 1/2 subtests 
t/command/ygrok/edit_patterns.t .......... ok
t/command/ygrok/pattern/http_combined.t .. ok
t/command/ygrok/pattern/http_common.t .... ok
t/command/ygrok/pattern/linux_proc.t ..... ok
t/command/ygrok/pattern/ls-l.t ........... ok
t/command/ygrok/pattern/ps-u.t ........... ok
t/command/ygrok/pattern/ps-x.t ........... ok
t/command/ygrok/pattern/ps.t ............. ok
t/command/ygrok/pattern/syslog.t ......... ok
t/bin/ysql.t ............................. ok
t/command/yq/combinator.t ................ ok
t/command/yq/comparison.t ................ ok
t/command/yq/conditional.t ............... ok
t/command/yq/filter.t .................... ok
empty does not take arguments
t/command/yq/functions.t ................. ok
t/command/yq/regression.t ................ ok
t/command/yq/values.t .................... ok
t/format.t ............................... ok
t/format/csv.t ........................... skipped: No formatter modules available (tried )
Prototype mismatch: sub main::decode_json ($) vs none at /home/njh/perl5/perlbrew/perls/perl-5.20.1/lib/5.20.1/Exporter.pm line 66.
 at (eval 34) line 1.
t/format/json.t .......................... ok
t/format/yaml.t .......................... ok
Use of uninitialized value in string eq at /home/njh/.cpan/build/ETL-Yertl-0.041-4/blib/lib/ETL/Yertl.pm line 23.
t/format_stream.t ........................ ok
t/helpers.t .............................. ok
t/input_series.t ......................... ok
Use of uninitialized value in string eq at /home/njh/.cpan/build/ETL-Yertl-0.041-4/blib/lib/ETL/Yertl.pm line 23.
t/transform.t ............................ ok
t/integration/parse_apache_log.t ......... ok

Test Summary Report
-------------------
t/bin/yts.t                            (Wstat: 7424 Tests: 2 Failed: 1)
  Failed test:  2
  Non-zero exit status: 29
  Parse errors: No plan found in TAP output
Files=35, Tests=121, 11 wallclock secs ( 0.32 usr  0.05 sys + 12.95 cusr  2.96 csys = 16.28 CPU)
Result: FAIL
Failed 1/35 test programs. 1/121 subtests failed.
make: *** [Makefile:1050: test_dynamic] Error 255

------------------------------
PREREQUISITES
------------------------------

Prerequisite modules loaded:

requires:

    Module              Need       Have      
    ------------------- ---------- ----------
    boolean             0          0.46      
    File::HomeDir       0          1.004     
    File::Spec          0          3.74      
    Getopt::Long        2.36       2.42      
    Hash::Merge::Simple 0          0.051     
    Import::Base        0.010      1.004     
    IO::Async           0.72       0.72      
    IO::Interactive     0          1.022     
    JSON::MaybeXS       0          1.003009  
    List::Util          0          1.48      
    Module::Runtime     0          0.014     
    Net::Async::HTTP    0          0.42      
    Path::Tiny          0.072      0.108     
    perl                5.010      5.020001  
    Pod::Usage::Return  0          0.003     
    Regexp::Common      2013031301 2017060201
    SQL::Abstract       0          1.86      
    Time::Local         0          1.2300    
    Time::Piece         0          1.27      
    URI                 0          1.65      
    YAML::Tiny          0          1.73      

build_requires:

    Module              Need       Have      
    ------------------- ---------- ----------
    Capture::Tiny       0          0.27      
    Dir::Self           0          0.11      
    ExtUtils::MakeMaker 0          7.18      
    File::Spec          0          3.74      
    Future              0          0.38      
    IO::Handle          0          1.35      
    IPC::Open3          0          1.16      
    JSON::PP            0          2.27400   
    Mock::MonkeyPatch   0          0.04      
    Test::Deep          0          0.119     
    Test::Differences   0          0.64      
    Test::Exception     0          0.43      
    Test::Lib           0          0.002     
    Test::More          1.001005   1.302136  

configure_requires:

    Module              Need       Have      
    ------------------- ---------- ----------
    ExtUtils::MakeMaker 0          7.18      


------------------------------
ENVIRONMENT AND OTHER CONTEXT
------------------------------

Environment variables:

    AUTOMATED_TESTING = 1
    HARNESS_OPTIONS = j2
    LANG = en_US.UTF-8
    PATH = /home/njh/perl5/perlbrew/bin:/home/njh/perl5/perlbrew/perls/perl-5.20.1/bin:/home/njh/src/njh/smoker/bin:/usr/bin:/bin
    PERL5LIB = /home/njh/.cpan/build/boolean-0.46-4/blib/arch:/home/njh/.cpan/build/boolean-0.46-4/blib/lib:/home/njh/.cpan/build/YAML-Tiny-1.73-4/blib/arch:/home/njh/.cpan/build/YAML-Tiny-1.73-4/blib/lib:/home/njh/.cpan/build/Test-Lib-0.002-4/blib/arch:/home/njh/.cpan/build/Test-Lib-0.002-4/blib/lib:/home/njh/.cpan/build/SQL-Abstract-1.86-4/blib/arch:/home/njh/.cpan/build/SQL-Abstract-1.86-4/blib/lib:/home/njh/.cpan/build/Hash-Merge-0.300-4/blib/arch:/home/njh/.cpan/build/Hash-Merge-0.300-4/blib/lib:/home/njh/.cpan/build/Clone-Choose-0.010-4/blib/arch:/home/njh/.cpan/build/Clone-Choose-0.010-4/blib/lib:/home/njh/.cpan/build/Regexp-Common-2017060201-4/blib/arch:/home/njh/.cpan/build/Regexp-Common-2017060201-4/blib/lib:/home/njh/.cpan/build/Pod-Usage-Return-0.003-4/blib/arch:/home/njh/.cpan/build/Pod-Usage-Return-0.003-4/blib/lib:/home/njh/.cpan/build/Path-Tiny-0.108-2/blib/arch:/home/njh/.cpan/build/Path-Tiny-0.108-2/blib/lib:/home/njh/.cpan/build/Net-Async-HTTP-0.42-4/blib/arch:/home/njh/.cpan/build/Net-Async-HTTP-0.42-4/blib/lib:/home/njh/.cpan/build/Mock-MonkeyPatch-0.04-4/blib/arch:/home/njh/.cpan/build/Mock-MonkeyPatch-0.04-4/blib/lib:/home/njh/.cpan/build/Import-Base-1.004-4/blib/arch:/home/njh/.cpan/build/Import-Base-1.004-4/blib/lib:/home/njh/.cpan/build/IO-Interactive-1.022-4/blib/arch:/home/njh/.cpan/build/IO-Interactive-1.022-4/blib/lib:/home/njh/.cpan/build/IO-Async-0.72-4/blib/arch:/home/njh/.cpan/build/IO-Async-0.72-4/blib/lib:/home/njh/.cpan/build/Struct-Dumb-0.09-4/blib/arch:/home/njh/.cpan/build/Struct-Dumb-0.09-4/blib/lib:/home/njh/.cpan/build/Hash-Merge-Simple-0.051-4/blib/arch:/home/njh/.cpan/build/Hash-Merge-Simple-0.051-4/blib/lib:/home/njh/.cpan/build/Future-0.38-4/blib/arch:/home/njh/.cpan/build/Future-0.38-4/blib/lib:/home/njh/.cpan/build/Test-Refcount-0.08-4/blib/arch:/home/njh/.cpan/build/Test-Refcount-0.08-4/blib/lib:/home/njh/.cpan/build/Test-Identity-0.01-4/blib/arch:/home/njh/.cpan/build/Test-Identity-0.01-4/blib/lib:/home/njh/.cpan/build/Dir-Self-0.11-4/blib/arch:/home/njh/.cpan/build/Dir-Self-0.11-4/blib/lib
    PERL5OPT = 
    PERL5_CPANPLUS_IS_RUNNING = 2550
    PERL5_CPAN_IS_RUNNING = 2550
    PERLBREW_HOME = /home/njh/.perlbrew
    PERLBREW_MANPATH = /home/njh/perl5/perlbrew/perls/perl-5.20.1/man
    PERLBREW_PATH = /home/njh/perl5/perlbrew/bin:/home/njh/perl5/perlbrew/perls/perl-5.20.1/bin
    PERLBREW_PERL = perl-5.20.1
    PERLBREW_ROOT = /home/njh/perl5/perlbrew
    PERLBREW_SHELLRC_VERSION = 0.83
    PERLBREW_VERSION = 0.83
    SHELL = /bin/sh
    TEMP = /tmp/user/1000
    TMPDIR = /tmp/user/1000/testwrapper.2536

Perl special variables (and OS-specific diagnostics, for MSWin32):

    $^X = /home/njh/perl5/perlbrew/perls/perl-5.20.1/bin/perl5.20.1
    $UID/$EUID = 1000 / 1000
    $GID = 1000 4 24 25 29 30 44 46 103 108 115 123 1000
    $EGID = 1000 4 24 25 29 30 44 46 103 108 115 123 1000

Perl module toolchain versions installed:

    Module              Have    
    ------------------- --------
    CPAN                2.16    
    CPAN::Meta          2.150010
    Cwd                 3.74    
    ExtUtils::CBuilder  0.280217
    ExtUtils::Command   7.18    
    ExtUtils::Install   1.67    
    ExtUtils::MakeMaker 7.18    
    ExtUtils::Manifest  1.70    
    ExtUtils::ParseXS   3.24    
    File::Spec          3.74    
    JSON                2.97001 
    JSON::PP            2.27400 
    Module::Build       0.4210  
    Module::Signature   n/a     
    Parse::CPAN::Meta   2.150010
    Test::Harness       3.39    
    Test::More          1.302136
    YAML                1.26    
    YAML::Syck          1.30    
    version             0.9909  


--

Summary of my perl5 (revision 5 version 20 subversion 1) configuration:
   
  Platform:
    osname=linux, osvers=3.16-3-amd64, archname=x86_64-linux-thread-multi
    uname='linux amelia 3.16-3-amd64 #1 smp debian 3.16.5-1 (2014-10-10) x86_64 gnulinux '
    config_args='-de -Dprefix=/home/njh/perl5/perlbrew/perls/perl-5.20.1 -Duseithreads -Dusemultiplicity -Dusedevel -Accflags= -Aeval:scriptdir=/home/njh/perl5/perlbrew/perls/perl-5.20.1/bin'
    hint=recommended, useposix=true, d_sigaction=define
    useithreads=define, usemultiplicity=define
    use64bitint=define, use64bitall=define, uselongdouble=undef
    usemymalloc=n, bincompat5005=undef
  Compiler:
    cc='cc', ccflags ='-D_REENTRANT -D_GNU_SOURCE -fwrapv -fno-strict-aliasing -pipe -fstack-protector -I/usr/local/include -D_LARGEFILE_SOURCE -D_FILE_OFFSET_BITS=64',
    optimize='-O2',
    cppflags='-D_REENTRANT -D_GNU_SOURCE -fwrapv -fno-strict-aliasing -pipe -fstack-protector -I/usr/local/include'
    ccversion='', gccversion='4.9.2', gccosandvers=''
    intsize=4, longsize=8, ptrsize=8, doublesize=8, byteorder=12345678
    d_longlong=define, longlongsize=8, d_longdbl=define, longdblsize=16
    ivtype='long', ivsize=8, nvtype='double', nvsize=8, Off_t='off_t', lseeksize=8
    alignbytes=8, prototype=define
  Linker and Libraries:
    ld='cc', ldflags =' -fstack-protector -L/usr/local/lib'
    libpth=/usr/local/lib /usr/lib/gcc/x86_64-linux-gnu/4.9/include-fixed /usr/include/x86_64-linux-gnu /usr/lib /lib/x86_64-linux-gnu /lib/../lib /usr/lib/x86_64-linux-gnu /usr/lib/../lib /lib
    libs=-lnsl -lgdbm -ldb -ldl -lm -lcrypt -lutil -lpthread -lc -lgdbm_compat
    perllibs=-lnsl -ldl -lm -lcrypt -lutil -lpthread -lc
    libc=libc-2.19.so, so=so, useshrplib=false, libperl=libperl.a
    gnulibc_version='2.19'
  Dynamic Linking:
    dlsrc=dl_dlopen.xs, dlext=so, d_dlsymun=undef, ccdlflags='-Wl,-E'
    cccdlflags='-fPIC', lddlflags='-shared -O2 -L/usr/local/lib -fstack-protector'


Characteristics of this binary (from libperl): 
  Compile-time options: HAS_TIMES MULTIPLICITY PERLIO_LAYERS
                        PERL_DONT_CREATE_GVSV
                        PERL_HASH_FUNC_ONE_AT_A_TIME_HARD
                        PERL_IMPLICIT_CONTEXT PERL_MALLOC_WRAP
                        PERL_NEW_COPY_ON_WRITE PERL_PRESERVE_IVUV
                        PERL_USE_DEVEL USE_64_BIT_ALL USE_64_BIT_INT
                        USE_ITHREADS USE_LARGE_FILES USE_LOCALE
                        USE_LOCALE_COLLATE USE_LOCALE_CTYPE
                        USE_LOCALE_NUMERIC USE_PERLIO USE_PERL_ATOF
                        USE_REENTRANT_API
  Built under linux
  Compiled at Nov 15 2014 00:50:13
  %ENV:
    PERL5LIB="/home/njh/.cpan/build/boolean-0.46-4/blib/arch:/home/njh/.cpan/build/boolean-0.46-4/blib/lib:/home/njh/.cpan/build/YAML-Tiny-1.73-4/blib/arch:/home/njh/.cpan/build/YAML-Tiny-1.73-4/blib/lib:/home/njh/.cpan/build/Test-Lib-0.002-4/blib/arch:/home/njh/.cpan/build/Test-Lib-0.002-4/blib/lib:/home/njh/.cpan/build/SQL-Abstract-1.86-4/blib/arch:/home/njh/.cpan/build/SQL-Abstract-1.86-4/blib/lib:/home/njh/.cpan/build/Hash-Merge-0.300-4/blib/arch:/home/njh/.cpan/build/Hash-Merge-0.300-4/blib/lib:/home/njh/.cpan/build/Clone-Choose-0.010-4/blib/arch:/home/njh/.cpan/build/Clone-Choose-0.010-4/blib/lib:/home/njh/.cpan/build/Regexp-Common-2017060201-4/blib/arch:/home/njh/.cpan/build/Regexp-Common-2017060201-4/blib/lib:/home/njh/.cpan/build/Pod-Usage-Return-0.003-4/blib/arch:/home/njh/.cpan/build/Pod-Usage-Return-0.003-4/blib/lib:/home/njh/.cpan/build/Path-Tiny-0.108-2/blib/arch:/home/njh/.cpan/build/Path-Tiny-0.108-2/blib/lib:/home/njh/.cpan/build/Net-Async-HTTP-0.42-4/blib/arch:/home/njh/.cpan/build/Net-Async-HTTP-0.42-4/blib/lib:/home/njh/.cpan/build/Mock-MonkeyPatch-0.04-4/blib/arch:/home/njh/.cpan/build/Mock-MonkeyPatch-0.04-4/blib/lib:/home/njh/.cpan/build/Import-Base-1.004-4/blib/arch:/home/njh/.cpan/build/Import-Base-1.004-4/blib/lib:/home/njh/.cpan/build/IO-Interactive-1.022-4/blib/arch:/home/njh/.cpan/build/IO-Interactive-1.022-4/blib/lib:/home/njh/.cpan/build/IO-Async-0.72-4/blib/arch:/home/njh/.cpan/build/IO-Async-0.72-4/blib/lib:/home/njh/.cpan/build/Struct-Dumb-0.09-4/blib/arch:/home/njh/.cpan/build/Struct-Dumb-0.09-4/blib/lib:/home/njh/.cpan/build/Hash-Merge-Simple-0.051-4/blib/arch:/home/njh/.cpan/build/Hash-Merge-Simple-0.051-4/blib/lib:/home/njh/.cpan/build/Future-0.38-4/blib/arch:/home/njh/.cpan/build/Future-0.38-4/blib/lib:/home/njh/.cpan/build/Test-Refcount-0.08-4/blib/arch:/home/njh/.cpan/build/Test-Refcount-0.08-4/blib/lib:/home/njh/.cpan/build/Test-Identity-0.01-4/blib/arch:/home/njh/.cpan/build/Test-Identity-0.01-4/blib/lib:/home/njh/.cpan/build/Dir-Self-0.11-4/blib/arch:/home/njh/.cpan/build/Dir-Self-0.11-4/blib/lib"
    PERL5OPT=""
    PERL5_CPANPLUS_IS_RUNNING="2550"
    PERL5_CPAN_IS_RUNNING="2550"
    PERLBREW_HOME="/home/njh/.perlbrew"
    PERLBREW_MANPATH="/home/njh/perl5/perlbrew/perls/perl-5.20.1/man"
    PERLBREW_PATH="/home/njh/perl5/perlbrew/bin:/home/njh/perl5/perlbrew/perls/perl-5.20.1/bin"
    PERLBREW_PERL="perl-5.20.1"
    PERLBREW_ROOT="/home/njh/perl5/perlbrew"
    PERLBREW_SHELLRC_VERSION="0.83"
    PERLBREW_VERSION="0.83"
  @INC:
    /home/njh/.cpan/build/boolean-0.46-4/blib/arch
    /home/njh/.cpan/build/boolean-0.46-4/blib/lib
    /home/njh/.cpan/build/YAML-Tiny-1.73-4/blib/arch
    /home/njh/.cpan/build/YAML-Tiny-1.73-4/blib/lib
    /home/njh/.cpan/build/Test-Lib-0.002-4/blib/arch
    /home/njh/.cpan/build/Test-Lib-0.002-4/blib/lib
    /home/njh/.cpan/build/SQL-Abstract-1.86-4/blib/arch
    /home/njh/.cpan/build/SQL-Abstract-1.86-4/blib/lib
    /home/njh/.cpan/build/Hash-Merge-0.300-4/blib/arch
    /home/njh/.cpan/build/Hash-Merge-0.300-4/blib/lib
    /home/njh/.cpan/build/Clone-Choose-0.010-4/blib/arch
    /home/njh/.cpan/build/Clone-Choose-0.010-4/blib/lib
    /home/njh/.cpan/build/Regexp-Common-2017060201-4/blib/arch
    /home/njh/.cpan/build/Regexp-Common-2017060201-4/blib/lib
    /home/njh/.cpan/build/Pod-Usage-Return-0.003-4/blib/arch
    /home/njh/.cpan/build/Pod-Usage-Return-0.003-4/blib/lib
    /home/njh/.cpan/build/Path-Tiny-0.108-2/blib/arch
    /home/njh/.cpan/build/Path-Tiny-0.108-2/blib/lib
    /home/njh/.cpan/build/Net-Async-HTTP-0.42-4/blib/arch
    /home/njh/.cpan/build/Net-Async-HTTP-0.42-4/blib/lib
    /home/njh/.cpan/build/Mock-MonkeyPatch-0.04-4/blib/arch
    /home/njh/.cpan/build/Mock-MonkeyPatch-0.04-4/blib/lib
    /home/njh/.cpan/build/Import-Base-1.004-4/blib/arch
    /home/njh/.cpan/build/Import-Base-1.004-4/blib/lib
    /home/njh/.cpan/build/IO-Interactive-1.022-4/blib/arch
    /home/njh/.cpan/build/IO-Interactive-1.022-4/blib/lib
    /home/njh/.cpan/build/IO-Async-0.72-4/blib/arch
    /home/njh/.cpan/build/IO-Async-0.72-4/blib/lib
    /home/njh/.cpan/build/Struct-Dumb-0.09-4/blib/arch
    /home/njh/.cpan/build/Struct-Dumb-0.09-4/blib/lib
    /home/njh/.cpan/build/Hash-Merge-Simple-0.051-4/blib/arch
    /home/njh/.cpan/build/Hash-Merge-Simple-0.051-4/blib/lib
    /home/njh/.cpan/build/Future-0.38-4/blib/arch
    /home/njh/.cpan/build/Future-0.38-4/blib/lib
    /home/njh/.cpan/build/Test-Refcount-0.08-4/blib/arch
    /home/njh/.cpan/build/Test-Refcount-0.08-4/blib/lib
    /home/njh/.cpan/build/Test-Identity-0.01-4/blib/arch
    /home/njh/.cpan/build/Test-Identity-0.01-4/blib/lib
    /home/njh/.cpan/build/Dir-Self-0.11-4/blib/arch
    /home/njh/.cpan/build/Dir-Self-0.11-4/blib/lib
    /home/njh/perl5/perlbrew/perls/perl-5.20.1/lib/site_perl/5.20.1/x86_64-linux-thread-multi
    /home/njh/perl5/perlbrew/perls/perl-5.20.1/lib/site_perl/5.20.1
    /home/njh/perl5/perlbrew/perls/perl-5.20.1/lib/5.20.1/x86_64-linux-thread-multi
    /home/njh/perl5/perlbrew/perls/perl-5.20.1/lib/5.20.1
    .