Report for XML-Parser-2.41

Back
From: metabase:user:30f4dfbe-2aae-11df-837a-5e0a49663a4f
Subject: FAIL XML-Parser-2.41 v5.15.9 GNU/Linux
Date: 2012-09-24T16:40:19Z

This distribution has been tested as part of the CPAN Testers
project, supporting the Perl programming language.  See
http://wiki.cpantesters.org/ for more information or email
questions to cpan-testers-discuss@perl.org


--
Dear Todd Rinaldo,

This is a computer-generated report for XML-Parser-2.41
on perl 5.15.9, created by CPAN-Reporter-1.2006.

Thank you for uploading your work to CPAN.  However, there was a problem
testing your distribution.

If you think this report is invalid, please consult the CPAN Testers Wiki
for suggestions on how to avoid getting FAIL reports for missing library
or binary dependencies, unsupported operating systems, and so on:

http://wiki.cpantesters.org/wiki/CPANAuthorNotes

Sections of this report:

    * Tester comments
    * Program output
    * Prerequisites
    * Environment and other context

------------------------------
TESTER COMMENTS
------------------------------

Additional comments from tester:

this report is from an automated smoke testing program
and was not reviewed by a human for accuracy

------------------------------
PROGRAM OUTPUT
------------------------------

Output from '/usr/bin/make test':

make[1]: Entering directory `/home/njh/.cpan/build/XML-Parser-2.41-wwHYLV/Expat'
make[1]: Leaving directory `/home/njh/.cpan/build/XML-Parser-2.41-wwHYLV/Expat'
PERL_DL_NONLAZY=1 /usr/local/bin/perl5.15.9 "-MExtUtils::Command::MM" "-e" "test_harness(0, 'blib/lib', 'blib/arch')" t/*.t
Can't load '/home/njh/.cpan/build/XML-Parser-2.41-wwHYLV/blib/arch/auto/XML/Parser/Expat/Expat.so' for module XML::Parser::Expat: /home/njh/.cpan/build/XML-Parser-2.41-wwHYLV/blib/arch/auto/XML/Parser/Expat/Expat.so: undefined symbol: XML_SetCommentHandler at /usr/local/lib/perl5/5.15.9/i686-linux-thread-multi/DynaLoader.pm line 190.
 at /home/njh/.cpan/build/XML-Parser-2.41-wwHYLV/blib/lib/XML/Parser.pm line 18.
Compilation failed in require at /home/njh/.cpan/build/XML-Parser-2.41-wwHYLV/blib/lib/XML/Parser.pm line 18.
BEGIN failed--compilation aborted at /home/njh/.cpan/build/XML-Parser-2.41-wwHYLV/blib/lib/XML/Parser.pm line 22.
Compilation failed in require at t/astress.t line 11.
BEGIN failed--compilation aborted at t/astress.t line 11.
t/astress.t ....... 
Dubious, test returned 2 (wstat 512, 0x200)
Failed 27/27 subtests 
Can't load '/home/njh/.cpan/build/XML-Parser-2.41-wwHYLV/blib/arch/auto/XML/Parser/Expat/Expat.so' for module XML::Parser::Expat: /home/njh/.cpan/build/XML-Parser-2.41-wwHYLV/blib/arch/auto/XML/Parser/Expat/Expat.so: undefined symbol: XML_SetCommentHandler at /usr/local/lib/perl5/5.15.9/i686-linux-thread-multi/DynaLoader.pm line 190.
 at /home/njh/.cpan/build/XML-Parser-2.41-wwHYLV/blib/lib/XML/Parser.pm line 18.
Compilation failed in require at /home/njh/.cpan/build/XML-Parser-2.41-wwHYLV/blib/lib/XML/Parser.pm line 18.
BEGIN failed--compilation aborted at /home/njh/.cpan/build/XML-Parser-2.41-wwHYLV/blib/lib/XML/Parser.pm line 22.
Compilation failed in require at t/cdata.t line 3.
BEGIN failed--compilation aborted at t/cdata.t line 3.
t/cdata.t ......... 
Dubious, test returned 2 (wstat 512, 0x200)
Failed 2/2 subtests 
Can't load '/home/njh/.cpan/build/XML-Parser-2.41-wwHYLV/blib/arch/auto/XML/Parser/Expat/Expat.so' for module XML::Parser::Expat: /home/njh/.cpan/build/XML-Parser-2.41-wwHYLV/blib/arch/auto/XML/Parser/Expat/Expat.so: undefined symbol: XML_SetCommentHandler at /usr/local/lib/perl5/5.15.9/i686-linux-thread-multi/DynaLoader.pm line 190.
 at /home/njh/.cpan/build/XML-Parser-2.41-wwHYLV/blib/lib/XML/Parser.pm line 18.
Compilation failed in require at /home/njh/.cpan/build/XML-Parser-2.41-wwHYLV/blib/lib/XML/Parser.pm line 18.
BEGIN failed--compilation aborted at /home/njh/.cpan/build/XML-Parser-2.41-wwHYLV/blib/lib/XML/Parser.pm line 22.
Compilation failed in require at t/decl.t line 3.
BEGIN failed--compilation aborted at t/decl.t line 3.
t/decl.t .......... 
Dubious, test returned 2 (wstat 512, 0x200)
Failed 30/30 subtests 
Can't load '/home/njh/.cpan/build/XML-Parser-2.41-wwHYLV/blib/arch/auto/XML/Parser/Expat/Expat.so' for module XML::Parser::Expat: /home/njh/.cpan/build/XML-Parser-2.41-wwHYLV/blib/arch/auto/XML/Parser/Expat/Expat.so: undefined symbol: XML_SetCommentHandler at /usr/local/lib/perl5/5.15.9/i686-linux-thread-multi/DynaLoader.pm line 190.
 at /home/njh/.cpan/build/XML-Parser-2.41-wwHYLV/blib/lib/XML/Parser.pm line 18.
Compilation failed in require at /home/njh/.cpan/build/XML-Parser-2.41-wwHYLV/blib/lib/XML/Parser.pm line 18.
BEGIN failed--compilation aborted at /home/njh/.cpan/build/XML-Parser-2.41-wwHYLV/blib/lib/XML/Parser.pm line 22.
Compilation failed in require at t/defaulted.t line 3.
BEGIN failed--compilation aborted at t/defaulted.t line 3.
t/defaulted.t ..... 
Dubious, test returned 2 (wstat 512, 0x200)
Failed 4/4 subtests 
Can't load '/home/njh/.cpan/build/XML-Parser-2.41-wwHYLV/blib/arch/auto/XML/Parser/Expat/Expat.so' for module XML::Parser::Expat: /home/njh/.cpan/build/XML-Parser-2.41-wwHYLV/blib/arch/auto/XML/Parser/Expat/Expat.so: undefined symbol: XML_SetCommentHandler at /usr/local/lib/perl5/5.15.9/i686-linux-thread-multi/DynaLoader.pm line 190.
 at /home/njh/.cpan/build/XML-Parser-2.41-wwHYLV/blib/lib/XML/Parser.pm line 18.
Compilation failed in require at /home/njh/.cpan/build/XML-Parser-2.41-wwHYLV/blib/lib/XML/Parser.pm line 18.
BEGIN failed--compilation aborted at /home/njh/.cpan/build/XML-Parser-2.41-wwHYLV/blib/lib/XML/Parser.pm line 22.
Compilation failed in require at t/encoding.t line 3.
BEGIN failed--compilation aborted at t/encoding.t line 3.
t/encoding.t ...... 
Dubious, test returned 2 (wstat 512, 0x200)
Failed 6/6 subtests 
Can't load '/home/njh/.cpan/build/XML-Parser-2.41-wwHYLV/blib/arch/auto/XML/Parser/Expat/Expat.so' for module XML::Parser::Expat: /home/njh/.cpan/build/XML-Parser-2.41-wwHYLV/blib/arch/auto/XML/Parser/Expat/Expat.so: undefined symbol: XML_SetCommentHandler at /usr/local/lib/perl5/5.15.9/i686-linux-thread-multi/DynaLoader.pm line 190.
 at /home/njh/.cpan/build/XML-Parser-2.41-wwHYLV/blib/lib/XML/Parser.pm line 18.
Compilation failed in require at /home/njh/.cpan/build/XML-Parser-2.41-wwHYLV/blib/lib/XML/Parser.pm line 18.
BEGIN failed--compilation aborted at /home/njh/.cpan/build/XML-Parser-2.41-wwHYLV/blib/lib/XML/Parser.pm line 22.
Compilation failed in require at t/external_ent.t line 3.
BEGIN failed--compilation aborted at t/external_ent.t line 3.
t/external_ent.t .. 
Dubious, test returned 2 (wstat 512, 0x200)
Failed 5/5 subtests 
Can't load '/home/njh/.cpan/build/XML-Parser-2.41-wwHYLV/blib/arch/auto/XML/Parser/Expat/Expat.so' for module XML::Parser::Expat: /home/njh/.cpan/build/XML-Parser-2.41-wwHYLV/blib/arch/auto/XML/Parser/Expat/Expat.so: undefined symbol: XML_SetCommentHandler at /usr/local/lib/perl5/5.15.9/i686-linux-thread-multi/DynaLoader.pm line 190.
 at /home/njh/.cpan/build/XML-Parser-2.41-wwHYLV/blib/lib/XML/Parser.pm line 18.
Compilation failed in require at /home/njh/.cpan/build/XML-Parser-2.41-wwHYLV/blib/lib/XML/Parser.pm line 18.
BEGIN failed--compilation aborted at /home/njh/.cpan/build/XML-Parser-2.41-wwHYLV/blib/lib/XML/Parser.pm line 22.
Compilation failed in require at t/file.t line 3.
BEGIN failed--compilation aborted at t/file.t line 3.
t/file.t .......... 
Dubious, test returned 2 (wstat 512, 0x200)
Failed 2/2 subtests 
Can't load '/home/njh/.cpan/build/XML-Parser-2.41-wwHYLV/blib/arch/auto/XML/Parser/Expat/Expat.so' for module XML::Parser::Expat: /home/njh/.cpan/build/XML-Parser-2.41-wwHYLV/blib/arch/auto/XML/Parser/Expat/Expat.so: undefined symbol: XML_SetCommentHandler at /usr/local/lib/perl5/5.15.9/i686-linux-thread-multi/DynaLoader.pm line 190.
 at /home/njh/.cpan/build/XML-Parser-2.41-wwHYLV/blib/lib/XML/Parser.pm line 18.
Compilation failed in require at /home/njh/.cpan/build/XML-Parser-2.41-wwHYLV/blib/lib/XML/Parser.pm line 18.
BEGIN failed--compilation aborted at /home/njh/.cpan/build/XML-Parser-2.41-wwHYLV/blib/lib/XML/Parser.pm line 22.
Compilation failed in require at t/finish.t line 3.
BEGIN failed--compilation aborted at t/finish.t line 3.
t/finish.t ........ 
Dubious, test returned 2 (wstat 512, 0x200)
Failed 3/3 subtests 
Can't load '/home/njh/.cpan/build/XML-Parser-2.41-wwHYLV/blib/arch/auto/XML/Parser/Expat/Expat.so' for module XML::Parser::Expat: /home/njh/.cpan/build/XML-Parser-2.41-wwHYLV/blib/arch/auto/XML/Parser/Expat/Expat.so: undefined symbol: XML_SetCommentHandler at /usr/local/lib/perl5/5.15.9/i686-linux-thread-multi/DynaLoader.pm line 190.
 at /home/njh/.cpan/build/XML-Parser-2.41-wwHYLV/blib/lib/XML/Parser.pm line 18.
Compilation failed in require at /home/njh/.cpan/build/XML-Parser-2.41-wwHYLV/blib/lib/XML/Parser.pm line 18.
BEGIN failed--compilation aborted at /home/njh/.cpan/build/XML-Parser-2.41-wwHYLV/blib/lib/XML/Parser.pm line 22.
Compilation failed in require at t/namespaces.t line 3.
BEGIN failed--compilation aborted at t/namespaces.t line 3.
t/namespaces.t .... 
Dubious, test returned 2 (wstat 512, 0x200)
Failed 16/16 subtests 
Can't load '/home/njh/.cpan/build/XML-Parser-2.41-wwHYLV/blib/arch/auto/XML/Parser/Expat/Expat.so' for module XML::Parser::Expat: /home/njh/.cpan/build/XML-Parser-2.41-wwHYLV/blib/arch/auto/XML/Parser/Expat/Expat.so: undefined symbol: XML_SetCommentHandler at /usr/local/lib/perl5/5.15.9/i686-linux-thread-multi/DynaLoader.pm line 190.
 at /home/njh/.cpan/build/XML-Parser-2.41-wwHYLV/blib/lib/XML/Parser.pm line 18.
Compilation failed in require at /home/njh/.cpan/build/XML-Parser-2.41-wwHYLV/blib/lib/XML/Parser.pm line 18.
BEGIN failed--compilation aborted at /home/njh/.cpan/build/XML-Parser-2.41-wwHYLV/blib/lib/XML/Parser.pm line 22.
Compilation failed in require at t/parament.t line 3.
BEGIN failed--compilation aborted at t/parament.t line 3.
t/parament.t ...... 
Dubious, test returned 2 (wstat 512, 0x200)
Failed 12/12 subtests 
Can't load '/home/njh/.cpan/build/XML-Parser-2.41-wwHYLV/blib/arch/auto/XML/Parser/Expat/Expat.so' for module XML::Parser::Expat: /home/njh/.cpan/build/XML-Parser-2.41-wwHYLV/blib/arch/auto/XML/Parser/Expat/Expat.so: undefined symbol: XML_SetCommentHandler at /usr/local/lib/perl5/5.15.9/i686-linux-thread-multi/DynaLoader.pm line 190.
 at /home/njh/.cpan/build/XML-Parser-2.41-wwHYLV/blib/lib/XML/Parser.pm line 18.
Compilation failed in require at /home/njh/.cpan/build/XML-Parser-2.41-wwHYLV/blib/lib/XML/Parser.pm line 18.
BEGIN failed--compilation aborted at /home/njh/.cpan/build/XML-Parser-2.41-wwHYLV/blib/lib/XML/Parser.pm line 22.
Compilation failed in require at t/partial.t line 3.
BEGIN failed--compilation aborted at t/partial.t line 3.
t/partial.t ....... 
Dubious, test returned 2 (wstat 512, 0x200)
Failed 3/3 subtests 
Can't load '/home/njh/.cpan/build/XML-Parser-2.41-wwHYLV/blib/arch/auto/XML/Parser/Expat/Expat.so' for module XML::Parser::Expat: /home/njh/.cpan/build/XML-Parser-2.41-wwHYLV/blib/arch/auto/XML/Parser/Expat/Expat.so: undefined symbol: XML_SetCommentHandler at /usr/local/lib/perl5/5.15.9/i686-linux-thread-multi/DynaLoader.pm line 190.
 at /home/njh/.cpan/build/XML-Parser-2.41-wwHYLV/blib/lib/XML/Parser.pm line 18.
Compilation failed in require at /home/njh/.cpan/build/XML-Parser-2.41-wwHYLV/blib/lib/XML/Parser.pm line 18.
BEGIN failed--compilation aborted at /home/njh/.cpan/build/XML-Parser-2.41-wwHYLV/blib/lib/XML/Parser.pm line 22.
Compilation failed in require at t/skip.t line 3.
BEGIN failed--compilation aborted at t/skip.t line 3.
t/skip.t .......... 
Dubious, test returned 2 (wstat 512, 0x200)
Failed 4/4 subtests 
Can't load '/home/njh/.cpan/build/XML-Parser-2.41-wwHYLV/blib/arch/auto/XML/Parser/Expat/Expat.so' for module XML::Parser::Expat: /home/njh/.cpan/build/XML-Parser-2.41-wwHYLV/blib/arch/auto/XML/Parser/Expat/Expat.so: undefined symbol: XML_SetCommentHandler at /usr/local/lib/perl5/5.15.9/i686-linux-thread-multi/DynaLoader.pm line 190.
 at /home/njh/.cpan/build/XML-Parser-2.41-wwHYLV/blib/lib/XML/Parser.pm line 18.
Compilation failed in require at /home/njh/.cpan/build/XML-Parser-2.41-wwHYLV/blib/lib/XML/Parser.pm line 18.
BEGIN failed--compilation aborted at /home/njh/.cpan/build/XML-Parser-2.41-wwHYLV/blib/lib/XML/Parser.pm line 22.
Compilation failed in require at t/stream.t line 3.
BEGIN failed--compilation aborted at t/stream.t line 3.
t/stream.t ........ 
Dubious, test returned 2 (wstat 512, 0x200)
Failed 3/3 subtests 
Can't load '/home/njh/.cpan/build/XML-Parser-2.41-wwHYLV/blib/arch/auto/XML/Parser/Expat/Expat.so' for module XML::Parser::Expat: /home/njh/.cpan/build/XML-Parser-2.41-wwHYLV/blib/arch/auto/XML/Parser/Expat/Expat.so: undefined symbol: XML_SetCommentHandler at /usr/local/lib/perl5/5.15.9/i686-linux-thread-multi/DynaLoader.pm line 190.
 at /home/njh/.cpan/build/XML-Parser-2.41-wwHYLV/blib/lib/XML/Parser.pm line 18.
Compilation failed in require at /home/njh/.cpan/build/XML-Parser-2.41-wwHYLV/blib/lib/XML/Parser.pm line 18.
BEGIN failed--compilation aborted at /home/njh/.cpan/build/XML-Parser-2.41-wwHYLV/blib/lib/XML/Parser.pm line 22.
Compilation failed in require at t/styles.t line 3.
BEGIN failed--compilation aborted at t/styles.t line 3.
t/styles.t ........ 
Dubious, test returned 2 (wstat 512, 0x200)
Failed 13/13 subtests 

Test Summary Report
-------------------
t/astress.t     (Wstat: 512 Tests: 1 Failed: 1)
  Failed test:  1
  Non-zero exit status: 2
  Parse errors: Bad plan.  You planned 27 tests but ran 1.
t/cdata.t       (Wstat: 512 Tests: 1 Failed: 1)
  Failed test:  1
  Non-zero exit status: 2
  Parse errors: Bad plan.  You planned 2 tests but ran 1.
t/decl.t        (Wstat: 512 Tests: 1 Failed: 1)
  Failed test:  1
  Non-zero exit status: 2
  Parse errors: Bad plan.  You planned 30 tests but ran 1.
t/defaulted.t   (Wstat: 512 Tests: 1 Failed: 1)
  Failed test:  1
  Non-zero exit status: 2
  Parse errors: Bad plan.  You planned 4 tests but ran 1.
t/encoding.t    (Wstat: 512 Tests: 1 Failed: 1)
  Failed test:  1
  Non-zero exit status: 2
  Parse errors: Bad plan.  You planned 6 tests but ran 1.
t/external_ent.t (Wstat: 512 Tests: 1 Failed: 1)
  Failed test:  1
  Non-zero exit status: 2
  Parse errors: Bad plan.  You planned 5 tests but ran 1.
t/file.t        (Wstat: 512 Tests: 1 Failed: 1)
  Failed test:  1
  Non-zero exit status: 2
  Parse errors: Bad plan.  You planned 2 tests but ran 1.
t/finish.t      (Wstat: 512 Tests: 1 Failed: 1)
  Failed test:  1
  Non-zero exit status: 2
  Parse errors: Bad plan.  You planned 3 tests but ran 1.
t/namespaces.t  (Wstat: 512 Tests: 1 Failed: 1)
  Failed test:  1
  Non-zero exit status: 2
  Parse errors: Bad plan.  You planned 16 tests but ran 1.
t/parament.t    (Wstat: 512 Tests: 1 Failed: 1)
  Failed test:  1
  Non-zero exit status: 2
  Parse errors: Bad plan.  You planned 12 tests but ran 1.
t/partial.t     (Wstat: 512 Tests: 1 Failed: 1)
  Failed test:  1
  Non-zero exit status: 2
  Parse errors: Bad plan.  You planned 3 tests but ran 1.
t/skip.t        (Wstat: 512 Tests: 1 Failed: 1)
  Failed test:  1
  Non-zero exit status: 2
  Parse errors: Bad plan.  You planned 4 tests but ran 1.
t/stream.t      (Wstat: 512 Tests: 1 Failed: 1)
  Failed test:  1
  Non-zero exit status: 2
  Parse errors: Bad plan.  You planned 3 tests but ran 1.
t/styles.t      (Wstat: 512 Tests: 0 Failed: 0)
  Non-zero exit status: 2
  Parse errors: Bad plan.  You planned 13 tests but ran 0.
Files=14, Tests=13,  0 wallclock secs ( 0.08 usr  0.03 sys +  0.40 cusr  0.06 csys =  0.57 CPU)
Result: FAIL
Failed 14/14 test programs. 13/13 subtests failed.
make: *** [test_dynamic] Error 2

------------------------------
PREREQUISITES
------------------------------

Prerequisite modules loaded:

requires:

    Module              Need    Have    
    ------------------- ------- --------
    LWP                 0       6.04    
    perl                5.00405 5.015009

build_requires:

    Module              Need    Have    
    ------------------- ------- --------
    ExtUtils::MakeMaker 0       6.63_02 

configure_requires:

    Module              Need    Have    
    ------------------- ------- --------
    ExtUtils::MakeMaker 0       6.63_02 


------------------------------
ENVIRONMENT AND OTHER CONTEXT
------------------------------

Environment variables:

    AUTOMATED_TESTING = 1
    LANG = en_GB.UTF-8
    LANGUAGE = en_GB:en
    MANPATH_WITHOUT_PERLBREW = /usr/local/man:/usr/local/share/man:/usr/share/man
    PATH = /home/njh/perl5/perlbrew/bin:/usr/local/bin:/usr/bin:/bin:/usr/local/games:/usr/games:/home/njh/bin:/sbin
    PATH_WITHOUT_PERLBREW = /usr/local/bin:/usr/bin:/bin:/usr/local/games:/usr/games:/home/njh/bin:/sbin
    PERL5LIB = /home/njh/.cpan/build/libwww-perl-6.04-vqshrb/blib/arch:/home/njh/.cpan/build/libwww-perl-6.04-vqshrb/blib/lib
    PERL5OPT = 
    PERL5_CPANPLUS_IS_RUNNING = 20525
    PERL5_CPAN_IS_RUNNING = 20525
    PERL5_MINISMOKEBOX = 0.54
    PERLBREW_BASHRC_VERSION = 0.49
    PERLBREW_HOME = /home/njh/.perlbrew
    PERLBREW_LIB = 
    PERLBREW_MANPATH = 
    PERLBREW_PATH = /home/njh/perl5/perlbrew/bin
    PERLBREW_PERL = 
    PERLBREW_ROOT = /home/njh/perl5/perlbrew
    PERLBREW_VERSION = 0.49
    PERL_EXTUTILS_AUTOINSTALL = --defaultdeps
    PERL_LOCAL_LIB_ROOT = 
    PERL_MB_OPT = 
    PERL_MM_OPT = 
    PERL_MM_USE_DEFAULT = 1
    SHELL = /bin/bash
    TERM = xterm

Perl special variables (and OS-specific diagnostics, for MSWin32):

    $^X = /usr/local/bin/perl5.15.9
    $UID/$EUID = 1000 / 1000
    $GID = 1000 24 25 29 30 44 46 109 110 116 1000
    $EGID = 1000 24 25 29 30 44 46 109 110 116 1000

Perl module toolchain versions installed:

    Module              Have    
    ------------------- --------
    CPAN                1.9800  
    CPAN::Meta          2.120630
    Cwd                 3.39_02 
    ExtUtils::CBuilder  0.280206
    ExtUtils::Command   1.17    
    ExtUtils::Install   1.58    
    ExtUtils::MakeMaker 6.63_02 
    ExtUtils::Manifest  1.61    
    ExtUtils::ParseXS   3.16    
    File::Spec          3.39_02 
    JSON                2.53    
    JSON::PP            2.27200 
    Module::Build       0.40    
    Module::Signature   0.68    
    Parse::CPAN::Meta   1.4402  
    Test::Harness       3.23    
    Test::More          0.98    
    YAML                0.81    
    YAML::Syck          1.20    
    version             0.96    


--

Summary of my perl5 (revision 5 version 15 subversion 9) configuration:
  Snapshot of: bd9cbc460bc6144f7e4cfc82772b389efe6331e3
  Platform:
    osname=linux, osvers=2.6.32-5-686, archname=i686-linux-thread-multi
    uname='linux philips.bandsman.co.uk 2.6.32-5-686 #1 smp mon mar 26 05:20:33 utc 2012 i686 gnulinux '
    config_args='-des -Dusedevel -Accflags=-O2 -W -Wformat=2 -Wall -Wextra -pipe -mtune=native -march=native -fomit-frame-pointer -msse2 -msse -mmmx -mfpmath=sse -D_FORTIFY_SOURCE=2 -fstack-protector -Wstack-protector -Wfloat-equal -Duseithreads'
    hint=recommended, useposix=true, d_sigaction=define
    useithreads=define, usemultiplicity=define
    useperlio=define, d_sfio=undef, uselargefiles=define, usesocks=undef
    use64bitint=undef, use64bitall=undef, uselongdouble=undef
    usemymalloc=n, bincompat5005=undef
  Compiler:
    cc='cc', ccflags ='-D_REENTRANT -D_GNU_SOURCE -DDEBUGGING -O2 -W -Wformat=2 -Wall -Wextra -pipe -mtune=native -march=native -fomit-frame-pointer -msse2 -msse -mmmx -mfpmath=sse -D_FORTIFY_SOURCE=2 -fstack-protector -Wstack-protector -Wfloat-equal -fno-strict-aliasing -I/usr/local/include -D_LARGEFILE_SOURCE -D_FILE_OFFSET_BITS=64',
    optimize='-O2',
    cppflags='-D_REENTRANT -D_GNU_SOURCE -DDEBUGGING -O2 -W -Wformat=2 -Wall -Wextra -pipe -mtune=native -march=native -fomit-frame-pointer -msse2 -msse -mmmx -mfpmath=sse -D_FORTIFY_SOURCE=2 -fstack-protector -Wstack-protector -Wfloat-equal -fno-strict-aliasing -I/usr/local/include'
    ccversion='', gccversion='4.4.5', gccosandvers=''
    intsize=4, longsize=4, ptrsize=4, doublesize=8, byteorder=1234
    d_longlong=define, longlongsize=8, d_longdbl=define, longdblsize=12
    ivtype='long', ivsize=4, nvtype='double', nvsize=8, Off_t='off_t', lseeksize=8
    alignbytes=4, prototype=define
  Linker and Libraries:
    ld='cc', ldflags =' -fstack-protector -L/usr/local/lib'
    libpth=/usr/local/lib /lib/../lib /usr/lib/../lib /lib /usr/lib
    libs=-lnsl -ldb -ldl -lm -lcrypt -lutil -lpthread -lc
    perllibs=-lnsl -ldl -lm -lcrypt -lutil -lpthread -lc
    libc=/lib/libc-2.11.3.so, so=so, useshrplib=false, libperl=libperl.a
    gnulibc_version='2.11.3'
  Dynamic Linking:
    dlsrc=dl_dlopen.xs, dlext=so, d_dlsymun=undef, ccdlflags='-Wl,-E'
    cccdlflags='-fPIC', lddlflags='-shared -O2 -L/usr/local/lib -fstack-protector'


Characteristics of this binary (from libperl): 
  Compile-time options: DEBUGGING HAS_TIMES MULTIPLICITY PERLIO_LAYERS
                        PERL_DONT_CREATE_GVSV PERL_IMPLICIT_CONTEXT
                        PERL_MALLOC_WRAP PERL_PRESERVE_IVUV
                        PERL_TRACK_MEMPOOL PERL_USE_DEVEL USE_ITHREADS
                        USE_LARGE_FILES USE_LOCALE USE_LOCALE_COLLATE
                        USE_LOCALE_CTYPE USE_LOCALE_NUMERIC USE_PERLIO
                        USE_PERL_ATOF USE_REENTRANT_API
  Locally applied patches:
	SMOKEbd9cbc460bc6144f7e4cfc82772b389efe6331e3
  Built under linux
  Compiled at Apr  9 2012 20:30:02
  %ENV:
    PERL5LIB="/home/njh/.cpan/build/libwww-perl-6.04-vqshrb/blib/arch:/home/njh/.cpan/build/libwww-perl-6.04-vqshrb/blib/lib"
    PERL5OPT=""
    PERL5_CPANPLUS_IS_RUNNING="20525"
    PERL5_CPAN_IS_RUNNING="20525"
    PERL5_MINISMOKEBOX="0.54"
    PERLBREW_BASHRC_VERSION="0.49"
    PERLBREW_HOME="/home/njh/.perlbrew"
    PERLBREW_LIB=""
    PERLBREW_MANPATH=""
    PERLBREW_PATH="/home/njh/perl5/perlbrew/bin"
    PERLBREW_PERL=""
    PERLBREW_ROOT="/home/njh/perl5/perlbrew"
    PERLBREW_VERSION="0.49"
    PERL_EXTUTILS_AUTOINSTALL="--defaultdeps"
    PERL_LOCAL_LIB_ROOT=""
    PERL_MB_OPT=""
    PERL_MM_OPT=""
    PERL_MM_USE_DEFAULT="1"
  @INC:
    /home/njh/.cpan/build/libwww-perl-6.04-vqshrb/blib/arch
    /home/njh/.cpan/build/libwww-perl-6.04-vqshrb/blib/lib
    /usr/local/lib/perl5/site_perl/5.15.9/i686-linux-thread-multi
    /usr/local/lib/perl5/site_perl/5.15.9
    /usr/local/lib/perl5/5.15.9/i686-linux-thread-multi
    /usr/local/lib/perl5/5.15.9
    .