Back
From: metabase:user:320bfe00-2aae-11df-837a-5e0a49663a4f
Subject: FAIL Mail-Transport-Dbx-0.07 v5.21.4 GNU/Linux
Date: 2014-08-27T02:12:00Z
This distribution has been tested as part of the CPAN Testers
project, supporting the Perl programming language. See
http://wiki.cpantesters.org/ for more information or email
questions to cpan-testers-discuss@perl.org
--
Dear Tassilo von Parseval,
This is a computer-generated report for Mail-Transport-Dbx-0.07
on perl 5.21.4, created by CPAN-Reporter-1.2011.
Thank you for uploading your work to CPAN. However, there was a problem
testing your distribution.
If you think this report is invalid, please consult the CPAN Testers Wiki
for suggestions on how to avoid getting FAIL reports for missing library
or binary dependencies, unsupported operating systems, and so on:
http://wiki.cpantesters.org/wiki/CPANAuthorNotes
Sections of this report:
* Tester comments
* Program output
* Prerequisites
* Environment and other context
------------------------------
TESTER COMMENTS
------------------------------
Additional comments from tester:
this report is from an automated smoke testing program
and was not reviewed by a human for accuracy
------------------------------
PROGRAM OUTPUT
------------------------------
Output from '/usr/bin/make test':
make[1]: Entering directory '/tmp/loop_over_bdir-8250-TvbhxB/Mail-Transport-Dbx-0.07-nmHAbP/libdbx'
make[1]: Nothing to be done for 'all'.
make[1]: Leaving directory '/tmp/loop_over_bdir-8250-TvbhxB/Mail-Transport-Dbx-0.07-nmHAbP/libdbx'
Running Mkbootstrap for Mail::Transport::Dbx ()
chmod 644 Dbx.bs
PERL_DL_NONLAZY=1 /tmp/basesmoker-reloperl-hRJZ/bin/perl "-MExtUtils::Command::MM" "-MTest::Harness" "-e" "undef *Test::Harness::Switches; test_harness(0, 'blib/lib', 'blib/arch')" t/*.t
# Failed test 'POD test for blib/lib/Mail/Transport/Dbx.pm'
# at /home/sand/src/perl/repoperls/installed-perls/perl/v5.21.3-121-g35c2140/127e/lib/site_perl/5.21.4/Test/Pod.pm line 186.
# blib/lib/Mail/Transport/Dbx.pm (450): Non-ASCII character seen before =encoding in 'Ordner/Entwürfe'. Assuming ISO8859-1
# Looks like you failed 1 test of 1.
t/0_pod.t ...........
Dubious, test returned 1 (wstat 256, 0x100)
Failed 1/1 subtests
t/0_pod_coverage.t .. ok
t/1.t ............... ok
t/2.t ............... ok
t/3.t ............... ok
t/fixed.t ........... ok
Test Summary Report
-------------------
t/0_pod.t (Wstat: 256 Tests: 1 Failed: 1)
Failed test: 1
Non-zero exit status: 1
Files=6, Tests=60, 0 wallclock secs ( 0.03 usr 0.00 sys + 0.14 cusr 0.01 csys = 0.18 CPU)
Result: FAIL
Failed 1/6 test programs. 1/60 subtests failed.
Makefile:1009: recipe for target 'test_dynamic' failed
make: *** [test_dynamic] Error 255
------------------------------
PREREQUISITES
------------------------------
Prerequisite modules loaded:
build_requires:
Module Need Have
------------------- ---- ----
ExtUtils::MakeMaker 0 6.98
------------------------------
ENVIRONMENT AND OTHER CONTEXT
------------------------------
Environment variables:
AUTOMATED_TESTING = 1
LANG = en_US.UTF-8
LANGUAGE = en_US:en
PATH = /usr/lib/ccache:/home/sand/bin:/usr/local/bin:/usr/bin:/bin:/usr/games:/usr/local/perl/bin:/usr/X11/bin:/sbin:/usr/sbin
PERL5LIB = /tmp/loop_over_bdir-8250-TvbhxB/FusionInventory-Agent-2.3.10.1-h2PSg6/blib/arch:/tmp/loop_over_bdir-8250-TvbhxB/FusionInventory-Agent-2.3.10.1-h2PSg6/blib/lib
PERL5OPT =
PERL5_CPANPLUS_IS_RUNNING = 25653
PERL5_CPAN_IS_RUNNING = 25653
PERL_MM_USE_DEFAULT = 1
SHELL = /usr/bin/zsh
TERM = screen
Perl special variables (and OS-specific diagnostics, for MSWin32):
$^X = /tmp/basesmoker-reloperl-hRJZ/bin/perl
$UID/$EUID = 1005 / 1005
$GID = 1005 1005
$EGID = 1005 1005
Perl module toolchain versions installed:
Module Have
------------------- --------
CPAN 2.05
CPAN::Meta 2.142060
Cwd 3.49
ExtUtils::CBuilder 0.280217
ExtUtils::Command 1.18
ExtUtils::Install 1.68
ExtUtils::MakeMaker 6.98
ExtUtils::Manifest 1.65
ExtUtils::ParseXS 3.25
File::Spec 3.49
JSON 2.90
JSON::PP 2.27203
Module::Build 0.4208
Module::Signature 0.73
Parse::CPAN::Meta 1.4414
Test::Harness 3.33
Test::More 1.001003
YAML 1.09
YAML::Syck 1.27
version 0.9909
--
Summary of my perl5 (revision 5 version 21 subversion 4) configuration:
Commit id: 35c2140b05a9a1683ea74d158942a454ab66b443
Platform:
osname=linux, osvers=3.14-2-amd64, archname=x86_64-linux-ld
uname='linux k83 3.14-2-amd64 #1 smp debian 3.14.15-2 (2014-08-09) x86_64 gnulinux '
config_args='-Dprefix=/home/sand/src/perl/repoperls/installed-perls/perl/v5.21.3-121-g35c2140/127e -Dmyhostname=k83 -Dinstallusrbinperl=n -Uversiononly -Dusedevel -des -Ui_db -Uuseithreads -Duselongdouble -DDEBUGGING=-g'
hint=recommended, useposix=true, d_sigaction=define
useithreads=undef, usemultiplicity=undef
use64bitint=define, use64bitall=define, uselongdouble=define
usemymalloc=n, bincompat5005=undef
Compiler:
cc='cc', ccflags ='-fwrapv -fno-strict-aliasing -pipe -fstack-protector -I/usr/local/include -D_LARGEFILE_SOURCE -D_FILE_OFFSET_BITS=64 -D_FORTIFY_SOURCE=2',
optimize='-O2 -g',
cppflags='-fwrapv -fno-strict-aliasing -pipe -fstack-protector -I/usr/local/include'
ccversion='', gccversion='4.9.1', gccosandvers=''
intsize=4, longsize=8, ptrsize=8, doublesize=8, byteorder=12345678
d_longlong=define, longlongsize=8, d_longdbl=define, longdblsize=16, longdblkind=3
ivtype='long', ivsize=8, nvtype='long double', nvsize=16, Off_t='off_t', lseeksize=8
alignbytes=16, prototype=define
Linker and Libraries:
ld='cc', ldflags =' -fstack-protector -L/usr/local/lib'
libpth=/usr/local/lib /usr/lib/gcc/x86_64-linux-gnu/4.9/include-fixed /usr/include/x86_64-linux-gnu /usr/lib /lib/x86_64-linux-gnu /lib/../lib /usr/lib/x86_64-linux-gnu /usr/lib/../lib /lib
libs=-lnsl -lgdbm -ldb -ldl -lm -lcrypt -lutil -lc -lgdbm_compat
perllibs=-lnsl -ldl -lm -lcrypt -lutil -lc
libc=libc-2.19.so, so=so, useshrplib=false, libperl=libperl.a
gnulibc_version='2.19'
Dynamic Linking:
dlsrc=dl_dlopen.xs, dlext=so, d_dlsymun=undef, ccdlflags='-Wl,-E'
cccdlflags='-fPIC', lddlflags='-shared -O2 -g -L/usr/local/lib -fstack-protector'
Characteristics of this binary (from libperl):
Compile-time options: HAS_TIMES PERLIO_LAYERS PERL_DONT_CREATE_GVSV
PERL_HASH_FUNC_ONE_AT_A_TIME_HARD PERL_MALLOC_WRAP
PERL_NEW_COPY_ON_WRITE PERL_PRESERVE_IVUV
PERL_USE_DEVEL USE_64_BIT_ALL USE_64_BIT_INT
USE_LARGE_FILES USE_LOCALE USE_LOCALE_COLLATE
USE_LOCALE_CTYPE USE_LOCALE_NUMERIC USE_LOCALE_TIME
USE_LONG_DOUBLE USE_PERLIO USE_PERL_ATOF
Built under linux
Compiled at Aug 25 2014 08:06:32
%ENV:
PERL5LIB="/tmp/loop_over_bdir-8250-TvbhxB/FusionInventory-Agent-2.3.10.1-h2PSg6/blib/arch:/tmp/loop_over_bdir-8250-TvbhxB/FusionInventory-Agent-2.3.10.1-h2PSg6/blib/lib"
PERL5OPT=""
PERL5_CPANPLUS_IS_RUNNING="25653"
PERL5_CPAN_IS_RUNNING="25653"
PERL_MM_USE_DEFAULT="1"
@INC:
/tmp/loop_over_bdir-8250-TvbhxB/FusionInventory-Agent-2.3.10.1-h2PSg6/blib/arch
/tmp/loop_over_bdir-8250-TvbhxB/FusionInventory-Agent-2.3.10.1-h2PSg6/blib/lib
/home/sand/src/perl/repoperls/installed-perls/perl/v5.21.3-121-g35c2140/127e/lib/site_perl/5.21.4/x86_64-linux-ld
/home/sand/src/perl/repoperls/installed-perls/perl/v5.21.3-121-g35c2140/127e/lib/site_perl/5.21.4
/home/sand/src/perl/repoperls/installed-perls/perl/v5.21.3-121-g35c2140/127e/lib/5.21.4/x86_64-linux-ld
/home/sand/src/perl/repoperls/installed-perls/perl/v5.21.3-121-g35c2140/127e/lib/5.21.4
.