App-highlight v0.14 Perl 5 v5.22.1 amd64-freebsd

Status
Fail
From
Slaven Rezić
Dist
App-highlight v0.14
Platform
Perl 5 v5.22.1 amd64-freebsd
Date
2021-03-14 23:10:55
ID
876b786c-851a-11eb-8236-db6b1f24ea8f
This distribution has been tested as part of the CPAN Testers
project, supporting the Perl programming language.  See
http://wiki.cpantesters.org/ for more information or email
questions to cpan-testers-discuss@perl.org


--
Dear Alex Balhatchet,

This is a computer-generated report for App-highlight-0.14
on perl 5.22.1, created by CPAN-Reporter-1.2018.

Thank you for uploading your work to CPAN.  However, there was a problem
testing your distribution.

If you think this report is invalid, please consult the CPAN Testers Wiki
for suggestions on how to avoid getting FAIL reports for missing library
or binary dependencies, unsupported operating systems, and so on:

http://wiki.cpantesters.org/wiki/CPANAuthorNotes

Sections of this report:

    * Tester comments
    * Program output
    * Prerequisites
    * Environment and other context

------------------------------
TESTER COMMENTS
------------------------------

Additional comments from tester:

none provided

------------------------------
PROGRAM OUTPUT
------------------------------

Output from '/usr/bin/make test':

PERL_DL_NONLAZY=1 "/usr/perl5.22.1p/bin/perl" "-MExtUtils::Command::MM" "-MTest::Harness" "-e" "undef *Test::Harness::Switches; test_harness(0, 'blib/lib', 'blib/arch')" t/*.t
t/00-compile.t ............ ok
t/01-basics.t ............. ok
t/02-escaping.t ........... ok
t/03-colors.t ............. ok
t/04-full-line.t .......... ok
t/05-nocolors.t ........... ok
t/06-show-bad-spaces.t .... ok
t/07-ignore-case.t ........ ok
t/88-version.t ............ ok

#   Failed test 'help message - color flag'
#   at t/99-help.t line 13.
#                   '99-help.t [-bCcehilnorv] [long options...]
# 
# 	--color (or -c)            use terminal color for highlighting (default)
# 	--no-color (or -C)         don't use terminal color
# 	--escape (or -e)           auto-escape input (default)
# 	--no-escape (or -n)        don't auto-escape input (regex mode)
# 	                           aka --regex, -r
# 	--ignore-case (or -i)      ignore case for matches
# 	--full-line (or -l)        highlight the whole matched line
# 	--one-color (or -o)        use only one color for all matches
# 	--show-bad-spaces (or -b)  highlight spaces at the end of lines
# 	--version (or -v)          show version number
# 	--help (or -h)             display a usage message
# 
# '
#     doesn't match '(?^ms:-c --color)'

#   Failed test 'help message - escape flag'
#   at t/99-help.t line 15.
#                   '99-help.t [-bCcehilnorv] [long options...]
# 
# 	--color (or -c)            use terminal color for highlighting (default)
# 	--no-color (or -C)         don't use terminal color
# 	--escape (or -e)           auto-escape input (default)
# 	--no-escape (or -n)        don't auto-escape input (regex mode)
# 	                           aka --regex, -r
# 	--ignore-case (or -i)      ignore case for matches
# 	--full-line (or -l)        highlight the whole matched line
# 	--one-color (or -o)        use only one color for all matches
# 	--show-bad-spaces (or -b)  highlight spaces at the end of lines
# 	--version (or -v)          show version number
# 	--help (or -h)             display a usage message
# 
# '
#     doesn't match '(?^ms:-e --escape)'

#   Failed test 'help message - full-line flag'
#   at t/99-help.t line 17.
#                   '99-help.t [-bCcehilnorv] [long options...]
# 
# 	--color (or -c)            use terminal color for highlighting (default)
# 	--no-color (or -C)         don't use terminal color
# 	--escape (or -e)           auto-escape input (default)
# 	--no-escape (or -n)        don't auto-escape input (regex mode)
# 	                           aka --regex, -r
# 	--ignore-case (or -i)      ignore case for matches
# 	--full-line (or -l)        highlight the whole matched line
# 	--one-color (or -o)        use only one color for all matches
# 	--show-bad-spaces (or -b)  highlight spaces at the end of lines
# 	--version (or -v)          show version number
# 	--help (or -h)             display a usage message
# 
# '
#     doesn't match '(?^ms:-l --full-line)'

#   Failed test 'help message - one-color flag'
#   at t/99-help.t line 18.
#                   '99-help.t [-bCcehilnorv] [long options...]
# 
# 	--color (or -c)            use terminal color for highlighting (default)
# 	--no-color (or -C)         don't use terminal color
# 	--escape (or -e)           auto-escape input (default)
# 	--no-escape (or -n)        don't auto-escape input (regex mode)
# 	                           aka --regex, -r
# 	--ignore-case (or -i)      ignore case for matches
# 	--full-line (or -l)        highlight the whole matched line
# 	--one-color (or -o)        use only one color for all matches
# 	--show-bad-spaces (or -b)  highlight spaces at the end of lines
# 	--version (or -v)          show version number
# 	--help (or -h)             display a usage message
# 
# '
#     doesn't match '(?^ms:-o --one-color)'

#   Failed test 'help message - --show-bad-spaces flag'
#   at t/99-help.t line 19.
#                   '99-help.t [-bCcehilnorv] [long options...]
# 
# 	--color (or -c)            use terminal color for highlighting (default)
# 	--no-color (or -C)         don't use terminal color
# 	--escape (or -e)           auto-escape input (default)
# 	--no-escape (or -n)        don't auto-escape input (regex mode)
# 	                           aka --regex, -r
# 	--ignore-case (or -i)      ignore case for matches
# 	--full-line (or -l)        highlight the whole matched line
# 	--one-color (or -o)        use only one color for all matches
# 	--show-bad-spaces (or -b)  highlight spaces at the end of lines
# 	--version (or -v)          show version number
# 	--help (or -h)             display a usage message
# 
# '
#     doesn't match '(?^ms:-b --show-bad-spaces)'

#   Failed test 'help message - help flag'
#   at t/99-help.t line 20.
#                   '99-help.t [-bCcehilnorv] [long options...]
# 
# 	--color (or -c)            use terminal color for highlighting (default)
# 	--no-color (or -C)         don't use terminal color
# 	--escape (or -e)           auto-escape input (default)
# 	--no-escape (or -n)        don't auto-escape input (regex mode)
# 	                           aka --regex, -r
# 	--ignore-case (or -i)      ignore case for matches
# 	--full-line (or -l)        highlight the whole matched line
# 	--one-color (or -o)        use only one color for all matches
# 	--show-bad-spaces (or -b)  highlight spaces at the end of lines
# 	--version (or -v)          show version number
# 	--help (or -h)             display a usage message
# 
# '
#     doesn't match '(?^ms:-h --help)'
# Looks like you failed 6 tests of 8.
t/99-help.t ............... 
Dubious, test returned 6 (wstat 1536, 0x600)
Failed 6/8 subtests 
t/release-cpan-changes.t .. skipped: these tests are for release candidate testing
t/release-pod-syntax.t .... skipped: these tests are for release candidate testing

Test Summary Report
-------------------
t/99-help.t             (Wstat: 1536 Tests: 8 Failed: 6)
  Failed tests:  1, 3, 5-8
  Non-zero exit status: 6
Files=12, Tests=201,  1 wallclock secs ( 0.00 usr  0.07 sys +  0.17 cusr  0.97 csys =  1.21 CPU)
Result: FAIL
Failed 1/12 test programs. 6/201 subtests failed.
*** Error code 255

Stop.
make: stopped in /home/cpansand/.cpan/build/2021031423/App-highlight-0.14-5

------------------------------
PREREQUISITES
------------------------------

Prerequisite modules loaded:

requires:

    Module                    Need    Have    
    ------------------------- ------- --------
    App::Cmd::Simple          0.309   0.331   
    ExtUtils::MakeMaker       6.55_02 7.58    
    Getopt::Long              2.39    2.52    
    Getopt::Long::Descriptive 0.085   0.106   
    Module::Load              0.18    0.34    
    Try::Tiny                 0.09    0.30    

build_requires:

    Module                    Need    Have    
    ------------------------- ------- --------
    App::Cmd::Tester          0.309   0.331   
    Test::More                0.92    1.302183
    Test::Without::Module     0.17    0.20    

configure_requires:

    Module                    Need    Have    
    ------------------------- ------- --------
    ExtUtils::MakeMaker       6.30    7.58    


------------------------------
ENVIRONMENT AND OTHER CONTEXT
------------------------------

Environment variables:

    LC_ALL = de_DE.ISO8859-1
    PATH = /usr/local/bin:/usr/bin:/bin:/usr/local/sbin:/usr/sbin:/sbin:/home/cpansand/bin/freebsd10.3:/home/cpansand/bin/sh:/home/cpansand/bin:/usr/games:/home/cpansand/devel:/home/eserte/src/srezic-misc/scripts
    PERL5LIB = /home/cpansand/.cpan/build/2021031423/Getopt-Long-Descriptive-0.106-5/blib/arch:/home/cpansand/.cpan/build/2021031423/Getopt-Long-Descriptive-0.106-5/blib/lib
    PERL5OPT = 
    PERL5_CPANPLUS_IS_RUNNING = 48105
    PERL5_CPAN_IS_RUNNING = 48105
    PERL5_CPAN_IS_RUNNING_IN_RECURSION = 42480,48105
    PERLDOC = -MPod::Perldoc::ToTextOverstrike
    PERL_BATCH = yes
    PERL_CANARY_STABILITY_NOPROMPT = 1
    PERL_CPAN_REPORTER_CONFIG = /var/tmp/cpansmoker-1023/2021031423/cpanreporter_000_config.ini
    PERL_EXTUTILS_AUTOINSTALL = --defaultdeps
    PERL_USE_UNSAFE_INC = 1
    SHELL = /usr/local/bin/zsh
    TERM = screen
    TMPDIR = /var/tmp/cpansmoker-1023/2021031423

Perl special variables (and OS-specific diagnostics, for MSWin32):

    $^X = /usr/perl5.22.1p/bin/perl
    $UID/$EUID = 1023 / 1023
    $GID = 1023 1023
    $EGID = 1023 1023

Perl module toolchain versions installed:

    Module              Have    
    ------------------- --------
    CPAN                2.28    
    CPAN::Meta          2.150010
    Cwd                 3.75    
    ExtUtils::CBuilder  0.280235
    ExtUtils::Command   7.58    
    ExtUtils::Install   2.20    
    ExtUtils::MakeMaker 7.58    
    ExtUtils::Manifest  1.70    
    ExtUtils::ParseXS   3.35    
    File::Spec          3.75    
    JSON                4.03    
    JSON::PP            4.05    
    Module::Build       0.4229  
    Module::Signature   0.87    
    Parse::CPAN::Meta   2.150010
    Test::Harness       3.42    
    Test::More          1.302183
    YAML                1.30    
    YAML::Syck          1.34    
    version             0.9928  


--

Summary of my perl5 (revision 5 version 22 subversion 1) configuration:
   
  Platform:
    osname=freebsd, osvers=10.1-release, archname=amd64-freebsd
    uname='freebsd cvrsnica-freebsd-101.herceg.de 10.1-release freebsd 10.1-release #0 r274401: tue nov 11 21:02:49 utc 2014 root@releng1.nyi.freebsd.org:usrobjusrsrcsysgeneric amd64 '
    config_args='-ds -e -Dprefix=/usr/perl5.22.1p -Dcf_email=srezic@cpan.org'
    hint=recommended, useposix=true, d_sigaction=define
    useithreads=undef, usemultiplicity=undef
    use64bitint=define, use64bitall=define, uselongdouble=undef
    usemymalloc=n, bincompat5005=undef
  Compiler:
    cc='cc', ccflags ='-DHAS_FPSETMASK -DHAS_FLOATINGPOINT_H -fno-strict-aliasing -pipe -fstack-protector -I/usr/local/include -D_FORTIFY_SOURCE=2',
    optimize='-O',
    cppflags='-DHAS_FPSETMASK -DHAS_FLOATINGPOINT_H -fno-strict-aliasing -pipe -fstack-protector -I/usr/local/include'
    ccversion='', gccversion='4.2.1 Compatible FreeBSD Clang 3.4.1 (tags/RELEASE_34/dot1-final 208032)', gccosandvers=''
    intsize=4, longsize=8, ptrsize=8, doublesize=8, byteorder=12345678, doublekind=3
    d_longlong=define, longlongsize=8, d_longdbl=define, longdblsize=16, longdblkind=3
    ivtype='long', ivsize=8, nvtype='double', nvsize=8, Off_t='off_t', lseeksize=8
    alignbytes=8, prototype=define
  Linker and Libraries:
    ld='cc', ldflags ='-pthread -Wl,-E  -fstack-protector -L/usr/local/lib'
    libpth=/usr/lib /usr/local/lib /usr/include/clang/3.4.1 /usr/lib
    libs=-lpthread -lgdbm -lm -lcrypt -lutil -lc
    perllibs=-lpthread -lm -lcrypt -lutil -lc
    libc=, so=so, useshrplib=false, libperl=libperl.a
    gnulibc_version=''
  Dynamic Linking:
    dlsrc=dl_dlopen.xs, dlext=so, d_dlsymun=undef, ccdlflags=' '
    cccdlflags='-DPIC -fPIC', lddlflags='-shared  -L/usr/local/lib -fstack-protector'


Characteristics of this binary (from libperl): 
  Compile-time options: HAS_TIMES PERLIO_LAYERS PERL_DONT_CREATE_GVSV
                        PERL_HASH_FUNC_ONE_AT_A_TIME_HARD PERL_MALLOC_WRAP
                        PERL_NEW_COPY_ON_WRITE PERL_PRESERVE_IVUV
                        USE_64_BIT_ALL USE_64_BIT_INT USE_LARGE_FILES
                        USE_LOCALE USE_LOCALE_COLLATE USE_LOCALE_CTYPE
                        USE_LOCALE_NUMERIC USE_LOCALE_TIME USE_PERLIO
                        USE_PERL_ATOF
  Built under freebsd
  Compiled at Dec 15 2015 07:47:22
  %ENV:
    PERL5LIB="/home/cpansand/.cpan/build/2021031423/Getopt-Long-Descriptive-0.106-5/blib/arch:/home/cpansand/.cpan/build/2021031423/Getopt-Long-Descriptive-0.106-5/blib/lib"
    PERL5OPT=""
    PERL5_CPANPLUS_IS_RUNNING="48105"
    PERL5_CPAN_IS_RUNNING="48105"
    PERL5_CPAN_IS_RUNNING_IN_RECURSION="42480,48105"
    PERLDOC="-MPod::Perldoc::ToTextOverstrike"
    PERL_BATCH="yes"
    PERL_CANARY_STABILITY_NOPROMPT="1"
    PERL_CPAN_REPORTER_CONFIG="/var/tmp/cpansmoker-1023/2021031423/cpanreporter_000_config.ini"
    PERL_EXTUTILS_AUTOINSTALL="--defaultdeps"
    PERL_USE_UNSAFE_INC="1"
  @INC:
    /home/cpansand/.cpan/build/2021031423/Getopt-Long-Descriptive-0.106-5/blib/arch
    /home/cpansand/.cpan/build/2021031423/Getopt-Long-Descriptive-0.106-5/blib/lib
    /usr/perl5.22.1p/lib/site_perl/5.22.1/amd64-freebsd
    /usr/perl5.22.1p/lib/site_perl/5.22.1
    /usr/perl5.22.1p/lib/5.22.1/amd64-freebsd
    /usr/perl5.22.1p/lib/5.22.1
    .