Back
From: metabase:user:313dc9fe-2aae-11df-837a-5e0a49663a4f
Subject: FAIL Data-Header-Fields-0.02 v5.12.2 GNU/Linux
Date: 2011-04-11T00:56:26Z
This distribution has been tested as part of the CPAN Testers
project, supporting the Perl programming language. See
http://wiki.cpantesters.org/ for more information or email
questions to cpan-testers-discuss@perl.org
--
Dear Jozef Kutej,
This is a computer-generated report for Data-Header-Fields-0.02
on perl 5.12.2, created by CPAN-Reporter-1.1902.
Thank you for uploading your work to CPAN. However, there was a problem
testing your distribution.
If you think this report is invalid, please consult the CPAN Testers Wiki
for suggestions on how to avoid getting FAIL reports for missing library
or binary dependencies, unsupported operating systems, and so on:
http://wiki.cpantesters.org/wiki/CPANAuthorNotes
Sections of this report:
* Tester comments
* Program output
* Prerequisites
* Environment and other context
------------------------------
TESTER COMMENTS
------------------------------
Additional comments from tester:
this report is from an automated smoke testing program
and was not reviewed by a human for accuracy
------------------------------
PROGRAM OUTPUT
------------------------------
Output from './Build test':
t/01_Data-Header-Fields.t ........ ok
Use of uninitialized value in lc at /home/perl5122/.cpan/build/Data-Header-Fields-0.02-abDPWM/blib/lib/Data/v.pm line 243.
Use of uninitialized value in lc at /home/perl5122/.cpan/build/Data-Header-Fields-0.02-abDPWM/blib/lib/Data/v.pm line 260.
Use of uninitialized value in lc at /home/perl5122/.cpan/build/Data-Header-Fields-0.02-abDPWM/blib/lib/Data/v.pm line 397.
Use of uninitialized value in lc at /home/perl5122/.cpan/build/Data-Header-Fields-0.02-abDPWM/blib/lib/Data/v.pm line 400.
Use of uninitialized value in lc at /home/perl5122/.cpan/build/Data-Header-Fields-0.02-abDPWM/blib/lib/Data/v.pm line 243.
Use of uninitialized value in lc at /home/perl5122/.cpan/build/Data-Header-Fields-0.02-abDPWM/blib/lib/Data/v.pm line 260.
Use of uninitialized value in lc at /home/perl5122/.cpan/build/Data-Header-Fields-0.02-abDPWM/blib/lib/Data/v.pm line 243.
Use of uninitialized value in lc at /home/perl5122/.cpan/build/Data-Header-Fields-0.02-abDPWM/blib/lib/Data/v.pm line 260.
Use of uninitialized value in lc at /home/perl5122/.cpan/build/Data-Header-Fields-0.02-abDPWM/blib/lib/Data/v.pm line 397.
Use of uninitialized value in lc at /home/perl5122/.cpan/build/Data-Header-Fields-0.02-abDPWM/blib/lib/Data/v.pm line 400.
Use of uninitialized value in lc at /home/perl5122/.cpan/build/Data-Header-Fields-0.02-abDPWM/blib/lib/Data/v.pm line 243.
Use of uninitialized value in lc at /home/perl5122/.cpan/build/Data-Header-Fields-0.02-abDPWM/blib/lib/Data/v.pm line 260.
Use of uninitialized value in lc at /home/perl5122/.cpan/build/Data-Header-Fields-0.02-abDPWM/blib/lib/Data/v.pm line 397.
Use of uninitialized value in lc at /home/perl5122/.cpan/build/Data-Header-Fields-0.02-abDPWM/blib/lib/Data/v.pm line 400.
Use of uninitialized value in lc at /home/perl5122/.cpan/build/Data-Header-Fields-0.02-abDPWM/blib/lib/Data/v.pm line 243.
Use of uninitialized value in lc at /home/perl5122/.cpan/build/Data-Header-Fields-0.02-abDPWM/blib/lib/Data/v.pm line 260.
Use of uninitialized value in lc at /home/perl5122/.cpan/build/Data-Header-Fields-0.02-abDPWM/blib/lib/Data/v.pm line 397.
Use of uninitialized value in lc at /home/perl5122/.cpan/build/Data-Header-Fields-0.02-abDPWM/blib/lib/Data/v.pm line 400.
Use of uninitialized value in lc at /home/perl5122/.cpan/build/Data-Header-Fields-0.02-abDPWM/blib/lib/Data/v.pm line 243.
Use of uninitialized value in lc at /home/perl5122/.cpan/build/Data-Header-Fields-0.02-abDPWM/blib/lib/Data/v.pm line 260.
Use of uninitialized value in lc at /home/perl5122/.cpan/build/Data-Header-Fields-0.02-abDPWM/blib/lib/Data/v.pm line 397.
Use of uninitialized value in lc at /home/perl5122/.cpan/build/Data-Header-Fields-0.02-abDPWM/blib/lib/Data/v.pm line 400.
Use of uninitialized value in lc at /home/perl5122/.cpan/build/Data-Header-Fields-0.02-abDPWM/blib/lib/Data/v.pm line 243.
Use of uninitialized value in lc at /home/perl5122/.cpan/build/Data-Header-Fields-0.02-abDPWM/blib/lib/Data/v.pm line 260.
Use of uninitialized value in lc at /home/perl5122/.cpan/build/Data-Header-Fields-0.02-abDPWM/blib/lib/Data/v.pm line 397.
Use of uninitialized value in lc at /home/perl5122/.cpan/build/Data-Header-Fields-0.02-abDPWM/blib/lib/Data/v.pm line 400.
Use of uninitialized value in lc at /home/perl5122/.cpan/build/Data-Header-Fields-0.02-abDPWM/blib/lib/Data/v.pm line 243.
Use of uninitialized value in lc at /home/perl5122/.cpan/build/Data-Header-Fields-0.02-abDPWM/blib/lib/Data/v.pm line 260.
Use of uninitialized value in lc at /home/perl5122/.cpan/build/Data-Header-Fields-0.02-abDPWM/blib/lib/Data/v.pm line 260.
Use of uninitialized value in lc at /home/perl5122/.cpan/build/Data-Header-Fields-0.02-abDPWM/blib/lib/Data/v.pm line 397.
Use of uninitialized value in lc at /home/perl5122/.cpan/build/Data-Header-Fields-0.02-abDPWM/blib/lib/Data/v.pm line 260.
Use of uninitialized value in lc at /home/perl5122/.cpan/build/Data-Header-Fields-0.02-abDPWM/blib/lib/Data/v.pm line 243.
Use of uninitialized value in lc at /home/perl5122/.cpan/build/Data-Header-Fields-0.02-abDPWM/blib/lib/Data/v.pm line 260.
Use of uninitialized value in lc at /home/perl5122/.cpan/build/Data-Header-Fields-0.02-abDPWM/blib/lib/Data/v.pm line 397.
Use of uninitialized value in lc at /home/perl5122/.cpan/build/Data-Header-Fields-0.02-abDPWM/blib/lib/Data/v.pm line 400.
Use of uninitialized value in lc at /home/perl5122/.cpan/build/Data-Header-Fields-0.02-abDPWM/blib/lib/Data/v.pm line 243.
Use of uninitialized value in lc at /home/perl5122/.cpan/build/Data-Header-Fields-0.02-abDPWM/blib/lib/Data/v.pm line 260.
Use of uninitialized value in lc at /home/perl5122/.cpan/build/Data-Header-Fields-0.02-abDPWM/blib/lib/Data/v.pm line 243.
Use of uninitialized value in lc at /home/perl5122/.cpan/build/Data-Header-Fields-0.02-abDPWM/blib/lib/Data/v.pm line 260.
Use of uninitialized value in lc at /home/perl5122/.cpan/build/Data-Header-Fields-0.02-abDPWM/blib/lib/Data/v.pm line 397.
Use of uninitialized value in lc at /home/perl5122/.cpan/build/Data-Header-Fields-0.02-abDPWM/blib/lib/Data/v.pm line 400.
Use of uninitialized value in lc at /home/perl5122/.cpan/build/Data-Header-Fields-0.02-abDPWM/blib/lib/Data/v.pm line 243.
Use of uninitialized value in lc at /home/perl5122/.cpan/build/Data-Header-Fields-0.02-abDPWM/blib/lib/Data/v.pm line 260.
Use of uninitialized value in lc at /home/perl5122/.cpan/build/Data-Header-Fields-0.02-abDPWM/blib/lib/Data/v.pm line 243.
Use of uninitialized value in lc at /home/perl5122/.cpan/build/Data-Header-Fields-0.02-abDPWM/blib/lib/Data/v.pm line 260.
Use of uninitialized value in lc at /home/perl5122/.cpan/build/Data-Header-Fields-0.02-abDPWM/blib/lib/Data/v.pm line 243.
Use of uninitialized value in lc at /home/perl5122/.cpan/build/Data-Header-Fields-0.02-abDPWM/blib/lib/Data/v.pm line 260.
Use of uninitialized value in lc at /home/perl5122/.cpan/build/Data-Header-Fields-0.02-abDPWM/blib/lib/Data/v.pm line 243.
Use of uninitialized value in lc at /home/perl5122/.cpan/build/Data-Header-Fields-0.02-abDPWM/blib/lib/Data/v.pm line 260.
Use of uninitialized value in lc at /home/perl5122/.cpan/build/Data-Header-Fields-0.02-abDPWM/blib/lib/Data/v.pm line 260.
Use of uninitialized value in lc at /home/perl5122/.cpan/build/Data-Header-Fields-0.02-abDPWM/blib/lib/Data/v.pm line 243.
Use of uninitialized value in lc at /home/perl5122/.cpan/build/Data-Header-Fields-0.02-abDPWM/blib/lib/Data/v.pm line 260.
Use of uninitialized value in lc at /home/perl5122/.cpan/build/Data-Header-Fields-0.02-abDPWM/blib/lib/Data/v.pm line 260.
Use of uninitialized value in lc at /home/perl5122/.cpan/build/Data-Header-Fields-0.02-abDPWM/blib/lib/Data/v.pm line 243.
Use of uninitialized value in lc at /home/perl5122/.cpan/build/Data-Header-Fields-0.02-abDPWM/blib/lib/Data/v.pm line 260.
Use of uninitialized value in lc at /home/perl5122/.cpan/build/Data-Header-Fields-0.02-abDPWM/blib/lib/Data/v.pm line 243.
Use of uninitialized value in lc at /home/perl5122/.cpan/build/Data-Header-Fields-0.02-abDPWM/blib/lib/Data/v.pm line 260.
Use of uninitialized value in lc at /home/perl5122/.cpan/build/Data-Header-Fields-0.02-abDPWM/blib/lib/Data/v.pm line 243.
Use of uninitialized value in lc at /home/perl5122/.cpan/build/Data-Header-Fields-0.02-abDPWM/blib/lib/Data/v.pm line 260.
Use of uninitialized value in lc at /home/perl5122/.cpan/build/Data-Header-Fields-0.02-abDPWM/blib/lib/Data/v.pm line 243.
Use of uninitialized value in lc at /home/perl5122/.cpan/build/Data-Header-Fields-0.02-abDPWM/blib/lib/Data/v.pm line 260.
Use of uninitialized value in lc at /home/perl5122/.cpan/build/Data-Header-Fields-0.02-abDPWM/blib/lib/Data/v.pm line 243.
Use of uninitialized value in lc at /home/perl5122/.cpan/build/Data-Header-Fields-0.02-abDPWM/blib/lib/Data/v.pm line 260.
Use of uninitialized value in lc at /home/perl5122/.cpan/build/Data-Header-Fields-0.02-abDPWM/blib/lib/Data/v.pm line 243.
Use of uninitialized value in lc at /home/perl5122/.cpan/build/Data-Header-Fields-0.02-abDPWM/blib/lib/Data/v.pm line 260.
Use of uninitialized value in lc at /home/perl5122/.cpan/build/Data-Header-Fields-0.02-abDPWM/blib/lib/Data/v.pm line 243.
Use of uninitialized value in lc at /home/perl5122/.cpan/build/Data-Header-Fields-0.02-abDPWM/blib/lib/Data/v.pm line 260.
Use of uninitialized value in lc at /home/perl5122/.cpan/build/Data-Header-Fields-0.02-abDPWM/blib/lib/Data/v.pm line 243.
Use of uninitialized value in lc at /home/perl5122/.cpan/build/Data-Header-Fields-0.02-abDPWM/blib/lib/Data/v.pm line 260.
Use of uninitialized value in lc at /home/perl5122/.cpan/build/Data-Header-Fields-0.02-abDPWM/blib/lib/Data/v.pm line 243.
Use of uninitialized value in lc at /home/perl5122/.cpan/build/Data-Header-Fields-0.02-abDPWM/blib/lib/Data/v.pm line 260.
t/01_Data-v.t .................... ok
t/02_Data-Header-Fields-Line.t ... ok
t/02_Data-Header-Fields-Value.t .. ok
Use of uninitialized value in lc at /home/perl5122/.cpan/build/Data-Header-Fields-0.02-abDPWM/blib/lib/Data/v.pm line 243.
Use of uninitialized value in lc at /home/perl5122/.cpan/build/Data-Header-Fields-0.02-abDPWM/blib/lib/Data/v.pm line 260.
Use of uninitialized value in lc at /home/perl5122/.cpan/build/Data-Header-Fields-0.02-abDPWM/blib/lib/Data/v.pm line 243.
Use of uninitialized value in lc at /home/perl5122/.cpan/build/Data-Header-Fields-0.02-abDPWM/blib/lib/Data/v.pm line 260.
Use of uninitialized value in lc at /home/perl5122/.cpan/build/Data-Header-Fields-0.02-abDPWM/blib/lib/Data/v.pm line 243.
Use of uninitialized value in lc at /home/perl5122/.cpan/build/Data-Header-Fields-0.02-abDPWM/blib/lib/Data/v.pm line 260.
Use of uninitialized value in lc at /home/perl5122/.cpan/build/Data-Header-Fields-0.02-abDPWM/blib/lib/Data/v.pm line 243.
Use of uninitialized value in lc at /home/perl5122/.cpan/build/Data-Header-Fields-0.02-abDPWM/blib/lib/Data/v.pm line 243.
Use of uninitialized value in lc at /home/perl5122/.cpan/build/Data-Header-Fields-0.02-abDPWM/blib/lib/Data/v.pm line 260.
Use of uninitialized value in lc at /home/perl5122/.cpan/build/Data-Header-Fields-0.02-abDPWM/blib/lib/Data/v.pm line 243.
Use of uninitialized value in lc at /home/perl5122/.cpan/build/Data-Header-Fields-0.02-abDPWM/blib/lib/Data/v.pm line 260.
Use of uninitialized value in lc at /home/perl5122/.cpan/build/Data-Header-Fields-0.02-abDPWM/blib/lib/Data/v.pm line 260.
error opening file "/tmp/aldo.vcf" - Permission denied at /home/perl5122/.cpan/build/Data-Header-Fields-0.02-abDPWM/blib/lib/Data/Header/Fields.pm line 176
# Looks like your test exited with 13 just after 6.
t/02_Data-v-Card.t ...............
Dubious, test returned 13 (wstat 3328, 0xd00)
All 6 subtests passed
Test Summary Report
-------------------
t/02_Data-v-Card.t (Wstat: 3328 Tests: 6 Failed: 0)
Non-zero exit status: 13
Files=5, Tests=92, 1 wallclock secs ( 0.04 usr 0.01 sys + 0.52 cusr 0.12 csys = 0.69 CPU)
Result: FAIL
Failed 1/5 test programs. 0/92 subtests failed.
------------------------------
PREREQUISITES
------------------------------
Prerequisite modules loaded:
requires:
Module Need Have
----------------- ---- --------
Carp 0 1.17
Encode 0 2.39
IO::Any 0 0.04
List::MoreUtils 0 0.30
MIME::Base64 0 3.08
MIME::QuotedPrint 0 3.08
Scalar::Util 0 1.22
String::Escape 0 2010.002
build_requires:
Module Need Have
----------------- ---- --------
Test::Deep 0 0.108
Test::Differences 0 0.500
Test::Exception 0 0.31
Test::More 0 0.98
configure_requires:
Module Need Have
----------------- ---- --------
Module::Build 0.38 0.3800
------------------------------
ENVIRONMENT AND OTHER CONTEXT
------------------------------
Environment variables:
AUTOMATED_TESTING = 1
LANG = en_US.UTF-8
PATH = /usr/local/sbin:/usr/local/bin:/usr/sbin:/usr/bin:/sbin:/bin:/usr/games
PERL5LIB = /home/perl5122/.cpan/build/List-MoreUtils-0.30-hgrjsQ/blib/arch:/home/perl5122/.cpan/build/List-MoreUtils-0.30-hgrjsQ/blib/lib:/home/perl5122/.cpan/build/Test-Deep-0.108-tBvnR0/blib/arch:/home/perl5122/.cpan/build/Test-Deep-0.108-tBvnR0/blib/lib:/home/perl5122/.cpan/build/Test-NoWarnings-1.02-SoGhPe/blib/arch:/home/perl5122/.cpan/build/Test-NoWarnings-1.02-SoGhPe/blib/lib:/home/perl5122/.cpan/build/Test-Tester-0.107-U8_1Zi/blib/arch:/home/perl5122/.cpan/build/Test-Tester-0.107-U8_1Zi/blib/lib:/home/perl5122/.cpan/build/String-Escape-2010.002-bP3K6p/blib/arch:/home/perl5122/.cpan/build/String-Escape-2010.002-bP3K6p/blib/lib:/home/perl5122/.cpan/build/IO-Any-0.04-dlVPrc/blib/arch:/home/perl5122/.cpan/build/IO-Any-0.04-dlVPrc/blib/lib:/home/perl5122/.cpan/build/File-Slurp-9999.15-JepQCM/blib/arch:/home/perl5122/.cpan/build/File-Slurp-9999.15-JepQCM/blib/lib:/home/perl5122/.cpan/build/Test-Differences-0.500-ajo9vu/blib/arch:/home/perl5122/.cpan/build/Test-Differences-0.500-ajo9vu/blib/lib:/home/perl5122/.cpan/build/Text-Diff-1.37-0k7xf0/blib/arch:/home/perl5122/.cpan/build/Text-Diff-1.37-0k7xf0/blib/lib:/home/perl5122/.cpan/build/Algorithm-Diff-1.1902-Yz0Qvs/blib/arch:/home/perl5122/.cpan/build/Algorithm-Diff-1.1902-Yz0Qvs/blib/lib:/home/perl5122/.cpan/build/IO-stringy-2.110-ba7Csm/blib/arch:/home/perl5122/.cpan/build/IO-stringy-2.110-ba7Csm/blib/lib:/home/perl5122/.cpan/build/IO-String-1.08-2GmMYg/blib/arch:/home/perl5122/.cpan/build/IO-String-1.08-2GmMYg/blib/lib:/home/perl5122/.cpan/build/Test-Exception-0.31-sm8Kzx/blib/arch:/home/perl5122/.cpan/build/Test-Exception-0.31-sm8Kzx/blib/lib:/home/perl5122/.cpan/build/Sub-Uplevel-0.22-TNg798/blib/arch:/home/perl5122/.cpan/build/Sub-Uplevel-0.22-TNg798/blib/lib
PERL5OPT =
PERL5_CPANPLUS_IS_RUNNING = 24519
PERL5_CPAN_IS_RUNNING = 24519
PERL5_CPAN_IS_RUNNING_IN_RECURSION = 18488,24519
PERL_CR_SMOKER_CURRENT = Data-Header-Fields-0.02
PERL_EXTUTILS_AUTOINSTALL = --defaultdeps
PERL_MM_USE_DEFAULT = 1
SHELL = /bin/bash
TERM = xterm
Perl special variables (and OS-specific diagnostics, for MSWin32):
$^X = /home/perl5122/perl/perl
$UID/$EUID = 1005 / 1005
$GID = 1005 1005
$EGID = 1005 1005
Perl module toolchain versions installed:
Module Have
------------------- --------
CPAN 1.94_56
Cwd 3.31
ExtUtils::CBuilder 0.280202
ExtUtils::Command 1.16
ExtUtils::Install 1.55
ExtUtils::MakeMaker 6.56
ExtUtils::Manifest 1.57
ExtUtils::ParseXS 2.21
File::Spec 3.31_01
Module::Build 0.3800
Module::Signature n/a
Test::Harness 3.17
Test::More 0.98
YAML 0.72
YAML::Syck 1.17
version 0.88
--
Summary of my perl5 (revision 5 version 12 subversion 2) configuration:
Platform:
osname=linux, osvers=2.6.35-28-generic-pae, archname=i686-linux-thread-multi-64int-ld
uname='linux higgsboson 2.6.35-28-generic-pae #49-ubuntu smp tue mar 1 14:58:06 utc 2011 i686 gnulinux '
config_args=''
hint=recommended, useposix=true, d_sigaction=define
useithreads=define, usemultiplicity=define
useperlio=define, d_sfio=undef, uselargefiles=define, usesocks=undef
use64bitint=define, use64bitall=undef, uselongdouble=define
usemymalloc=n, bincompat5005=undef
Compiler:
cc='cc', ccflags ='-D_REENTRANT -D_GNU_SOURCE -fno-strict-aliasing -pipe -fstack-protector -I/usr/local/include -D_LARGEFILE_SOURCE -D_FILE_OFFSET_BITS=64',
optimize='-O2',
cppflags='-D_REENTRANT -D_GNU_SOURCE -fno-strict-aliasing -pipe -fstack-protector -I/usr/local/include'
ccversion='', gccversion='4.4.5', gccosandvers=''
intsize=4, longsize=4, ptrsize=4, doublesize=8, byteorder=12345678
d_longlong=define, longlongsize=8, d_longdbl=define, longdblsize=12
ivtype='long long', ivsize=8, nvtype='long double', nvsize=12, Off_t='off_t', lseeksize=8
alignbytes=4, prototype=define
Linker and Libraries:
ld='cc', ldflags =' -fstack-protector -L/usr/local/lib'
libpth=/usr/local/lib /lib /usr/lib /usr/lib64
libs=-lnsl -ldl -lm -lcrypt -lutil -lpthread -lc
perllibs=-lnsl -ldl -lm -lcrypt -lutil -lpthread -lc
libc=/lib/libc-2.12.1.so, so=so, useshrplib=false, libperl=libperl.a
gnulibc_version='2.12.1'
Dynamic Linking:
dlsrc=dl_dlopen.xs, dlext=so, d_dlsymun=undef, ccdlflags='-Wl,-E'
cccdlflags='-fPIC', lddlflags='-shared -O2 -L/usr/local/lib -fstack-protector'
Characteristics of this binary (from libperl):
Compile-time options: MULTIPLICITY PERL_DONT_CREATE_GVSV
PERL_IMPLICIT_CONTEXT PERL_MALLOC_WRAP USE_64_BIT_INT
USE_ITHREADS USE_LARGE_FILES USE_LONG_DOUBLE
USE_PERLIO USE_PERL_ATOF USE_REENTRANT_API
Built under linux
Compiled at Apr 9 2011 18:29:06
%ENV:
PERL5LIB="/home/perl5122/.cpan/build/List-MoreUtils-0.30-hgrjsQ/blib/arch:/home/perl5122/.cpan/build/List-MoreUtils-0.30-hgrjsQ/blib/lib:/home/perl5122/.cpan/build/Test-Deep-0.108-tBvnR0/blib/arch:/home/perl5122/.cpan/build/Test-Deep-0.108-tBvnR0/blib/lib:/home/perl5122/.cpan/build/Test-NoWarnings-1.02-SoGhPe/blib/arch:/home/perl5122/.cpan/build/Test-NoWarnings-1.02-SoGhPe/blib/lib:/home/perl5122/.cpan/build/Test-Tester-0.107-U8_1Zi/blib/arch:/home/perl5122/.cpan/build/Test-Tester-0.107-U8_1Zi/blib/lib:/home/perl5122/.cpan/build/String-Escape-2010.002-bP3K6p/blib/arch:/home/perl5122/.cpan/build/String-Escape-2010.002-bP3K6p/blib/lib:/home/perl5122/.cpan/build/IO-Any-0.04-dlVPrc/blib/arch:/home/perl5122/.cpan/build/IO-Any-0.04-dlVPrc/blib/lib:/home/perl5122/.cpan/build/File-Slurp-9999.15-JepQCM/blib/arch:/home/perl5122/.cpan/build/File-Slurp-9999.15-JepQCM/blib/lib:/home/perl5122/.cpan/build/Test-Differences-0.500-ajo9vu/blib/arch:/home/perl5122/.cpan/build/Test-Differences-0.500-ajo9vu/blib/lib:/home/perl5122/.cpan/build/Text-Diff-1.37-0k7xf0/blib/arch:/home/perl5122/.cpan/build/Text-Diff-1.37-0k7xf0/blib/lib:/home/perl5122/.cpan/build/Algorithm-Diff-1.1902-Yz0Qvs/blib/arch:/home/perl5122/.cpan/build/Algorithm-Diff-1.1902-Yz0Qvs/blib/lib:/home/perl5122/.cpan/build/IO-stringy-2.110-ba7Csm/blib/arch:/home/perl5122/.cpan/build/IO-stringy-2.110-ba7Csm/blib/lib:/home/perl5122/.cpan/build/IO-String-1.08-2GmMYg/blib/arch:/home/perl5122/.cpan/build/IO-String-1.08-2GmMYg/blib/lib:/home/perl5122/.cpan/build/Test-Exception-0.31-sm8Kzx/blib/arch:/home/perl5122/.cpan/build/Test-Exception-0.31-sm8Kzx/blib/lib:/home/perl5122/.cpan/build/Sub-Uplevel-0.22-TNg798/blib/arch:/home/perl5122/.cpan/build/Sub-Uplevel-0.22-TNg798/blib/lib"
PERL5OPT=""
PERL5_CPANPLUS_IS_RUNNING="24519"
PERL5_CPAN_IS_RUNNING="24519"
PERL5_CPAN_IS_RUNNING_IN_RECURSION="18488,24519"
PERL_CR_SMOKER_CURRENT="Data-Header-Fields-0.02"
PERL_EXTUTILS_AUTOINSTALL="--defaultdeps"
PERL_MM_USE_DEFAULT="1"
@INC:
/home/perl5122/.cpan/build/List-MoreUtils-0.30-hgrjsQ/blib/arch
/home/perl5122/.cpan/build/List-MoreUtils-0.30-hgrjsQ/blib/lib
/home/perl5122/.cpan/build/Test-Deep-0.108-tBvnR0/blib/arch
/home/perl5122/.cpan/build/Test-Deep-0.108-tBvnR0/blib/lib
/home/perl5122/.cpan/build/Test-NoWarnings-1.02-SoGhPe/blib/arch
/home/perl5122/.cpan/build/Test-NoWarnings-1.02-SoGhPe/blib/lib
/home/perl5122/.cpan/build/Test-Tester-0.107-U8_1Zi/blib/arch
/home/perl5122/.cpan/build/Test-Tester-0.107-U8_1Zi/blib/lib
/home/perl5122/.cpan/build/String-Escape-2010.002-bP3K6p/blib/arch
/home/perl5122/.cpan/build/String-Escape-2010.002-bP3K6p/blib/lib
/home/perl5122/.cpan/build/IO-Any-0.04-dlVPrc/blib/arch
/home/perl5122/.cpan/build/IO-Any-0.04-dlVPrc/blib/lib
/home/perl5122/.cpan/build/File-Slurp-9999.15-JepQCM/blib/arch
/home/perl5122/.cpan/build/File-Slurp-9999.15-JepQCM/blib/lib
/home/perl5122/.cpan/build/Test-Differences-0.500-ajo9vu/blib/arch
/home/perl5122/.cpan/build/Test-Differences-0.500-ajo9vu/blib/lib
/home/perl5122/.cpan/build/Text-Diff-1.37-0k7xf0/blib/arch
/home/perl5122/.cpan/build/Text-Diff-1.37-0k7xf0/blib/lib
/home/perl5122/.cpan/build/Algorithm-Diff-1.1902-Yz0Qvs/blib/arch
/home/perl5122/.cpan/build/Algorithm-Diff-1.1902-Yz0Qvs/blib/lib
/home/perl5122/.cpan/build/IO-stringy-2.110-ba7Csm/blib/arch
/home/perl5122/.cpan/build/IO-stringy-2.110-ba7Csm/blib/lib
/home/perl5122/.cpan/build/IO-String-1.08-2GmMYg/blib/arch
/home/perl5122/.cpan/build/IO-String-1.08-2GmMYg/blib/lib
/home/perl5122/.cpan/build/Test-Exception-0.31-sm8Kzx/blib/arch
/home/perl5122/.cpan/build/Test-Exception-0.31-sm8Kzx/blib/lib
/home/perl5122/.cpan/build/Sub-Uplevel-0.22-TNg798/blib/arch
/home/perl5122/.cpan/build/Sub-Uplevel-0.22-TNg798/blib/lib
/home/perl5122/perl/lib
/home/perl5122/perl/lib
.