AtteanX-Query-Cache v0.002 Perl 5 v5.27.10 x86_64-linux

Status
Fail
From
Slaven Rezić (SREZIC)
Dist
AtteanX-Query-Cache v0.002
Platform
Perl 5 v5.27.10 x86_64-linux
Date
2018-03-22 14:37:22
ID
880a996a-2dde-11e8-a4dd-a629d46efadc
This distribution has been tested as part of the CPAN Testers
project, supporting the Perl programming language.  See
http://wiki.cpantesters.org/ for more information or email
questions to cpan-testers-discuss@perl.org


--
Dear Kjetil Kjernsmo,

This is a computer-generated report for AtteanX-Query-Cache-0.002
on perl 5.27.10, created by CPAN-Reporter-1.2018.

Thank you for uploading your work to CPAN.  However, there was a problem
testing your distribution.

If you think this report is invalid, please consult the CPAN Testers Wiki
for suggestions on how to avoid getting FAIL reports for missing library
or binary dependencies, unsupported operating systems, and so on:

http://wiki.cpantesters.org/wiki/CPANAuthorNotes

Sections of this report:

    * Tester comments
    * Program output
    * Prerequisites
    * Environment and other context

------------------------------
TESTER COMMENTS
------------------------------

Additional comments from tester:

none provided

------------------------------
PROGRAM OUTPUT
------------------------------

Output from '/usr/bin/make test':

PERL_DL_NONLAZY=1 "/opt/perl-5.27.10/bin/perl5.27.10" "-MExtUtils::Command::MM" "-MTest::Harness" "-e" "undef *Test::Harness::Switches; test_harness(0, 'blib/lib', 'blib/arch')" t/*.t
t/01basic.t .................... ok
	(in cleanup) 	(in cleanup)  at /opt/perl-5.27.10/lib/site_perl/5.27.10/URI/Namespace.pm line 96 during global destruction.
	(in cleanup) 	(in cleanup)  at /opt/perl-5.27.10/lib/site_perl/5.27.10/URI/Namespace.pm line 96 during global destruction.
	(in cleanup) 	(in cleanup)  at /opt/perl-5.27.10/lib/site_perl/5.27.10/URI/Namespace.pm line 96 during global destruction.
t/analysis-best-cost.t ......... ok
	(in cleanup) 	(in cleanup)  at /opt/perl-5.27.10/lib/site_perl/5.27.10/URI/Namespace.pm line 96 during global destruction.
	(in cleanup) 	(in cleanup)  at /opt/perl-5.27.10/lib/site_perl/5.27.10/URI/Namespace.pm line 96 during global destruction.
	(in cleanup) 	(in cleanup)  at /opt/perl-5.27.10/lib/site_perl/5.27.10/URI/Namespace.pm line 96 during global destruction.
t/analysis-count.t ............. ok
	(in cleanup) 	(in cleanup)  at /opt/perl-5.27.10/lib/site_perl/5.27.10/URI/Namespace.pm line 96 during global destruction.
	(in cleanup) 	(in cleanup)  at /opt/perl-5.27.10/lib/site_perl/5.27.10/URI/Namespace.pm line 96 during global destruction.
	(in cleanup) 	(in cleanup)  at /opt/perl-5.27.10/lib/site_perl/5.27.10/URI/Namespace.pm line 96 during global destruction.
t/analysis.t ................... ok
t/caching-ua.t ................. ok
	(in cleanup) 	(in cleanup)  at /opt/perl-5.27.10/lib/site_perl/5.27.10/URI/Namespace.pm line 96 during global destruction.
	(in cleanup) 	(in cleanup)  at /opt/perl-5.27.10/lib/site_perl/5.27.10/URI/Namespace.pm line 96 during global destruction.
	(in cleanup) 	(in cleanup)  at /opt/perl-5.27.10/lib/site_perl/5.27.10/URI/Namespace.pm line 96 during global destruction.
t/planner-with-tpf-cache.t ..... ok
	(in cleanup) 	(in cleanup)  at /opt/perl-5.27.10/lib/site_perl/5.27.10/URI/Namespace.pm line 96 during global destruction.
	(in cleanup) 	(in cleanup)  at /opt/perl-5.27.10/lib/site_perl/5.27.10/URI/Namespace.pm line 96 during global destruction.
	(in cleanup) 	(in cleanup)  at /opt/perl-5.27.10/lib/site_perl/5.27.10/URI/Namespace.pm line 96 during global destruction.
t/retriever.t .................. ok
parse_term_from_string is deprecated and will be removed in Attean 0.019 (use parse_term_from_bytes instead) at /home/cpansand/.cpan/build/2018032212/AtteanX-Query-Cache-0.002-0/blib/lib/AtteanX/Query/AccessPlan/Cache.pm line 46.
parse_term_from_string is deprecated and will be removed in Attean 0.019 (use parse_term_from_bytes instead) at /home/cpansand/.cpan/build/2018032212/AtteanX-Query-Cache-0.002-0/blib/lib/AtteanX/Query/AccessPlan/Cache.pm line 46.
parse_term_from_string is deprecated and will be removed in Attean 0.019 (use parse_term_from_bytes instead) at /home/cpansand/.cpan/build/2018032212/AtteanX-Query-Cache-0.002-0/blib/lib/AtteanX/Query/AccessPlan/Cache.pm line 62.
parse_term_from_string is deprecated and will be removed in Attean 0.019 (use parse_term_from_bytes instead) at /home/cpansand/.cpan/build/2018032212/AtteanX-Query-Cache-0.002-0/blib/lib/AtteanX/Query/AccessPlan/Cache.pm line 64.
parse_term_from_string is deprecated and will be removed in Attean 0.019 (use parse_term_from_bytes instead) at /home/cpansand/.cpan/build/2018032212/AtteanX-Query-Cache-0.002-0/blib/lib/AtteanX/Query/AccessPlan/Cache.pm line 62.
parse_term_from_string is deprecated and will be removed in Attean 0.019 (use parse_term_from_bytes instead) at /home/cpansand/.cpan/build/2018032212/AtteanX-Query-Cache-0.002-0/blib/lib/AtteanX/Query/AccessPlan/Cache.pm line 64.
parse_term_from_string is deprecated and will be removed in Attean 0.019 (use parse_term_from_bytes instead) at /home/cpansand/.cpan/build/2018032212/AtteanX-Query-Cache-0.002-0/blib/lib/AtteanX/Query/AccessPlan/Cache.pm line 62.
parse_term_from_string is deprecated and will be removed in Attean 0.019 (use parse_term_from_bytes instead) at /home/cpansand/.cpan/build/2018032212/AtteanX-Query-Cache-0.002-0/blib/lib/AtteanX/Query/AccessPlan/Cache.pm line 64.
parse_term_from_string is deprecated and will be removed in Attean 0.019 (use parse_term_from_bytes instead) at /home/cpansand/.cpan/build/2018032212/AtteanX-Query-Cache-0.002-0/blib/lib/AtteanX/Query/AccessPlan/Cache.pm line 46.
parse_term_from_string is deprecated and will be removed in Attean 0.019 (use parse_term_from_bytes instead) at /home/cpansand/.cpan/build/2018032212/AtteanX-Query-Cache-0.002-0/blib/lib/AtteanX/Query/AccessPlan/Cache.pm line 46.

#   Failed test 'no (unexpected) warnings (via done_testing)'
#   at t/simple-cache-planner.t line 178.
# Looks like you failed 1 test of 9.
t/simple-cache-planner.t ....... 
Dubious, test returned 1 (wstat 256, 0x100)
Failed 1/9 subtests 
parse_term_from_string is deprecated and will be removed in Attean 0.019 (use parse_term_from_bytes instead) at /home/cpansand/.cpan/build/2018032212/AtteanX-Query-Cache-0.002-0/blib/lib/AtteanX/Query/AccessPlan/Cache.pm line 62.
parse_term_from_string is deprecated and will be removed in Attean 0.019 (use parse_term_from_bytes instead) at /home/cpansand/.cpan/build/2018032212/AtteanX-Query-Cache-0.002-0/blib/lib/AtteanX/Query/AccessPlan/Cache.pm line 64.
parse_term_from_string is deprecated and will be removed in Attean 0.019 (use parse_term_from_bytes instead) at /home/cpansand/.cpan/build/2018032212/AtteanX-Query-Cache-0.002-0/blib/lib/AtteanX/Query/AccessPlan/Cache.pm line 62.
parse_term_from_string is deprecated and will be removed in Attean 0.019 (use parse_term_from_bytes instead) at /home/cpansand/.cpan/build/2018032212/AtteanX-Query-Cache-0.002-0/blib/lib/AtteanX/Query/AccessPlan/Cache.pm line 64.
parse_term_from_string is deprecated and will be removed in Attean 0.019 (use parse_term_from_bytes instead) at /home/cpansand/.cpan/build/2018032212/AtteanX-Query-Cache-0.002-0/blib/lib/AtteanX/Query/AccessPlan/Cache.pm line 62.
parse_term_from_string is deprecated and will be removed in Attean 0.019 (use parse_term_from_bytes instead) at /home/cpansand/.cpan/build/2018032212/AtteanX-Query-Cache-0.002-0/blib/lib/AtteanX/Query/AccessPlan/Cache.pm line 64.
parse_term_from_string is deprecated and will be removed in Attean 0.019 (use parse_term_from_bytes instead) at /home/cpansand/.cpan/build/2018032212/AtteanX-Query-Cache-0.002-0/blib/lib/AtteanX/Query/AccessPlan/Cache.pm line 46.
parse_term_from_string is deprecated and will be removed in Attean 0.019 (use parse_term_from_bytes instead) at /home/cpansand/.cpan/build/2018032212/AtteanX-Query-Cache-0.002-0/blib/lib/AtteanX/Query/AccessPlan/Cache.pm line 46.

#   Failed test 'no (unexpected) warnings (via done_testing)'
#   at t/simple-sparql-planner.t line 340.
# Looks like you failed 1 test of 17.
t/simple-sparql-planner.t ...... 
Dubious, test returned 1 (wstat 256, 0x100)
Failed 1/17 subtests 
	(in cleanup) 	(in cleanup)  at /opt/perl-5.27.10/lib/site_perl/5.27.10/URI/Namespace.pm line 96 during global destruction.
	(in cleanup) 	(in cleanup)  at /opt/perl-5.27.10/lib/site_perl/5.27.10/URI/Namespace.pm line 96 during global destruction.
t/simple-sparql-tpf-planner.t .. ok

Test Summary Report
-------------------
t/simple-cache-planner.t     (Wstat: 256 Tests: 9 Failed: 1)
  Failed test:  9
  Non-zero exit status: 1
t/simple-sparql-planner.t    (Wstat: 256 Tests: 17 Failed: 1)
  Failed test:  17
  Non-zero exit status: 1
Files=10, Tests=85, 203 wallclock secs ( 0.03 usr  0.05 sys + 198.87 cusr  2.50 csys = 201.45 CPU)
Result: FAIL
Failed 2/10 test programs. 2/85 subtests failed.
Makefile:922: die Regel für Ziel „test_dynamic“ scheiterte
make: *** [test_dynamic] Fehler 255

------------------------------
PREREQUISITES
------------------------------

Prerequisite modules loaded:

requires:

    Module                     Need     Have    
    -------------------------- -------- --------
    Attean                     0.015    0.019   
    AtteanX::Endpoint          0        0.002   
    AtteanX::Store::LDF        0.02     0.04    
    AtteanX::Store::SPARQL     0.008    0.010   
    Class::Method::Modifiers   0        2.12    
    Digest::MD4                0        1.9     
    IRI                        0.005    0.008   
    List::MoreUtils            0        0.428   
    LWP::UserAgent::CHICaching 0.04     0.04    
    Moo                        1.006000 2.003004
    MooX::Log::Any             0        0.004004
    namespace::clean           0        0.27    
    perl                       5.014    5.027010
    Redis                      0        1.991   
    Types::Standard            0.008    1.002001

build_requires:

    Module                     Need     Have    
    -------------------------- -------- --------
    autodie                    0        2.29    
    Carp::Always               0        0.13    
    HTTP::Message::PSGI        0        0       
    LWP::Protocol::PSGI        0        0.10    
    RDF::Endpoint              0        0.10    
    RDF::Generator::Void       0.04     0.16    
    RDF::LinkedData            0        1.940   
    Test::LWP::UserAgent       0.027    0.033   
    Test::Modern               0        0.013   
    Test::RedisServer          0        0.21    

configure_requires:

    Module                     Need     Have    
    -------------------------- -------- --------
    ExtUtils::MakeMaker        6.17     7.34    


------------------------------
ENVIRONMENT AND OTHER CONTEXT
------------------------------

Environment variables:

    LANG = C
    LC_ALL = de_DE.UTF-8
    PATH = /usr/local/bin:/usr/bin:/bin:/usr/local/sbin:/usr/sbin:/sbin:/home/cpansand/bin/linux-gnu:/home/cpansand/bin/sh:/home/cpansand/bin:/usr/games:/home/cpansand/devel:/home/eserte/src/srezic-misc/scripts
    PERL5LIB = 
    PERL5OPT = 
    PERL5_CPANPLUS_IS_RUNNING = 31667
    PERL5_CPAN_IS_RUNNING = 31667
    PERL5_CPAN_IS_RUNNING_IN_RECURSION = 22330,31667
    PERLDOC = -MPod::Perldoc::ToTextOverstrike
    PERL_BATCH = yes
    PERL_CANARY_STABILITY_NOPROMPT = 1
    PERL_CPAN_REPORTER_CONFIG = /var/tmp/cpansmoker-1023/2018032209/cpanreporter_000_config.ini
    PERL_EXTUTILS_AUTOINSTALL = --defaultdeps
    PERL_PARALLEL_SMOKER = yes
    PERL_USE_UNSAFE_INC = 1
    SHELL = /usr/bin/zsh
    TERM = screen
    TMPDIR = /var/tmp/cpansmoker-1023/2018032209

Perl special variables (and OS-specific diagnostics, for MSWin32):

    $^X = /opt/perl-5.27.10/bin/perl5.27.10
    $UID/$EUID = 1023 / 1023
    $GID = 1023 1023
    $EGID = 1023 1023

Perl module toolchain versions installed:

    Module              Have    
    ------------------- --------
    CPAN                2.16    
    CPAN::Meta          2.150010
    Cwd                 3.74    
    ExtUtils::CBuilder  0.280230
    ExtUtils::Command   7.34    
    ExtUtils::Install   2.14    
    ExtUtils::MakeMaker 7.34    
    ExtUtils::Manifest  1.70    
    ExtUtils::ParseXS   3.35    
    File::Spec          3.74    
    JSON                2.97001 
    JSON::PP            2.97001 
    Module::Build       0.4224  
    Module::Signature   0.81    
    Parse::CPAN::Meta   2.150010
    Test::Harness       3.42    
    Test::More          1.302133
    YAML                1.24    
    YAML::Syck          1.30    
    version             0.9918  


--

Summary of my perl5 (revision 5 version 27 subversion 10) configuration:
   
  Platform:
    osname=linux
    osvers=4.9.0-3-amd64
    archname=x86_64-linux
    uname='linux debian9 4.9.0-3-amd64 #1 smp debian 4.9.30-2+deb9u5 (2017-09-19) x86_64 gnulinux '
    config_args='-ds -e -Dprefix=/opt/perl-5.27.10 -Dusedevel -Dusemallocwrap=no -Dcf_email=srezic@cpan.org'
    hint=recommended
    useposix=true
    d_sigaction=define
    useithreads=undef
    usemultiplicity=undef
    use64bitint=define
    use64bitall=define
    uselongdouble=undef
    usemymalloc=n
    default_inc_excludes_dot=define
    bincompat5005=undef
  Compiler:
    cc='cc'
    ccflags ='-fwrapv -fno-strict-aliasing -pipe -fstack-protector-strong -I/usr/local/include -D_LARGEFILE_SOURCE -D_FILE_OFFSET_BITS=64 -D_FORTIFY_SOURCE=2'
    optimize='-O2'
    cppflags='-fwrapv -fno-strict-aliasing -pipe -fstack-protector-strong -I/usr/local/include'
    ccversion=''
    gccversion='6.3.0 20170516'
    gccosandvers=''
    intsize=4
    longsize=8
    ptrsize=8
    doublesize=8
    byteorder=12345678
    doublekind=3
    d_longlong=define
    longlongsize=8
    d_longdbl=define
    longdblsize=16
    longdblkind=3
    ivtype='long'
    ivsize=8
    nvtype='double'
    nvsize=8
    Off_t='off_t'
    lseeksize=8
    alignbytes=8
    prototype=define
  Linker and Libraries:
    ld='cc'
    ldflags =' -fstack-protector-strong -L/usr/local/lib'
    libpth=/usr/local/lib /usr/lib/gcc/x86_64-linux-gnu/6/include-fixed /usr/include/x86_64-linux-gnu /usr/lib /lib/x86_64-linux-gnu /lib/../lib /usr/lib/x86_64-linux-gnu /usr/lib/../lib /lib
    libs=-lpthread -lnsl -lgdbm -ldb -ldl -lm -lcrypt -lutil -lc -lgdbm_compat
    perllibs=-lpthread -lnsl -ldl -lm -lcrypt -lutil -lc
    libc=libc-2.24.so
    so=so
    useshrplib=false
    libperl=libperl.a
    gnulibc_version='2.24'
  Dynamic Linking:
    dlsrc=dl_dlopen.xs
    dlext=so
    d_dlsymun=undef
    ccdlflags='-Wl,-E'
    cccdlflags='-fPIC'
    lddlflags='-shared -O2 -L/usr/local/lib -fstack-protector-strong'


Characteristics of this binary (from libperl): 
  Compile-time options:
    HAS_TIMES
    PERLIO_LAYERS
    PERL_COPY_ON_WRITE
    PERL_DONT_CREATE_GVSV
    PERL_OP_PARENT
    PERL_PRESERVE_IVUV
    PERL_USE_DEVEL
    USE_64_BIT_ALL
    USE_64_BIT_INT
    USE_LARGE_FILES
    USE_LOCALE
    USE_LOCALE_COLLATE
    USE_LOCALE_CTYPE
    USE_LOCALE_NUMERIC
    USE_LOCALE_TIME
    USE_PERLIO
    USE_PERL_ATOF
  Built under linux
  Compiled at Mar 20 2018 21:34:28
  %ENV:
    PERL5LIB=""
    PERL5OPT=""
    PERL5_CPANPLUS_IS_RUNNING="31667"
    PERL5_CPAN_IS_RUNNING="31667"
    PERL5_CPAN_IS_RUNNING_IN_RECURSION="22330,31667"
    PERLDOC="-MPod::Perldoc::ToTextOverstrike"
    PERL_BATCH="yes"
    PERL_CANARY_STABILITY_NOPROMPT="1"
    PERL_CPAN_REPORTER_CONFIG="/var/tmp/cpansmoker-1023/2018032209/cpanreporter_000_config.ini"
    PERL_EXTUTILS_AUTOINSTALL="--defaultdeps"
    PERL_PARALLEL_SMOKER="yes"
    PERL_USE_UNSAFE_INC="1"
  @INC:
    /opt/perl-5.27.10/lib/site_perl/5.27.10/x86_64-linux
    /opt/perl-5.27.10/lib/site_perl/5.27.10
    /opt/perl-5.27.10/lib/5.27.10/x86_64-linux
    /opt/perl-5.27.10/lib/5.27.10
    .