Back
From: metabase:user:a0e144f2-373b-11e6-8edd-c6848980b093
Subject: FAIL DBIx-Skinny-0.0742 v5.25.6 GNU/Linux
Date: 2016-10-18T11:18:01Z
This distribution has been tested as part of the CPAN Testers
project, supporting the Perl programming language. See
http://wiki.cpantesters.org/ for more information or email
questions to cpan-testers-discuss@perl.org
--
Dear Atsushi Kobayashi,
This is a computer-generated report for DBIx-Skinny-0.0742
on perl 5.25.6, created by CPAN-Reporter-1.2018.
Thank you for uploading your work to CPAN. However, there was a problem
testing your distribution.
If you think this report is invalid, please consult the CPAN Testers Wiki
for suggestions on how to avoid getting FAIL reports for missing library
or binary dependencies, unsupported operating systems, and so on:
http://wiki.cpantesters.org/wiki/CPANAuthorNotes
Sections of this report:
* Tester comments
* Program output
* Prerequisites
* Environment and other context
------------------------------
TESTER COMMENTS
------------------------------
Additional comments from tester:
this report is from an automated smoke testing program
and was not reviewed by a human for accuracy
------------------------------
PROGRAM OUTPUT
------------------------------
Output from '/usr/bin/make test':
PERL_DL_NONLAZY=1 "/home/cpan1/install/bin/perl" "-MExtUtils::Command::MM" "-MTest::Harness" "-e" "undef *Test::Harness::Switches; test_harness(0, 'inc', 'blib/lib', 'blib/arch')" t/*.t t/*/*.t t/*/*/*.t
# DBD::SQLite versin is 1.51_05
t/001_basic/001_compile.t ............................................... ok
t/001_basic/002_schema_info.t ........................................... ok
t/001_basic/003_explicit_schema.t ....................................... ok
t/001_basic/004_sql.t ................................................... ok
# Failed test at t/001_basic/005_set_columns.t line 13.
# Structures begin differing at:
# $got->[0][0] = 'id'
# $expected->[0][0] = 'name'
# Looks like you failed 1 test of 2.
# Failed test 'insert mode'
# at t/001_basic/005_set_columns.t line 24.
# Failed test at t/001_basic/005_set_columns.t line 65.
# Structures begin differing at:
# $got->[0] = '`id` = ?'
# $expected->[0] = '`name` = NOW()'
# Looks like you failed 1 test of 2.
# Failed test 'update mode / scalarref'
# at t/001_basic/005_set_columns.t line 76.
# Looks like you failed 2 tests of 4.
t/001_basic/005_set_columns.t ...........................................
Dubious, test returned 2 (wstat 512, 0x200)
Failed 2/4 subtests
t/001_basic/006_all_in_one_file.t ....................................... ok
t/001_basic/007_connect_info.t .......................................... ok
t/001_basic/009_no_check_schema.t ....................................... ok
t/001_basic/008_mixin.t ................................................. ok
t/001_basic/010_dbh.t ................................................... ok
t/001_basic/011_inflate.t ............................................... ok
t/001_basic/012_trigger.t ............................................... ok
t/001_basic/013_common_trigger.t ........................................ ok
t/001_basic/014_utf8.t .................................................. ok
t/001_basic/015_row_class.t ............................................. ok
t/001_basic/017_profile.t ............................................... ok
t/001_basic/016_row_exception.t ......................................... ok
t/001_basic/018_custom_profiler.t ....................................... ok
t/001_basic/020_on_connect_do.t ......................................... ok
# Failed test at t/001_basic/019_profiler_trace.t line 23.
# got: 'CREATE TABLE mock_basic ( id integer, name text, delete_fg int(1) default 0, primary key ( id ) )
# INSERT INTO mock_basic (`id`, `name`) VALUES (?, ?) :binds 1, perl
# '
# expected: 'CREATE TABLE mock_basic ( id integer, name text, delete_fg int(1) default 0, primary key ( id ) )
# INSERT INTO mock_basic (`name`, `id`) VALUES (?, ?) :binds perl, 1
# '
# Looks like you failed 1 test of 2.
t/001_basic/019_profiler_trace.t ........................................
Dubious, test returned 1 (wstat 256, 0x100)
Failed 1/2 subtests
t/001_basic/022_transaction.t ........................................... ok
t/001_basic/023_bulk_insert.t ........................................... ok
t/001_basic/024_bind_column.t ........................................... ok
t/002_common/001_insert.t ............................................... ok
t/002_common/002_update.t ............................................... ok
t/002_common/003_delete.t ............................................... ok
t/002_common/005_count.t ................................................ ok
t/002_common/004_find_or_create.t ....................................... ok
t/002_common/006_single.t ............................................... ok
t/002_common/007_search.t ............................................... ok
t/002_common/008_search_named.t ......................................... ok
t/002_common/009_search_by_sql.t ........................................ ok
t/002_common/010_resultset.t ............................................ ok
t/002_common/011_do.t ................................................... ok
t/002_common/012_replace.t .............................................. ok
t/002_common/014_find_or_new.t .......................................... ok
t/001_basic/021_reconnect.t ............................................. ok
t/002_common/015_data2row.t ............................................. ok
t/002_common/016_hash_to_row.t .......................................... ok
t/002_common/018_refetch.t .............................................. ok
t/002_common/017_iterator.t ............................................. ok
t/002_common/019_get_columns.t .......................................... ok
t/002_common/020_get_column.t ........................................... ok
t/002_common/000_new.t .................................................. ok
t/002_common/021_quote.t ................................................ ok
t/002_common/024_txn_scope.t ............................................ ok
t/002_common/023_multi_pk.t ............................................. ok
t/002_common/999_update_by_sql.t ........................................ ok
t/002_common/999_delete_by_sql.t ........................................ ok
Unescaped left brace in regex is illegal here in regex; marked by <-- HERE in m/use DBIx::Skinny setup => { <-- HERE \.\.\. } has been deprecated\. Please use connect_info instead/ at t/500_deprecated/001_deprecated_setup.t line 19.
t/500_deprecated/001_deprecated_setup.t .................................
Dubious, test returned 255 (wstat 65280, 0xff00)
No subtests run
Unescaped left brace in regex is illegal here in regex; marked by <-- HERE in m/use DBIx::Skinny connect_info => { <-- HERE profiler => \.\.\. } has been deprecated\. Please use use DBIx::Skinny profiler => \.\.\. instead/ at t/500_deprecated/002_deprecated_profiler.t line 19.
t/500_deprecated/002_deprecated_profiler.t ..............................
Dubious, test returned 255 (wstat 65280, 0xff00)
No subtests run
t/999_regression/data2itr_objectarray.t ................................. ok
t/999_regression/dbh_and_txn_manager.t .................................. ok
t/999_regression/bind_param.t ........................................... ok
t/999_regression/deflate_bug.t .......................................... ok
t/999_regression/deflate_scalarref.t .................................... ok
t/999_regression/duplicate_update.t ..................................... ok
t/999_regression/empty_update.t ......................................... ok
t/999_regression/get_row_class.t ........................................ ok
t/002_common/022_disconnect.t ........................................... ok
t/999_regression/new_attr.t ............................................. ok
t/999_regression/guess_table_name.t ..................................... ok
t/999_regression/loose_connect_options_after_new.t ...................... ok
t/999_regression/no_schema.t ............................................ ok
t/999_regression/prepare_error_handling.t ............................... ok
t/999_regression/row_update_by_scalarref.t .............................. ok
@@@@@@@@@@@@@@@@@@@@@@@@@@@@@@@@@@@@@
@@@@@ DBIx::Skinny 's Exception @@@@@
Reason : DBD::SQLite::st execute failed: attempt to write a readonly database at /home/cpan1/.cpan/build/DBIx-Skinny-0.0742-0/blib/lib/DBIx/Skinny.pm line 772.
SQL : INSERT INTO mock_basic
(`id`, `name`)
VALUES (?, ?)
BIND : $VAR1 = [
2,
'ruby'
];
@@@@@@@@@@@@@@@@@@@@@@@@@@@@@@@@@@@@@
at t/999_regression/transaction/call_txn_scope_after_missing_connect.t line 18.
Transaction was aborted without calling an explicit commit or rollback. (Guard created at t/999_regression/transaction/call_txn_scope_after_missing_connect.t line 17) at /home/cpan1/install/lib/perl5/site_perl/5.25.6/DBIx/TransactionManager.pm line 115.
t/999_regression/transaction/call_txn_scope_after_missing_connect.t .....
Dubious, test returned 255 (wstat 65280, 0xff00)
No subtests run
@@@@@@@@@@@@@@@@@@@@@@@@@@@@@@@@@@@@@
@@@@@ DBIx::Skinny 's Exception @@@@@
Reason : DBD::SQLite::db do failed: disk I/O error at /home/cpan1/.cpan/build/DBIx-Skinny-0.0742-0/blib/lib/DBIx/Skinny.pm line 331.
SQL :
CREATE TABLE mock_basic (
id integer,
name text,
delete_fg int(1) default 0,
primary key ( id )
)
BIND : $VAR1 = '';
@@@@@@@@@@@@@@@@@@@@@@@@@@@@@@@@@@@@@
at t/999_regression/transaction/call_txn_scope_after_fork.t line 14.
t/999_regression/transaction/call_txn_scope_after_fork.t ................
Dubious, test returned 255 (wstat 65280, 0xff00)
No subtests run
@@@@@@@@@@@@@@@@@@@@@@@@@@@@@@@@@@@@@
@@@@@ DBIx::Skinny 's Exception @@@@@
Reason : DBD::SQLite::db do failed: disk I/O error at /home/cpan1/.cpan/build/DBIx-Skinny-0.0742-0/blib/lib/DBIx/Skinny.pm line 331.
SQL :
CREATE TABLE mock_basic (
id integer,
name text,
delete_fg int(1) default 0,
primary key ( id )
)
BIND : $VAR1 = '';
@@@@@@@@@@@@@@@@@@@@@@@@@@@@@@@@@@@@@
at t/999_regression/transaction/call_txn_scope_before_fork.t line 14.
t/999_regression/transaction/call_txn_scope_before_fork.t ...............
Dubious, test returned 255 (wstat 65280, 0xff00)
No subtests run
@@@@@@@@@@@@@@@@@@@@@@@@@@@@@@@@@@@@@
@@@@@ DBIx::Skinny 's Exception @@@@@
Reason : DBD::SQLite::db do failed: table mock_basic already exists at /home/cpan1/.cpan/build/DBIx-Skinny-0.0742-0/blib/lib/DBIx/Skinny.pm line 331.
SQL :
CREATE TABLE mock_basic (
id integer,
name text,
delete_fg int(1) default 0,
primary key ( id )
)
BIND : $VAR1 = '';
@@@@@@@@@@@@@@@@@@@@@@@@@@@@@@@@@@@@@
at t/999_regression/transaction/call_txn_scope_and_fork.t line 14.
t/999_regression/transaction/call_txn_scope_and_fork.t ..................
Dubious, test returned 255 (wstat 65280, 0xff00)
No subtests run
t/999_regression/where_condition_in.t ................................... ok
@@@@@@@@@@@@@@@@@@@@@@@@@@@@@@@@@@@@@
@@@@@ DBIx::Skinny 's Exception @@@@@
Reason : DBD::SQLite::db do failed: disk I/O error at /home/cpan1/.cpan/build/DBIx-Skinny-0.0742-0/blib/lib/DBIx/Skinny.pm line 331.
SQL :
CREATE TABLE mock_basic (
id integer,
name text,
delete_fg int(1) default 0,
primary key ( id )
)
BIND : $VAR1 = '';
@@@@@@@@@@@@@@@@@@@@@@@@@@@@@@@@@@@@@
at t/999_regression/transaction/call_txn_scope_before_fork_and_rollback.t line 14.
t/999_regression/transaction/call_txn_scope_before_fork_and_rollback.t ..
Dubious, test returned 255 (wstat 65280, 0xff00)
No subtests run
Test Summary Report
-------------------
t/001_basic/005_set_columns.t (Wstat: 512 Tests: 4 Failed: 2)
Failed tests: 1, 4
Non-zero exit status: 2
t/001_basic/019_profiler_trace.t (Wstat: 256 Tests: 2 Failed: 1)
Failed test: 2
Non-zero exit status: 1
t/500_deprecated/001_deprecated_setup.t (Wstat: 65280 Tests: 0 Failed: 0)
Non-zero exit status: 255
Parse errors: No plan found in TAP output
t/500_deprecated/002_deprecated_profiler.t (Wstat: 65280 Tests: 0 Failed: 0)
Non-zero exit status: 255
Parse errors: No plan found in TAP output
t/999_regression/transaction/call_txn_scope_after_missing_connect.t (Wstat: 65280 Tests: 0 Failed: 0)
Non-zero exit status: 255
Parse errors: No plan found in TAP output
t/999_regression/transaction/call_txn_scope_after_fork.t (Wstat: 65280 Tests: 0 Failed: 0)
Non-zero exit status: 255
Parse errors: No plan found in TAP output
t/999_regression/transaction/call_txn_scope_before_fork.t (Wstat: 65280 Tests: 0 Failed: 0)
Non-zero exit status: 255
Parse errors: No plan found in TAP output
t/999_regression/transaction/call_txn_scope_and_fork.t (Wstat: 65280 Tests: 0 Failed: 0)
Non-zero exit status: 255
Parse errors: No plan found in TAP output
t/999_regression/transaction/call_txn_scope_before_fork_and_rollback.t (Wstat: 65280 Tests: 0 Failed: 0)
Non-zero exit status: 255
Parse errors: No plan found in TAP output
Files=72, Tests=246, 4 wallclock secs ( 0.37 usr 0.10 sys + 12.40 cusr 0.79 csys = 13.66 CPU)
Result: FAIL
Failed 9/72 test programs. 3/246 subtests failed.
Makefile:839: recipe for target 'test_dynamic' failed
make: *** [test_dynamic] Error 255
------------------------------
PREREQUISITES
------------------------------
Prerequisite modules loaded:
requires:
Module Need Have
------------------------ ---- --------
Carp 0 1.42
Class::Accessor::Lite 0 0.08
Class::Load 0 0.23
DBI 0 1.636
DBIx::TransactionManager 1.07 1.13
IO::Handle 0 1.35
Scalar::Util 0 1.45
Try::Tiny 0 0.27
UNIVERSAL::require 0 0.18
build_requires:
Module Need Have
------------------------ ---- --------
ExtUtils::MakeMaker 6.42 7.24
Test::More 0.96 1.302059
Test::SharedFork 0.15 0.35
configure_requires:
Module Need Have
------------------------ ---- --------
ExtUtils::MakeMaker 6.42 7.24
------------------------------
ENVIRONMENT AND OTHER CONTEXT
------------------------------
Environment variables:
AUTOMATED_TESTING = 1
HARNESS_OPTIONS = j5
LANG = en_US.UTF-8
PATH = /usr/local/bin:/usr/bin:/bin:/usr/local/games:/usr/games
PERL5LIB =
PERL5OPT =
PERL5_CPANPLUS_IS_RUNNING = 31790
PERL5_CPAN_IS_RUNNING = 31790
PERL5_CPAN_IS_RUNNING_IN_RECURSION = 307,31790
PERLBREW_BASHRC_VERSION = 0.76
PERLBREW_HOME = /home/dcollins/.perlbrew
PERLBREW_ROOT = /home/dcollins/toolchain/perl5
PERL_CR_SMOKER_CURRENT = Qudo-0.0214
PERL_EXTUTILS_AUTOINSTALL = --defaultdeps
PERL_MM_USE_DEFAULT = 1
SHELL = /bin/bash
TERM = putty
Perl special variables (and OS-specific diagnostics, for MSWin32):
$^X = /home/cpan1/install/bin/perl
$UID/$EUID = 1002 / 1002
$GID = 1002 1002
$EGID = 1002 1002
Perl module toolchain versions installed:
Module Have
------------------- --------
CPAN 2.14
CPAN::Meta 2.150010
Cwd 3.65
ExtUtils::CBuilder 0.280225
ExtUtils::Command 7.24
ExtUtils::Install 2.04
ExtUtils::MakeMaker 7.24
ExtUtils::Manifest 1.70
ExtUtils::ParseXS 3.33
File::Spec 3.65
JSON 2.90
JSON::PP 2.27400
Module::Build 0.4220
Module::Signature 0.81
Parse::CPAN::Meta 2.150010
Test::Harness 3.36_01
Test::More 1.302059
YAML 1.18
YAML::Syck 1.29
version 0.9917
--
Summary of my perl5 (revision 5 version 25 subversion 6) configuration:
Commit id: d12be05dd0210a08e077f0cc9586a5a963122547
Platform:
osname=linux
osvers=3.16.0-4-amd64
archname=x86_64-linux-thread-multi-quadmath
uname='linux digitalis 3.16.0-4-amd64 #1 smp debian 3.16.36-1+deb8u1 (2016-09-03) x86_64 gnulinux '
config_args='-Dusedevel -DDEBUGGING -Dusequadmath -Dusethreads -Dprefix=/home/cpan1/install -Uversiononly -des'
hint=recommended
useposix=true
d_sigaction=define
useithreads=define
usemultiplicity=define
use64bitint=define
use64bitall=define
uselongdouble=undef
usemymalloc=n
bincompat5005=undef
Compiler:
cc='cc'
ccflags ='-D_REENTRANT -D_GNU_SOURCE -fwrapv -DDEBUGGING -fno-strict-aliasing -pipe -fstack-protector-strong -I/usr/local/include -D_LARGEFILE_SOURCE -D_FILE_OFFSET_BITS=64 -D_FORTIFY_SOURCE=2'
optimize='-O2 -g'
cppflags='-D_REENTRANT -D_GNU_SOURCE -fwrapv -DDEBUGGING -fno-strict-aliasing -pipe -fstack-protector-strong -I/usr/local/include'
ccversion=''
gccversion='4.9.2'
gccosandvers=''
intsize=4
longsize=8
ptrsize=8
doublesize=8
byteorder=12345678
doublekind=3
d_longlong=define
longlongsize=8
d_longdbl=define
longdblsize=16
longdblkind=3
ivtype='long'
ivsize=8
nvtype='__float128'
nvsize=16
Off_t='off_t'
lseeksize=8
alignbytes=16
prototype=define
Linker and Libraries:
ld='cc'
ldflags =' -fstack-protector-strong -L/usr/local/lib'
libpth=/usr/local/lib /usr/lib/gcc/x86_64-linux-gnu/4.9/include-fixed /usr/include/x86_64-linux-gnu /usr/lib /lib/x86_64-linux-gnu /lib/../lib /usr/lib/x86_64-linux-gnu /usr/lib/../lib /lib
libs=-lpthread -lnsl -ldl -lm -lcrypt -lutil -lc -lquadmath
perllibs=-lpthread -lnsl -ldl -lm -lcrypt -lutil -lc -lquadmath
libc=libc-2.19.so
so=so
useshrplib=false
libperl=libperl.a
gnulibc_version='2.19'
Dynamic Linking:
dlsrc=dl_dlopen.xs
dlext=so
d_dlsymun=undef
ccdlflags='-Wl,-E'
cccdlflags='-fPIC'
lddlflags='-shared -O2 -g -L/usr/local/lib -fstack-protector-strong'
Characteristics of this binary (from libperl):
Compile-time options:
DEBUGGING
HAS_TIMES
MULTIPLICITY
PERLIO_LAYERS
PERL_COPY_ON_WRITE
PERL_DONT_CREATE_GVSV
PERL_HASH_FUNC_ONE_AT_A_TIME_HARD
PERL_IMPLICIT_CONTEXT
PERL_MALLOC_WRAP
PERL_OP_PARENT
PERL_PRESERVE_IVUV
PERL_TRACK_MEMPOOL
PERL_USE_DEVEL
USE_64_BIT_ALL
USE_64_BIT_INT
USE_ITHREADS
USE_LARGE_FILES
USE_LOCALE
USE_LOCALE_COLLATE
USE_LOCALE_CTYPE
USE_LOCALE_NUMERIC
USE_LOCALE_TIME
USE_PERLIO
USE_PERL_ATOF
USE_QUADMATH
USE_REENTRANT_API
Built under linux
Compiled at Sep 26 2016 21:02:13
%ENV:
PERL5LIB=""
PERL5OPT=""
PERL5_CPANPLUS_IS_RUNNING="31790"
PERL5_CPAN_IS_RUNNING="31790"
PERL5_CPAN_IS_RUNNING_IN_RECURSION="307,31790"
PERLBREW_BASHRC_VERSION="0.76"
PERLBREW_HOME="/home/dcollins/.perlbrew"
PERLBREW_ROOT="/home/dcollins/toolchain/perl5"
PERL_CR_SMOKER_CURRENT="Qudo-0.0214"
PERL_EXTUTILS_AUTOINSTALL="--defaultdeps"
PERL_MM_USE_DEFAULT="1"
@INC:
/home/cpan1/install/lib/perl5/site_perl/5.25.6/x86_64-linux-thread-multi-quadmath
/home/cpan1/install/lib/perl5/site_perl/5.25.6
/home/cpan1/install/lib/perl5/5.25.6/x86_64-linux-thread-multi-quadmath
/home/cpan1/install/lib/perl5/5.25.6
.