Back
From: metabase:user:9c36dc84-a30f-11e0-a9fc-0a18abbd4f2f
Subject: FAIL WebService-Booklog-v0.0.1 v5.20.2 OpenBSD
Date: 2016-08-02T22:00:33Z
This distribution has been tested as part of the CPAN Testers
project, supporting the Perl programming language. See
http://wiki.cpantesters.org/ for more information or email
questions to cpan-testers-discuss@perl.org
--
Dear Yasutaka ATARASHI,
This is a computer-generated report for WebService-Booklog-v0.0.1
on perl 5.20.2, created by CPAN-Reporter-1.2018.
Thank you for uploading your work to CPAN. However, there was a problem
testing your distribution.
If you think this report is invalid, please consult the CPAN Testers Wiki
for suggestions on how to avoid getting FAIL reports for missing library
or binary dependencies, unsupported operating systems, and so on:
http://wiki.cpantesters.org/wiki/CPANAuthorNotes
Sections of this report:
* Tester comments
* Program output
* Prerequisites
* Environment and other context
------------------------------
TESTER COMMENTS
------------------------------
Additional comments from tester:
this report is from an automated smoke testing program
and was not reviewed by a human for accuracy
------------------------------
PROGRAM OUTPUT
------------------------------
Output from '/usr/bin/make test':
PERL_DL_NONLAZY=1 "/usr/bin/perl" "-MExtUtils::Command::MM" "-MTest::Harness" "-e" "undef *Test::Harness::Switches; test_harness(0, 'blib/lib', 'blib/arch')" t/*.t
t/01-get_minishelf.t ...... ok
t/02-get_review.t ......... ok
# Failed test 'get_shelf'
# at t/03-get_shelf.t line 10.
# died: malformed JSON string, neither tag, array, object, number, string or atom, at character offset 0 (before "<!DOCTYPE html>\n<ht...") at /home/arfreitas/perl5/lib/perl5/JSON/Any.pm line 594.
# Failed test 'user->account'
# at t/03-get_shelf.t line 11.
# got: undef
# expected: 'yak1ex'
# Failed test 'no category'
# at t/03-get_shelf.t line 12.
# got: undef
# expected: '0'
# Failed test 'books'
# at t/03-get_shelf.t line 13.
# got: '0'
# expected: '25'
# Failed test 'get_shelf with rank'
# at t/03-get_shelf.t line 16.
# died: malformed JSON string, neither tag, array, object, number, string or atom, at character offset 0 (before "<!DOCTYPE html>\n<ht...") at /home/arfreitas/perl5/lib/perl5/JSON/Any.pm line 594.
# Failed test 'user->account'
# at t/03-get_shelf.t line 17.
# got: undef
# expected: 'yak1ex'
# Failed test 'no category'
# at t/03-get_shelf.t line 18.
# got: undef
# expected: '0'
# Failed test 'books'
# at t/03-get_shelf.t line 19.
# '0'
# >
# '0'
# Failed test 'get_shelf with category'
# at t/03-get_shelf.t line 22.
# died: malformed JSON string, neither tag, array, object, number, string or atom, at character offset 0 (before "<!DOCTYPE html>\n<ht...") at /home/arfreitas/perl5/lib/perl5/JSON/Any.pm line 594.
# Failed test 'user->account'
# at t/03-get_shelf.t line 23.
# got: undef
# expected: 'yak1ex'
# Failed test 'category id'
# at t/03-get_shelf.t line 24.
# got: undef
# expected: '2275669'
# Failed test 'books'
# at t/03-get_shelf.t line 25.
# '0'
# >
# '0'
# Failed test 'get_shelf'
# at t/03-get_shelf.t line 28.
# died: malformed JSON string, neither tag, array, object, number, string or atom, at character offset 0 (before "<!DOCTYPE html>\n<ht...") at /home/arfreitas/perl5/lib/perl5/JSON/Any.pm line 594.
# Failed test 'user->account'
# at t/03-get_shelf.t line 29.
# got: undef
# expected: 'yak1ex'
# Failed test 'no category'
# at t/03-get_shelf.t line 30.
# got: undef
# expected: '0'
# Failed test 'sort'
# at t/03-get_shelf.t line 31.
# got: undef
# expected: 'release_desc'
# Failed test 'books'
# at t/03-get_shelf.t line 32.
# got: '0'
# expected: '25'
# Failed test 'release date'
# at t/03-get_shelf.t line 34.
# got: '0'
# expected: '25'
# Looks like you failed 18 tests of 24.
t/03-get_shelf.t ..........
Dubious, test returned 18 (wstat 4608, 0x1200)
Failed 18/24 subtests
t/author-critic.t ......... skipped: these tests are for testing by the author
t/release-kwalitee.t ...... skipped: these tests are for release candidate testing
t/release-pod-coverage.t .. skipped: these tests are for release candidate testing
t/release-pod-syntax.t .... skipped: these tests are for release candidate testing
Test Summary Report
-------------------
t/03-get_shelf.t (Wstat: 4608 Tests: 24 Failed: 18)
Failed tests: 3-10, 12-15, 17-22
Non-zero exit status: 18
Files=7, Tests=45, 10 wallclock secs ( 0.04 usr 0.04 sys + 0.64 cusr 0.51 csys = 1.23 CPU)
Result: FAIL
Failed 1/7 test programs. 18/45 subtests failed.
*** Error 255 in /var/cpan/WebService-Booklog-v0.0.1-0 (Makefile:847 'test_dynamic')
------------------------------
PREREQUISITES
------------------------------
Prerequisite modules loaded:
requires:
Module Need Have
------------------- ---- --------
JSON::Any 0 1.39
LWP::UserAgent 0 6.15
build_requires:
Module Need Have
------------------- ---- --------
Test::Exception 0 0.43
Test::More 0 1.302045
configure_requires:
Module Need Have
------------------- ---- --------
ExtUtils::MakeMaker 6.30 7.19_06
------------------------------
ENVIRONMENT AND OTHER CONTEXT
------------------------------
Environment variables:
AUTOMATED_TESTING = 1
PATH = /home/arfreitas/bin:/home/arfreitas/perl5/bin:/usr/bin:/bin:/usr/sbin:/sbin:/usr/X11R6/bin:/usr/local/bin:/usr/local/sbin
PERL5LIB = /home/arfreitas/perl5/lib/perl5
PERL5OPT =
PERL5_CPANPLUS_IS_RUNNING = 17020
PERL5_CPAN_IS_RUNNING = 17020
PERL5_CPAN_IS_RUNNING_IN_RECURSION = 450,17020
PERL_CR_SMOKER_CURRENT = App-booklog2amazon-v0.0.1
PERL_EXTUTILS_AUTOINSTALL = --defaultdeps
PERL_LOCAL_LIB_ROOT = /home/arfreitas/perl5
PERL_MB_OPT = --install_base "/home/arfreitas/perl5"
PERL_MM_OPT = INSTALL_BASE=/home/arfreitas/perl5
PERL_MM_USE_DEFAULT = 1
SHELL = /usr/local/bin/bash
TERM = vt220
Perl special variables (and OS-specific diagnostics, for MSWin32):
$^X = /usr/bin/perl
$UID/$EUID = 1000 / 1000
$GID = 1000 1000 0
$EGID = 1000 1000 0
Perl module toolchain versions installed:
Module Have
------------------- --------
CPAN 2.15
CPAN::Meta 2.150009
Cwd 3.62
ExtUtils::CBuilder 0.280224
ExtUtils::Command 7.19_06
ExtUtils::Install 2.04
ExtUtils::MakeMaker 7.19_06
ExtUtils::Manifest 1.70
ExtUtils::ParseXS 3.30
File::Spec 3.62
JSON 2.90
JSON::PP 2.27400
Module::Build 0.4218
Module::Signature n/a
Parse::CPAN::Meta 1.4422
Test::Harness 3.36
Test::More 1.302045
YAML 1.18
YAML::Syck 1.29
version 0.9912
--
Summary of my perl5 (revision 5 version 20 subversion 2) configuration:
Platform:
osname=openbsd, osvers=5.9, archname=amd64-openbsd
uname='openbsd'
config_args='-dsE -Dopenbsd_distribution=defined -Dccflags=-DNO_LOCALE_NUMERIC -DNO_LOCALE_COLLATE -Dmksymlinks'
hint=recommended, useposix=true, d_sigaction=define
useithreads=undef, usemultiplicity=undef
use64bitint=define, use64bitall=define, uselongdouble=undef
usemymalloc=n, bincompat5005=undef
Compiler:
cc='cc', ccflags ='-DNO_LOCALE_NUMERIC -DNO_LOCALE_COLLATE -fno-strict-aliasing -fno-delete-null-pointer-checks -pipe -fstack-protector -I/usr/local/include',
optimize='-O2',
cppflags='-DNO_LOCALE_NUMERIC -DNO_LOCALE_COLLATE -fno-strict-aliasing -fno-delete-null-pointer-checks -pipe -fstack-protector -I/usr/local/include'
ccversion='', gccversion='4.2.1 20070719 ', gccosandvers='openbsd5.9'
intsize=4, longsize=8, ptrsize=8, doublesize=8, byteorder=12345678
d_longlong=define, longlongsize=8, d_longdbl=define, longdblsize=16
ivtype='long', ivsize=8, nvtype='double', nvsize=8, Off_t='off_t', lseeksize=8
alignbytes=8, prototype=define
Linker and Libraries:
ld='cc', ldflags ='-Wl,-E -fstack-protector -L/usr/local/lib'
libpth=/usr/lib /usr/local/lib
libs=-lm -lutil -lc
perllibs=-lm -lutil -lc
libc=/usr/lib/libc.a, so=so, useshrplib=true, libperl=libperl.so.17.1
gnulibc_version=''
Dynamic Linking:
dlsrc=dl_dlopen.xs, dlext=so, d_dlsymun=undef, ccdlflags='-Wl,-R/usr/libdata/perl5/amd64-openbsd/5.20.2/CORE'
cccdlflags='-DPIC -fPIC ', lddlflags='-shared -fPIC -fstack-protector -L/usr/local/lib'
Characteristics of this binary (from libperl):
Compile-time options: HAS_TIMES PERLIO_LAYERS PERL_DONT_CREATE_GVSV
PERL_HASH_FUNC_ONE_AT_A_TIME_HARD PERL_MALLOC_WRAP
PERL_NEW_COPY_ON_WRITE PERL_PRESERVE_IVUV
USE_64_BIT_ALL USE_64_BIT_INT USE_LARGE_FILES
USE_LOCALE USE_LOCALE_CTYPE USE_PERLIO USE_PERL_ATOF
Built under openbsd
Compiled at Feb 26 2016 01:02:08
%ENV:
PERL5LIB="/home/arfreitas/perl5/lib/perl5"
PERL5OPT=""
PERL5_CPANPLUS_IS_RUNNING="17020"
PERL5_CPAN_IS_RUNNING="17020"
PERL5_CPAN_IS_RUNNING_IN_RECURSION="450,17020"
PERL_CR_SMOKER_CURRENT="App-booklog2amazon-v0.0.1"
PERL_EXTUTILS_AUTOINSTALL="--defaultdeps"
PERL_LOCAL_LIB_ROOT="/home/arfreitas/perl5"
PERL_MB_OPT="--install_base "/home/arfreitas/perl5""
PERL_MM_OPT="INSTALL_BASE=/home/arfreitas/perl5"
PERL_MM_USE_DEFAULT="1"
@INC:
/home/arfreitas/perl5/lib/perl5/5.20.2/amd64-openbsd
/home/arfreitas/perl5/lib/perl5/5.20.2
/home/arfreitas/perl5/lib/perl5/amd64-openbsd
/home/arfreitas/perl5/lib/perl5
/usr/local/libdata/perl5/site_perl/amd64-openbsd
/usr/libdata/perl5/site_perl/amd64-openbsd
/usr/local/libdata/perl5/site_perl
/usr/libdata/perl5/site_perl
/usr/libdata/perl5/amd64-openbsd/5.20.2
/usr/local/libdata/perl5/amd64-openbsd/5.20.2
/usr/libdata/perl5
/usr/local/libdata/perl5
.