Data-Validate-Sanctions v0.15 Perl 5 v5.22.4 x86_64-linux-quadmath

Status
Fail
From
Chris Williams (BINGOS)
Dist
Data-Validate-Sanctions v0.15
Platform
Perl 5 v5.22.4 x86_64-linux-quadmath
Date
2022-11-29 15:57:33
ID
89271f3c-6ffe-11ed-aba6-9a79f339625c
This distribution has been tested as part of the CPAN Testers
project, supporting the Perl programming language.  See
http://wiki.cpantesters.org/ for more information or email
questions to cpan-testers-discuss@perl.org


--

Dear BINARY,

This is a computer-generated error report created automatically by
CPANPLUS, version 0.9914. Testers personal comments may appear
at the end of this report.


Thank you for uploading your work to CPAN.  However, it appears that
there were some problems testing your distribution.

TEST RESULTS:

Below is the error stack from stage 'make test':

Skip blib/lib/auto/share/dist/Data-Validate-Sanctions/sanctions.yml (unchanged)
PERL_DL_NONLAZY=1 "/home/cpan/pit/bare-qm/perl-5.22.4/bin/perl" "-MExtUtils::Command::MM" "-MTest::Harness" "-e" "undef *Test::Harness::Switches; test_harness(0, 'blib/lib', 'blib/arch')" t/*.t
t/00-check-deps.t ....... ok

#   Failed test 'Data/Validate/Sanctions.pm loaded ok'
#   at t/00-compile.t line 47.
#          got: '65280'
#     expected: '0'
Array found where operator expected at /home/cpan/pit/bare-qm/conf/perl-5.22.4/.cpanplus/5.22.4/build/k6rmo2csF7/Data-Validate-Sanctions-0.15/blib/lib/Data/Validate/Sanctions/Fetcher.pm line 172, near "->@*"
	(Missing operator before @*?)
Array found where operator expected at /home/cpan/pit/bare-qm/conf/perl-5.22.4/.cpanplus/5.22.4/build/k6rmo2csF7/Data-Validate-Sanctions-0.15/blib/lib/Data/Validate/Sanctions/Fetcher.pm line 204, near "->@*"
	(Missing operator before @*?)
Array found where operator expected at /home/cpan/pit/bare-qm/conf/perl-5.22.4/.cpanplus/5.22.4/build/k6rmo2csF7/Data-Validate-Sanctions-0.15/blib/lib/Data/Validate/Sanctions/Fetcher.pm line 205, near "->@*"
	(Missing operator before @*?)
Array found where operator expected at /home/cpan/pit/bare-qm/conf/perl-5.22.4/.cpanplus/5.22.4/build/k6rmo2csF7/Data-Validate-Sanctions-0.15/blib/lib/Data/Validate/Sanctions/Fetcher.pm line 209, near "->@*"
	(Missing operator before @*?)
Array found where operator expected at /home/cpan/pit/bare-qm/conf/perl-5.22.4/.cpanplus/5.22.4/build/k6rmo2csF7/Data-Validate-Sanctions-0.15/blib/lib/Data/Validate/Sanctions/Fetcher.pm line 212, near "->@*"
	(Missing operator before @*?)
Array found where operator expected at /home/cpan/pit/bare-qm/conf/perl-5.22.4/.cpanplus/5.22.4/build/k6rmo2csF7/Data-Validate-Sanctions-0.15/blib/lib/Data/Validate/Sanctions/Fetcher.pm line 218, near "->@*"
	(Missing operator before @*?)
Array found where operator expected at /home/cpan/pit/bare-qm/conf/perl-5.22.4/.cpanplus/5.22.4/build/k6rmo2csF7/Data-Validate-Sanctions-0.15/blib/lib/Data/Validate/Sanctions/Fetcher.pm line 221, near "->@*"
	(Missing operator before @*?)
Array found where operator expected at /home/cpan/pit/bare-qm/conf/perl-5.22.4/.cpanplus/5.22.4/build/k6rmo2csF7/Data-Validate-Sanctions-0.15/blib/lib/Data/Validate/Sanctions/Fetcher.pm line 223, near "->@*"
	(Missing operator before @*?)
syntax error at /home/cpan/pit/bare-qm/conf/perl-5.22.4/.cpanplus/5.22.4/build/k6rmo2csF7/Data-Validate-Sanctions-0.15/blib/lib/Data/Validate/Sanctions/Fetcher.pm line 172, near "->@*"
syntax error at /home/cpan/pit/bare-qm/conf/perl-5.22.4/.cpanplus/5.22.4/build/k6rmo2csF7/Data-Validate-Sanctions-0.15/blib/lib/Data/Validate/Sanctions/Fetcher.pm line 204, near "->@*"
syntax error at /home/cpan/pit/bare-qm/conf/perl-5.22.4/.cpanplus/5.22.4/build/k6rmo2csF7/Data-Validate-Sanctions-0.15/blib/lib/Data/Validate/Sanctions/Fetcher.pm line 205, near "->@*"
syntax error at /home/cpan/pit/bare-qm/conf/perl-5.22.4/.cpanplus/5.22.4/build/k6rmo2csF7/Data-Validate-Sanctions-0.15/blib/lib/Data/Validate/Sanctions/Fetcher.pm line 209, near "->@*"
syntax error at /home/cpan/pit/bare-qm/conf/perl-5.22.4/.cpanplus/5.22.4/build/k6rmo2csF7/Data-Validate-Sanctions-0.15/blib/lib/Data/Validate/Sanctions/Fetcher.pm line 212, near "->@*"
syntax error at /home/cpan/pit/bare-qm/conf/perl-5.22.4/.cpanplus/5.22.4/build/k6rmo2csF7/Data-Validate-Sanctions-0.15/blib/lib/Data/Validate/Sanctions/Fetcher.pm line 218, near "->@*"
syntax error at /home/cpan/pit/bare-qm/conf/perl-5.22.4/.cpanplus/5.22.4/build/k6rmo2csF7/Data-Validate-Sanctions-0.15/blib/lib/Data/Validate/Sanctions/Fetcher.pm line 221, near "->@* "
syntax error at /home/cpan/pit/bare-qm/conf/perl-5.22.4/.cpanplus/5.22.4/build/k6rmo2csF7/Data-Validate-Sanctions-0.15/blib/lib/Data/Validate/Sanctions/Fetcher.pm line 223, near "->@*"
Global symbol "$dataset" requires explicit package name (did you forget to declare "my $dataset"?) at /home/cpan/pit/bare-qm/conf/perl-5.22.4/.cpanplus/5.22.4/build/k6rmo2csF7/Data-Validate-Sanctions-0.15/blib/lib/Data/Validate/Sanctions/Fetcher.pm line 225.
syntax error at /home/cpan/pit/bare-qm/conf/perl-5.22.4/.cpanplus/5.22.4/build/k6rmo2csF7/Data-Validate-Sanctions-0.15/blib/lib/Data/Validate/Sanctions/Fetcher.pm line 226, near "}"
/home/cpan/pit/bare-qm/conf/perl-5.22.4/.cpanplus/5.22.4/build/k6rmo2csF7/Data-Validate-Sanctions-0.15/blib/lib/Data/Validate/Sanctions/Fetcher.pm has too many errors.
Compilation failed in require at /home/cpan/pit/bare-qm/conf/perl-5.22.4/.cpanplus/5.22.4/build/k6rmo2csF7/Data-Validate-Sanctions-0.15/blib/lib/Data/Validate/Sanctions.pm line 11.
BEGIN failed--compilation aborted at /home/cpan/pit/bare-qm/conf/perl-5.22.4/.cpanplus/5.22.4/build/k6rmo2csF7/Data-Validate-Sanctions-0.15/blib/lib/Data/Validate/Sanctions.pm line 11.
Compilation failed in require at -e line 1.

#   Failed test 'Data/Validate/Sanctions/Fetcher.pm loaded ok'
#   at t/00-compile.t line 47.
#          got: '65280'
#     expected: '0'
Array found where operator expected at /home/cpan/pit/bare-qm/conf/perl-5.22.4/.cpanplus/5.22.4/build/k6rmo2csF7/Data-Validate-Sanctions-0.15/blib/lib/Data/Validate/Sanctions/Fetcher.pm line 172, near "->@*"
	(Missing operator before @*?)
Array found where operator expected at /home/cpan/pit/bare-qm/conf/perl-5.22.4/.cpanplus/5.22.4/build/k6rmo2csF7/Data-Validate-Sanctions-0.15/blib/lib/Data/Validate/Sanctions/Fetcher.pm line 204, near "->@*"
	(Missing operator before @*?)
Array found where operator expected at /home/cpan/pit/bare-qm/conf/perl-5.22.4/.cpanplus/5.22.4/build/k6rmo2csF7/Data-Validate-Sanctions-0.15/blib/lib/Data/Validate/Sanctions/Fetcher.pm line 205, near "->@*"
	(Missing operator before @*?)
Array found where operator expected at /home/cpan/pit/bare-qm/conf/perl-5.22.4/.cpanplus/5.22.4/build/k6rmo2csF7/Data-Validate-Sanctions-0.15/blib/lib/Data/Validate/Sanctions/Fetcher.pm line 209, near "->@*"
	(Missing operator before @*?)
Array found where operator expected at /home/cpan/pit/bare-qm/conf/perl-5.22.4/.cpanplus/5.22.4/build/k6rmo2csF7/Data-Validate-Sanctions-0.15/blib/lib/Data/Validate/Sanctions/Fetcher.pm line 212, near "->@*"
	(Missing operator before @*?)
Array found where operator expected at /home/cpan/pit/bare-qm/conf/perl-5.22.4/.cpanplus/5.22.4/build/k6rmo2csF7/Data-Validate-Sanctions-0.15/blib/lib/Data/Validate/Sanctions/Fetcher.pm line 218, near "->@*"
	(Missing operator before @*?)
Array found where operator expected at /home/cpan/pit/bare-qm/conf/perl-5.22.4/.cpanplus/5.22.4/build/k6rmo2csF7/Data-Validate-Sanctions-0.15/blib/lib/Data/Validate/Sanctions/Fetcher.pm line 221, near "->@*"
	(Missing operator before @*?)
Array found where operator expected at /home/cpan/pit/bare-qm/conf/perl-5.22.4/.cpanplus/5.22.4/build/k6rmo2csF7/Data-Validate-Sanctions-0.15/blib/lib/Data/Validate/Sanctions/Fetcher.pm line 223, near "->@*"
	(Missing operator before @*?)
syntax error at /home/cpan/pit/bare-qm/conf/perl-5.22.4/.cpanplus/5.22.4/build/k6rmo2csF7/Data-Validate-Sanctions-0.15/blib/lib/Data/Validate/Sanctions/Fetcher.pm line 172, near "->@*"
syntax error at /home/cpan/pit/bare-qm/conf/perl-5.22.4/.cpanplus/5.22.4/build/k6rmo2csF7/Data-Validate-Sanctions-0.15/blib/lib/Data/Validate/Sanctions/Fetcher.pm line 204, near "->@*"
syntax error at /home/cpan/pit/bare-qm/conf/perl-5.22.4/.cpanplus/5.22.4/build/k6rmo2csF7/Data-Validate-Sanctions-0.15/blib/lib/Data/Validate/Sanctions/Fetcher.pm line 205, near "->@*"
syntax error at /home/cpan/pit/bare-qm/conf/perl-5.22.4/.cpanplus/5.22.4/build/k6rmo2csF7/Data-Validate-Sanctions-0.15/blib/lib/Data/Validate/Sanctions/Fetcher.pm line 209, near "->@*"
syntax error at /home/cpan/pit/bare-qm/conf/perl-5.22.4/.cpanplus/5.22.4/build/k6rmo2csF7/Data-Validate-Sanctions-0.15/blib/lib/Data/Validate/Sanctions/Fetcher.pm line 212, near "->@*"
syntax error at /home/cpan/pit/bare-qm/conf/perl-5.22.4/.cpanplus/5.22.4/build/k6rmo2csF7/Data-Validate-Sanctions-0.15/blib/lib/Data/Validate/Sanctions/Fetcher.pm line 218, near "->@*"
syntax error at /home/cpan/pit/bare-qm/conf/perl-5.22.4/.cpanplus/5.22.4/build/k6rmo2csF7/Data-Validate-Sanctions-0.15/blib/lib/Data/Validate/Sanctions/Fetcher.pm line 221, near "->@* "
syntax error at /home/cpan/pit/bare-qm/conf/perl-5.22.4/.cpanplus/5.22.4/build/k6rmo2csF7/Data-Validate-Sanctions-0.15/blib/lib/Data/Validate/Sanctions/Fetcher.pm line 223, near "->@*"
Global symbol "$dataset" requires explicit package name (did you forget to declare "my $dataset"?) at /home/cpan/pit/bare-qm/conf/perl-5.22.4/.cpanplus/5.22.4/build/k6rmo2csF7/Data-Validate-Sanctions-0.15/blib/lib/Data/Validate/Sanctions/Fetcher.pm line 225.
syntax error at /home/cpan/pit/bare-qm/conf/perl-5.22.4/.cpanplus/5.22.4/build/k6rmo2csF7/Data-Validate-Sanctions-0.15/blib/lib/Data/Validate/Sanctions/Fetcher.pm line 226, near "}"
/home/cpan/pit/bare-qm/conf/perl-5.22.4/.cpanplus/5.22.4/build/k6rmo2csF7/Data-Validate-Sanctions-0.15/blib/lib/Data/Validate/Sanctions/Fetcher.pm has too many errors.
Compilation failed in require at -e line 1.

#   Failed test 'Data/Validate/Sanctions/Redis.pm loaded ok'
#   at t/00-compile.t line 47.
#          got: '65280'
#     expected: '0'
Array found where operator expected at /home/cpan/pit/bare-qm/conf/perl-5.22.4/.cpanplus/5.22.4/build/k6rmo2csF7/Data-Validate-Sanctions-0.15/blib/lib/Data/Validate/Sanctions/Fetcher.pm line 172, near "->@*"
	(Missing operator before @*?)
Array found where operator expected at /home/cpan/pit/bare-qm/conf/perl-5.22.4/.cpanplus/5.22.4/build/k6rmo2csF7/Data-Validate-Sanctions-0.15/blib/lib/Data/Validate/Sanctions/Fetcher.pm line 204, near "->@*"
	(Missing operator before @*?)
Array found where operator expected at /home/cpan/pit/bare-qm/conf/perl-5.22.4/.cpanplus/5.22.4/build/k6rmo2csF7/Data-Validate-Sanctions-0.15/blib/lib/Data/Validate/Sanctions/Fetcher.pm line 205, near "->@*"
	(Missing operator before @*?)
Array found where operator expected at /home/cpan/pit/bare-qm/conf/perl-5.22.4/.cpanplus/5.22.4/build/k6rmo2csF7/Data-Validate-Sanctions-0.15/blib/lib/Data/Validate/Sanctions/Fetcher.pm line 209, near "->@*"
	(Missing operator before @*?)
Array found where operator expected at /home/cpan/pit/bare-qm/conf/perl-5.22.4/.cpanplus/5.22.4/build/k6rmo2csF7/Data-Validate-Sanctions-0.15/blib/lib/Data/Validate/Sanctions/Fetcher.pm line 212, near "->@*"
	(Missing operator before @*?)
Array found where operator expected at /home/cpan/pit/bare-qm/conf/perl-5.22.4/.cpanplus/5.22.4/build/k6rmo2csF7/Data-Validate-Sanctions-0.15/blib/lib/Data/Validate/Sanctions/Fetcher.pm line 218, near "->@*"
	(Missing operator before @*?)
Array found where operator expected at /home/cpan/pit/bare-qm/conf/perl-5.22.4/.cpanplus/5.22.4/build/k6rmo2csF7/Data-Validate-Sanctions-0.15/blib/lib/Data/Validate/Sanctions/Fetcher.pm line 221, near "->@*"
	(Missing operator before @*?)
Array found where operator expected at /home/cpan/pit/bare-qm/conf/perl-5.22.4/.cpanplus/5.22.4/build/k6rmo2csF7/Data-Validate-Sanctions-0.15/blib/lib/Data/Validate/Sanctions/Fetcher.pm line 223, near "->@*"
	(Missing operator before @*?)
syntax error at /home/cpan/pit/bare-qm/conf/perl-5.22.4/.cpanplus/5.22.4/build/k6rmo2csF7/Data-Validate-Sanctions-0.15/blib/lib/Data/Validate/Sanctions/Fetcher.pm line 172, near "->@*"
syntax error at /home/cpan/pit/bare-qm/conf/perl-5.22.4/.cpanplus/5.22.4/build/k6rmo2csF7/Data-Validate-Sanctions-0.15/blib/lib/Data/Validate/Sanctions/Fetcher.pm line 204, near "->@*"
syntax error at /home/cpan/pit/bare-qm/conf/perl-5.22.4/.cpanplus/5.22.4/build/k6rmo2csF7/Data-Validate-Sanctions-0.15/blib/lib/Data/Validate/Sanctions/Fetcher.pm line 205, near "->@*"
syntax error at /home/cpan/pit/bare-qm/conf/perl-5.22.4/.cpanplus/5.22.4/build/k6rmo2csF7/Data-Validate-Sanctions-0.15/blib/lib/Data/Validate/Sanctions/Fetcher.pm line 209, near "->@*"
syntax error at /home/cpan/pit/bare-qm/conf/perl-5.22.4/.cpanplus/5.22.4/build/k6rmo2csF7/Data-Validate-Sanctions-0.15/blib/lib/Data/Validate/Sanctions/Fetcher.pm line 212, near "->@*"
syntax error at /home/cpan/pit/bare-qm/conf/perl-5.22.4/.cpanplus/5.22.4/build/k6rmo2csF7/Data-Validate-Sanctions-0.15/blib/lib/Data/Validate/Sanctions/Fetcher.pm line 218, near "->@*"
syntax error at /home/cpan/pit/bare-qm/conf/perl-5.22.4/.cpanplus/5.22.4/build/k6rmo2csF7/Data-Validate-Sanctions-0.15/blib/lib/Data/Validate/Sanctions/Fetcher.pm line 221, near "->@* "
syntax error at /home/cpan/pit/bare-qm/conf/perl-5.22.4/.cpanplus/5.22.4/build/k6rmo2csF7/Data-Validate-Sanctions-0.15/blib/lib/Data/Validate/Sanctions/Fetcher.pm line 223, near "->@*"
Global symbol "$dataset" requires explicit package name (did you forget to declare "my $dataset"?) at /home/cpan/pit/bare-qm/conf/perl-5.22.4/.cpanplus/5.22.4/build/k6rmo2csF7/Data-Validate-Sanctions-0.15/blib/lib/Data/Validate/Sanctions/Fetcher.pm line 225.
syntax error at /home/cpan/pit/bare-qm/conf/perl-5.22.4/.cpanplus/5.22.4/build/k6rmo2csF7/Data-Validate-Sanctions-0.15/blib/lib/Data/Validate/Sanctions/Fetcher.pm line 226, near "}"
/home/cpan/pit/bare-qm/conf/perl-5.22.4/.cpanplus/5.22.4/build/k6rmo2csF7/Data-Validate-Sanctions-0.15/blib/lib/Data/Validate/Sanctions/Fetcher.pm has too many errors.
Compilation failed in require at /home/cpan/pit/bare-qm/conf/perl-5.22.4/.cpanplus/5.22.4/build/k6rmo2csF7/Data-Validate-Sanctions-0.15/blib/lib/Data/Validate/Sanctions.pm line 11.
BEGIN failed--compilation aborted at /home/cpan/pit/bare-qm/conf/perl-5.22.4/.cpanplus/5.22.4/build/k6rmo2csF7/Data-Validate-Sanctions-0.15/blib/lib/Data/Validate/Sanctions.pm line 11.
Compilation failed in require at /home/cpan/pit/bare-qm/perl-5.22.4/lib/5.22.4/parent.pm line 20.
BEGIN failed--compilation aborted at /home/cpan/pit/bare-qm/conf/perl-5.22.4/.cpanplus/5.22.4/build/k6rmo2csF7/Data-Validate-Sanctions-0.15/blib/lib/Data/Validate/Sanctions/Redis.pm line 6.
Compilation failed in require at -e line 1.

#   Failed test 'bin/update_sanctions_csv compiled ok'
#   at t/00-compile.t line 80.
#          got: '65280'
#     expected: '0'
Array found where operator expected at /home/cpan/pit/bare-qm/conf/perl-5.22.4/.cpanplus/5.22.4/build/k6rmo2csF7/Data-Validate-Sanctions-0.15/blib/lib/Data/Validate/Sanctions/Fetcher.pm line 172, near "->@*"	(Missing operator before @*?)Array found where operator expected at /home/cpan/pit/bare-qm/conf/perl-5.22.4/.cpanplus/5.22.4/build/k6rmo2csF7/Data-Validate-Sanctions-0.15/blib/lib/Data/Validate/Sanctions/Fetcher.pm line 204, near "->@*"	(Missing operator before @*?)Array found where operator expected at /home/cpan/pit/bare-qm/conf/perl-5.22.4/.cpanplus/5.22.4/build/k6rmo2csF7/Data-Validate-Sanctions-0.15/blib/lib/Data/Validate/Sanctions/Fetcher.pm line 205, near "->@*"	(Missing operator before @*?)Array found where operator expected at /home/cpan/pit/bare-qm/conf/perl-5.22.4/.cpanplus/5.22.4/build/k6rmo2csF7/Data-Validate-Sanctions-0.15/blib/lib/Data/Validate/Sanctions/Fetcher.pm line 209, near "->@*"	(Missing operator before @*?)Array found where operator expected at /home/cpan/pit/bare-qm/conf/perl-5.22.4/.cpanplus/5.22.4/build/k6rmo2csF7/Data-Validate-Sanctions-0.15/blib/lib/Data/Validate/Sanctions/Fetcher.pm line 212, near "->@*"	(Missing operator before @*?)Array found where operator expected at /home/cpan/pit/bare-qm/conf/perl-5.22.4/.cpanplus/5.22.4/build/k6rmo2csF7/Data-Validate-Sanctions-0.15/blib/lib/Data/Validate/Sanctions/Fetcher.pm line 218, near "->@*"	(Missing operator before @*?)Array found where operator expected at /home/cpan/pit/bare-qm/conf/perl-5.22.4/.cpanplus/5.22.4/build/k6rmo2csF7/Data-Validate-Sanctions-0.15/blib/lib/Data/Validate/Sanctions/Fetcher.pm line 221, near "->@*"	(Missing operator before @*?)Array found where operator expected at /home/cpan/pit/bare-qm/conf/perl-5.22.4/.cpanplus/5.22.4/build/k6rmo2csF7/Data-Validate-Sanctions-0.15/blib/lib/Data/Validate/Sanctions/Fetcher.pm line 223, near "->@*"	(Missing operator before @*?)syntax error at /home/cpan/pit/bare-qm/conf/perl-5.22.4/.cpanplus/5.22.4/build/k6rmo2csF7/Data-Validate-Sanctions-0.15/blib/lib/Data/Validate/Sanctions/Fetcher.pm line 172, near "->@*"syntax error at /home/cpan/pit/bare-qm/conf/perl-5.22.4/.cpanplus/5.22.4/build/k6rmo2csF7/Data-Validate-Sanctions-0.15/blib/lib/Data/Validate/Sanctions/Fetcher.pm line 204, near "->@*"syntax error at /home/cpan/pit/bare-qm/conf/perl-5.22.4/.cpanplus/5.22.4/build/k6rmo2csF7/Data-Validate-Sanctions-0.15/blib/lib/Data/Validate/Sanctions/Fetcher.pm line 205, near "->@*"syntax error at /home/cpan/pit/bare-qm/conf/perl-5.22.4/.cpanplus/5.22.4/build/k6rmo2csF7/Data-Validate-Sanctions-0.15/blib/lib/Data/Validate/Sanctions/Fetcher.pm line 209, near "->@*"syntax error at /home/cpan/pit/bare-qm/conf/perl-5.22.4/.cpanplus/5.22.4/build/k6rmo2csF7/Data-Validate-Sanctions-0.15/blib/lib/Data/Validate/Sanctions/Fetcher.pm line 212, near "->@*"syntax error at /home/cpan/pit/bare-qm/conf/perl-5.22.4/.cpanplus/5.22.4/build/k6rmo2csF7/Data-Validate-Sanctions-0.15/blib/lib/Data/Validate/Sanctions/Fetcher.pm line 218, near "->@*"syntax error at /home/cpan/pit/bare-qm/conf/perl-5.22.4/.cpanplus/5.22.4/build/k6rmo2csF7/Data-Validate-Sanctions-0.15/blib/lib/Data/Validate/Sanctions/Fetcher.pm line 221, near "->@* "syntax error at /home/cpan/pit/bare-qm/conf/perl-5.22.4/.cpanplus/5.22.4/build/k6rmo2csF7/Data-Validate-Sanctions-0.15/blib/lib/Data/Validate/Sanctions/Fetcher.pm line 223, near "->@*"Global symbol "$dataset" requires explicit package name (did you forget to declare "my $dataset"?) at /home/cpan/pit/bare-qm/conf/perl-5.22.4/.cpanplus/5.22.4/build/k6rmo2csF7/Data-Validate-Sanctions-0.15/blib/lib/Data/Validate/Sanctions/Fetcher.pm line 225.syntax error at /home/cpan/pit/bare-qm/conf/perl-5.22.4/.cpanplus/5.22.4/build/k6rmo2csF7/Data-Validate-Sanctions-0.15/blib/lib/Data/Validate/Sanctions/Fetcher.pm line 226, near "}"/home/cpan/pit/bare-qm/conf/perl-5.22.4/.cpanplus/5.22.4/build/k6rmo2csF7/Data-Validate-Sanctions-0.15/blib/lib/Data/Validate/Sanctions/Fetcher.pm has too many errors.Compilation failed in require at /home/cpan/pit/bare-qm/conf/perl-5.22.4/.cpanplus/5.22.4/build/k6rmo2csF7/Data-Validate-Sanctions-0.15/blib/lib/Data/Validate/Sanctions.pm line 11.BEGIN failed--compilation aborted at /home/cpan/pit/bare-qm/conf/perl-5.22.4/.cpanplus/5.22.4/build/k6rmo2csF7/Data-Validate-Sanctions-0.15/blib/lib/Data/Validate/Sanctions.pm line 11.Compilation failed in require at bin/update_sanctions_csv line 7.BEGIN failed--compilation aborted at bin/update_sanctions_csv line 7. at t/00-compile.t line 89, <GEN12> line 31.
# Looks like you failed 4 tests of 4.
t/00-compile.t .......... 
Dubious, test returned 4 (wstat 1024, 0x400)
Failed 4/4 subtests 
# 
# Versions for all modules listed in MYMETA.json (including optional ones):
# 
# === Configure Requires ===
# 
#     Module                  Want Have
#     ----------------------- ---- ----
#     ExtUtils::MakeMaker     7.64 7.64
#     File::ShareDir::Install 0.06 0.14
# 
# === Build Requires ===
# 
#     Module              Want Have
#     ------------------- ---- ----
#     ExtUtils::MakeMaker  any 7.64
# 
# === Test Requires ===
# 
#     Module                    Want       Have
#     ------------------- ---------- ----------
#     Class::Unload              any       0.11
#     ExtUtils::MakeMaker        any       7.64
#     File::Slurp                any    9999.32
#     File::Spec                 any       3.75
#     FindBin                    any       1.51
#     IO::Handle                 any       1.35
#     IPC::Open3                 any       1.18
#     Path::Tiny                 any      0.142
#     RedisDB                   2.57       2.57
#     Test::CheckDeps          0.010      0.010
#     Test::Deep                 any      1.130
#     Test::Exception            any       0.43
#     Test::Fatal                any      0.016
#     Test::MockModule          0.15    0.177.0
#     Test::MockObject    1.20161202 1.20200122
#     Test::MockTime             any       0.17
#     Test::More                0.96   1.302191
#     Test::RedisServer         0.23       0.23
#     Test::Warn                0.23       0.37
#     Test::Warnings           0.026      0.031
#     YAML                       any       1.30
#     utf8                       any       1.17
# 
# === Test Recommends ===
# 
#     Module         Want     Have
#     ---------- -------- --------
#     CPAN::Meta 2.120900 2.150010
# 
# === Runtime Requires ===
# 
#     Module                     Want   Have
#     -------------------------- ---- ------
#     Carp                        any   1.36
#     Clone                       any   0.46
#     Data::Compare               any   1.27
#     Date::Utility               any   1.11
#     DateTime::Format::Strptime  any   1.79
#     Exporter                    any   5.72
#     File::ShareDir              any  1.118
#     File::Temp                  any 0.2311
#     File::stat                  any   1.07
#     FindBin                     any   1.51
#     Getopt::Long               2.42   2.45
#     IO::Uncompress::Unzip       any  2.201
#     JSON::MaybeUTF8             any  2.000
#     List::Util                  any   1.63
#     Locale::Country            3.66   3.72
#     Mojo::UserAgent             any  undef
#     Path::Tiny                  any  0.142
#     Pod::Usage                  any   1.64
#     Scalar::Util                any   1.63
#     Syntax::Keyword::Try       0.18   0.27
#     Text::CSV                   any   2.02
#     Text::Trim                  any   1.04
#     XML::Fast                   any   0.17
#     YAML::XS                    any   0.85
#     parent                      any  0.232
#     strict                      any   1.09
#     warnings                    any   1.34
# 
t/00-report-prereqs.t ... ok
Array found where operator expected at /home/cpan/pit/bare-qm/conf/perl-5.22.4/.cpanplus/5.22.4/build/k6rmo2csF7/Data-Validate-Sanctions-0.15/blib/lib/Data/Validate/Sanctions/Fetcher.pm line 172, near "->@*"
	(Missing operator before @*?)
Array found where operator expected at /home/cpan/pit/bare-qm/conf/perl-5.22.4/.cpanplus/5.22.4/build/k6rmo2csF7/Data-Validate-Sanctions-0.15/blib/lib/Data/Validate/Sanctions/Fetcher.pm line 204, near "->@*"
	(Missing operator before @*?)
Array found where operator expected at /home/cpan/pit/bare-qm/conf/perl-5.22.4/.cpanplus/5.22.4/build/k6rmo2csF7/Data-Validate-Sanctions-0.15/blib/lib/Data/Validate/Sanctions/Fetcher.pm line 205, near "->@*"
	(Missing operator before @*?)
Array found where operator expected at /home/cpan/pit/bare-qm/conf/perl-5.22.4/.cpanplus/5.22.4/build/k6rmo2csF7/Data-Validate-Sanctions-0.15/blib/lib/Data/Validate/Sanctions/Fetcher.pm line 209, near "->@*"
	(Missing operator before @*?)
Array found where operator expected at /home/cpan/pit/bare-qm/conf/perl-5.22.4/.cpanplus/5.22.4/build/k6rmo2csF7/Data-Validate-Sanctions-0.15/blib/lib/Data/Validate/Sanctions/Fetcher.pm line 212, near "->@*"
	(Missing operator before @*?)
Array found where operator expected at /home/cpan/pit/bare-qm/conf/perl-5.22.4/.cpanplus/5.22.4/build/k6rmo2csF7/Data-Validate-Sanctions-0.15/blib/lib/Data/Validate/Sanctions/Fetcher.pm line 218, near "->@*"
	(Missing operator before @*?)
Array found where operator expected at /home/cpan/pit/bare-qm/conf/perl-5.22.4/.cpanplus/5.22.4/build/k6rmo2csF7/Data-Validate-Sanctions-0.15/blib/lib/Data/Validate/Sanctions/Fetcher.pm line 221, near "->@*"
	(Missing operator before @*?)
Array found where operator expected at /home/cpan/pit/bare-qm/conf/perl-5.22.4/.cpanplus/5.22.4/build/k6rmo2csF7/Data-Validate-Sanctions-0.15/blib/lib/Data/Validate/Sanctions/Fetcher.pm line 223, near "->@*"
	(Missing operator before @*?)
syntax error at /home/cpan/pit/bare-qm/conf/perl-5.22.4/.cpanplus/5.22.4/build/k6rmo2csF7/Data-Validate-Sanctions-0.15/blib/lib/Data/Validate/Sanctions/Fetcher.pm line 172, near "->@*"
syntax error at /home/cpan/pit/bare-qm/conf/perl-5.22.4/.cpanplus/5.22.4/build/k6rmo2csF7/Data-Validate-Sanctions-0.15/blib/lib/Data/Validate/Sanctions/Fetcher.pm line 204, near "->@*"
syntax error at /home/cpan/pit/bare-qm/conf/perl-5.22.4/.cpanplus/5.22.4/build/k6rmo2csF7/Data-Validate-Sanctions-0.15/blib/lib/Data/Validate/Sanctions/Fetcher.pm line 205, near "->@*"
syntax error at /home/cpan/pit/bare-qm/conf/perl-5.22.4/.cpanplus/5.22.4/build/k6rmo2csF7/Data-Validate-Sanctions-0.15/blib/lib/Data/Validate/Sanctions/Fetcher.pm line 209, near "->@*"
syntax error at /home/cpan/pit/bare-qm/conf/perl-5.22.4/.cpanplus/5.22.4/build/k6rmo2csF7/Data-Validate-Sanctions-0.15/blib/lib/Data/Validate/Sanctions/Fetcher.pm line 212, near "->@*"
syntax error at /home/cpan/pit/bare-qm/conf/perl-5.22.4/.cpanplus/5.22.4/build/k6rmo2csF7/Data-Validate-Sanctions-0.15/blib/lib/Data/Validate/Sanctions/Fetcher.pm line 218, near "->@*"
syntax error at /home/cpan/pit/bare-qm/conf/perl-5.22.4/.cpanplus/5.22.4/build/k6rmo2csF7/Data-Validate-Sanctions-0.15/blib/lib/Data/Validate/Sanctions/Fetcher.pm line 221, near "->@* "
syntax error at /home/cpan/pit/bare-qm/conf/perl-5.22.4/.cpanplus/5.22.4/build/k6rmo2csF7/Data-Validate-Sanctions-0.15/blib/lib/Data/Validate/Sanctions/Fetcher.pm line 223, near "->@*"
Global symbol "$dataset" requires explicit package name (did you forget to declare "my $dataset"?) at /home/cpan/pit/bare-qm/conf/perl-5.22.4/.cpanplus/5.22.4/build/k6rmo2csF7/Data-Validate-Sanctions-0.15/blib/lib/Data/Validate/Sanctions/Fetcher.pm line 225.
syntax error at /home/cpan/pit/bare-qm/conf/perl-5.22.4/.cpanplus/5.22.4/build/k6rmo2csF7/Data-Validate-Sanctions-0.15/blib/lib/Data/Validate/Sanctions/Fetcher.pm line 226, near "}"
/home/cpan/pit/bare-qm/conf/perl-5.22.4/.cpanplus/5.22.4/build/k6rmo2csF7/Data-Validate-Sanctions-0.15/blib/lib/Data/Validate/Sanctions/Fetcher.pm has too many errors.
Compilation failed in require at /home/cpan/pit/bare-qm/conf/perl-5.22.4/.cpanplus/5.22.4/build/k6rmo2csF7/Data-Validate-Sanctions-0.15/blib/lib/Data/Validate/Sanctions.pm line 11.
BEGIN failed--compilation aborted at /home/cpan/pit/bare-qm/conf/perl-5.22.4/.cpanplus/5.22.4/build/k6rmo2csF7/Data-Validate-Sanctions-0.15/blib/lib/Data/Validate/Sanctions.pm line 11.
Compilation failed in require at t/01_basic.t line 5.
BEGIN failed--compilation aborted at t/01_basic.t line 5.
t/01_basic.t ............ 
Dubious, test returned 255 (wstat 65280, 0xff00)
No subtests run 
Array found where operator expected at /home/cpan/pit/bare-qm/conf/perl-5.22.4/.cpanplus/5.22.4/build/k6rmo2csF7/Data-Validate-Sanctions-0.15/blib/lib/Data/Validate/Sanctions/Fetcher.pm line 172, near "->@*"
	(Missing operator before @*?)
Array found where operator expected at /home/cpan/pit/bare-qm/conf/perl-5.22.4/.cpanplus/5.22.4/build/k6rmo2csF7/Data-Validate-Sanctions-0.15/blib/lib/Data/Validate/Sanctions/Fetcher.pm line 204, near "->@*"
	(Missing operator before @*?)
Array found where operator expected at /home/cpan/pit/bare-qm/conf/perl-5.22.4/.cpanplus/5.22.4/build/k6rmo2csF7/Data-Validate-Sanctions-0.15/blib/lib/Data/Validate/Sanctions/Fetcher.pm line 205, near "->@*"
	(Missing operator before @*?)
Array found where operator expected at /home/cpan/pit/bare-qm/conf/perl-5.22.4/.cpanplus/5.22.4/build/k6rmo2csF7/Data-Validate-Sanctions-0.15/blib/lib/Data/Validate/Sanctions/Fetcher.pm line 209, near "->@*"
	(Missing operator before @*?)
Array found where operator expected at /home/cpan/pit/bare-qm/conf/perl-5.22.4/.cpanplus/5.22.4/build/k6rmo2csF7/Data-Validate-Sanctions-0.15/blib/lib/Data/Validate/Sanctions/Fetcher.pm line 212, near "->@*"
	(Missing operator before @*?)
Array found where operator expected at /home/cpan/pit/bare-qm/conf/perl-5.22.4/.cpanplus/5.22.4/build/k6rmo2csF7/Data-Validate-Sanctions-0.15/blib/lib/Data/Validate/Sanctions/Fetcher.pm line 218, near "->@*"
	(Missing operator before @*?)
Array found where operator expected at /home/cpan/pit/bare-qm/conf/perl-5.22.4/.cpanplus/5.22.4/build/k6rmo2csF7/Data-Validate-Sanctions-0.15/blib/lib/Data/Validate/Sanctions/Fetcher.pm line 221, near "->@*"
	(Missing operator before @*?)
Array found where operator expected at /home/cpan/pit/bare-qm/conf/perl-5.22.4/.cpanplus/5.22.4/build/k6rmo2csF7/Data-Validate-Sanctions-0.15/blib/lib/Data/Validate/Sanctions/Fetcher.pm line 223, near "->@*"
	(Missing operator before @*?)
syntax error at /home/cpan/pit/bare-qm/conf/perl-5.22.4/.cpanplus/5.22.4/build/k6rmo2csF7/Data-Validate-Sanctions-0.15/blib/lib/Data/Validate/Sanctions/Fetcher.pm line 172, near "->@*"
syntax error at /home/cpan/pit/bare-qm/conf/perl-5.22.4/.cpanplus/5.22.4/build/k6rmo2csF7/Data-Validate-Sanctions-0.15/blib/lib/Data/Validate/Sanctions/Fetcher.pm line 204, near "->@*"
syntax error at /home/cpan/pit/bare-qm/conf/perl-5.22.4/.cpanplus/5.22.4/build/k6rmo2csF7/Data-Validate-Sanctions-0.15/blib/lib/Data/Validate/Sanctions/Fetcher.pm line 205, near "->@*"
syntax error at /home/cpan/pit/bare-qm/conf/perl-5.22.4/.cpanplus/5.22.4/build/k6rmo2csF7/Data-Validate-Sanctions-0.15/blib/lib/Data/Validate/Sanctions/Fetcher.pm line 209, near "->@*"
syntax error at /home/cpan/pit/bare-qm/conf/perl-5.22.4/.cpanplus/5.22.4/build/k6rmo2csF7/Data-Validate-Sanctions-0.15/blib/lib/Data/Validate/Sanctions/Fetcher.pm line 212, near "->@*"
syntax error at /home/cpan/pit/bare-qm/conf/perl-5.22.4/.cpanplus/5.22.4/build/k6rmo2csF7/Data-Validate-Sanctions-0.15/blib/lib/Data/Validate/Sanctions/Fetcher.pm line 218, near "->@*"
syntax error at /home/cpan/pit/bare-qm/conf/perl-5.22.4/.cpanplus/5.22.4/build/k6rmo2csF7/Data-Validate-Sanctions-0.15/blib/lib/Data/Validate/Sanctions/Fetcher.pm line 221, near "->@* "
syntax error at /home/cpan/pit/bare-qm/conf/perl-5.22.4/.cpanplus/5.22.4/build/k6rmo2csF7/Data-Validate-Sanctions-0.15/blib/lib/Data/Validate/Sanctions/Fetcher.pm line 223, near "->@*"
Global symbol "$dataset" requires explicit package name (did you forget to declare "my $dataset"?) at /home/cpan/pit/bare-qm/conf/perl-5.22.4/.cpanplus/5.22.4/build/k6rmo2csF7/Data-Validate-Sanctions-0.15/blib/lib/Data/Validate/Sanctions/Fetcher.pm line 225.
syntax error at /home/cpan/pit/bare-qm/conf/perl-5.22.4/.cpanplus/5.22.4/build/k6rmo2csF7/Data-Validate-Sanctions-0.15/blib/lib/Data/Validate/Sanctions/Fetcher.pm line 226, near "}"
/home/cpan/pit/bare-qm/conf/perl-5.22.4/.cpanplus/5.22.4/build/k6rmo2csF7/Data-Validate-Sanctions-0.15/blib/lib/Data/Validate/Sanctions/Fetcher.pm has too many errors.
Compilation failed in require at /home/cpan/pit/bare-qm/conf/perl-5.22.4/.cpanplus/5.22.4/build/k6rmo2csF7/Data-Validate-Sanctions-0.15/blib/lib/Data/Validate/Sanctions.pm line 11.
BEGIN failed--compilation aborted at /home/cpan/pit/bare-qm/conf/perl-5.22.4/.cpanplus/5.22.4/build/k6rmo2csF7/Data-Validate-Sanctions-0.15/blib/lib/Data/Validate/Sanctions.pm line 11.
Compilation failed in require at t/02_env.t line 46.
BEGIN failed--compilation aborted at t/02_env.t line 46.
t/02_env.t .............. 
Dubious, test returned 255 (wstat 65280, 0xff00)
No subtests run 
Array found where operator expected at /home/cpan/pit/bare-qm/conf/perl-5.22.4/.cpanplus/5.22.4/build/k6rmo2csF7/Data-Validate-Sanctions-0.15/blib/lib/Data/Validate/Sanctions/Fetcher.pm line 172, near "->@*"
	(Missing operator before @*?)
Array found where operator expected at /home/cpan/pit/bare-qm/conf/perl-5.22.4/.cpanplus/5.22.4/build/k6rmo2csF7/Data-Validate-Sanctions-0.15/blib/lib/Data/Validate/Sanctions/Fetcher.pm line 204, near "->@*"
	(Missing operator before @*?)
Array found where operator expected at /home/cpan/pit/bare-qm/conf/perl-5.22.4/.cpanplus/5.22.4/build/k6rmo2csF7/Data-Validate-Sanctions-0.15/blib/lib/Data/Validate/Sanctions/Fetcher.pm line 205, near "->@*"
	(Missing operator before @*?)
Array found where operator expected at /home/cpan/pit/bare-qm/conf/perl-5.22.4/.cpanplus/5.22.4/build/k6rmo2csF7/Data-Validate-Sanctions-0.15/blib/lib/Data/Validate/Sanctions/Fetcher.pm line 209, near "->@*"
	(Missing operator before @*?)
Array found where operator expected at /home/cpan/pit/bare-qm/conf/perl-5.22.4/.cpanplus/5.22.4/build/k6rmo2csF7/Data-Validate-Sanctions-0.15/blib/lib/Data/Validate/Sanctions/Fetcher.pm line 212, near "->@*"
	(Missing operator before @*?)
Array found where operator expected at /home/cpan/pit/bare-qm/conf/perl-5.22.4/.cpanplus/5.22.4/build/k6rmo2csF7/Data-Validate-Sanctions-0.15/blib/lib/Data/Validate/Sanctions/Fetcher.pm line 218, near "->@*"
	(Missing operator before @*?)
Array found where operator expected at /home/cpan/pit/bare-qm/conf/perl-5.22.4/.cpanplus/5.22.4/build/k6rmo2csF7/Data-Validate-Sanctions-0.15/blib/lib/Data/Validate/Sanctions/Fetcher.pm line 221, near "->@*"
	(Missing operator before @*?)
Array found where operator expected at /home/cpan/pit/bare-qm/conf/perl-5.22.4/.cpanplus/5.22.4/build/k6rmo2csF7/Data-Validate-Sanctions-0.15/blib/lib/Data/Validate/Sanctions/Fetcher.pm line 223, near "->@*"
	(Missing operator before @*?)
syntax error at /home/cpan/pit/bare-qm/conf/perl-5.22.4/.cpanplus/5.22.4/build/k6rmo2csF7/Data-Validate-Sanctions-0.15/blib/lib/Data/Validate/Sanctions/Fetcher.pm line 172, near "->@*"
syntax error at /home/cpan/pit/bare-qm/conf/perl-5.22.4/.cpanplus/5.22.4/build/k6rmo2csF7/Data-Validate-Sanctions-0.15/blib/lib/Data/Validate/Sanctions/Fetcher.pm line 204, near "->@*"
syntax error at /home/cpan/pit/bare-qm/conf/perl-5.22.4/.cpanplus/5.22.4/build/k6rmo2csF7/Data-Validate-Sanctions-0.15/blib/lib/Data/Validate/Sanctions/Fetcher.pm line 205, near "->@*"
syntax error at /home/cpan/pit/bare-qm/conf/perl-5.22.4/.cpanplus/5.22.4/build/k6rmo2csF7/Data-Validate-Sanctions-0.15/blib/lib/Data/Validate/Sanctions/Fetcher.pm line 209, near "->@*"
syntax error at /home/cpan/pit/bare-qm/conf/perl-5.22.4/.cpanplus/5.22.4/build/k6rmo2csF7/Data-Validate-Sanctions-0.15/blib/lib/Data/Validate/Sanctions/Fetcher.pm line 212, near "->@*"
syntax error at /home/cpan/pit/bare-qm/conf/perl-5.22.4/.cpanplus/5.22.4/build/k6rmo2csF7/Data-Validate-Sanctions-0.15/blib/lib/Data/Validate/Sanctions/Fetcher.pm line 218, near "->@*"
syntax error at /home/cpan/pit/bare-qm/conf/perl-5.22.4/.cpanplus/5.22.4/build/k6rmo2csF7/Data-Validate-Sanctions-0.15/blib/lib/Data/Validate/Sanctions/Fetcher.pm line 221, near "->@* "
syntax error at /home/cpan/pit/bare-qm/conf/perl-5.22.4/.cpanplus/5.22.4/build/k6rmo2csF7/Data-Validate-Sanctions-0.15/blib/lib/Data/Validate/Sanctions/Fetcher.pm line 223, near "->@*"
Global symbol "$dataset" requires explicit package name (did you forget to declare "my $dataset"?) at /home/cpan/pit/bare-qm/conf/perl-5.22.4/.cpanplus/5.22.4/build/k6rmo2csF7/Data-Validate-Sanctions-0.15/blib/lib/Data/Validate/Sanctions/Fetcher.pm line 225.
syntax error at /home/cpan/pit/bare-qm/conf/perl-5.22.4/.cpanplus/5.22.4/build/k6rmo2csF7/Data-Validate-Sanctions-0.15/blib/lib/Data/Validate/Sanctions/Fetcher.pm line 226, near "}"
/home/cpan/pit/bare-qm/conf/perl-5.22.4/.cpanplus/5.22.4/build/k6rmo2csF7/Data-Validate-Sanctions-0.15/blib/lib/Data/Validate/Sanctions/Fetcher.pm has too many errors.
Compilation failed in require at /home/cpan/pit/bare-qm/conf/perl-5.22.4/.cpanplus/5.22.4/build/k6rmo2csF7/Data-Validate-Sanctions-0.15/blib/lib/Data/Validate/Sanctions.pm line 11.
BEGIN failed--compilation aborted at /home/cpan/pit/bare-qm/conf/perl-5.22.4/.cpanplus/5.22.4/build/k6rmo2csF7/Data-Validate-Sanctions-0.15/blib/lib/Data/Validate/Sanctions.pm line 11.
Compilation failed in require at t/03_oo.t line 3.
BEGIN failed--compilation aborted at t/03_oo.t line 3.
t/03_oo.t ............... 
Dubious, test returned 255 (wstat 65280, 0xff00)
No subtests run 
Array found where operator expected at /home/cpan/pit/bare-qm/conf/perl-5.22.4/.cpanplus/5.22.4/build/k6rmo2csF7/Data-Validate-Sanctions-0.15/blib/lib/Data/Validate/Sanctions/Fetcher.pm line 172, near "->@*"
	(Missing operator before @*?)
Array found where operator expected at /home/cpan/pit/bare-qm/conf/perl-5.22.4/.cpanplus/5.22.4/build/k6rmo2csF7/Data-Validate-Sanctions-0.15/blib/lib/Data/Validate/Sanctions/Fetcher.pm line 204, near "->@*"
	(Missing operator before @*?)
Array found where operator expected at /home/cpan/pit/bare-qm/conf/perl-5.22.4/.cpanplus/5.22.4/build/k6rmo2csF7/Data-Validate-Sanctions-0.15/blib/lib/Data/Validate/Sanctions/Fetcher.pm line 205, near "->@*"
	(Missing operator before @*?)
Array found where operator expected at /home/cpan/pit/bare-qm/conf/perl-5.22.4/.cpanplus/5.22.4/build/k6rmo2csF7/Data-Validate-Sanctions-0.15/blib/lib/Data/Validate/Sanctions/Fetcher.pm line 209, near "->@*"
	(Missing operator before @*?)
Array found where operator expected at /home/cpan/pit/bare-qm/conf/perl-5.22.4/.cpanplus/5.22.4/build/k6rmo2csF7/Data-Validate-Sanctions-0.15/blib/lib/Data/Validate/Sanctions/Fetcher.pm line 212, near "->@*"
	(Missing operator before @*?)
Array found where operator expected at /home/cpan/pit/bare-qm/conf/perl-5.22.4/.cpanplus/5.22.4/build/k6rmo2csF7/Data-Validate-Sanctions-0.15/blib/lib/Data/Validate/Sanctions/Fetcher.pm line 218, near "->@*"
	(Missing operator before @*?)
Array found where operator expected at /home/cpan/pit/bare-qm/conf/perl-5.22.4/.cpanplus/5.22.4/build/k6rmo2csF7/Data-Validate-Sanctions-0.15/blib/lib/Data/Validate/Sanctions/Fetcher.pm line 221, near "->@*"
	(Missing operator before @*?)
Array found where operator expected at /home/cpan/pit/bare-qm/conf/perl-5.22.4/.cpanplus/5.22.4/build/k6rmo2csF7/Data-Validate-Sanctions-0.15/blib/lib/Data/Validate/Sanctions/Fetcher.pm line 223, near "->@*"
	(Missing operator before @*?)
syntax error at /home/cpan/pit/bare-qm/conf/perl-5.22.4/.cpanplus/5.22.4/build/k6rmo2csF7/Data-Validate-Sanctions-0.15/blib/lib/Data/Validate/Sanctions/Fetcher.pm line 172, near "->@*"
syntax error at /home/cpan/pit/bare-qm/conf/perl-5.22.4/.cpanplus/5.22.4/build/k6rmo2csF7/Data-Validate-Sanctions-0.15/blib/lib/Data/Validate/Sanctions/Fetcher.pm line 204, near "->@*"
syntax error at /home/cpan/pit/bare-qm/conf/perl-5.22.4/.cpanplus/5.22.4/build/k6rmo2csF7/Data-Validate-Sanctions-0.15/blib/lib/Data/Validate/Sanctions/Fetcher.pm line 205, near "->@*"
syntax error at /home/cpan/pit/bare-qm/conf/perl-5.22.4/.cpanplus/5.22.4/build/k6rmo2csF7/Data-Validate-Sanctions-0.15/blib/lib/Data/Validate/Sanctions/Fetcher.pm line 209, near "->@*"
syntax error at /home/cpan/pit/bare-qm/conf/perl-5.22.4/.cpanplus/5.22.4/build/k6rmo2csF7/Data-Validate-Sanctions-0.15/blib/lib/Data/Validate/Sanctions/Fetcher.pm line 212, near "->@*"
syntax error at /home/cpan/pit/bare-qm/conf/perl-5.22.4/.cpanplus/5.22.4/build/k6rmo2csF7/Data-Validate-Sanctions-0.15/blib/lib/Data/Validate/Sanctions/Fetcher.pm line 218, near "->@*"
syntax error at /home/cpan/pit/bare-qm/conf/perl-5.22.4/.cpanplus/5.22.4/build/k6rmo2csF7/Data-Validate-Sanctions-0.15/blib/lib/Data/Validate/Sanctions/Fetcher.pm line 221, near "->@* "
syntax error at /home/cpan/pit/bare-qm/conf/perl-5.22.4/.cpanplus/5.22.4/build/k6rmo2csF7/Data-Validate-Sanctions-0.15/blib/lib/Data/Validate/Sanctions/Fetcher.pm line 223, near "->@*"
Global symbol "$dataset" requires explicit package name (did you forget to declare "my $dataset"?) at /home/cpan/pit/bare-qm/conf/perl-5.22.4/.cpanplus/5.22.4/build/k6rmo2csF7/Data-Validate-Sanctions-0.15/blib/lib/Data/Validate/Sanctions/Fetcher.pm line 225.
syntax error at /home/cpan/pit/bare-qm/conf/perl-5.22.4/.cpanplus/5.22.4/build/k6rmo2csF7/Data-Validate-Sanctions-0.15/blib/lib/Data/Validate/Sanctions/Fetcher.pm line 226, near "}"
/home/cpan/pit/bare-qm/conf/perl-5.22.4/.cpanplus/5.22.4/build/k6rmo2csF7/Data-Validate-Sanctions-0.15/blib/lib/Data/Validate/Sanctions/Fetcher.pm has too many errors.
Compilation failed in require at /home/cpan/pit/bare-qm/conf/perl-5.22.4/.cpanplus/5.22.4/build/k6rmo2csF7/Data-Validate-Sanctions-0.15/blib/lib/Data/Validate/Sanctions.pm line 11.
BEGIN failed--compilation aborted at /home/cpan/pit/bare-qm/conf/perl-5.22.4/.cpanplus/5.22.4/build/k6rmo2csF7/Data-Validate-Sanctions-0.15/blib/lib/Data/Validate/Sanctions.pm line 11.
Compilation failed in require at t/04_fetcher.t line 6.
BEGIN failed--compilation aborted at t/04_fetcher.t line 6.
t/04_fetcher.t .......... 
Dubious, test returned 255 (wstat 65280, 0xff00)
No subtests run 
Array found where operator expected at /home/cpan/pit/bare-qm/conf/perl-5.22.4/.cpanplus/5.22.4/build/k6rmo2csF7/Data-Validate-Sanctions-0.15/blib/lib/Data/Validate/Sanctions/Fetcher.pm line 172, near "->@*"
	(Missing operator before @*?)
Array found where operator expected at /home/cpan/pit/bare-qm/conf/perl-5.22.4/.cpanplus/5.22.4/build/k6rmo2csF7/Data-Validate-Sanctions-0.15/blib/lib/Data/Validate/Sanctions/Fetcher.pm line 204, near "->@*"
	(Missing operator before @*?)
Array found where operator expected at /home/cpan/pit/bare-qm/conf/perl-5.22.4/.cpanplus/5.22.4/build/k6rmo2csF7/Data-Validate-Sanctions-0.15/blib/lib/Data/Validate/Sanctions/Fetcher.pm line 205, near "->@*"
	(Missing operator before @*?)
Array found where operator expected at /home/cpan/pit/bare-qm/conf/perl-5.22.4/.cpanplus/5.22.4/build/k6rmo2csF7/Data-Validate-Sanctions-0.15/blib/lib/Data/Validate/Sanctions/Fetcher.pm line 209, near "->@*"
	(Missing operator before @*?)
Array found where operator expected at /home/cpan/pit/bare-qm/conf/perl-5.22.4/.cpanplus/5.22.4/build/k6rmo2csF7/Data-Validate-Sanctions-0.15/blib/lib/Data/Validate/Sanctions/Fetcher.pm line 212, near "->@*"
	(Missing operator before @*?)
Array found where operator expected at /home/cpan/pit/bare-qm/conf/perl-5.22.4/.cpanplus/5.22.4/build/k6rmo2csF7/Data-Validate-Sanctions-0.15/blib/lib/Data/Validate/Sanctions/Fetcher.pm line 218, near "->@*"
	(Missing operator before @*?)
Array found where operator expected at /home/cpan/pit/bare-qm/conf/perl-5.22.4/.cpanplus/5.22.4/build/k6rmo2csF7/Data-Validate-Sanctions-0.15/blib/lib/Data/Validate/Sanctions/Fetcher.pm line 221, near "->@*"
	(Missing operator before @*?)
Array found where operator expected at /home/cpan/pit/bare-qm/conf/perl-5.22.4/.cpanplus/5.22.4/build/k6rmo2csF7/Data-Validate-Sanctions-0.15/blib/lib/Data/Validate/Sanctions/Fetcher.pm line 223, near "->@*"
	(Missing operator before @*?)
syntax error at /home/cpan/pit/bare-qm/conf/perl-5.22.4/.cpanplus/5.22.4/build/k6rmo2csF7/Data-Validate-Sanctions-0.15/blib/lib/Data/Validate/Sanctions/Fetcher.pm line 172, near "->@*"
syntax error at /home/cpan/pit/bare-qm/conf/perl-5.22.4/.cpanplus/5.22.4/build/k6rmo2csF7/Data-Validate-Sanctions-0.15/blib/lib/Data/Validate/Sanctions/Fetcher.pm line 204, near "->@*"
syntax error at /home/cpan/pit/bare-qm/conf/perl-5.22.4/.cpanplus/5.22.4/build/k6rmo2csF7/Data-Validate-Sanctions-0.15/blib/lib/Data/Validate/Sanctions/Fetcher.pm line 205, near "->@*"
syntax error at /home/cpan/pit/bare-qm/conf/perl-5.22.4/.cpanplus/5.22.4/build/k6rmo2csF7/Data-Validate-Sanctions-0.15/blib/lib/Data/Validate/Sanctions/Fetcher.pm line 209, near "->@*"
syntax error at /home/cpan/pit/bare-qm/conf/perl-5.22.4/.cpanplus/5.22.4/build/k6rmo2csF7/Data-Validate-Sanctions-0.15/blib/lib/Data/Validate/Sanctions/Fetcher.pm line 212, near "->@*"
syntax error at /home/cpan/pit/bare-qm/conf/perl-5.22.4/.cpanplus/5.22.4/build/k6rmo2csF7/Data-Validate-Sanctions-0.15/blib/lib/Data/Validate/Sanctions/Fetcher.pm line 218, near "->@*"
syntax error at /home/cpan/pit/bare-qm/conf/perl-5.22.4/.cpanplus/5.22.4/build/k6rmo2csF7/Data-Validate-Sanctions-0.15/blib/lib/Data/Validate/Sanctions/Fetcher.pm line 221, near "->@* "
syntax error at /home/cpan/pit/bare-qm/conf/perl-5.22.4/.cpanplus/5.22.4/build/k6rmo2csF7/Data-Validate-Sanctions-0.15/blib/lib/Data/Validate/Sanctions/Fetcher.pm line 223, near "->@*"
Global symbol "$dataset" requires explicit package name (did you forget to declare "my $dataset"?) at /home/cpan/pit/bare-qm/conf/perl-5.22.4/.cpanplus/5.22.4/build/k6rmo2csF7/Data-Validate-Sanctions-0.15/blib/lib/Data/Validate/Sanctions/Fetcher.pm line 225.
syntax error at /home/cpan/pit/bare-qm/conf/perl-5.22.4/.cpanplus/5.22.4/build/k6rmo2csF7/Data-Validate-Sanctions-0.15/blib/lib/Data/Validate/Sanctions/Fetcher.pm line 226, near "}"
/home/cpan/pit/bare-qm/conf/perl-5.22.4/.cpanplus/5.22.4/build/k6rmo2csF7/Data-Validate-Sanctions-0.15/blib/lib/Data/Validate/Sanctions/Fetcher.pm has too many errors.
Compilation failed in require at /home/cpan/pit/bare-qm/conf/perl-5.22.4/.cpanplus/5.22.4/build/k6rmo2csF7/Data-Validate-Sanctions-0.15/blib/lib/Data/Validate/Sanctions.pm line 11.
BEGIN failed--compilation aborted at /home/cpan/pit/bare-qm/conf/perl-5.22.4/.cpanplus/5.22.4/build/k6rmo2csF7/Data-Validate-Sanctions-0.15/blib/lib/Data/Validate/Sanctions.pm line 11.
Compilation failed in require at /home/cpan/pit/bare-qm/perl-5.22.4/lib/5.22.4/parent.pm line 20.
BEGIN failed--compilation aborted at /home/cpan/pit/bare-qm/conf/perl-5.22.4/.cpanplus/5.22.4/build/k6rmo2csF7/Data-Validate-Sanctions-0.15/blib/lib/Data/Validate/Sanctions/Redis.pm line 6.
Compilation failed in require at t/05_sanctions_redis.t line 17.
BEGIN failed--compilation aborted at t/05_sanctions_redis.t line 17.
t/05_sanctions_redis.t .. 
Dubious, test returned 255 (wstat 65280, 0xff00)
No subtests run 
Array found where operator expected at /home/cpan/pit/bare-qm/conf/perl-5.22.4/.cpanplus/5.22.4/build/k6rmo2csF7/Data-Validate-Sanctions-0.15/blib/lib/Data/Validate/Sanctions/Fetcher.pm line 172, near "->@*"
	(Missing operator before @*?)
Array found where operator expected at /home/cpan/pit/bare-qm/conf/perl-5.22.4/.cpanplus/5.22.4/build/k6rmo2csF7/Data-Validate-Sanctions-0.15/blib/lib/Data/Validate/Sanctions/Fetcher.pm line 204, near "->@*"
	(Missing operator before @*?)
Array found where operator expected at /home/cpan/pit/bare-qm/conf/perl-5.22.4/.cpanplus/5.22.4/build/k6rmo2csF7/Data-Validate-Sanctions-0.15/blib/lib/Data/Validate/Sanctions/Fetcher.pm line 205, near "->@*"
	(Missing operator before @*?)
Array found where operator expected at /home/cpan/pit/bare-qm/conf/perl-5.22.4/.cpanplus/5.22.4/build/k6rmo2csF7/Data-Validate-Sanctions-0.15/blib/lib/Data/Validate/Sanctions/Fetcher.pm line 209, near "->@*"
	(Missing operator before @*?)
Array found where operator expected at /home/cpan/pit/bare-qm/conf/perl-5.22.4/.cpanplus/5.22.4/build/k6rmo2csF7/Data-Validate-Sanctions-0.15/blib/lib/Data/Validate/Sanctions/Fetcher.pm line 212, near "->@*"
	(Missing operator before @*?)
Array found where operator expected at /home/cpan/pit/bare-qm/conf/perl-5.22.4/.cpanplus/5.22.4/build/k6rmo2csF7/Data-Validate-Sanctions-0.15/blib/lib/Data/Validate/Sanctions/Fetcher.pm line 218, near "->@*"
	(Missing operator before @*?)
Array found where operator expected at /home/cpan/pit/bare-qm/conf/perl-5.22.4/.cpanplus/5.22.4/build/k6rmo2csF7/Data-Validate-Sanctions-0.15/blib/lib/Data/Validate/Sanctions/Fetcher.pm line 221, near "->@*"
	(Missing operator before @*?)
Array found where operator expected at /home/cpan/pit/bare-qm/conf/perl-5.22.4/.cpanplus/5.22.4/build/k6rmo2csF7/Data-Validate-Sanctions-0.15/blib/lib/Data/Validate/Sanctions/Fetcher.pm line 223, near "->@*"
	(Missing operator before @*?)
syntax error at /home/cpan/pit/bare-qm/conf/perl-5.22.4/.cpanplus/5.22.4/build/k6rmo2csF7/Data-Validate-Sanctions-0.15/blib/lib/Data/Validate/Sanctions/Fetcher.pm line 172, near "->@*"
syntax error at /home/cpan/pit/bare-qm/conf/perl-5.22.4/.cpanplus/5.22.4/build/k6rmo2csF7/Data-Validate-Sanctions-0.15/blib/lib/Data/Validate/Sanctions/Fetcher.pm line 204, near "->@*"
syntax error at /home/cpan/pit/bare-qm/conf/perl-5.22.4/.cpanplus/5.22.4/build/k6rmo2csF7/Data-Validate-Sanctions-0.15/blib/lib/Data/Validate/Sanctions/Fetcher.pm line 205, near "->@*"
syntax error at /home/cpan/pit/bare-qm/conf/perl-5.22.4/.cpanplus/5.22.4/build/k6rmo2csF7/Data-Validate-Sanctions-0.15/blib/lib/Data/Validate/Sanctions/Fetcher.pm line 209, near "->@*"
syntax error at /home/cpan/pit/bare-qm/conf/perl-5.22.4/.cpanplus/5.22.4/build/k6rmo2csF7/Data-Validate-Sanctions-0.15/blib/lib/Data/Validate/Sanctions/Fetcher.pm line 212, near "->@*"
syntax error at /home/cpan/pit/bare-qm/conf/perl-5.22.4/.cpanplus/5.22.4/build/k6rmo2csF7/Data-Validate-Sanctions-0.15/blib/lib/Data/Validate/Sanctions/Fetcher.pm line 218, near "->@*"
syntax error at /home/cpan/pit/bare-qm/conf/perl-5.22.4/.cpanplus/5.22.4/build/k6rmo2csF7/Data-Validate-Sanctions-0.15/blib/lib/Data/Validate/Sanctions/Fetcher.pm line 221, near "->@* "
syntax error at /home/cpan/pit/bare-qm/conf/perl-5.22.4/.cpanplus/5.22.4/build/k6rmo2csF7/Data-Validate-Sanctions-0.15/blib/lib/Data/Validate/Sanctions/Fetcher.pm line 223, near "->@*"
Global symbol "$dataset" requires explicit package name (did you forget to declare "my $dataset"?) at /home/cpan/pit/bare-qm/conf/perl-5.22.4/.cpanplus/5.22.4/build/k6rmo2csF7/Data-Validate-Sanctions-0.15/blib/lib/Data/Validate/Sanctions/Fetcher.pm line 225.
syntax error at /home/cpan/pit/bare-qm/conf/perl-5.22.4/.cpanplus/5.22.4/build/k6rmo2csF7/Data-Validate-Sanctions-0.15/blib/lib/Data/Validate/Sanctions/Fetcher.pm line 226, near "}"
/home/cpan/pit/bare-qm/conf/perl-5.22.4/.cpanplus/5.22.4/build/k6rmo2csF7/Data-Validate-Sanctions-0.15/blib/lib/Data/Validate/Sanctions/Fetcher.pm has too many errors.
Compilation failed in require at t/06_fetcher_sources.t line 4.
BEGIN failed--compilation aborted at t/06_fetcher_sources.t line 4.
t/06_fetcher_sources.t .. 
Dubious, test returned 255 (wstat 65280, 0xff00)
No subtests run 

Test Summary Report
-------------------
t/00-compile.t        (Wstat: 1024 (exited 4) Tests: 4 Failed: 4)
  Failed tests:  1-4
  Non-zero exit status: 4
t/01_basic.t          (Wstat: 65280 (exited 255) Tests: 0 Failed: 0)
  Non-zero exit status: 255
  Parse errors: No plan found in TAP output
t/02_env.t            (Wstat: 65280 (exited 255) Tests: 0 Failed: 0)
  Non-zero exit status: 255
  Parse errors: No plan found in TAP output
t/03_oo.t             (Wstat: 65280 (exited 255) Tests: 0 Failed: 0)
  Non-zero exit status: 255
  Parse errors: No plan found in TAP output
t/04_fetcher.t        (Wstat: 65280 (exited 255) Tests: 0 Failed: 0)
  Non-zero exit status: 255
  Parse errors: No plan found in TAP output
t/05_sanctions_redis.t (Wstat: 65280 (exited 255) Tests: 0 Failed: 0)
  Non-zero exit status: 255
  Parse errors: No plan found in TAP output
t/06_fetcher_sources.t (Wstat: 65280 (exited 255) Tests: 0 Failed: 0)
  Non-zero exit status: 255
  Parse errors: No plan found in TAP output
Files=9, Tests=58,  7 wallclock secs ( 0.02 usr  0.02 sys +  5.77 cusr  0.56 csys =  6.37 CPU)
Result: FAIL
Failed 7/9 test programs. 4/58 subtests failed.
make: *** [Makefile:975: test_dynamic] Error 255


PREREQUISITES:

Here is a list of prerequisites you specified and versions we
managed to load:

	  Module Name                        Have     Want
	  Carp                               1.36        0
	  Class::Unload                      0.11        0
	  Clone                              0.46        0
	  Data::Compare                      1.27        0
	  Date::Utility                      1.11        0
	  DateTime::Format::Strptime         1.79        0
	  Exporter                           5.72        0
	  ExtUtils::MakeMaker                7.64        0
	  File::ShareDir                    1.118        0
	  File::Slurp                     9999.32        0
	  File::Spec                         3.75        0
	  File::Temp                       0.2311        0
	  File::stat                         1.07        0
	  FindBin                            1.51        0
	  Getopt::Long                       2.45     2.42
	  IO::Handle                         1.35        0
	  IO::Uncompress::Unzip             2.201        0
	  IPC::Open3                         1.18        0
	  JSON::MaybeUTF8                   2.000        0
	  List::Util                         1.63        0
	  Locale::Country                    3.72     3.66
	  Mojo::UserAgent                       0        0
	  Path::Tiny                        0.142        0
	  Pod::Usage                         1.64        0
	  RedisDB                            2.57     2.57
	  Scalar::Util                       1.63        0
	  Syntax::Keyword::Try               0.27     0.18
	  Test::CheckDeps                   0.010    0.010
	  Test::Deep                        1.130        0
	  Test::Exception                    0.43        0
	  Test::Fatal                       0.016        0
	  Test::MockModule                0.177.0     0.15
	  Test::MockObject               1.20200122 1.20161202
	  Test::MockTime                     0.17        0
	  Test::More                     1.302191     0.96
	  Test::RedisServer                  0.23     0.23
	  Test::Warn                         0.37     0.23
	  Test::Warnings                    0.031    0.026
	  Text::CSV                          2.02        0
	  Text::Trim                         1.04        0
	  XML::Fast                          0.17        0
	  YAML                               1.30        0
	  YAML::XS                           0.85        0
	  parent                            0.232        0
	  strict                             1.09        0
	  utf8                               1.17        0
	  warnings                           1.34        0

Perl module toolchain versions installed:
	Module Name                        Have
	CPANPLUS                         0.9914
	CPANPLUS::Dist::Build              0.90
	Cwd                                3.75
	ExtUtils::CBuilder             0.280236
	ExtUtils::Command                  7.64
	ExtUtils::Install                  2.20
	ExtUtils::MakeMaker                7.64
	ExtUtils::Manifest                 1.73
	ExtUtils::ParseXS                  3.44
	File::Spec                         3.75
	Module::Build                    0.4231
	Pod::Parser                        1.63
	Pod::Simple                        3.29
	Test2                          1.302191
	Test::Harness                      3.44
	Test::More                     1.302191
	version                          0.9929

******************************** NOTE ********************************
The comments above are created mechanically, possibly without manual
checking by the sender.  As there are many people performing automatic
tests on each upload to CPAN, it is likely that you will receive
identical messages about the same problem.

If you believe that the message is mistaken, please reply to the first
one with correction and/or additional informations, and do not take
it personally.  We appreciate your patience. :)
**********************************************************************

Additional comments:


This report was machine-generated by CPANPLUS::Dist::YACSmoke 1.08.
Powered by minismokebox version 0.68

CPANPLUS is prefering Build.PL

------------------------------
ENVIRONMENT AND OTHER CONTEXT
------------------------------

Environment variables:

    AUTOMATED_TESTING = 1
    LANG = en_GB.UTF-8
    LANGUAGE = en_GB:en
    NONINTERACTIVE_TESTING = 1
    PATH = /home/cpan/pit/bare-qm/conf/perl-5.22.4/.cpanplus/5.22.4/build/k6rmo2csF7/Data-Validate-Sanctions-0.15/blib/script:/usr/local/sbin:/usr/local/bin:/usr/sbin:/usr/bin:/sbin:/bin:/usr/games:/usr/local/games:/snap/bin
    PERL5LIB = /home/cpan/pit/jail/uhGbzWBGD4/lib/perl5:/home/cpan/pit/bare-qm/conf/perl-5.22.4/.cpanplus/5.22.4/build/k6rmo2csF7/Data-Validate-Sanctions-0.15/blib/lib:/home/cpan/pit/bare-qm/conf/perl-5.22.4/.cpanplus/5.22.4/build/k6rmo2csF7/Data-Validate-Sanctions-0.15/blib/arch
    PERL5_CPANPLUS_IS_RUNNING = 2446604
    PERL5_CPANPLUS_IS_VERSION = 0.9914
    PERL5_MINISMOKEBOX = 0.68
    PERL5_YACSMOKE_BASE = /home/cpan/pit/bare-qm/conf/perl-5.22.4
    PERL_EXTUTILS_AUTOINSTALL = --defaultdeps
    PERL_LOCAL_LIB_ROOT = /home/cpan/pit/jail/uhGbzWBGD4
    PERL_MB_OPT = --install_base "/home/cpan/pit/jail/uhGbzWBGD4"
    PERL_MM_OPT = INSTALL_BASE=/home/cpan/pit/jail/uhGbzWBGD4
    PERL_MM_USE_DEFAULT = 1
    SHELL = /bin/bash
    TERM = screen.xterm-256color

Perl special variables (and OS-specific diagnostics, for MSWin32):

    Perl: $^X = /home/cpan/pit/bare-qm/perl-5.22.4/bin/perl
    UID:  $<  = 1001
    EUID: $>  = 1001
    GID:  $(  = 1001 1001
    EGID: $)  = 1001 1001


-------------------------------


--

Summary of my perl5 (revision 5 version 22 subversion 4) configuration:
   
  Platform:
    osname=linux, osvers=5.4.0-26-generic, archname=x86_64-linux-quadmath
    uname='linux uchder 5.4.0-26-generic #30-ubuntu smp mon apr 20 16:58:30 utc 2020 x86_64 x86_64 x86_64 gnulinux '
    config_args='-des -Dprefix=/home/cpan/pit/bare-qm/perl-5.22.4 -Dusequadmath'
    hint=recommended, useposix=true, d_sigaction=define
    useithreads=undef, usemultiplicity=undef
    use64bitint=define, use64bitall=define, uselongdouble=undef
    usemymalloc=n, bincompat5005=undef
  Compiler:
    cc='cc', ccflags ='-fwrapv -fno-strict-aliasing -pipe -fstack-protector-strong -I/usr/local/include -D_LARGEFILE_SOURCE -D_FILE_OFFSET_BITS=64',
    optimize='-O2',
    cppflags='-fwrapv -fno-strict-aliasing -pipe -fstack-protector-strong -I/usr/local/include'
    ccversion='', gccversion='9.3.0', gccosandvers=''
    intsize=4, longsize=8, ptrsize=8, doublesize=8, byteorder=12345678, doublekind=3
    d_longlong=define, longlongsize=8, d_longdbl=define, longdblsize=16, longdblkind=3
    ivtype='long', ivsize=8, nvtype='__float128', nvsize=16, Off_t='off_t', lseeksize=8
    alignbytes=8, prototype=define
  Linker and Libraries:
    ld='cc', ldflags =' -fstack-protector-strong -L/usr/local/lib'
    libpth=/usr/local/lib /usr/include/x86_64-linux-gnu /usr/lib /lib/x86_64-linux-gnu /lib/../lib /usr/lib/x86_64-linux-gnu /usr/lib/../lib /lib
    libs=-lpthread -lnsl -lgdbm -ldl -lm -lcrypt -lutil -lc -lquadmath
    perllibs=-lpthread -lnsl -ldl -lm -lcrypt -lutil -lc -lquadmath
    libc=libc-2.31.so, so=so, useshrplib=false, libperl=libperl.a
    gnulibc_version='2.31'
  Dynamic Linking:
    dlsrc=dl_dlopen.xs, dlext=so, d_dlsymun=undef, ccdlflags='-Wl,-E'
    cccdlflags='-fPIC', lddlflags='-shared -O2 -L/usr/local/lib -fstack-protector-strong'


Characteristics of this binary (from libperl): 
  Compile-time options: HAS_TIMES PERLIO_LAYERS PERL_DONT_CREATE_GVSV
                        PERL_HASH_FUNC_ONE_AT_A_TIME_HARD PERL_MALLOC_WRAP
                        PERL_NEW_COPY_ON_WRITE PERL_PRESERVE_IVUV
                        USE_64_BIT_ALL USE_64_BIT_INT USE_LARGE_FILES
                        USE_LOCALE USE_LOCALE_COLLATE USE_LOCALE_CTYPE
                        USE_LOCALE_NUMERIC USE_LOCALE_TIME USE_PERLIO
                        USE_PERL_ATOF USE_QUADMATH
  Locally applied patches:
	Devel::PatchPerl 1.92
  Built under linux
  Compiled at Apr 28 2020 06:04:05
  %ENV:
    PERL5LIB="/home/cpan/pit/jail/uhGbzWBGD4/lib/perl5:/home/cpan/pit/bare-qm/conf/perl-5.22.4/.cpanplus/5.22.4/build/k6rmo2csF7/Data-Validate-Sanctions-0.15/blib/lib:/home/cpan/pit/bare-qm/conf/perl-5.22.4/.cpanplus/5.22.4/build/k6rmo2csF7/Data-Validate-Sanctions-0.15/blib/arch"
    PERL5_CPANPLUS_IS_RUNNING="2446604"
    PERL5_CPANPLUS_IS_VERSION="0.9914"
    PERL5_MINISMOKEBOX="0.68"
    PERL5_YACSMOKE_BASE="/home/cpan/pit/bare-qm/conf/perl-5.22.4"
    PERL_EXTUTILS_AUTOINSTALL="--defaultdeps"
    PERL_LOCAL_LIB_ROOT="/home/cpan/pit/jail/uhGbzWBGD4"
    PERL_MB_OPT="--install_base "/home/cpan/pit/jail/uhGbzWBGD4""
    PERL_MM_OPT="INSTALL_BASE=/home/cpan/pit/jail/uhGbzWBGD4"
    PERL_MM_USE_DEFAULT="1"
  @INC:
    /home/cpan/pit/jail/uhGbzWBGD4/lib/perl5/5.22.4/x86_64-linux-quadmath
    /home/cpan/pit/jail/uhGbzWBGD4/lib/perl5/5.22.4
    /home/cpan/pit/jail/uhGbzWBGD4/lib/perl5/x86_64-linux-quadmath
    /home/cpan/pit/jail/uhGbzWBGD4/lib/perl5
    /home/cpan/pit/bare-qm/conf/perl-5.22.4/.cpanplus/5.22.4/build/k6rmo2csF7/Data-Validate-Sanctions-0.15/blib/lib
    /home/cpan/pit/bare-qm/conf/perl-5.22.4/.cpanplus/5.22.4/build/k6rmo2csF7/Data-Validate-Sanctions-0.15/blib/arch
    /home/cpan/pit/bare-qm/perl-5.22.4/lib/site_perl/5.22.4/x86_64-linux-quadmath
    /home/cpan/pit/bare-qm/perl-5.22.4/lib/site_perl/5.22.4
    /home/cpan/pit/bare-qm/perl-5.22.4/lib/5.22.4/x86_64-linux-quadmath
    /home/cpan/pit/bare-qm/perl-5.22.4/lib/5.22.4
    .