MongoDB-Simple v0.005 Perl 5 v5.27.8 x86_64-linux

Status
Fail
From
Slaven Rezić (SREZIC)
Dist
MongoDB-Simple v0.005
Platform
Perl 5 v5.27.8 x86_64-linux
Date
2018-01-22 05:46:06
ID
89ea84aa-ff37-11e7-ab0c-d15d1b5f13f9
This distribution has been tested as part of the CPAN Testers
project, supporting the Perl programming language.  See
http://wiki.cpantesters.org/ for more information or email
questions to cpan-testers-discuss@perl.org


--
Dear Ian Kent,

This is a computer-generated report for MongoDB-Simple-0.005
on perl 5.27.8, created by CPAN-Reporter-1.2018.

Thank you for uploading your work to CPAN.  However, there was a problem
testing your distribution.

If you think this report is invalid, please consult the CPAN Testers Wiki
for suggestions on how to avoid getting FAIL reports for missing library
or binary dependencies, unsupported operating systems, and so on:

http://wiki.cpantesters.org/wiki/CPANAuthorNotes

Sections of this report:

    * Tester comments
    * Program output
    * Prerequisites
    * Environment and other context

------------------------------
TESTER COMMENTS
------------------------------

Additional comments from tester:

none provided

------------------------------
PROGRAM OUTPUT
------------------------------

Output from '/usr/bin/make test':

PERL_DL_NONLAZY=1 "/opt/perl-5.27.8/bin/perl5.27.8" "-MExtUtils::Command::MM" "-MTest::Harness" "-e" "undef *Test::Harness::Switches; test_harness(0, 'blib/lib', 'blib/arch')" t/*.t
Experimental push on scalar is now forbidden at t/arrays.t line 47, near "$label;"
Experimental push on scalar is now forbidden at t/arrays.t line 84, near ");"
Experimental push on scalar is now forbidden at t/arrays.t line 118, near "'Push test';"
Experimental unshift on scalar is now forbidden at t/arrays.t line 143, near "'Unshift test';"
Type of arg 1 to Test::Warn::warnings_are must be block or sub {} (not reference constructor) at t/arrays.t line 143, near "'Use of unshift without forceUnshiftOperator generates warning';"
Experimental unshift on scalar is now forbidden at t/arrays.t line 164, near "'Unshift test';"
Type of arg 1 to Test::Warn::warnings_are must be block or sub {} (not reference constructor) at t/arrays.t line 164, near "'Use of unshift with warnOnUnshiftOperator disabled generates no warnings';"
Experimental unshift on scalar is now forbidden at t/arrays.t line 172, near "'Unshift test';"
Experimental pop on scalar is now forbidden at t/arrays.t line 195, near "->tags;"
Experimental shift on scalar is now forbidden at t/arrays.t line 218, near "->tags;"
t/arrays.t has too many errors.
# Looks like your test exited with 255 before it could output anything.
Undefined subroutine &Test2::API::Breakage::pkg_to_file called at /opt/perl-5.27.8/lib/site_perl/5.27.8/Test2/API/Breakage.pm line 72.
END failed--call queue aborted at t/arrays.t line 218.
t/arrays.t ..... 
Dubious, test returned 255 (wstat 65280, 0xff00)
Failed 4/4 subtests 
Experimental push on scalar is now forbidden at t/callbacks.t line 47, near "$label;"
Experimental push on scalar is now forbidden at t/callbacks.t line 129, near ""test";"
Experimental pop on scalar is now forbidden at t/callbacks.t line 133, near "->callbacks;"
Experimental unshift on scalar is now forbidden at t/callbacks.t line 138, near ""unshift";"
Experimental unshift on scalar is now forbidden at t/callbacks.t line 143, near ""real unshift";"
Experimental shift on scalar is now forbidden at t/callbacks.t line 147, near "->callbacks;"
Execution of t/callbacks.t aborted due to compilation errors.
# Looks like your test exited with 255 before it could output anything.
Undefined subroutine &Test2::API::Breakage::pkg_to_file called at /opt/perl-5.27.8/lib/site_perl/5.27.8/Test2/API/Breakage.pm line 72.
END failed--call queue aborted at t/callbacks.t line 151.
t/callbacks.t .. 
Dubious, test returned 255 (wstat 65280, 0xff00)
Failed 2/2 subtests 
Experimental push on scalar is now forbidden at t/objects.t line 47, near "$label;"
Experimental push on scalar is now forbidden at t/objects.t line 155, near "'Inner push';"
Execution of t/objects.t aborted due to compilation errors.
# Looks like your test exited with 255 before it could output anything.
Undefined subroutine &Test2::API::Breakage::pkg_to_file called at /opt/perl-5.27.8/lib/site_perl/5.27.8/Test2/API/Breakage.pm line 72.
END failed--call queue aborted at t/objects.t line 165.
t/objects.t .... 
Dubious, test returned 255 (wstat 65280, 0xff00)
Failed 2/2 subtests 
Experimental push on scalar is now forbidden at t/scalars.t line 47, near "$label;"
Execution of t/scalars.t aborted due to compilation errors.
# Looks like your test exited with 255 before it could output anything.
Undefined subroutine &Test2::API::Breakage::pkg_to_file called at /opt/perl-5.27.8/lib/site_perl/5.27.8/Test2/API/Breakage.pm line 72.
END failed--call queue aborted at t/scalars.t line 119.
t/scalars.t .... 
Dubious, test returned 255 (wstat 65280, 0xff00)
Failed 1/1 subtests 
Experimental push on scalar is now forbidden at t/simple.t line 48, near "$label;"
Experimental push on scalar is now forbidden at t/simple.t line 122, near "$label;"
Execution of t/simple.t aborted due to compilation errors.
# Looks like your test exited with 255 before it could output anything.
Undefined subroutine &Test2::API::Breakage::pkg_to_file called at /opt/perl-5.27.8/lib/site_perl/5.27.8/Test2/API/Breakage.pm line 72.
END failed--call queue aborted at t/simple.t line 182.
t/simple.t ..... 
Dubious, test returned 255 (wstat 65280, 0xff00)
Failed 5/5 subtests 

Test Summary Report
-------------------
t/arrays.t   (Wstat: 65280 Tests: 0 Failed: 0)
  Non-zero exit status: 255
  Parse errors: Bad plan.  You planned 4 tests but ran 0.
t/callbacks.t (Wstat: 65280 Tests: 0 Failed: 0)
  Non-zero exit status: 255
  Parse errors: Bad plan.  You planned 2 tests but ran 0.
t/objects.t  (Wstat: 65280 Tests: 0 Failed: 0)
  Non-zero exit status: 255
  Parse errors: Bad plan.  You planned 2 tests but ran 0.
t/scalars.t  (Wstat: 65280 Tests: 0 Failed: 0)
  Non-zero exit status: 255
  Parse errors: Bad plan.  You planned 1 tests but ran 0.
t/simple.t   (Wstat: 65280 Tests: 0 Failed: 0)
  Non-zero exit status: 255
  Parse errors: Bad plan.  You planned 5 tests but ran 0.
Files=5, Tests=0,  2 wallclock secs ( 0.02 usr  0.01 sys +  2.16 cusr  0.22 csys =  2.41 CPU)
Result: FAIL
Failed 5/5 test programs. 0/0 subtests failed.
Makefile:855: die Regel für Ziel „test_dynamic“ scheiterte
make: *** [test_dynamic] Fehler 255

------------------------------
PREREQUISITES
------------------------------

Prerequisite modules loaded:

requires:

    Module                   Need   Have  
    ------------------------ ------ ------
    DateTime                 1.03   1.45  
    DateTime::Format::W3CDTF 0.06   0.07  
    Exporter                 5.6403 5.72  
    MongoDB                  0.7    v1.8.1
    Switch                   2.16   2.17  
    Tie::Array               1.04   1.07  

build_requires:

    Module                   Need   Have  
    ------------------------ ------ ------
    ExtUtils::MakeMaker      0      7.30  

configure_requires:

    Module                   Need   Have  
    ------------------------ ------ ------
    ExtUtils::MakeMaker      0      7.30  


------------------------------
ENVIRONMENT AND OTHER CONTEXT
------------------------------

Environment variables:

    LANG = C
    LC_ALL = de_DE.UTF-8
    PATH = /usr/local/bin:/usr/bin:/bin:/usr/local/sbin:/usr/sbin:/sbin:/home/cpansand/bin/linux-gnu:/home/cpansand/bin/sh:/home/cpansand/bin:/usr/games:/home/cpansand/devel:/home/eserte/src/srezic-misc/scripts
    PERL5LIB = 
    PERL5OPT = 
    PERL5_CPANPLUS_IS_RUNNING = 9397
    PERL5_CPAN_IS_RUNNING = 9397
    PERL5_CPAN_IS_RUNNING_IN_RECURSION = 31680,9397
    PERLDOC = -MPod::Perldoc::ToTextOverstrike
    PERL_BATCH = yes
    PERL_CANARY_STABILITY_NOPROMPT = 1
    PERL_CPAN_REPORTER_CONFIG = /var/tmp/cpansmoker-1023/2018012200/cpanreporter_001_config.ini
    PERL_EXTUTILS_AUTOINSTALL = --defaultdeps
    PERL_PARALLEL_SMOKER = yes
    PERL_USE_UNSAFE_INC = 1
    SHELL = /usr/bin/zsh
    TERM = screen
    TMPDIR = /var/tmp/cpansmoker-1023/2018012200

Perl special variables (and OS-specific diagnostics, for MSWin32):

    $^X = /opt/perl-5.27.8/bin/perl5.27.8
    $UID/$EUID = 1023 / 1023
    $GID = 1023 1023
    $EGID = 1023 1023

Perl module toolchain versions installed:

    Module              Have    
    ------------------- --------
    CPAN                2.16    
    CPAN::Meta          2.150010
    Cwd                 3.62    
    ExtUtils::CBuilder  0.280230
    ExtUtils::Command   7.30    
    ExtUtils::Install   2.14    
    ExtUtils::MakeMaker 7.30    
    ExtUtils::Manifest  1.70    
    ExtUtils::ParseXS   3.35    
    File::Spec          3.62    
    JSON                2.97001 
    JSON::PP            2.97001 
    Module::Build       0.4224  
    Module::Signature   0.81    
    Parse::CPAN::Meta   2.150010
    Test::Harness       3.39    
    Test::More          1.302120
    YAML                1.24    
    YAML::Syck          1.30    
    version             0.9918  


--

Summary of my perl5 (revision 5 version 27 subversion 8) configuration:
   
  Platform:
    osname=linux
    osvers=4.9.0-3-amd64
    archname=x86_64-linux
    uname='linux debian9 4.9.0-3-amd64 #1 smp debian 4.9.30-2+deb9u5 (2017-09-19) x86_64 gnulinux '
    config_args='-ds -e -Dprefix=/opt/perl-5.27.8 -Dusedevel -Dusemallocwrap=no -Dcf_email=srezic@cpan.org'
    hint=recommended
    useposix=true
    d_sigaction=define
    useithreads=undef
    usemultiplicity=undef
    use64bitint=define
    use64bitall=define
    uselongdouble=undef
    usemymalloc=n
    default_inc_excludes_dot=define
    bincompat5005=undef
  Compiler:
    cc='cc'
    ccflags ='-fwrapv -fno-strict-aliasing -pipe -fstack-protector-strong -I/usr/local/include -D_LARGEFILE_SOURCE -D_FILE_OFFSET_BITS=64 -D_FORTIFY_SOURCE=2'
    optimize='-O2'
    cppflags='-fwrapv -fno-strict-aliasing -pipe -fstack-protector-strong -I/usr/local/include'
    ccversion=''
    gccversion='6.3.0 20170516'
    gccosandvers=''
    intsize=4
    longsize=8
    ptrsize=8
    doublesize=8
    byteorder=12345678
    doublekind=3
    d_longlong=define
    longlongsize=8
    d_longdbl=define
    longdblsize=16
    longdblkind=3
    ivtype='long'
    ivsize=8
    nvtype='double'
    nvsize=8
    Off_t='off_t'
    lseeksize=8
    alignbytes=8
    prototype=define
  Linker and Libraries:
    ld='cc'
    ldflags =' -fstack-protector-strong -L/usr/local/lib'
    libpth=/usr/local/lib /usr/lib/gcc/x86_64-linux-gnu/6/include-fixed /usr/include/x86_64-linux-gnu /usr/lib /lib/x86_64-linux-gnu /lib/../lib /usr/lib/x86_64-linux-gnu /usr/lib/../lib /lib
    libs=-lpthread -lnsl -lgdbm -ldb -ldl -lm -lcrypt -lutil -lc -lgdbm_compat
    perllibs=-lpthread -lnsl -ldl -lm -lcrypt -lutil -lc
    libc=libc-2.24.so
    so=so
    useshrplib=false
    libperl=libperl.a
    gnulibc_version='2.24'
  Dynamic Linking:
    dlsrc=dl_dlopen.xs
    dlext=so
    d_dlsymun=undef
    ccdlflags='-Wl,-E'
    cccdlflags='-fPIC'
    lddlflags='-shared -O2 -L/usr/local/lib -fstack-protector-strong'


Characteristics of this binary (from libperl): 
  Compile-time options:
    HAS_TIMES
    PERLIO_LAYERS
    PERL_COPY_ON_WRITE
    PERL_DONT_CREATE_GVSV
    PERL_OP_PARENT
    PERL_PRESERVE_IVUV
    PERL_USE_DEVEL
    USE_64_BIT_ALL
    USE_64_BIT_INT
    USE_LARGE_FILES
    USE_LOCALE
    USE_LOCALE_COLLATE
    USE_LOCALE_CTYPE
    USE_LOCALE_NUMERIC
    USE_LOCALE_TIME
    USE_PERLIO
    USE_PERL_ATOF
  Built under linux
  Compiled at Jan 20 2018 08:22:29
  %ENV:
    PERL5LIB=""
    PERL5OPT=""
    PERL5_CPANPLUS_IS_RUNNING="9397"
    PERL5_CPAN_IS_RUNNING="9397"
    PERL5_CPAN_IS_RUNNING_IN_RECURSION="31680,9397"
    PERLDOC="-MPod::Perldoc::ToTextOverstrike"
    PERL_BATCH="yes"
    PERL_CANARY_STABILITY_NOPROMPT="1"
    PERL_CPAN_REPORTER_CONFIG="/var/tmp/cpansmoker-1023/2018012200/cpanreporter_001_config.ini"
    PERL_EXTUTILS_AUTOINSTALL="--defaultdeps"
    PERL_PARALLEL_SMOKER="yes"
    PERL_USE_UNSAFE_INC="1"
  @INC:
    /opt/perl-5.27.8/lib/site_perl/5.27.8/x86_64-linux
    /opt/perl-5.27.8/lib/site_perl/5.27.8
    /opt/perl-5.27.8/lib/5.27.8/x86_64-linux
    /opt/perl-5.27.8/lib/5.27.8
    .