Report for Sys-Info-Driver-BSD-0.7801

Back
From: metabase:user:30f4dfbe-2aae-11df-837a-5e0a49663a4f
Subject: FAIL Sys-Info-Driver-BSD-0.7801 v5.22.1 FreeBSD
Date: 2016-01-31T19:05:05Z

This distribution has been tested as part of the CPAN Testers
project, supporting the Perl programming language.  See
http://wiki.cpantesters.org/ for more information or email
questions to cpan-testers-discuss@perl.org


--
Dear Burak Gursoy,

This is a computer-generated report for Sys-Info-Driver-BSD-0.7801
on perl 5.22.1, created by CPAN-Reporter-1.2015.

Thank you for uploading your work to CPAN.  However, there was a problem
testing your distribution.

If you think this report is invalid, please consult the CPAN Testers Wiki
for suggestions on how to avoid getting FAIL reports for missing library
or binary dependencies, unsupported operating systems, and so on:

http://wiki.cpantesters.org/wiki/CPANAuthorNotes

Sections of this report:

    * Tester comments
    * Program output
    * Prerequisites
    * Environment and other context

------------------------------
TESTER COMMENTS
------------------------------

Additional comments from tester:

this report is from an automated smoke testing program
and was not reviewed by a human for accuracy

------------------------------
PROGRAM OUTPUT
------------------------------

Output from './Build test':

Redundant argument in sprintf at /home/njh/.cpan/build/Test-Sys-Info-0.20-URQeJS/blib/lib/Test/Sys/Info/Driver.pm line 22.
Redundant argument in sprintf at /home/njh/.cpan/build/Test-Sys-Info-0.20-URQeJS/blib/lib/Test/Sys/Info/Driver.pm line 22.
Redundant argument in sprintf at /home/njh/.cpan/build/Test-Sys-Info-0.20-URQeJS/blib/lib/Test/Sys/Info/Driver.pm line 22.
t/202-pod-coverage.t .. skipped: Test::Pod::Coverage required for testing pod coverage
Can not happen: hw.model is not defined at /home/njh/.cpan/build/Sys-Info-Driver-BSD-0.7801-0uSP0a/blib/lib/Sys/Info/Driver/BSD/Device/CPU.pm line 24.
# Looks like your test exited with 2 just after 15.
t/03-basic.t .......... 
Dubious, test returned 2 (wstat 512, 0x200)
All 15 subtests passed 
t/201-pod.t ........... ok

Test Summary Report
-------------------
t/03-basic.t        (Wstat: 512 Tests: 15 Failed: 0)
  Non-zero exit status: 2
Files=3, Tests=19,  1 wallclock secs ( 0.37 usr  0.10 sys +  2.04 cusr  0.82 csys =  3.33 CPU)
Result: FAIL
Failed 1/3 test programs. 0/19 subtests failed.

------------------------------
PREREQUISITES
------------------------------

Prerequisite modules loaded:

requires:

    Module           Need   Have    
    ---------------- ------ --------
    BSD::Sysctl      0.08   0.11    
    Sys::Info::Base  0.7801 0.7804  
    Unix::Processors 0      2.044   

build_requires:

    Module           Need   Have    
    ---------------- ------ --------
    Test::More       0.40   1.001014
    Test::Sys::Info  0.20   0.20    

configure_requires:

    Module           Need   Have    
    ---------------- ------ --------
    Module::Build    0.38   0.4214  


------------------------------
ENVIRONMENT AND OTHER CONTEXT
------------------------------

Environment variables:

    AUTOMATED_TESTING = 1
    HARNESS_OPTIONS = j4:c
    PATH = /home/njh/perl5/perlbrew/bin:/home/njh/perl5/perlbrew/perls/perl-5.22.1/bin::/home/njh/perl5/perlbrew/bin:/sbin:/bin:/usr/sbin:/usr/bin:/usr/local/sbin:/usr/local/bin:/home/njh/bin
    PERL5LIB = /home/njh/.cpan/build/Test-Sys-Info-0.20-URQeJS/blib/arch:/home/njh/.cpan/build/Test-Sys-Info-0.20-URQeJS/blib/lib:/home/njh/.cpan/build/Unix-Processors-2.044-4dq6Do/blib/arch:/home/njh/.cpan/build/Unix-Processors-2.044-4dq6Do/blib/lib:/home/njh/.cpan/build/BSD-Sysctl-0.11-fR8oFs/blib/arch:/home/njh/.cpan/build/BSD-Sysctl-0.11-fR8oFs/blib/lib:/home/njh/.cpan/build/Sys-Info-Base-0.7804-Cs_Rjz/blib/arch:/home/njh/.cpan/build/Sys-Info-Base-0.7804-Cs_Rjz/blib/lib:/home/njh/.cpan/build/Filesys-DfPortable-0.85-85xXTV/blib/arch:/home/njh/.cpan/build/Filesys-DfPortable-0.85-85xXTV/blib/lib
    PERL5OPT = 
    PERL5_CPANPLUS_IS_RUNNING = 40125
    PERL5_CPAN_IS_RUNNING = 40125
    PERLBREW_BASHRC_VERSION = 0.74
    PERLBREW_HOME = /home/njh/.perlbrew
    PERLBREW_LIB = 
    PERLBREW_MANPATH = /home/njh/perl5/perlbrew/perls/perl-5.22.1/man
    PERLBREW_PATH = /home/njh/perl5/perlbrew/bin:/home/njh/perl5/perlbrew/perls/perl-5.22.1/bin
    PERLBREW_PERL = perl-5.22.1
    PERLBREW_ROOT = /home/njh/perl5/perlbrew
    PERLBREW_VERSION = 0.74
    PERL_LOCAL_LIB_ROOT = 
    SHELL = /bin/bash
    TERM = xterm
    TMPDIR = /home/njh/tmp

Perl special variables (and OS-specific diagnostics, for MSWin32):

    $^X = /home/njh/perl5/perlbrew/perls/perl-5.22.1/bin/perl5.22.1
    $UID/$EUID = 1000 / 1000
    $GID = 1000 1000 0
    $EGID = 1000 1000 0

Perl module toolchain versions installed:

    Module              Have    
    ------------------- --------
    CPAN                2.11    
    CPAN::Meta          2.150001
    Cwd                 3.56    
    ExtUtils::CBuilder  0.280221
    ExtUtils::Command   7.10    
    ExtUtils::Install   2.04    
    ExtUtils::MakeMaker 7.10    
    ExtUtils::Manifest  1.70    
    ExtUtils::ParseXS   3.28    
    File::Spec          3.56    
    JSON                n/a     
    JSON::PP            2.27300 
    Module::Build       0.4214  
    Module::Signature   n/a     
    Parse::CPAN::Meta   1.4414  
    Test::Harness       3.35    
    Test::More          1.001014
    YAML                1.15    
    YAML::Syck          1.29    
    version             0.9909  


--

Summary of my perl5 (revision 5 version 22 subversion 1) configuration:
   
  Platform:
    osname=freebsd, osvers=11.0-current, archname=arm-freebsd-thread-multi
    uname='freebsd pi2b 11.0-current freebsd 11.0-current #0 r292413: fri dec 18 11:16:56 utc 2015 root@releng2.nyi.freebsd.org:usrobjarm.armv6usrsrcsysrpi2 arm '
    config_args='-de -Dprefix=/home/njh/perl5/perlbrew/perls/perl-5.22.1 -Duseithreads -Dusemultiplicity -Dusedevel -Accflags=-O2 -W -Wformat=2 -Wswitch -Wshadow -Wwrite-strings -Wuninitialized -Wall -pipe -fomit-frame-pointer -D_FORTIFY_SOURCE=2 -Wpointer-arith -Wstrict-prototypes -fstack-protector -Wstack-protector -Wextra -Wbad-function-cast -Wcast-align -Wcast-qual -Wdisabled-optimization -Wendif-labels -Wfloat-equal -Wformat-nonliteral -Winline -Wmissing-declarations -Wmissing-prototypes -Wnested-externs -Wpointer-arith -Wundef -Wformat-security -Aeval:scriptdir=/home/njh/perl5/perlbrew/perls/perl-5.22.1/bin'
    hint=recommended, useposix=true, d_sigaction=define
    useithreads=define, usemultiplicity=define
    use64bitint=undef, use64bitall=undef, uselongdouble=undef
    usemymalloc=n, bincompat5005=undef
  Compiler:
    cc='cc', ccflags ='-DHAS_FPSETMASK -DHAS_FLOATINGPOINT_H -O2 -W -Wformat=2 -Wswitch -Wshadow -Wwrite-strings -Wuninitialized -Wall -pipe -fomit-frame-pointer -D_FORTIFY_SOURCE=2 -Wpointer-arith -Wstrict-prototypes -fstack-protector -Wstack-protector -Wextra -Wbad-function-cast -Wcast-align -Wcast-qual -Wdisabled-optimization -Wendif-labels -Wfloat-equal -Wformat-nonliteral -Winline -Wmissing-declarations -Wmissing-prototypes -Wnested-externs -Wpointer-arith -Wundef -Wformat-security -fno-strict-aliasing -fstack-protector-strong -I/usr/local/include',
    optimize='-O',
    cppflags='-DHAS_FPSETMASK -DHAS_FLOATINGPOINT_H -O2 -W -Wformat=2 -Wswitch -Wshadow -Wwrite-strings -Wuninitialized -Wall -pipe -fomit-frame-pointer -D_FORTIFY_SOURCE=2 -Wpointer-arith -Wstrict-prototypes -fstack-protector -Wstack-protector -Wextra -Wbad-function-cast -Wcast-align -Wcast-qual -Wdisabled-optimization -Wendif-labels -Wfloat-equal -Wformat-nonliteral -Winline -Wmissing-declarations -Wmissing-prototypes -Wnested-externs -Wpointer-arith -Wundef -Wformat-security -fno-strict-aliasing -fstack-protector-strong -I/usr/local/include'
    ccversion='', gccversion='4.2.1 Compatible FreeBSD Clang 3.7.0 (tags/RELEASE_370/final 246257)', gccosandvers=''
    intsize=4, longsize=4, ptrsize=4, doublesize=8, byteorder=1234, doublekind=3
    d_longlong=define, longlongsize=8, d_longdbl=define, longdblsize=8, longdblkind=0
    ivtype='long', ivsize=4, nvtype='double', nvsize=8, Off_t='off_t', lseeksize=8
    alignbytes=8, prototype=define
  Linker and Libraries:
    ld='cc', ldflags ='-pthread -Wl,-E  -fstack-protector-strong -L/usr/local/lib'
    libpth=/usr/lib /usr/local/lib /usr/bin/../lib/clang/3.7.0/lib /usr/lib
    libs=-lpthread -lm -lcrypt -lutil
    perllibs=-lpthread -lm -lcrypt -lutil
    libc=, so=so, useshrplib=false, libperl=libperl.a
    gnulibc_version=''
  Dynamic Linking:
    dlsrc=dl_dlopen.xs, dlext=so, d_dlsymun=undef, ccdlflags=' '
    cccdlflags='-DPIC -fPIC', lddlflags='-shared  -L/usr/local/lib -fstack-protector-strong'


Characteristics of this binary (from libperl): 
  Compile-time options: HAS_TIMES MULTIPLICITY PERLIO_LAYERS
                        PERL_DONT_CREATE_GVSV
                        PERL_HASH_FUNC_ONE_AT_A_TIME_HARD
                        PERL_IMPLICIT_CONTEXT PERL_MALLOC_WRAP
                        PERL_NEW_COPY_ON_WRITE PERL_PRESERVE_IVUV
                        PERL_USE_DEVEL USE_ITHREADS USE_LARGE_FILES
                        USE_LOCALE USE_LOCALE_COLLATE USE_LOCALE_CTYPE
                        USE_LOCALE_NUMERIC USE_LOCALE_TIME USE_PERLIO
                        USE_PERL_ATOF USE_REENTRANT_API
  Locally applied patches:
	Devel::PatchPerl 1.38
  Built under freebsd
  Compiled at Dec 20 2015 13:48:21
  %ENV:
    PERL5LIB="/home/njh/.cpan/build/Test-Sys-Info-0.20-URQeJS/blib/arch:/home/njh/.cpan/build/Test-Sys-Info-0.20-URQeJS/blib/lib:/home/njh/.cpan/build/Unix-Processors-2.044-4dq6Do/blib/arch:/home/njh/.cpan/build/Unix-Processors-2.044-4dq6Do/blib/lib:/home/njh/.cpan/build/BSD-Sysctl-0.11-fR8oFs/blib/arch:/home/njh/.cpan/build/BSD-Sysctl-0.11-fR8oFs/blib/lib:/home/njh/.cpan/build/Sys-Info-Base-0.7804-Cs_Rjz/blib/arch:/home/njh/.cpan/build/Sys-Info-Base-0.7804-Cs_Rjz/blib/lib:/home/njh/.cpan/build/Filesys-DfPortable-0.85-85xXTV/blib/arch:/home/njh/.cpan/build/Filesys-DfPortable-0.85-85xXTV/blib/lib"
    PERL5OPT=""
    PERL5_CPANPLUS_IS_RUNNING="40125"
    PERL5_CPAN_IS_RUNNING="40125"
    PERLBREW_BASHRC_VERSION="0.74"
    PERLBREW_HOME="/home/njh/.perlbrew"
    PERLBREW_LIB=""
    PERLBREW_MANPATH="/home/njh/perl5/perlbrew/perls/perl-5.22.1/man"
    PERLBREW_PATH="/home/njh/perl5/perlbrew/bin:/home/njh/perl5/perlbrew/perls/perl-5.22.1/bin"
    PERLBREW_PERL="perl-5.22.1"
    PERLBREW_ROOT="/home/njh/perl5/perlbrew"
    PERLBREW_VERSION="0.74"
    PERL_LOCAL_LIB_ROOT=""
  @INC:
    /home/njh/.cpan/build/Test-Sys-Info-0.20-URQeJS/blib/arch
    /home/njh/.cpan/build/Test-Sys-Info-0.20-URQeJS/blib/lib
    /home/njh/.cpan/build/Unix-Processors-2.044-4dq6Do/blib/arch
    /home/njh/.cpan/build/Unix-Processors-2.044-4dq6Do/blib/lib
    /home/njh/.cpan/build/BSD-Sysctl-0.11-fR8oFs/blib/arch
    /home/njh/.cpan/build/BSD-Sysctl-0.11-fR8oFs/blib/lib
    /home/njh/.cpan/build/Sys-Info-Base-0.7804-Cs_Rjz/blib/arch
    /home/njh/.cpan/build/Sys-Info-Base-0.7804-Cs_Rjz/blib/lib
    /home/njh/.cpan/build/Filesys-DfPortable-0.85-85xXTV/blib/arch
    /home/njh/.cpan/build/Filesys-DfPortable-0.85-85xXTV/blib/lib
    /home/njh/perl5/perlbrew/perls/perl-5.22.1/lib/site_perl/5.22.1/arm-freebsd-thread-multi
    /home/njh/perl5/perlbrew/perls/perl-5.22.1/lib/site_perl/5.22.1
    /home/njh/perl5/perlbrew/perls/perl-5.22.1/lib/5.22.1/arm-freebsd-thread-multi
    /home/njh/perl5/perlbrew/perls/perl-5.22.1/lib/5.22.1
    .