Back
From: metabase:user:322078bc-2aae-11df-837a-5e0a49663a4f
Subject: FAIL Shell-Perl-0.0024 v5.16.3 FreeBSD
Date: 2017-01-08T20:03:37Z
This distribution has been tested as part of the CPAN Testers
project, supporting the Perl programming language. See
http://wiki.cpantesters.org/ for more information or email
questions to cpan-testers-discuss@perl.org
--
Dear FERREIRA,
This is a computer-generated error report created automatically by
CPANPLUS, version 0.9160. Testers personal comments may appear
at the end of this report.
Thank you for uploading your work to CPAN. However, it appears that
there were some problems testing your distribution.
TEST RESULTS:
Below is the error stack from stage 'make test':
PERL_DL_NONLAZY=1 "/usr/home/cpan/pit/thr/perl-5.16.3/bin/perl" "-MExtUtils::Command::MM" "-MTest::Harness" "-e" "undef *Test::Harness::Switches; test_harness(0, 'blib/lib', 'blib/arch')" t/*.t
# Failed test 'use Shell::Perl;'
# at t/01use.t line 5.
# Tried to use 'Shell::Perl'.
# Error: Getopt::Long: unknown config parameter "bundling_values" at /usr/home/cpan/pit/thr/perl-5.16.3/lib/5.16.3/Getopt/Long.pm line 1371.
# BEGIN failed--compilation aborted at /usr/home/cpan/pit/thr/conf/perl-5.16.3/.cpanplus/5.16.3/build/1cLosVuoTY/Shell-Perl-0.0024/blib/lib/Shell/Perl.pm line 21.
# Compilation failed in require at t/01use.t line 5.
# BEGIN failed--compilation aborted at t/01use.t line 5.
# Testing Shell::Perl , Perl 5.016003, /usr/home/cpan/pit/thr/perl-5.16.3/bin/perl
# Looks like you failed 1 test of 1.
t/01use.t ...........
Dubious, test returned 1 (wstat 256, 0x100)
Failed 1/1 subtests
# Failed test 'use Shell::Perl;'
# at t/02basic.t line 5.
# Tried to use 'Shell::Perl'.
# Error: Getopt::Long: unknown config parameter "bundling_values" at /usr/home/cpan/pit/thr/perl-5.16.3/lib/5.16.3/Getopt/Long.pm line 1371.
# BEGIN failed--compilation aborted at /usr/home/cpan/pit/thr/conf/perl-5.16.3/.cpanplus/5.16.3/build/1cLosVuoTY/Shell-Perl-0.0024/blib/lib/Shell/Perl.pm line 21.
# Compilation failed in require at t/02basic.t line 5.
# BEGIN failed--compilation aborted at t/02basic.t line 5.
# Looks like you failed 1 test of 3.
t/02basic.t .........
Dubious, test returned 1 (wstat 256, 0x100)
Failed 1/3 subtests
t/10compile.t ....... skipped: Test::Script required for testing
# Failed test ''pirl -v' run ok'
# at t/11version.t line 11.
# Failed test 'no error'
# at t/11version.t line 12.
# Failed test 'printed version info'
# at t/11version.t line 13.
# Compared array length of $data
# got : array with 0 element(s)
# expect : array with 1 element(s)
# Failed test 'no output to STDERR'
# at t/11version.t line 17.
# Compared array length of $data
# got : array with 1 element(s)
# expect : array with 0 element(s)
# err_buf= (Getopt::Long: unknown config parameter "bundling_values" at /usr/home/cpan/pit/thr/perl-5.16.3/lib/5.16.3/Getopt/Long.pm line 1371.
# BEGIN failed--compilation aborted at /usr/home/cpan/pit/thr/conf/perl-5.16.3/.cpanplus/5.16.3/build/1cLosVuoTY/Shell-Perl-0.0024/blib/lib/Shell/Perl.pm line 21.
# Compilation failed in require at blib/script/pirl line 11.
# BEGIN failed--compilation aborted at blib/script/pirl line 11.
# )
# Failed test ''pirl --version' run ok'
# at t/11version.t line 11.
# Failed test 'no error'
# at t/11version.t line 12.
# Failed test 'printed version info'
# at t/11version.t line 13.
# Compared array length of $data
# got : array with 0 element(s)
# expect : array with 1 element(s)
# Failed test 'no output to STDERR'
# at t/11version.t line 17.
# Compared array length of $data
# got : array with 1 element(s)
# expect : array with 0 element(s)
# err_buf= (Getopt::Long: unknown config parameter "bundling_values" at /usr/home/cpan/pit/thr/perl-5.16.3/lib/5.16.3/Getopt/Long.pm line 1371.
# BEGIN failed--compilation aborted at /usr/home/cpan/pit/thr/conf/perl-5.16.3/.cpanplus/5.16.3/build/1cLosVuoTY/Shell-Perl-0.0024/blib/lib/Shell/Perl.pm line 21.
# Compilation failed in require at blib/script/pirl line 11.
# BEGIN failed--compilation aborted at blib/script/pirl line 11.
# )
# Looks like you failed 8 tests of 8.
t/11version.t .......
Dubious, test returned 8 (wstat 2048, 0x800)
Failed 8/8 subtests
t/20expect_quit.t ... skipped: Test::Expect required for testing
# Failed test 'use Shell::Perl;'
# at t/50isolated.t line 5.
# Tried to use 'Shell::Perl'.
# Error: Getopt::Long: unknown config parameter "bundling_values" at /usr/home/cpan/pit/thr/perl-5.16.3/lib/5.16.3/Getopt/Long.pm line 1371.
# BEGIN failed--compilation aborted at /usr/home/cpan/pit/thr/conf/perl-5.16.3/.cpanplus/5.16.3/build/1cLosVuoTY/Shell-Perl-0.0024/blib/lib/Shell/Perl.pm line 21.
# Compilation failed in require at t/50isolated.t line 5.
# BEGIN failed--compilation aborted at t/50isolated.t line 5.
Can't locate object method "eval" via package "Shell::Perl" at t/50isolated.t line 11.
# Looks like your test exited with 255 just after 1.
t/50isolated.t ......
Dubious, test returned 255 (wstat 65280, 0xff00)
Failed 1/1 subtests
t/90pod.t ........... skipped: Test::Pod 1.18 required for testing POD
t/98pod-coverage.t .. skipped: Test::Pod::Coverage 1.04 required for testing POD coverage
Test Summary Report
-------------------
t/01use.t (Wstat: 256 Tests: 1 Failed: 1)
Failed test: 1
Non-zero exit status: 1
t/02basic.t (Wstat: 256 Tests: 3 Failed: 1)
Failed test: 1
Non-zero exit status: 1
t/11version.t (Wstat: 2048 Tests: 8 Failed: 8)
Failed tests: 1-8
Non-zero exit status: 8
t/50isolated.t (Wstat: 65280 Tests: 1 Failed: 1)
Failed test: 1
Non-zero exit status: 255
Files=8, Tests=13, 1 wallclock secs ( 0.02 usr 0.02 sys + 0.75 cusr 0.27 csys = 1.06 CPU)
Result: FAIL
Failed 4/8 test programs. 11/13 subtests failed.
*** Error code 255
Stop.
make: stopped in /usr/home/cpan/pit/thr/conf/perl-5.16.3/.cpanplus/5.16.3/build/1cLosVuoTY/Shell-Perl-0.0024
PREREQUISITES:
Here is a list of prerequisites you specified and versions we
managed to load:
Module Name Have Want
Class::Accessor 0.34 0
ExtUtils::MakeMaker 7.24 0
File::Basename 2.84 0
File::HomeDir 1.00 0
Getopt::Long 2.38 0
IPC::Cmd 0.96 0
Path::Class 0.37 0.34
Term::ReadLine 1.09 0
Test::Deep 1.126 0
Test::More 1.302073 0
Perl module toolchain versions installed:
Module Name Have
CPANPLUS 0.9160
CPANPLUS::Dist::Build 0.80
Cwd 3.62
ExtUtils::CBuilder 0.280224
ExtUtils::Command 7.24
ExtUtils::Install 2.04
ExtUtils::MakeMaker 7.24
ExtUtils::Manifest 1.70
ExtUtils::ParseXS 3.30
File::Spec 3.62
Module::Build 0.4220
Pod::Parser 1.51
Pod::Simple 3.20
Test2 1.302073
Test::Harness 3.36
Test::More 1.302073
version 0.9917
******************************** NOTE ********************************
The comments above are created mechanically, possibly without manual
checking by the sender. As there are many people performing automatic
tests on each upload to CPAN, it is likely that you will receive
identical messages about the same problem.
If you believe that the message is mistaken, please reply to the first
one with correction and/or additional informations, and do not take
it personally. We appreciate your patience. :)
**********************************************************************
Additional comments:
This report was machine-generated by CPANPLUS::Dist::YACSmoke 0.98.
Powered by minismokebox version 0.58
------------------------------
ENVIRONMENT AND OTHER CONTEXT
------------------------------
Environment variables:
AUTOMATED_TESTING = 1
NONINTERACTIVE_TESTING = 1
PATH = /usr/home/cpan/pit/thr/conf/perl-5.16.3/.cpanplus/5.16.3/build/1cLosVuoTY/Shell-Perl-0.0024/blib/script:/sbin:/bin:/usr/sbin:/usr/bin:/usr/games:/usr/local/sbin:/usr/local/bin:/home/cpan/bin
PERL5LIB = :/usr/home/cpan/pit/thr/conf/perl-5.16.3/.cpanplus/5.16.3/build/PA54ri81uS/Class-Accessor-0.34/blib/lib:/usr/home/cpan/pit/thr/conf/perl-5.16.3/.cpanplus/5.16.3/build/PA54ri81uS/Class-Accessor-0.34/blib/arch:/usr/home/cpan/pit/thr/conf/perl-5.16.3/.cpanplus/5.16.3/build/Kse0G9yDRF/File-Which-1.21/blib/lib:/usr/home/cpan/pit/thr/conf/perl-5.16.3/.cpanplus/5.16.3/build/Kse0G9yDRF/File-Which-1.21/blib/arch:/usr/home/cpan/pit/thr/conf/perl-5.16.3/.cpanplus/5.16.3/build/ZdRmE5UbXA/File-HomeDir-1.00/blib/lib:/usr/home/cpan/pit/thr/conf/perl-5.16.3/.cpanplus/5.16.3/build/ZdRmE5UbXA/File-HomeDir-1.00/blib/arch:/usr/home/cpan/pit/thr/conf/perl-5.16.3/.cpanplus/5.16.3/build/aPUA7KUOb2/Path-Class-0.37/blib/lib:/usr/home/cpan/pit/thr/conf/perl-5.16.3/.cpanplus/5.16.3/build/aPUA7KUOb2/Path-Class-0.37/blib/arch:/usr/home/cpan/pit/thr/conf/perl-5.16.3/.cpanplus/5.16.3/build/tk8uMbPjO_/Test-Deep-1.126/blib/lib:/usr/home/cpan/pit/thr/conf/perl-5.16.3/.cpanplus/5.16.3/build/tk8uMbPjO_/Test-Deep-1.126/blib/arch:/usr/home/cpan/pit/thr/conf/perl-5.16.3/.cpanplus/5.16.3/build/1cLosVuoTY/Shell-Perl-0.0024/blib/lib:/usr/home/cpan/pit/thr/conf/perl-5.16.3/.cpanplus/5.16.3/build/1cLosVuoTY/Shell-Perl-0.0024/blib/arch
PERL5_CPANPLUS_IS_RUNNING = 17163
PERL5_CPANPLUS_IS_VERSION = 0.9160
PERL5_MINISMOKEBOX = 0.58
PERL5_YACSMOKE_BASE = /usr/home/cpan/pit/thr/conf/perl-5.16.3
PERL_EXTUTILS_AUTOINSTALL = --defaultdeps
PERL_MM_USE_DEFAULT = 1
SHELL = /usr/local/bin/bash
TERM = screen
Perl special variables (and OS-specific diagnostics, for MSWin32):
Perl: $^X = /usr/home/cpan/pit/thr/perl-5.16.3/bin/perl
UID: $< = 1002
EUID: $> = 1002
GID: $( = 1002 1002
EGID: $) = 1002 1002
-------------------------------
--
Summary of my perl5 (revision 5 version 16 subversion 3) configuration:
Platform:
osname=freebsd, osvers=10.3-release-p2, archname=i386-freebsd-thread-multi
uname='freebsd froggle 10.3-release-p2 freebsd 10.3-release-p2 #0: wed may 4 14:06:02 utc 2016 root@amd64-builder.daemonology.net:usrobjusrsrcsysgeneric i386 '
config_args='-des -Dprefix=/usr/home/cpan/pit/thr/perl-5.16.3 -Dusethreads'
hint=recommended, useposix=true, d_sigaction=define
useithreads=define, usemultiplicity=define
useperlio=define, d_sfio=undef, uselargefiles=define, usesocks=undef
use64bitint=undef, use64bitall=undef, uselongdouble=undef
usemymalloc=n, bincompat5005=undef
Compiler:
cc='cc', ccflags ='-DHAS_FPSETMASK -DHAS_FLOATINGPOINT_H -fno-strict-aliasing -pipe -fstack-protector -I/usr/local/include',
optimize='-O',
cppflags='-DHAS_FPSETMASK -DHAS_FLOATINGPOINT_H -fno-strict-aliasing -pipe -fstack-protector -I/usr/local/include'
ccversion='', gccversion='4.2.1 Compatible FreeBSD Clang 3.4.1 (tags/RELEASE_34/dot1-final 208032)', gccosandvers=''
intsize=4, longsize=4, ptrsize=4, doublesize=8, byteorder=1234
d_longlong=define, longlongsize=8, d_longdbl=define, longdblsize=12
ivtype='long', ivsize=4, nvtype='double', nvsize=8, Off_t='off_t', lseeksize=8
alignbytes=4, prototype=define
Linker and Libraries:
ld='cc', ldflags ='-pthread -Wl,-E -fstack-protector -L/usr/local/lib'
libpth=/usr/lib /usr/local/lib
libs=-lgdbm -lm -lcrypt -lutil
perllibs=-lm -lcrypt -lutil
libc=, so=so, useshrplib=false, libperl=libperl.a
gnulibc_version=''
Dynamic Linking:
dlsrc=dl_dlopen.xs, dlext=so, d_dlsymun=undef, ccdlflags=' '
cccdlflags='-DPIC -fPIC', lddlflags='-shared -L/usr/local/lib -fstack-protector'
Characteristics of this binary (from libperl):
Compile-time options: HAS_TIMES MULTIPLICITY PERLIO_LAYERS
PERL_DONT_CREATE_GVSV PERL_IMPLICIT_CONTEXT
PERL_MALLOC_WRAP PERL_PRESERVE_IVUV USE_ITHREADS
USE_LARGE_FILES USE_LOCALE USE_LOCALE_COLLATE
USE_LOCALE_CTYPE USE_LOCALE_NUMERIC USE_PERLIO
USE_PERL_ATOF USE_REENTRANT_API
Locally applied patches:
Devel::PatchPerl 1.42
Built under freebsd
Compiled at May 8 2016 07:31:53
%ENV:
PERL5LIB=":/usr/home/cpan/pit/thr/conf/perl-5.16.3/.cpanplus/5.16.3/build/PA54ri81uS/Class-Accessor-0.34/blib/lib:/usr/home/cpan/pit/thr/conf/perl-5.16.3/.cpanplus/5.16.3/build/PA54ri81uS/Class-Accessor-0.34/blib/arch:/usr/home/cpan/pit/thr/conf/perl-5.16.3/.cpanplus/5.16.3/build/Kse0G9yDRF/File-Which-1.21/blib/lib:/usr/home/cpan/pit/thr/conf/perl-5.16.3/.cpanplus/5.16.3/build/Kse0G9yDRF/File-Which-1.21/blib/arch:/usr/home/cpan/pit/thr/conf/perl-5.16.3/.cpanplus/5.16.3/build/ZdRmE5UbXA/File-HomeDir-1.00/blib/lib:/usr/home/cpan/pit/thr/conf/perl-5.16.3/.cpanplus/5.16.3/build/ZdRmE5UbXA/File-HomeDir-1.00/blib/arch:/usr/home/cpan/pit/thr/conf/perl-5.16.3/.cpanplus/5.16.3/build/aPUA7KUOb2/Path-Class-0.37/blib/lib:/usr/home/cpan/pit/thr/conf/perl-5.16.3/.cpanplus/5.16.3/build/aPUA7KUOb2/Path-Class-0.37/blib/arch:/usr/home/cpan/pit/thr/conf/perl-5.16.3/.cpanplus/5.16.3/build/tk8uMbPjO_/Test-Deep-1.126/blib/lib:/usr/home/cpan/pit/thr/conf/perl-5.16.3/.cpanplus/5.16.3/build/tk8uMbPjO_/Test-Deep-1.126/blib/arch:/usr/home/cpan/pit/thr/conf/perl-5.16.3/.cpanplus/5.16.3/build/1cLosVuoTY/Shell-Perl-0.0024/blib/lib:/usr/home/cpan/pit/thr/conf/perl-5.16.3/.cpanplus/5.16.3/build/1cLosVuoTY/Shell-Perl-0.0024/blib/arch"
PERL5_CPANPLUS_IS_RUNNING="17163"
PERL5_CPANPLUS_IS_VERSION="0.9160"
PERL5_MINISMOKEBOX="0.58"
PERL5_YACSMOKE_BASE="/usr/home/cpan/pit/thr/conf/perl-5.16.3"
PERL_EXTUTILS_AUTOINSTALL="--defaultdeps"
PERL_MM_USE_DEFAULT="1"
@INC:
/usr/home/cpan/pit/thr/conf/perl-5.16.3/.cpanplus/5.16.3/build/PA54ri81uS/Class-Accessor-0.34/blib/lib
/usr/home/cpan/pit/thr/conf/perl-5.16.3/.cpanplus/5.16.3/build/PA54ri81uS/Class-Accessor-0.34/blib/arch
/usr/home/cpan/pit/thr/conf/perl-5.16.3/.cpanplus/5.16.3/build/Kse0G9yDRF/File-Which-1.21/blib/lib
/usr/home/cpan/pit/thr/conf/perl-5.16.3/.cpanplus/5.16.3/build/Kse0G9yDRF/File-Which-1.21/blib/arch
/usr/home/cpan/pit/thr/conf/perl-5.16.3/.cpanplus/5.16.3/build/ZdRmE5UbXA/File-HomeDir-1.00/blib/lib
/usr/home/cpan/pit/thr/conf/perl-5.16.3/.cpanplus/5.16.3/build/ZdRmE5UbXA/File-HomeDir-1.00/blib/arch
/usr/home/cpan/pit/thr/conf/perl-5.16.3/.cpanplus/5.16.3/build/aPUA7KUOb2/Path-Class-0.37/blib/lib
/usr/home/cpan/pit/thr/conf/perl-5.16.3/.cpanplus/5.16.3/build/aPUA7KUOb2/Path-Class-0.37/blib/arch
/usr/home/cpan/pit/thr/conf/perl-5.16.3/.cpanplus/5.16.3/build/tk8uMbPjO_/Test-Deep-1.126/blib/lib
/usr/home/cpan/pit/thr/conf/perl-5.16.3/.cpanplus/5.16.3/build/tk8uMbPjO_/Test-Deep-1.126/blib/arch
/usr/home/cpan/pit/thr/conf/perl-5.16.3/.cpanplus/5.16.3/build/1cLosVuoTY/Shell-Perl-0.0024/blib/lib
/usr/home/cpan/pit/thr/conf/perl-5.16.3/.cpanplus/5.16.3/build/1cLosVuoTY/Shell-Perl-0.0024/blib/arch
/usr/home/cpan/pit/thr/perl-5.16.3/lib/site_perl/5.16.3/i386-freebsd-thread-multi
/usr/home/cpan/pit/thr/perl-5.16.3/lib/site_perl/5.16.3
/usr/home/cpan/pit/thr/perl-5.16.3/lib/5.16.3/i386-freebsd-thread-multi
/usr/home/cpan/pit/thr/perl-5.16.3/lib/5.16.3
.