Back
From: metabase:user:320bfe00-2aae-11df-837a-5e0a49663a4f
Subject: FAIL Cache-CacheFactory-1.10 v5.24.1 GNU/Linux
Date: 2017-07-08T12:47:03Z
This distribution has been tested as part of the CPAN Testers
project, supporting the Perl programming language. See
http://wiki.cpantesters.org/ for more information or email
questions to cpan-testers-discuss@perl.org
--
Dear Sam Graham,
This is a computer-generated report for Cache-CacheFactory-1.10
on perl 5.24.1, created by CPAN-Reporter-1.2018.
Thank you for uploading your work to CPAN. However, there was a problem
testing your distribution.
If you think this report is invalid, please consult the CPAN Testers Wiki
for suggestions on how to avoid getting FAIL reports for missing library
or binary dependencies, unsupported operating systems, and so on:
http://wiki.cpantesters.org/wiki/CPANAuthorNotes
Sections of this report:
* Tester comments
* Program output
* Prerequisites
* Environment and other context
------------------------------
TESTER COMMENTS
------------------------------
Additional comments from tester:
this report is from an automated smoke testing program
and was not reviewed by a human for accuracy
------------------------------
PROGRAM OUTPUT
------------------------------
Output from '/usr/bin/make test':
/home/sand/src/perl/repoperls/installed-perls/host/k93msid/v5.24.1/d2d1/bin/perl Build --makefile_env_macros 1 test
# Testing Cache::CacheFactory 1.10, Perl 5.024001, /home/sand/src/perl/repoperls/installed-perls/host/k93msid/v5.24.1/d2d1/bin/perl
t/00-load.t ................................ ok
t/10-namespace.t ........................... ok
# Failed test 'file arrayref non-existing replace fetch'
# at t/20-storage.t line 154.
# got: 'ARRAY(0x5561a262af80)'
# expected: undef
# Failed test 'file arrayref non-existing add fetch'
# at t/20-storage.t line 175.
# Structures begin differing at:
# $got->[4] = 'for'
# $expected->[4] = Does not exist
# Failed test 'file get_keys'
# at t/20-storage.t line 206.
# Structures begin differing at:
# $got->[0] = 'hashref'
# $expected->[0] = 'arrayref'
# Failed test 'file get_identifiers'
# at t/20-storage.t line 208.
# Structures begin differing at:
# $got->[0] = 'hashref'
# $expected->[0] = 'arrayref'
# Failed test 'sharedmemory scalar pre-existing replace fetch'
# at t/20-storage.t line 121.
# got: undef
# expected: 'value for scalar key for replace'
# Failed test 'sharedmemory scalar non-existing replace fetch'
# at t/20-storage.t line 149.
# got: 'this shouldn't overwrite'
# expected: undef
# Failed test 'sharedmemory scalar non-existing add fetch'
# at t/20-storage.t line 170.
# got: 'this shouldn't overwrite'
# expected: 'value for scalar key'
# Failed test 'sharedmemory arrayref pre-existing add fetch'
# at t/20-storage.t line 105.
# Structures begin differing at:
# $got = undef
# $expected = ARRAY(0x5561a2610a30)
# Failed test 'sharedmemory arrayref pre-existing replace fetch'
# at t/20-storage.t line 126.
# Structures begin differing at:
# $got->[4] = Does not exist
# $expected->[4] = 'for'
# Failed test 'sharedmemory arrayref non-existing replace fetch'
# at t/20-storage.t line 154.
# got: 'ARRAY(0x5561a2a58e08)'
# expected: undef
# Failed test 'sharedmemory arrayref non-existing add fetch'
# at t/20-storage.t line 175.
# Structures begin differing at:
# $got = undef
# $expected = ARRAY(0x5561a2610a30)
# Failed test 'sharedmemory hashref pre-existing add fetch'
# at t/20-storage.t line 105.
# Structures begin differing at:
# $got = 'this shouldn't overwrite'
# $expected = HASH(0x5561a2610880)
# Looks like you failed 12 tests of 165.
t/20-storage.t .............................
Dubious, test returned 12 (wstat 3072, 0xc00)
Failed 12/165 subtests
(less 33 skipped subtests: 120 okay)
t/30-size-hack-with-devel-size.t ........... ok
t/31-size-hack-force-missing-devel-size.t .. ok
t/40-expiry-lastmodified.t ................. ok
t/40-expiry-size.t ......................... ok
t/40-expiry-time.t ......................... ok
t/50-deep-clone.t .......................... ok
t/80-export.t .............................. ok
t/90-pod.t ................................. ok
t/99-pod-coverage.t ........................ ok
Test Summary Report
-------------------
t/20-storage.t (Wstat: 3072 Tests: 165 Failed: 12)
Failed tests: 49-50, 59-60, 138, 140-141, 145-146, 148-149
153
Non-zero exit status: 12
Files=12, Tests=247, 9 wallclock secs ( 0.06 usr 0.09 sys + 1.48 cusr 0.26 csys = 1.89 CPU)
Result: FAIL
Failed 1/12 test programs. 12/247 subtests failed.
Makefile:103: recipe for target 'test' failed
make: *** [test] Error 255
------------------------------
PREREQUISITES
------------------------------
Prerequisite modules loaded:
requires:
Module Need Have
---------------- ----- --------
Cache::BaseCache 0 0
Cache::Cache 1 1.08
Cache::Object 0 0
Carp 0 1.40
Class::Factory 0 1.06
Scalar::Util 0 1.47
Storable 1.014 2.56_01
build_requires:
Module Need Have
---------------- ----- --------
Module::Build 0.07 0.42_23
Test::More 0 1.302088
configure_requires:
Module Need Have
---------------- ----- --------
Module::Build 0.36 0.42_23
------------------------------
ENVIRONMENT AND OTHER CONTEXT
------------------------------
Environment variables:
AUTOMATED_TESTING = 1
LANG = en_US.UTF-8
PATH = /home/sand/bin:/usr/local/bin:/usr/bin:/bin:/usr/games:/usr/local/perl/bin:/usr/X11/bin:/sbin:/usr/sbin
PERL5LIB =
PERL5OPT =
PERL5_CPANPLUS_IS_RUNNING = 1262
PERL5_CPAN_IS_RUNNING = 1262
PERL_CANARY_STABILITY_NOPROMPT = 1
PERL_MM_USE_DEFAULT = 1
PERL_USE_UNSAFE_INC = 1
SHELL = /usr/bin/zsh
TERM = screen
Perl special variables (and OS-specific diagnostics, for MSWin32):
$^X = /home/sand/src/perl/repoperls/installed-perls/host/k93msid/v5.24.1/d2d1/bin/perl
$UID/$EUID = 1005 / 1005
$GID = 1005 1005
$EGID = 1005 1005
Perl module toolchain versions installed:
Module Have
------------------- --------
CPAN 2.18
CPAN::Meta 2.150010
Cwd 3.63_01
ExtUtils::CBuilder 0.280224
ExtUtils::Command 7.29_01
ExtUtils::Install 2.14
ExtUtils::MakeMaker 7.29_01
ExtUtils::Manifest 1.70
ExtUtils::ParseXS 3.31
File::Spec 3.63_01
JSON 2.94
JSON::PP 2.94
Module::Build 0.42_23
Module::Signature 0.81
Parse::CPAN::Meta 1.4422
Test::Harness 3.39
Test::More 1.302088
YAML 1.23_001
YAML::Syck 1.30_01
version 0.9918
--
Summary of my perl5 (revision 5 version 24 subversion 1) configuration:
Derived from: 443bd156a6baaf7a8fe6b6b05fcf6c4178140ed2
Platform:
osname=linux, osvers=4.9.0-2-amd64, archname=x86_64-linux
uname='linux k93msid 4.9.0-2-amd64 #1 smp debian 4.9.18-1 (2017-03-30) x86_64 gnulinux '
config_args='-Dprefix=/home/sand/src/perl/repoperls/installed-perls/host/k93msid/v5.24.1/d2d1 -Dmyhostname=k93msid -Dinstallusrbinperl=n -Uversiononly -Dusedevel -des -Ui_db -Dlibswanted=cl pthread socket inet nsl gdbm dbm malloc dl ld sun m crypt sec util c cposix posix ucb BSD gdbm_compat -Uuseithreads -Uuselongdouble -DDEBUGGING=both'
hint=recommended, useposix=true, d_sigaction=define
useithreads=undef, usemultiplicity=undef
use64bitint=define, use64bitall=define, uselongdouble=undef
usemymalloc=n, bincompat5005=undef
Compiler:
cc='cc', ccflags ='-fwrapv -DDEBUGGING -fno-strict-aliasing -pipe -fstack-protector-strong -I/usr/local/include -D_LARGEFILE_SOURCE -D_FILE_OFFSET_BITS=64',
optimize='-O2 -g',
cppflags='-fwrapv -DDEBUGGING -fno-strict-aliasing -pipe -fstack-protector-strong -I/usr/local/include'
ccversion='', gccversion='6.3.0 20170406', gccosandvers=''
intsize=4, longsize=8, ptrsize=8, doublesize=8, byteorder=12345678, doublekind=3
d_longlong=define, longlongsize=8, d_longdbl=define, longdblsize=16, longdblkind=3
ivtype='long', ivsize=8, nvtype='double', nvsize=8, Off_t='off_t', lseeksize=8
alignbytes=8, prototype=define
Linker and Libraries:
ld='cc', ldflags =' -fstack-protector-strong -L/usr/local/lib'
libpth=/usr/local/lib /usr/lib/gcc/x86_64-linux-gnu/6/include-fixed /usr/include/x86_64-linux-gnu /usr/lib /lib/x86_64-linux-gnu /lib/../lib /usr/lib/x86_64-linux-gnu /usr/lib/../lib /lib
libs=-lpthread -lnsl -ldl -lm -lcrypt -lutil -lc
perllibs=-lpthread -lnsl -ldl -lm -lcrypt -lutil -lc
libc=libc-2.24.so, so=so, useshrplib=false, libperl=libperl.a
gnulibc_version='2.24'
Dynamic Linking:
dlsrc=dl_dlopen.xs, dlext=so, d_dlsymun=undef, ccdlflags='-Wl,-E'
cccdlflags='-fPIC', lddlflags='-shared -O2 -g -L/usr/local/lib -fstack-protector-strong'
Characteristics of this binary (from libperl):
Compile-time options: DEBUGGING HAS_TIMES PERLIO_LAYERS PERL_COPY_ON_WRITE
PERL_DONT_CREATE_GVSV
PERL_HASH_FUNC_ONE_AT_A_TIME_HARD PERL_MALLOC_WRAP
PERL_PRESERVE_IVUV PERL_USE_DEVEL USE_64_BIT_ALL
USE_64_BIT_INT USE_LARGE_FILES USE_LOCALE
USE_LOCALE_COLLATE USE_LOCALE_CTYPE
USE_LOCALE_NUMERIC USE_LOCALE_TIME USE_PERLIO
USE_PERL_ATOF
Locally applied patches:
uncommitted-changes
Built under linux
Compiled at Apr 14 2017 08:05:12
%ENV:
PERL5LIB=""
PERL5OPT=""
PERL5_CPANPLUS_IS_RUNNING="1262"
PERL5_CPAN_IS_RUNNING="1262"
PERL_CANARY_STABILITY_NOPROMPT="1"
PERL_MM_USE_DEFAULT="1"
PERL_USE_UNSAFE_INC="1"
@INC:
/home/sand/src/perl/repoperls/installed-perls/host/k93msid/v5.24.1/d2d1/lib/site_perl/5.24.1/x86_64-linux
/home/sand/src/perl/repoperls/installed-perls/host/k93msid/v5.24.1/d2d1/lib/site_perl/5.24.1
/home/sand/src/perl/repoperls/installed-perls/host/k93msid/v5.24.1/d2d1/lib/5.24.1/x86_64-linux
/home/sand/src/perl/repoperls/installed-perls/host/k93msid/v5.24.1/d2d1/lib/5.24.1
.