Report for HTML-TableExtract-2.15

Back
From: metabase:user:314402c4-2aae-11df-837a-5e0a49663a4f
Subject: FAIL HTML-TableExtract-2.15 v5.10.1 FreeBSD
Date: 2017-05-27T13:01:05Z

This distribution has been tested as part of the CPAN Testers
project, supporting the Perl programming language.  See
http://wiki.cpantesters.org/ for more information or email
questions to cpan-testers-discuss@perl.org


--
Dear Matt Sisk,

This is a computer-generated report for HTML-TableExtract-2.15
on perl 5.10.1, created by CPAN-Reporter-1.2018.

Thank you for uploading your work to CPAN.  However, there was a problem
testing your distribution.

If you think this report is invalid, please consult the CPAN Testers Wiki
for suggestions on how to avoid getting FAIL reports for missing library
or binary dependencies, unsupported operating systems, and so on:

http://wiki.cpantesters.org/wiki/CPANAuthorNotes

Sections of this report:

    * Tester comments
    * Program output
    * Prerequisites
    * Environment and other context

------------------------------
TESTER COMMENTS
------------------------------

Additional comments from tester:

none provided

------------------------------
PROGRAM OUTPUT
------------------------------

Output from '/usr/bin/make test':

PERL_DL_NONLAZY=1 "/usr/perl5.10.1/bin/perl" "-MExtUtils::Command::MM" "-MTest::Harness" "-e" "undef *Test::Harness::Switches; test_harness(0, 'blib/lib', 'blib/arch')" t/*.t
t/00_basic.t ......... ok
t/01_pod.t ........... skipped: (dev only)
t/02_pod_coverage.t .. skipped: (dev only)
t/10_bulk.t .......... ok
t/11_count.t ......... ok
t/12_depth.t ......... ok
t/13_attrib.t ........ ok
t/14_headers.t ....... ok
t/15_depth_count.t ... ok
t/16_subtable.t ...... ok
t/20_skew.t .......... ok
t/21_skew_map.t ...... ok
t/22_header_row.t .... ok
Use of uninitialized value $ptag in string eq at /usr/perl5.10.1/lib/site_perl/5.10.1/HTML/TreeBuilder.pm line 341.
Use of uninitialized value $ptag in string eq at /usr/perl5.10.1/lib/site_perl/5.10.1/HTML/TreeBuilder.pm line 349.
Use of uninitialized value in string eq at /usr/perl5.10.1/lib/site_perl/5.10.1/HTML/Element.pm line 2649.
Use of uninitialized value in string eq at /usr/perl5.10.1/lib/site_perl/5.10.1/HTML/Element.pm line 2649.
Use of uninitialized value in hash element at /usr/perl5.10.1/lib/site_perl/5.10.1/HTML/Element.pm line 2656.
Use of uninitialized value $ptag in string eq at /usr/perl5.10.1/lib/site_perl/5.10.1/HTML/TreeBuilder.pm line 1071.
Use of uninitialized value $ptag in string eq at /usr/perl5.10.1/lib/site_perl/5.10.1/HTML/TreeBuilder.pm line 341.
Use of uninitialized value $ptag in string eq at /usr/perl5.10.1/lib/site_perl/5.10.1/HTML/TreeBuilder.pm line 349.
Use of uninitialized value $ptag in string eq at /usr/perl5.10.1/lib/site_perl/5.10.1/HTML/TreeBuilder.pm line 341.
Use of uninitialized value $ptag in string eq at /usr/perl5.10.1/lib/site_perl/5.10.1/HTML/TreeBuilder.pm line 349.
Use of uninitialized value $ptag in string eq at /usr/perl5.10.1/lib/site_perl/5.10.1/HTML/TreeBuilder.pm line 464.
Use of uninitialized value $ptag in hash element at /usr/perl5.10.1/lib/site_perl/5.10.1/HTML/TreeBuilder.pm line 468.
Use of uninitialized value in string eq at /usr/perl5.10.1/lib/site_perl/5.10.1/HTML/Element.pm line 2649.
Use of uninitialized value in string eq at /usr/perl5.10.1/lib/site_perl/5.10.1/HTML/Element.pm line 2649.
Use of uninitialized value in hash element at /usr/perl5.10.1/lib/site_perl/5.10.1/HTML/Element.pm line 2656.
Use of uninitialized value in hash element at /usr/perl5.10.1/lib/site_perl/5.10.1/HTML/Element.pm line 2656.
Use of uninitialized value in hash element at /usr/perl5.10.1/lib/site_perl/5.10.1/HTML/Element.pm line 2656.
Use of uninitialized value in hash element at /usr/perl5.10.1/lib/site_perl/5.10.1/HTML/Element.pm line 2656.
Use of uninitialized value in hash element at /usr/perl5.10.1/lib/site_perl/5.10.1/HTML/Element.pm line 2656.
Use of uninitialized value in hash element at /usr/perl5.10.1/lib/site_perl/5.10.1/HTML/Element.pm line 2656.
Use of uninitialized value in hash element at /usr/perl5.10.1/lib/site_perl/5.10.1/HTML/Element.pm line 2656.
Use of uninitialized value in hash element at /usr/perl5.10.1/lib/site_perl/5.10.1/HTML/Element.pm line 2656.
Use of uninitialized value in hash element at /usr/perl5.10.1/lib/site_perl/5.10.1/HTML/Element.pm line 2656.
Use of uninitialized value in hash element at /usr/perl5.10.1/lib/site_perl/5.10.1/HTML/Element.pm line 2656.
Use of uninitialized value in hash element at /usr/perl5.10.1/lib/site_perl/5.10.1/HTML/Element.pm line 2656.
Use of uninitialized value in hash element at /usr/perl5.10.1/lib/site_perl/5.10.1/HTML/Element.pm line 2656.
Use of uninitialized value in hash element at /usr/perl5.10.1/lib/site_perl/5.10.1/HTML/Element.pm line 2656.
Use of uninitialized value in hash element at /usr/perl5.10.1/lib/site_perl/5.10.1/HTML/Element.pm line 2656.
Use of uninitialized value in hash element at /usr/perl5.10.1/lib/site_perl/5.10.1/HTML/Element.pm line 2656.
Use of uninitialized value in hash element at /usr/perl5.10.1/lib/site_perl/5.10.1/HTML/Element.pm line 2656.
Use of uninitialized value in hash element at /usr/perl5.10.1/lib/site_perl/5.10.1/HTML/Element.pm line 2656.
Use of uninitialized value $ptag in string eq at /usr/perl5.10.1/lib/site_perl/5.10.1/HTML/TreeBuilder.pm line 1071.
Use of uninitialized value $ptag in string eq at /usr/perl5.10.1/lib/site_perl/5.10.1/HTML/TreeBuilder.pm line 1071.
Use of uninitialized value in hash element at /usr/perl5.10.1/lib/site_perl/5.10.1/HTML/TreeBuilder.pm line 1177.
Use of uninitialized value $ptag in hash element at /usr/perl5.10.1/lib/site_perl/5.10.1/HTML/TreeBuilder.pm line 1206.
Use of uninitialized value in hash element at /usr/perl5.10.1/lib/site_perl/5.10.1/HTML/Element.pm line 2656.
Use of uninitialized value in concatenation (.) or string at /usr/perl5.10.1/lib/site_perl/5.10.1/HTML/TreeBuilder.pm line 1316.
Use of uninitialized value $ptag in string eq at /usr/perl5.10.1/lib/site_perl/5.10.1/HTML/TreeBuilder.pm line 1071.

#   Failed test 'mass html comp'
#   at t/30_tree.t line 53.
#          got: '<html></html>'
#     expected: '<html><head><title>gnarly table</title></head><body><table border=1><tr><td colspan=4 rowspan=1>(0,0) [1,4]</td><td colspan=4 rowspan=2>(0,1) [2,4]</td></tr><tr><td colspan=1 rowspan=2>(1,0) [2,1]</td><td colspan=1 rowspan=1>(1,1) [1,1]</td><td colspan=2 rowspan=1>(1,2) [1,2]</td></tr><tr><td colspan=4 rowspan=2>(2,0) [2,4]</td><td colspan=2 rowspan=2>(2,1) [2,2]</td><td colspan=1 rowspan=1>(2,2) [1,1]</td></tr><tr><td colspan=1 rowspan=1>(3,0) [1,1]</td><td colspan=1 rowspan=1>(3,1) [1,1]</td></tr><tr><td colspan=2 rowspan=3>(4,0) [3,2]</td><td colspan=1 rowspan=1>(4,1) [1,1]</td><td colspan=1 rowspan=3>(4,2) [3,1]</td><td colspan=4 rowspan=4>(4,3) [4,4]</td></tr><tr><td colspan=1 rowspan=1>(5,0) [1,1]</td></tr><tr><td colspan=1 rowspan=1>(6,0) [1,1]</td></tr><tr><td colspan=4 rowspan=1>(7,0) [1,4]</td></tr></table></body></html>'
Use of uninitialized value $ptag in string eq at /usr/perl5.10.1/lib/site_perl/5.10.1/HTML/TreeBuilder.pm line 341.
Use of uninitialized value $ptag in string eq at /usr/perl5.10.1/lib/site_perl/5.10.1/HTML/TreeBuilder.pm line 349.
Use of uninitialized value in string eq at /usr/perl5.10.1/lib/site_perl/5.10.1/HTML/Element.pm line 2649.
Use of uninitialized value in string eq at /usr/perl5.10.1/lib/site_perl/5.10.1/HTML/Element.pm line 2649.
Use of uninitialized value in hash element at /usr/perl5.10.1/lib/site_perl/5.10.1/HTML/Element.pm line 2656.
Use of uninitialized value $ptag in string eq at /usr/perl5.10.1/lib/site_perl/5.10.1/HTML/TreeBuilder.pm line 1071.
Use of uninitialized value $ptag in string eq at /usr/perl5.10.1/lib/site_perl/5.10.1/HTML/TreeBuilder.pm line 341.
Use of uninitialized value $ptag in string eq at /usr/perl5.10.1/lib/site_perl/5.10.1/HTML/TreeBuilder.pm line 349.
Use of uninitialized value $ptag in string eq at /usr/perl5.10.1/lib/site_perl/5.10.1/HTML/TreeBuilder.pm line 341.
Use of uninitialized value $ptag in string eq at /usr/perl5.10.1/lib/site_perl/5.10.1/HTML/TreeBuilder.pm line 349.
Use of uninitialized value $ptag in string eq at /usr/perl5.10.1/lib/site_perl/5.10.1/HTML/TreeBuilder.pm line 464.
Use of uninitialized value $ptag in hash element at /usr/perl5.10.1/lib/site_perl/5.10.1/HTML/TreeBuilder.pm line 468.
Use of uninitialized value in string eq at /usr/perl5.10.1/lib/site_perl/5.10.1/HTML/Element.pm line 2649.
Use of uninitialized value in string eq at /usr/perl5.10.1/lib/site_perl/5.10.1/HTML/Element.pm line 2649.
Use of uninitialized value in hash element at /usr/perl5.10.1/lib/site_perl/5.10.1/HTML/Element.pm line 2656.
Use of uninitialized value in hash element at /usr/perl5.10.1/lib/site_perl/5.10.1/HTML/Element.pm line 2656.
Use of uninitialized value in hash element at /usr/perl5.10.1/lib/site_perl/5.10.1/HTML/Element.pm line 2656.
Use of uninitialized value in hash element at /usr/perl5.10.1/lib/site_perl/5.10.1/HTML/Element.pm line 2656.
Use of uninitialized value in hash element at /usr/perl5.10.1/lib/site_perl/5.10.1/HTML/Element.pm line 2656.
Use of uninitialized value in hash element at /usr/perl5.10.1/lib/site_perl/5.10.1/HTML/Element.pm line 2656.
Use of uninitialized value in hash element at /usr/perl5.10.1/lib/site_perl/5.10.1/HTML/Element.pm line 2656.
Use of uninitialized value in hash element at /usr/perl5.10.1/lib/site_perl/5.10.1/HTML/Element.pm line 2656.
Use of uninitialized value in hash element at /usr/perl5.10.1/lib/site_perl/5.10.1/HTML/Element.pm line 2656.
Use of uninitialized value in hash element at /usr/perl5.10.1/lib/site_perl/5.10.1/HTML/Element.pm line 2656.
Use of uninitialized value in hash element at /usr/perl5.10.1/lib/site_perl/5.10.1/HTML/Element.pm line 2656.
Use of uninitialized value in hash element at /usr/perl5.10.1/lib/site_perl/5.10.1/HTML/Element.pm line 2656.
Use of uninitialized value in hash element at /usr/perl5.10.1/lib/site_perl/5.10.1/HTML/Element.pm line 2656.
Use of uninitialized value in hash element at /usr/perl5.10.1/lib/site_perl/5.10.1/HTML/Element.pm line 2656.
Use of uninitialized value in hash element at /usr/perl5.10.1/lib/site_perl/5.10.1/HTML/Element.pm line 2656.
Use of uninitialized value in hash element at /usr/perl5.10.1/lib/site_perl/5.10.1/HTML/Element.pm line 2656.
Use of uninitialized value in hash element at /usr/perl5.10.1/lib/site_perl/5.10.1/HTML/Element.pm line 2656.
Use of uninitialized value $ptag in string eq at /usr/perl5.10.1/lib/site_perl/5.10.1/HTML/TreeBuilder.pm line 1071.
Use of uninitialized value $ptag in string eq at /usr/perl5.10.1/lib/site_perl/5.10.1/HTML/TreeBuilder.pm line 1071.
Use of uninitialized value in hash element at /usr/perl5.10.1/lib/site_perl/5.10.1/HTML/TreeBuilder.pm line 1177.
Use of uninitialized value $ptag in hash element at /usr/perl5.10.1/lib/site_perl/5.10.1/HTML/TreeBuilder.pm line 1206.
Use of uninitialized value in hash element at /usr/perl5.10.1/lib/site_perl/5.10.1/HTML/Element.pm line 2656.
Use of uninitialized value in concatenation (.) or string at /usr/perl5.10.1/lib/site_perl/5.10.1/HTML/TreeBuilder.pm line 1316.
Use of uninitialized value $ptag in string eq at /usr/perl5.10.1/lib/site_perl/5.10.1/HTML/TreeBuilder.pm line 1071.
# Looks like you failed 1 test of 126.
t/30_tree.t .......... 
Dubious, test returned 1 (wstat 256, 0x100)
Failed 1/126 subtests 

Test Summary Report
-------------------
t/30_tree.t        (Wstat: 256 Tests: 126 Failed: 1)
  Failed test:  65
  Non-zero exit status: 1
Files=14, Tests=2613,  8 wallclock secs ( 0.70 usr  0.44 sys +  4.59 cusr  1.03 csys =  6.76 CPU)
Result: FAIL
Failed 1/14 test programs. 1/2613 subtests failed.
*** [test_dynamic] Error code 1

Stop in /usr/home/eserte/.cpan/build/2017052515/HTML-TableExtract-2.15-4.

------------------------------
PREREQUISITES
------------------------------

Prerequisite modules loaded:

requires:

    Module              Need Have
    ------------------- ---- ----
    HTML::ElementTable  1.16 1.18
    HTML::Parser        0    3.72

build_requires:

    Module              Need Have
    ------------------- ---- ----
    ExtUtils::MakeMaker 0    7.24

configure_requires:

    Module              Need Have
    ------------------- ---- ----
    ExtUtils::MakeMaker 0    7.24


------------------------------
ENVIRONMENT AND OTHER CONTEXT
------------------------------

Environment variables:

    LC_ALL = de_DE.ISO8859-1
    PATH = /usr/local/bin:/usr/bin:/bin:/usr/local/sbin:/usr/sbin:/sbin:/home/cpansand/bin/freebsd9.3:/home/cpansand/bin/sh:/home/cpansand/bin:/usr/games:/home/cpansand/devel:/usr/home/eserte/src/srezic-misc/scripts
    PERL5LIB = 
    PERL5OPT = 
    PERL5_CPANPLUS_IS_RUNNING = 65436
    PERL5_CPAN_IS_RUNNING = 65436
    PERL5_CPAN_IS_RUNNING_IN_RECURSION = 65384,65436
    PERLDOC = -MPod::Perldoc::ToTextOverstrike
    PERL_BATCH = yes
    PERL_CANARY_STABILITY_NOPROMPT = 1
    PERL_CPAN_REPORTER_CONFIG = /var/tmp/cpansmoker-1023/2017052515/cpanreporter_000_config.ini
    PERL_EXTUTILS_AUTOINSTALL = --defaultdeps
    SHELL = /usr/local/bin/zsh
    TERM = screen
    TMPDIR = /var/tmp/cpansmoker-1023/2017052515

Perl special variables (and OS-specific diagnostics, for MSWin32):

    $^X = /usr/perl5.10.1/bin/perl
    $UID/$EUID = 1023 / 1023
    $GID = 1023 1023
    $EGID = 1023 1023

Perl module toolchain versions installed:

    Module              Have    
    ------------------- --------
    CPAN                2.16    
    CPAN::Meta          2.150010
    Cwd                 3.62    
    ExtUtils::CBuilder  0.280224
    ExtUtils::Command   7.24    
    ExtUtils::Install   2.12    
    ExtUtils::MakeMaker 7.24    
    ExtUtils::Manifest  1.70    
    ExtUtils::ParseXS   3.30    
    File::Spec          3.62    
    JSON                2.93    
    JSON::PP            2.27400 
    Module::Build       0.4222  
    Module::Signature   0.79    
    Parse::CPAN::Meta   2.150010
    Test::Harness       3.39    
    Test::More          1.302085
    YAML                1.23    
    YAML::Syck          1.30    
    version             0.9918  


--

Summary of my perl5 (revision 5 version 10 subversion 1) configuration:
   
  Platform:
    osname=freebsd, osvers=9.2-release-p4, archname=amd64-freebsd
    uname='freebsd cvrsnica-freebsd-92 9.2-release-p4 freebsd 9.2-release-p4 #0: tue apr 8 18:08:22 utc 2014 root@amd64-builder.daemonology.net:usrobjusrsrcsysgeneric amd64 '
    config_args='-ds -e -Dprefix=/usr/perl5.10.1'
    hint=recommended, useposix=true, d_sigaction=define
    useithreads=undef, usemultiplicity=undef
    useperlio=define, d_sfio=undef, uselargefiles=define, usesocks=undef
    use64bitint=define, use64bitall=define, uselongdouble=undef
    usemymalloc=n, bincompat5005=undef
  Compiler:
    cc='cc', ccflags ='-DHAS_FPSETMASK -DHAS_FLOATINGPOINT_H -fno-strict-aliasing -pipe -fstack-protector -I/usr/local/include',
    optimize='-O',
    cppflags='-DHAS_FPSETMASK -DHAS_FLOATINGPOINT_H -fno-strict-aliasing -pipe -fstack-protector -I/usr/local/include'
    ccversion='', gccversion='4.2.1 20070831 patched [FreeBSD]', gccosandvers=''
    intsize=4, longsize=8, ptrsize=8, doublesize=8, byteorder=12345678
    d_longlong=define, longlongsize=8, d_longdbl=define, longdblsize=16
    ivtype='long', ivsize=8, nvtype='double', nvsize=8, Off_t='off_t', lseeksize=8
    alignbytes=8, prototype=define
  Linker and Libraries:
    ld='cc', ldflags ='-Wl,-E  -fstack-protector -L/usr/local/lib'
    libpth=/usr/lib /usr/local/lib
    libs=-lgdbm -lm -lcrypt -lutil -lc
    perllibs=-lm -lcrypt -lutil -lc
    libc=, so=so, useshrplib=false, libperl=libperl.a
    gnulibc_version=''
  Dynamic Linking:
    dlsrc=dl_dlopen.xs, dlext=so, d_dlsymun=undef, ccdlflags=' '
    cccdlflags='-DPIC -fPIC', lddlflags='-shared  -L/usr/local/lib -fstack-protector'


Characteristics of this binary (from libperl): 
  Compile-time options: PERL_DONT_CREATE_GVSV PERL_MALLOC_WRAP USE_64_BIT_ALL
                        USE_64_BIT_INT USE_LARGE_FILES USE_PERLIO
  Built under freebsd
  Compiled at May 15 2014 23:30:26
  %ENV:
    PERL5LIB=""
    PERL5OPT=""
    PERL5_CPANPLUS_IS_RUNNING="65436"
    PERL5_CPAN_IS_RUNNING="65436"
    PERL5_CPAN_IS_RUNNING_IN_RECURSION="65384,65436"
    PERLDOC="-MPod::Perldoc::ToTextOverstrike"
    PERL_BATCH="yes"
    PERL_CANARY_STABILITY_NOPROMPT="1"
    PERL_CPAN_REPORTER_CONFIG="/var/tmp/cpansmoker-1023/2017052515/cpanreporter_000_config.ini"
    PERL_EXTUTILS_AUTOINSTALL="--defaultdeps"
  @INC:
    /usr/perl5.10.1/lib/5.10.1/amd64-freebsd
    /usr/perl5.10.1/lib/5.10.1
    /usr/perl5.10.1/lib/site_perl/5.10.1/amd64-freebsd
    /usr/perl5.10.1/lib/site_perl/5.10.1
    .