Back
From: metabase:user:314402c4-2aae-11df-837a-5e0a49663a4f
Subject: NA DhMakePerl-0.78 v5.14.0 FreeBSD
Date: 2013-08-09T13:42:33Z
This distribution has been tested as part of the CPAN Testers
project, supporting the Perl programming language. See
http://wiki.cpantesters.org/ for more information or email
questions to cpan-testers-discuss@perl.org
--
Dear Damyan Ivanov,
This is a computer-generated report for DhMakePerl-0.78
on perl 5.14.0, created by CPAN-Reporter-1.2007.
Thank you for uploading your work to CPAN. While attempting to build or test
this distribution, the distribution signaled that support is not available
either for this operating system or this version of Perl. Nevertheless, any
diagnostic output produced is provided below for reference. If this is not
what you expect, you may wish to consult the CPAN Testers Wiki:
http://wiki.cpantesters.org/wiki/CPANAuthorNotes
Sections of this report:
* Tester comments
* Program output
* Prerequisites
* Environment and other context
------------------------------
TESTER COMMENTS
------------------------------
Additional comments from tester:
none provided
------------------------------
PROGRAM OUTPUT
------------------------------
Output from './Build test':
# Failed test 'Compile test for blib/lib/DhMakePerl.pm'
# at /home/cpansand/var/ctps/5140_1/install/perl-5.14.0/lib/site_perl/5.14.0/Test/Compile.pm line 40.
# blib/lib/DhMakePerl.pm does not compile
# Failed test 'Compile test for blib/lib/Debian/AptContents.pm'
# at /home/cpansand/var/ctps/5140_1/install/perl-5.14.0/lib/site_perl/5.14.0/Test/Compile.pm line 40.
# blib/lib/Debian/AptContents.pm does not compile
# Failed test 'Compile test for blib/lib/Debian/Dependency.pm'
# at /home/cpansand/var/ctps/5140_1/install/perl-5.14.0/lib/site_perl/5.14.0/Test/Compile.pm line 40.
# blib/lib/Debian/Dependency.pm does not compile
# Failed test 'Compile test for blib/lib/Debian/Dependencies.pm'
# at /home/cpansand/var/ctps/5140_1/install/perl-5.14.0/lib/site_perl/5.14.0/Test/Compile.pm line 40.
# blib/lib/Debian/Dependencies.pm does not compile
# Failed test 'Compile test for blib/lib/Debian/Control.pm'
# at /home/cpansand/var/ctps/5140_1/install/perl-5.14.0/lib/site_perl/5.14.0/Test/Compile.pm line 40.
# blib/lib/Debian/Control.pm does not compile
# Failed test 'Compile test for blib/lib/DhMakePerl/Utils.pm'
# at /home/cpansand/var/ctps/5140_1/install/perl-5.14.0/lib/site_perl/5.14.0/Test/Compile.pm line 40.
# blib/lib/DhMakePerl/Utils.pm does not compile
# Failed test 'Compile test for blib/lib/DhMakePerl/Config.pm'
# at /home/cpansand/var/ctps/5140_1/install/perl-5.14.0/lib/site_perl/5.14.0/Test/Compile.pm line 40.
# blib/lib/DhMakePerl/Config.pm does not compile
# Failed test 'Compile test for blib/lib/Debian/Control/FromCPAN.pm'
# at /home/cpansand/var/ctps/5140_1/install/perl-5.14.0/lib/site_perl/5.14.0/Test/Compile.pm line 40.
# blib/lib/Debian/Control/FromCPAN.pm does not compile
# Failed test 'Compile test for blib/lib/Debian/Control/Stanza.pm'
# at /home/cpansand/var/ctps/5140_1/install/perl-5.14.0/lib/site_perl/5.14.0/Test/Compile.pm line 40.
# blib/lib/Debian/Control/Stanza.pm does not compile
# Failed test 'Compile test for blib/lib/DhMakePerl/Command/refresh_cache.pm'
# at /home/cpansand/var/ctps/5140_1/install/perl-5.14.0/lib/site_perl/5.14.0/Test/Compile.pm line 40.
# blib/lib/DhMakePerl/Command/refresh_cache.pm does not compile
# Failed test 'Compile test for blib/lib/DhMakePerl/Command/make.pm'
# at /home/cpansand/var/ctps/5140_1/install/perl-5.14.0/lib/site_perl/5.14.0/Test/Compile.pm line 40.
# blib/lib/DhMakePerl/Command/make.pm does not compile
# Failed test 'Compile test for blib/lib/DhMakePerl/Command/help.pm'
# at /home/cpansand/var/ctps/5140_1/install/perl-5.14.0/lib/site_perl/5.14.0/Test/Compile.pm line 40.
# blib/lib/DhMakePerl/Command/help.pm does not compile
# Failed test 'Compile test for blib/lib/DhMakePerl/Command/Packaging.pm'
# at /home/cpansand/var/ctps/5140_1/install/perl-5.14.0/lib/site_perl/5.14.0/Test/Compile.pm line 40.
# blib/lib/DhMakePerl/Command/Packaging.pm does not compile
# Failed test 'Compile test for blib/lib/DhMakePerl/Command/dump_config.pm'
# at /home/cpansand/var/ctps/5140_1/install/perl-5.14.0/lib/site_perl/5.14.0/Test/Compile.pm line 40.
# blib/lib/DhMakePerl/Command/dump_config.pm does not compile
# Failed test 'Compile test for blib/lib/DhMakePerl/Command/refresh.pm'
# at /home/cpansand/var/ctps/5140_1/install/perl-5.14.0/lib/site_perl/5.14.0/Test/Compile.pm line 40.
# blib/lib/DhMakePerl/Command/refresh.pm does not compile
# Failed test 'Compile test for blib/lib/DhMakePerl/Command/locate.pm'
# at /home/cpansand/var/ctps/5140_1/install/perl-5.14.0/lib/site_perl/5.14.0/Test/Compile.pm line 40.
# blib/lib/DhMakePerl/Command/locate.pm does not compile
# Failed test 'Compile test for blib/lib/Debian/Control/Stanza/Binary.pm'
# at /home/cpansand/var/ctps/5140_1/install/perl-5.14.0/lib/site_perl/5.14.0/Test/Compile.pm line 40.
# blib/lib/Debian/Control/Stanza/Binary.pm does not compile
# Failed test 'Compile test for blib/lib/Debian/Control/Stanza/Source.pm'
# at /home/cpansand/var/ctps/5140_1/install/perl-5.14.0/lib/site_perl/5.14.0/Test/Compile.pm line 40.
# blib/lib/Debian/Control/Stanza/Source.pm does not compile
# Failed test 'Compile test for dh-make-perl'
# at /home/cpansand/var/ctps/5140_1/install/perl-5.14.0/lib/site_perl/5.14.0/Test/Compile.pm line 69.
# dh-make-perl does not compile
# Looks like you failed 19 tests of 25.
t/00-load.t .........................
Dubious, test returned 19 (wstat 4864, 0x1300)
Failed 19/25 subtests
# Failed test 'use Debian::AptContents;'
# at t/AptContents.t line 9.
# Tried to use 'Debian::AptContents'.
# Error: Can't locate AptPkg/Config.pm in @INC (@INC contains: /var/tmp/CPAN-build/DhMakePerl-0.78-Xp06NZ/blib/lib /var/tmp/CPAN-build/DhMakePerl-0.78-Xp06NZ/blib/arch privinc /usr/local/src/CPAN/build/Alien-Lua-v5.2.2.2-2j6Ruf/blib/arch /usr/local/src/CPAN/build/Alien-Lua-v5.2.2.2-2j6Ruf/blib/lib /usr/local/src/CPAN/build/Alien-Lua-v5.2.2.2-2j6Ruf/blib/arch /usr/local/src/CPAN/build/Alien-Lua-v5.2.2.2-2j6Ruf/blib/lib /home/cpansand/var/ctps/5140_1/install/perl-5.14.0/lib/site_perl/5.14.0/i386-freebsd /home/cpansand/var/ctps/5140_1/install/perl-5.14.0/lib/site_perl/5.14.0 /home/cpansand/var/ctps/5140_1/install/perl-5.14.0/lib/5.14.0/i386-freebsd /home/cpansand/var/ctps/5140_1/install/perl-5.14.0/lib/5.14.0 .) at /var/tmp/CPAN-build/DhMakePerl-0.78-Xp06NZ/blib/lib/Debian/Dependency.pm line 8.
# BEGIN failed--compilation aborted at /var/tmp/CPAN-build/DhMakePerl-0.78-Xp06NZ/blib/lib/Debian/Dependency.pm line 8.
# Compilation failed in require at /var/tmp/CPAN-build/DhMakePerl-0.78-Xp06NZ/blib/lib/Debian/AptContents.pm line 36.
# BEGIN failed--compilation aborted at /var/tmp/CPAN-build/DhMakePerl-0.78-Xp06NZ/blib/lib/Debian/AptContents.pm line 36.
# Compilation failed in require at (eval 4) line 2.
# BEGIN failed--compilation aborted at (eval 4) line 2.
# Failed test 'AptContents->new with no homedir dies'
# at t/AptContents.t line 29.
# Failed test 'should say why it died'
# at t/AptContents.t line 30.
# ''
# doesn't match '(?^:No homedir given)'
Can't locate object method "cache" via package "Debian::AptContents" at t/AptContents.t line 36.
# Looks like you planned 26 tests but ran 4.
# Looks like you failed 3 tests of 4 run.
# Looks like your test exited with 2 just after 4.
t/AptContents.t .....................
Dubious, test returned 2 (wstat 512, 0x200)
Failed 25/26 subtests
t/CommaSeparated.t .................. ok
# Failed test 'use Debian::Control;'
# at t/Control.t line 11.
# Tried to use 'Debian::Control'.
# Error: Can't locate AptPkg/Config.pm in @INC (@INC contains: /var/tmp/CPAN-build/DhMakePerl-0.78-Xp06NZ/blib/lib /var/tmp/CPAN-build/DhMakePerl-0.78-Xp06NZ/blib/arch privinc /usr/local/src/CPAN/build/Alien-Lua-v5.2.2.2-2j6Ruf/blib/arch /usr/local/src/CPAN/build/Alien-Lua-v5.2.2.2-2j6Ruf/blib/lib /usr/local/src/CPAN/build/Alien-Lua-v5.2.2.2-2j6Ruf/blib/arch /usr/local/src/CPAN/build/Alien-Lua-v5.2.2.2-2j6Ruf/blib/lib /home/cpansand/var/ctps/5140_1/install/perl-5.14.0/lib/site_perl/5.14.0/i386-freebsd /home/cpansand/var/ctps/5140_1/install/perl-5.14.0/lib/site_perl/5.14.0 /home/cpansand/var/ctps/5140_1/install/perl-5.14.0/lib/5.14.0/i386-freebsd /home/cpansand/var/ctps/5140_1/install/perl-5.14.0/lib/5.14.0 .) at /var/tmp/CPAN-build/DhMakePerl-0.78-Xp06NZ/blib/lib/Debian/Dependencies.pm line 8.
# BEGIN failed--compilation aborted at /var/tmp/CPAN-build/DhMakePerl-0.78-Xp06NZ/blib/lib/Debian/Dependencies.pm line 8.
# Compilation failed in require at /var/tmp/CPAN-build/DhMakePerl-0.78-Xp06NZ/blib/lib/Debian/Control/Stanza.pm line 34.
# BEGIN failed--compilation aborted at /var/tmp/CPAN-build/DhMakePerl-0.78-Xp06NZ/blib/lib/Debian/Control/Stanza.pm line 34.
# Compilation failed in require at (eval 31) line 2.
# ...propagated at /home/cpansand/var/ctps/5140_1/install/perl-5.14.0/lib/5.14.0/base.pm line 84.
# BEGIN failed--compilation aborted at /var/tmp/CPAN-build/DhMakePerl-0.78-Xp06NZ/blib/lib/Debian/Control/Stanza/Source.pm line 80.
# Compilation failed in require at /var/tmp/CPAN-build/DhMakePerl-0.78-Xp06NZ/blib/lib/Debian/Control.pm line 60.
# BEGIN failed--compilation aborted at /var/tmp/CPAN-build/DhMakePerl-0.78-Xp06NZ/blib/lib/Debian/Control.pm line 60.
# Compilation failed in require at (eval 7) line 2.
# BEGIN failed--compilation aborted at (eval 7) line 2.
# Failed test 'use Debian::Control::Stanza::Source;'
# at t/Control.t line 12.
# Tried to use 'Debian::Control::Stanza::Source'.
# Error: Attempt to reload Debian/Control/Stanza/Source.pm aborted.
# Compilation failed in require at (eval 34) line 2.
# BEGIN failed--compilation aborted at (eval 34) line 2.
# Failed test 'Source constructs'
# at t/Control.t line 16.
# died: Can't locate object method "new" via package "Debian::Control::Stanza::Source" at t/Control.t line 16.
# Failed test 'Source: set'
# at t/Control.t line 17.
# died: Can't call method "Source" on an undefined value at t/Control.t line 17.
# Failed test 'Binary constructs'
# at t/Control.t line 20.
# died: Can't locate object method "new" via package "Debian::Control::Stanza::Binary" (perhaps you forgot to load "Debian::Control::Stanza::Binary"?) at t/Control.t line 20.
# Failed test 'Package set'
# at t/Control.t line 21.
# died: Can't call method "Package" on an undefined value at t/Control.t line 21.
# Failed test 'Depends set'
# at t/Control.t line 22.
# died: Can't call method "Depends" on an undefined value at t/Control.t line 22.
Can't call method "Depends" on an undefined value at t/Control.t line 23.
# Looks like you planned 22 tests but ran 7.
# Looks like you failed 7 tests of 7 run.
# Looks like your test exited with 255 just after 7.
t/Control.t .........................
Dubious, test returned 255 (wstat 65280, 0xff00)
Failed 22/22 subtests
# Failed test 'use Debian::Dependency;'
# at t/Dep.t line 9.
# Tried to use 'Debian::Dependency'.
# Error: Can't locate AptPkg/Config.pm in @INC (@INC contains: /var/tmp/CPAN-build/DhMakePerl-0.78-Xp06NZ/blib/lib /var/tmp/CPAN-build/DhMakePerl-0.78-Xp06NZ/blib/arch privinc /usr/local/src/CPAN/build/Alien-Lua-v5.2.2.2-2j6Ruf/blib/arch /usr/local/src/CPAN/build/Alien-Lua-v5.2.2.2-2j6Ruf/blib/lib /usr/local/src/CPAN/build/Alien-Lua-v5.2.2.2-2j6Ruf/blib/arch /usr/local/src/CPAN/build/Alien-Lua-v5.2.2.2-2j6Ruf/blib/lib /home/cpansand/var/ctps/5140_1/install/perl-5.14.0/lib/site_perl/5.14.0/i386-freebsd /home/cpansand/var/ctps/5140_1/install/perl-5.14.0/lib/site_perl/5.14.0 /home/cpansand/var/ctps/5140_1/install/perl-5.14.0/lib/5.14.0/i386-freebsd /home/cpansand/var/ctps/5140_1/install/perl-5.14.0/lib/5.14.0 .) at /var/tmp/CPAN-build/DhMakePerl-0.78-Xp06NZ/blib/lib/Debian/Dependency.pm line 8.
# BEGIN failed--compilation aborted at /var/tmp/CPAN-build/DhMakePerl-0.78-Xp06NZ/blib/lib/Debian/Dependency.pm line 8.
# Compilation failed in require at (eval 4) line 2.
# BEGIN failed--compilation aborted at (eval 4) line 2.
# Failed test 'simple Dep constructed'
# at t/Dep.t line 14.
Can't call method "pkg" on an undefined value at t/Dep.t line 15.
# Looks like you planned 167 tests but ran 2.
# Looks like you failed 2 tests of 2 run.
# Looks like your test exited with 255 just after 2.
t/Dep.t .............................
Dubious, test returned 255 (wstat 65280, 0xff00)
Failed 167/167 subtests
# Failed test 'use Debian::Dependencies;'
# at t/Dependencies.t line 9.
# Tried to use 'Debian::Dependencies'.
# Error: Can't locate AptPkg/Config.pm in @INC (@INC contains: /var/tmp/CPAN-build/DhMakePerl-0.78-Xp06NZ/blib/lib /var/tmp/CPAN-build/DhMakePerl-0.78-Xp06NZ/blib/arch privinc /usr/local/src/CPAN/build/Alien-Lua-v5.2.2.2-2j6Ruf/blib/arch /usr/local/src/CPAN/build/Alien-Lua-v5.2.2.2-2j6Ruf/blib/lib /usr/local/src/CPAN/build/Alien-Lua-v5.2.2.2-2j6Ruf/blib/arch /usr/local/src/CPAN/build/Alien-Lua-v5.2.2.2-2j6Ruf/blib/lib /home/cpansand/var/ctps/5140_1/install/perl-5.14.0/lib/site_perl/5.14.0/i386-freebsd /home/cpansand/var/ctps/5140_1/install/perl-5.14.0/lib/site_perl/5.14.0 /home/cpansand/var/ctps/5140_1/install/perl-5.14.0/lib/5.14.0/i386-freebsd /home/cpansand/var/ctps/5140_1/install/perl-5.14.0/lib/5.14.0 .) at /var/tmp/CPAN-build/DhMakePerl-0.78-Xp06NZ/blib/lib/Debian/Dependencies.pm line 8.
# BEGIN failed--compilation aborted at /var/tmp/CPAN-build/DhMakePerl-0.78-Xp06NZ/blib/lib/Debian/Dependencies.pm line 8.
# Compilation failed in require at (eval 7) line 2.
# BEGIN failed--compilation aborted at (eval 7) line 2.
Can't locate object method "new" via package "Debian::Dependencies" at t/Dependencies.t line 12.
# Looks like you failed 1 test of 1.
# Looks like your test exited with 255 just after 1.
t/Dependencies.t ....................
Dubious, test returned 255 (wstat 65280, 0xff00)
Failed 1/1 subtests
# Failed test '/usr/bin/perl is in perl-base'
# at t/DpkgLists.t line 14.
# Structures begin differing at:
# $got->[0] = Does not exist
# $expected->[0] = 'perl-base'
# Failed test 'partial /bin/perl is in perl-base'
# at t/DpkgLists.t line 18.
# Failed test 'qr{/bin/perl$} is in perl-base'
# at t/DpkgLists.t line 21.
# Failed test 'Errno is in perl-base'
# at t/DpkgLists.t line 23.
# Structures begin differing at:
# $got->[0] = Does not exist
# $expected->[0] = 'perl-base'
# Failed test 'IO::Socket::UNIX is in perl-base'
# at t/DpkgLists.t line 26.
# Structures begin differing at:
# $got->[0] = Does not exist
# $expected->[0] = 'perl-base'
# Failed test 'utf8 is in perl-base'
# at t/DpkgLists.t line 29.
# Structures begin differing at:
# $got->[0] = Does not exist
# $expected->[0] = 'perl-base'
# Looks like you failed 6 tests of 7.
t/DpkgLists.t .......................
Dubious, test returned 6 (wstat 1536, 0x600)
Failed 6/7 subtests
Perl v5.10.0 required--this is only v5.8.9, stopped at lib/DhMakePerl.pm line 5.
BEGIN failed--compilation aborted at lib/DhMakePerl.pm line 5.
Compilation failed in require at /var/tmp/CPAN-build/DhMakePerl-0.78-Xp06NZ/t/../dh-make-perl line 6.
BEGIN failed--compilation aborted at /var/tmp/CPAN-build/DhMakePerl-0.78-Xp06NZ/t/../dh-make-perl line 6.
# Failed test 'Strange-0.1: system returned 0'
# at t/cache.t line 37.
# got: '65280'
# expected: '0'
unlink(/var/tmp/CPAN-build/DhMakePerl-0.78-Xp06NZ/t/contents.cache): No such file or directory at t/cache.t line 42.
# Looks like you failed 1 test of 1.
# Looks like your test exited with 2 just after 1.
t/cache.t ...........................
Dubious, test returned 2 (wstat 512, 0x200)
Failed 1/1 subtests
Can't locate AptPkg/Config.pm in @INC (@INC contains: /var/tmp/CPAN-build/DhMakePerl-0.78-Xp06NZ/blib/lib /var/tmp/CPAN-build/DhMakePerl-0.78-Xp06NZ/blib/arch privinc /usr/local/src/CPAN/build/Alien-Lua-v5.2.2.2-2j6Ruf/blib/arch /usr/local/src/CPAN/build/Alien-Lua-v5.2.2.2-2j6Ruf/blib/lib /usr/local/src/CPAN/build/Alien-Lua-v5.2.2.2-2j6Ruf/blib/arch /usr/local/src/CPAN/build/Alien-Lua-v5.2.2.2-2j6Ruf/blib/lib /home/cpansand/var/ctps/5140_1/install/perl-5.14.0/lib/site_perl/5.14.0/i386-freebsd /home/cpansand/var/ctps/5140_1/install/perl-5.14.0/lib/site_perl/5.14.0 /home/cpansand/var/ctps/5140_1/install/perl-5.14.0/lib/5.14.0/i386-freebsd /home/cpansand/var/ctps/5140_1/install/perl-5.14.0/lib/5.14.0 .) at /var/tmp/CPAN-build/DhMakePerl-0.78-Xp06NZ/blib/lib/Debian/Dependency.pm line 8.
BEGIN failed--compilation aborted at /var/tmp/CPAN-build/DhMakePerl-0.78-Xp06NZ/blib/lib/Debian/Dependency.pm line 8.
Compilation failed in require at /var/tmp/CPAN-build/DhMakePerl-0.78-Xp06NZ/blib/lib/DhMakePerl/Utils.pm line 34.
BEGIN failed--compilation aborted at /var/tmp/CPAN-build/DhMakePerl-0.78-Xp06NZ/blib/lib/DhMakePerl/Utils.pm line 34.
Compilation failed in require at t/core-modules.t line 8.
BEGIN failed--compilation aborted at t/core-modules.t line 8.
# Looks like your test exited with 2 before it could output anything.
t/core-modules.t ....................
Dubious, test returned 2 (wstat 512, 0x200)
Failed 7/7 subtests
Can't locate AptPkg/Config.pm in @INC (@INC contains: /var/tmp/CPAN-build/DhMakePerl-0.78-Xp06NZ/blib/lib /var/tmp/CPAN-build/DhMakePerl-0.78-Xp06NZ/blib/arch privinc /usr/local/src/CPAN/build/Alien-Lua-v5.2.2.2-2j6Ruf/blib/arch /usr/local/src/CPAN/build/Alien-Lua-v5.2.2.2-2j6Ruf/blib/lib /usr/local/src/CPAN/build/Alien-Lua-v5.2.2.2-2j6Ruf/blib/arch /usr/local/src/CPAN/build/Alien-Lua-v5.2.2.2-2j6Ruf/blib/lib /home/cpansand/var/ctps/5140_1/install/perl-5.14.0/lib/site_perl/5.14.0/i386-freebsd /home/cpansand/var/ctps/5140_1/install/perl-5.14.0/lib/site_perl/5.14.0 /home/cpansand/var/ctps/5140_1/install/perl-5.14.0/lib/5.14.0/i386-freebsd /home/cpansand/var/ctps/5140_1/install/perl-5.14.0/lib/5.14.0 .) at /var/tmp/CPAN-build/DhMakePerl-0.78-Xp06NZ/blib/lib/Debian/Dependency.pm line 8.
BEGIN failed--compilation aborted at /var/tmp/CPAN-build/DhMakePerl-0.78-Xp06NZ/blib/lib/Debian/Dependency.pm line 8.
Compilation failed in require at /var/tmp/CPAN-build/DhMakePerl-0.78-Xp06NZ/blib/lib/DhMakePerl/Utils.pm line 34.
BEGIN failed--compilation aborted at /var/tmp/CPAN-build/DhMakePerl-0.78-Xp06NZ/blib/lib/DhMakePerl/Utils.pm line 34.
Compilation failed in require at t/corelist.t line 8.
BEGIN failed--compilation aborted at t/corelist.t line 8.
# Looks like your test exited with 2 before it could output anything.
t/corelist.t ........................
Dubious, test returned 2 (wstat 512, 0x200)
Failed 7/7 subtests
t/critic.t .......................... ok
Can't locate AptPkg/Config.pm in @INC (@INC contains: /var/tmp/CPAN-build/DhMakePerl-0.78-Xp06NZ/blib/lib /var/tmp/CPAN-build/DhMakePerl-0.78-Xp06NZ/blib/arch privinc /usr/local/src/CPAN/build/Alien-Lua-v5.2.2.2-2j6Ruf/blib/arch /usr/local/src/CPAN/build/Alien-Lua-v5.2.2.2-2j6Ruf/blib/lib /usr/local/src/CPAN/build/Alien-Lua-v5.2.2.2-2j6Ruf/blib/arch /usr/local/src/CPAN/build/Alien-Lua-v5.2.2.2-2j6Ruf/blib/lib /home/cpansand/var/ctps/5140_1/install/perl-5.14.0/lib/site_perl/5.14.0/i386-freebsd /home/cpansand/var/ctps/5140_1/install/perl-5.14.0/lib/site_perl/5.14.0 /home/cpansand/var/ctps/5140_1/install/perl-5.14.0/lib/5.14.0/i386-freebsd /home/cpansand/var/ctps/5140_1/install/perl-5.14.0/lib/5.14.0) at /var/tmp/CPAN-build/DhMakePerl-0.78-Xp06NZ/blib/lib/Debian/Dependency.pm line 8.
BEGIN failed--compilation aborted at /var/tmp/CPAN-build/DhMakePerl-0.78-Xp06NZ/blib/lib/Debian/Dependency.pm line 8.
Compilation failed in require at /var/tmp/CPAN-build/DhMakePerl-0.78-Xp06NZ/blib/lib/Debian/AptContents.pm line 36.
BEGIN failed--compilation aborted at /var/tmp/CPAN-build/DhMakePerl-0.78-Xp06NZ/blib/lib/Debian/AptContents.pm line 36.
Compilation failed in require at /var/tmp/CPAN-build/DhMakePerl-0.78-Xp06NZ/blib/lib/DhMakePerl.pm line 49.
BEGIN failed--compilation aborted at /var/tmp/CPAN-build/DhMakePerl-0.78-Xp06NZ/blib/lib/DhMakePerl.pm line 49.
Compilation failed in require at t/debian-version.t line 5.
BEGIN failed--compilation aborted at t/debian-version.t line 5.
t/debian-version.t ..................
Dubious, test returned 2 (wstat 512, 0x200)
No subtests run
# $! = Illegal seek, $? = 65280
# Perl v5.10.0 required--this is only v5.8.9, stopped at lib/DhMakePerl.pm line 5.
# BEGIN failed--compilation aborted at lib/DhMakePerl.pm line 5.
# Compilation failed in require at /var/tmp/CPAN-build/DhMakePerl-0.78-Xp06NZ/t/../dh-make-perl line 6.
# BEGIN failed--compilation aborted at /var/tmp/CPAN-build/DhMakePerl-0.78-Xp06NZ/t/../dh-make-perl line 6.
# Failed test 'Strange-0.1 run ok'
# at t/dists.t line 117.
Not a directory: '/var/tmp/CPAN-build/DhMakePerl-0.78-Xp06NZ/t/dists/Strange-0.1/debian' at t/dists.t line 81.
# Looks like you planned 16 tests but ran 1.
# Looks like you failed 1 test of 1 run.
# Looks like your test exited with 2 just after 1.
t/dists.t ...........................
Dubious, test returned 2 (wstat 512, 0x200)
Failed 16/16 subtests
Can't locate AptPkg/Config.pm in @INC (@INC contains: /var/tmp/CPAN-build/DhMakePerl-0.78-Xp06NZ/blib/lib /var/tmp/CPAN-build/DhMakePerl-0.78-Xp06NZ/blib/arch privinc /usr/local/src/CPAN/build/Alien-Lua-v5.2.2.2-2j6Ruf/blib/arch /usr/local/src/CPAN/build/Alien-Lua-v5.2.2.2-2j6Ruf/blib/lib /usr/local/src/CPAN/build/Alien-Lua-v5.2.2.2-2j6Ruf/blib/arch /usr/local/src/CPAN/build/Alien-Lua-v5.2.2.2-2j6Ruf/blib/lib /home/cpansand/var/ctps/5140_1/install/perl-5.14.0/lib/site_perl/5.14.0/i386-freebsd /home/cpansand/var/ctps/5140_1/install/perl-5.14.0/lib/site_perl/5.14.0 /home/cpansand/var/ctps/5140_1/install/perl-5.14.0/lib/5.14.0/i386-freebsd /home/cpansand/var/ctps/5140_1/install/perl-5.14.0/lib/5.14.0 .) at /var/tmp/CPAN-build/DhMakePerl-0.78-Xp06NZ/blib/lib/Debian/Dependency.pm line 8.
BEGIN failed--compilation aborted at /var/tmp/CPAN-build/DhMakePerl-0.78-Xp06NZ/blib/lib/Debian/Dependency.pm line 8.
Compilation failed in require at /var/tmp/CPAN-build/DhMakePerl-0.78-Xp06NZ/blib/lib/Debian/AptContents.pm line 36.
BEGIN failed--compilation aborted at /var/tmp/CPAN-build/DhMakePerl-0.78-Xp06NZ/blib/lib/Debian/AptContents.pm line 36.
Compilation failed in require at /var/tmp/CPAN-build/DhMakePerl-0.78-Xp06NZ/blib/lib/DhMakePerl.pm line 49.
BEGIN failed--compilation aborted at /var/tmp/CPAN-build/DhMakePerl-0.78-Xp06NZ/blib/lib/DhMakePerl.pm line 49.
Compilation failed in require at (eval 6) line 2.
...propagated at /home/cpansand/var/ctps/5140_1/install/perl-5.14.0/lib/5.14.0/base.pm line 84.
BEGIN failed--compilation aborted at /var/tmp/CPAN-build/DhMakePerl-0.78-Xp06NZ/blib/lib/DhMakePerl/Command/Packaging.pm line 16.
Compilation failed in require at (eval 5) line 2.
...propagated at /home/cpansand/var/ctps/5140_1/install/perl-5.14.0/lib/5.14.0/base.pm line 84.
BEGIN failed--compilation aborted at /var/tmp/CPAN-build/DhMakePerl-0.78-Xp06NZ/blib/lib/DhMakePerl/Command/make.pm line 8.
Compilation failed in require at t/extract_name_ver.t line 5.
BEGIN failed--compilation aborted at t/extract_name_ver.t line 5.
# Looks like your test exited with 2 before it could output anything.
t/extract_name_ver.t ................
Dubious, test returned 2 (wstat 512, 0x200)
Failed 5/5 subtests
Can't locate AptPkg/Config.pm in @INC (@INC contains: /var/tmp/CPAN-build/DhMakePerl-0.78-Xp06NZ/blib/lib /var/tmp/CPAN-build/DhMakePerl-0.78-Xp06NZ/blib/arch privinc /usr/local/src/CPAN/build/Alien-Lua-v5.2.2.2-2j6Ruf/blib/arch /usr/local/src/CPAN/build/Alien-Lua-v5.2.2.2-2j6Ruf/blib/lib /usr/local/src/CPAN/build/Alien-Lua-v5.2.2.2-2j6Ruf/blib/arch /usr/local/src/CPAN/build/Alien-Lua-v5.2.2.2-2j6Ruf/blib/lib /home/cpansand/var/ctps/5140_1/install/perl-5.14.0/lib/site_perl/5.14.0/i386-freebsd /home/cpansand/var/ctps/5140_1/install/perl-5.14.0/lib/site_perl/5.14.0 /home/cpansand/var/ctps/5140_1/install/perl-5.14.0/lib/5.14.0/i386-freebsd /home/cpansand/var/ctps/5140_1/install/perl-5.14.0/lib/5.14.0 .) at /var/tmp/CPAN-build/DhMakePerl-0.78-Xp06NZ/blib/lib/Debian/Dependency.pm line 8.
BEGIN failed--compilation aborted at /var/tmp/CPAN-build/DhMakePerl-0.78-Xp06NZ/blib/lib/Debian/Dependency.pm line 8.
Compilation failed in require at /var/tmp/CPAN-build/DhMakePerl-0.78-Xp06NZ/blib/lib/Debian/AptContents.pm line 36.
BEGIN failed--compilation aborted at /var/tmp/CPAN-build/DhMakePerl-0.78-Xp06NZ/blib/lib/Debian/AptContents.pm line 36.
Compilation failed in require at /var/tmp/CPAN-build/DhMakePerl-0.78-Xp06NZ/blib/lib/DhMakePerl.pm line 49.
BEGIN failed--compilation aborted at /var/tmp/CPAN-build/DhMakePerl-0.78-Xp06NZ/blib/lib/DhMakePerl.pm line 49.
Compilation failed in require at (eval 6) line 2.
...propagated at /home/cpansand/var/ctps/5140_1/install/perl-5.14.0/lib/5.14.0/base.pm line 84.
BEGIN failed--compilation aborted at /var/tmp/CPAN-build/DhMakePerl-0.78-Xp06NZ/blib/lib/DhMakePerl/Command/Packaging.pm line 16.
Compilation failed in require at (eval 5) line 2.
...propagated at /home/cpansand/var/ctps/5140_1/install/perl-5.14.0/lib/5.14.0/base.pm line 84.
BEGIN failed--compilation aborted at /var/tmp/CPAN-build/DhMakePerl-0.78-Xp06NZ/blib/lib/DhMakePerl/Command/make.pm line 8.
Compilation failed in require at t/extract_name_ver_from_makefile.t line 6.
BEGIN failed--compilation aborted at t/extract_name_ver_from_makefile.t line 6.
# Looks like your test exited with 2 before it could output anything.
t/extract_name_ver_from_makefile.t ..
Dubious, test returned 2 (wstat 512, 0x200)
No subtests run
t/manifest.t ........................ skipped: Test::DistManifest only happens for RELEASE_TESTING
# Failed test 'use Debian::Control::FromCPAN;'
# at t/perl-deps.t line 10.
# Tried to use 'Debian::Control::FromCPAN'.
# Error: Can't locate AptPkg/Config.pm in @INC (@INC contains: /var/tmp/CPAN-build/DhMakePerl-0.78-Xp06NZ/blib/lib /var/tmp/CPAN-build/DhMakePerl-0.78-Xp06NZ/blib/arch privinc /usr/local/src/CPAN/build/Alien-Lua-v5.2.2.2-2j6Ruf/blib/arch /usr/local/src/CPAN/build/Alien-Lua-v5.2.2.2-2j6Ruf/blib/lib /usr/local/src/CPAN/build/Alien-Lua-v5.2.2.2-2j6Ruf/blib/arch /usr/local/src/CPAN/build/Alien-Lua-v5.2.2.2-2j6Ruf/blib/lib /home/cpansand/var/ctps/5140_1/install/perl-5.14.0/lib/site_perl/5.14.0/i386-freebsd /home/cpansand/var/ctps/5140_1/install/perl-5.14.0/lib/site_perl/5.14.0 /home/cpansand/var/ctps/5140_1/install/perl-5.14.0/lib/5.14.0/i386-freebsd /home/cpansand/var/ctps/5140_1/install/perl-5.14.0/lib/5.14.0 .) at /var/tmp/CPAN-build/DhMakePerl-0.78-Xp06NZ/blib/lib/Debian/Dependencies.pm line 8.
# BEGIN failed--compilation aborted at /var/tmp/CPAN-build/DhMakePerl-0.78-Xp06NZ/blib/lib/Debian/Dependencies.pm line 8.
# Compilation failed in require at /var/tmp/CPAN-build/DhMakePerl-0.78-Xp06NZ/blib/lib/Debian/Control/Stanza.pm line 34.
# BEGIN failed--compilation aborted at /var/tmp/CPAN-build/DhMakePerl-0.78-Xp06NZ/blib/lib/Debian/Control/Stanza.pm line 34.
# Compilation failed in require at (eval 31) line 2.
# ...propagated at /home/cpansand/var/ctps/5140_1/install/perl-5.14.0/lib/5.14.0/base.pm line 84.
# BEGIN failed--compilation aborted at /var/tmp/CPAN-build/DhMakePerl-0.78-Xp06NZ/blib/lib/Debian/Control/Stanza/Source.pm line 80.
# Compilation failed in require at /var/tmp/CPAN-build/DhMakePerl-0.78-Xp06NZ/blib/lib/Debian/Control.pm line 60.
# BEGIN failed--compilation aborted at /var/tmp/CPAN-build/DhMakePerl-0.78-Xp06NZ/blib/lib/Debian/Control.pm line 60.
# Compilation failed in require at (eval 7) line 2.
# ...propagated at /home/cpansand/var/ctps/5140_1/install/perl-5.14.0/lib/5.14.0/base.pm line 84.
# BEGIN failed--compilation aborted at /var/tmp/CPAN-build/DhMakePerl-0.78-Xp06NZ/blib/lib/Debian/Control/FromCPAN.pm line 23.
# Compilation failed in require at (eval 6) line 2.
# BEGIN failed--compilation aborted at (eval 6) line 2.
# Failed test 'use Debian::Dependency;'
# at t/perl-deps.t line 11.
# Tried to use 'Debian::Dependency'.
# Error: Can't locate AptPkg/Config.pm in @INC (@INC contains: /var/tmp/CPAN-build/DhMakePerl-0.78-Xp06NZ/blib/lib /var/tmp/CPAN-build/DhMakePerl-0.78-Xp06NZ/blib/arch privinc /usr/local/src/CPAN/build/Alien-Lua-v5.2.2.2-2j6Ruf/blib/arch /usr/local/src/CPAN/build/Alien-Lua-v5.2.2.2-2j6Ruf/blib/lib /usr/local/src/CPAN/build/Alien-Lua-v5.2.2.2-2j6Ruf/blib/arch /usr/local/src/CPAN/build/Alien-Lua-v5.2.2.2-2j6Ruf/blib/lib /home/cpansand/var/ctps/5140_1/install/perl-5.14.0/lib/site_perl/5.14.0/i386-freebsd /home/cpansand/var/ctps/5140_1/install/perl-5.14.0/lib/site_perl/5.14.0 /home/cpansand/var/ctps/5140_1/install/perl-5.14.0/lib/5.14.0/i386-freebsd /home/cpansand/var/ctps/5140_1/install/perl-5.14.0/lib/5.14.0 .) at /var/tmp/CPAN-build/DhMakePerl-0.78-Xp06NZ/blib/lib/Debian/Dependency.pm line 8.
# BEGIN failed--compilation aborted at /var/tmp/CPAN-build/DhMakePerl-0.78-Xp06NZ/blib/lib/Debian/Dependency.pm line 8.
# Compilation failed in require at (eval 34) line 2.
# BEGIN failed--compilation aborted at (eval 34) line 2.
Can't locate object method "new" via package "Debian::Dependency" at t/perl-deps.t line 21.
# Looks like you planned 12 tests but ran 3.
# Looks like you failed 2 tests of 3 run.
# Looks like your test exited with 255 just after 3.
t/perl-deps.t .......................
Dubious, test returned 255 (wstat 65280, 0xff00)
Failed 11/12 subtests
# Failed test 'use DhMakePerl::Utils;'
# at t/perl-versions.t line 9.
# Tried to use 'DhMakePerl::Utils'.
# Error: Can't locate AptPkg/Config.pm in @INC (@INC contains: /var/tmp/CPAN-build/DhMakePerl-0.78-Xp06NZ/blib/lib /var/tmp/CPAN-build/DhMakePerl-0.78-Xp06NZ/blib/arch privinc /usr/local/src/CPAN/build/Alien-Lua-v5.2.2.2-2j6Ruf/blib/arch /usr/local/src/CPAN/build/Alien-Lua-v5.2.2.2-2j6Ruf/blib/lib /usr/local/src/CPAN/build/Alien-Lua-v5.2.2.2-2j6Ruf/blib/arch /usr/local/src/CPAN/build/Alien-Lua-v5.2.2.2-2j6Ruf/blib/lib /home/cpansand/var/ctps/5140_1/install/perl-5.14.0/lib/site_perl/5.14.0/i386-freebsd /home/cpansand/var/ctps/5140_1/install/perl-5.14.0/lib/site_perl/5.14.0 /home/cpansand/var/ctps/5140_1/install/perl-5.14.0/lib/5.14.0/i386-freebsd /home/cpansand/var/ctps/5140_1/install/perl-5.14.0/lib/5.14.0 .) at /var/tmp/CPAN-build/DhMakePerl-0.78-Xp06NZ/blib/lib/Debian/Dependency.pm line 8.
# BEGIN failed--compilation aborted at /var/tmp/CPAN-build/DhMakePerl-0.78-Xp06NZ/blib/lib/Debian/Dependency.pm line 8.
# Compilation failed in require at /var/tmp/CPAN-build/DhMakePerl-0.78-Xp06NZ/blib/lib/DhMakePerl/Utils.pm line 34.
# BEGIN failed--compilation aborted at /var/tmp/CPAN-build/DhMakePerl-0.78-Xp06NZ/blib/lib/DhMakePerl/Utils.pm line 34.
# Compilation failed in require at (eval 4) line 2.
# BEGIN failed--compilation aborted at (eval 4) line 2.
Undefined subroutine &DhMakePerl::Utils::nice_perl_ver called at t/perl-versions.t line 15.
# Looks like you planned 22 tests but ran 1.
# Looks like you failed 1 test of 1 run.
# Looks like your test exited with 255 just after 1.
t/perl-versions.t ...................
Dubious, test returned 255 (wstat 65280, 0xff00)
Failed 22/22 subtests
# Failed test 'Pod coverage on DhMakePerl'
# at t/pod-coverage.t line 26.
# DhMakePerl: Couldn't compile 'DhMakePerl' to inspect: Can't locate AptPkg/Config.pm in @INC (@INC contains: /var/tmp/CPAN-build/DhMakePerl-0.78-Xp06NZ/blib/lib /var/tmp/CPAN-build/DhMakePerl-0.78-Xp06NZ/blib/arch privinc /usr/local/src/CPAN/build/Alien-Lua-v5.2.2.2-2j6Ruf/blib/arch /usr/local/src/CPAN/build/Alien-Lua-v5.2.2.2-2j6Ruf/blib/lib /usr/local/src/CPAN/build/Alien-Lua-v5.2.2.2-2j6Ruf/blib/arch /usr/local/src/CPAN/build/Alien-Lua-v5.2.2.2-2j6Ruf/blib/lib /home/cpansand/var/ctps/5140_1/install/perl-5.14.0/lib/site_perl/5.14.0/i386-freebsd /home/cpansand/var/ctps/5140_1/install/perl-5.14.0/lib/site_perl/5.14.0 /home/cpansand/var/ctps/5140_1/install/perl-5.14.0/lib/5.14.0/i386-freebsd /home/cpansand/var/ctps/5140_1/install/perl-5.14.0/lib/5.14.0 .) at /var/tmp/CPAN-build/DhMakePerl-0.78-Xp06NZ/blib/lib/Debian/Dependency.pm line 8.
# BEGIN failed--compilation aborted at /var/tmp/CPAN-build/DhMakePerl-0.78-Xp06NZ/blib/lib/Debian/Dependency.pm line 8.
# Compilation failed in require at /var/tmp/CPAN-build/DhMakePerl-0.78-Xp06NZ/blib/lib/Debian/AptContents.pm line 36.
# BEGIN failed--compilation aborted at /var/tmp/CPAN-build/DhMakePerl-0.78-Xp06NZ/blib/lib/Debian/AptContents.pm line 36.
# Compilation failed in require at /var/tmp/CPAN-build/DhMakePerl-0.78-Xp06NZ/blib/lib/DhMakePerl.pm line 49.
# BEGIN failed--compilation aborted at /var/tmp/CPAN-build/DhMakePerl-0.78-Xp06NZ/blib/lib/DhMakePerl.pm line 49.
# Compilation failed in require at (eval 13) line 2.
# Failed test 'Pod coverage on Debian::AptContents'
# at t/pod-coverage.t line 26.
# Debian::AptContents: Couldn't compile 'Debian::AptContents' to inspect: Attempt to reload Debian/AptContents.pm aborted.
# Compilation failed in require at (eval 19) line 2.
# Failed test 'Pod coverage on Debian::Dependency'
# at t/pod-coverage.t line 26.
# Debian::Dependency: Couldn't compile 'Debian::Dependency' to inspect: Attempt to reload Debian/Dependency.pm aborted.
# Compilation failed in require at (eval 21) line 2.
# Failed test 'Pod coverage on Debian::Dependencies'
# at t/pod-coverage.t line 26.
# Debian::Dependencies: Couldn't compile 'Debian::Dependencies' to inspect: Can't locate AptPkg/Config.pm in @INC (@INC contains: /var/tmp/CPAN-build/DhMakePerl-0.78-Xp06NZ/blib/lib /var/tmp/CPAN-build/DhMakePerl-0.78-Xp06NZ/blib/arch privinc /usr/local/src/CPAN/build/Alien-Lua-v5.2.2.2-2j6Ruf/blib/arch /usr/local/src/CPAN/build/Alien-Lua-v5.2.2.2-2j6Ruf/blib/lib /usr/local/src/CPAN/build/Alien-Lua-v5.2.2.2-2j6Ruf/blib/arch /usr/local/src/CPAN/build/Alien-Lua-v5.2.2.2-2j6Ruf/blib/lib /home/cpansand/var/ctps/5140_1/install/perl-5.14.0/lib/site_perl/5.14.0/i386-freebsd /home/cpansand/var/ctps/5140_1/install/perl-5.14.0/lib/site_perl/5.14.0 /home/cpansand/var/ctps/5140_1/install/perl-5.14.0/lib/5.14.0/i386-freebsd /home/cpansand/var/ctps/5140_1/install/perl-5.14.0/lib/5.14.0 .) at /var/tmp/CPAN-build/DhMakePerl-0.78-Xp06NZ/blib/lib/Debian/Dependencies.pm line 8.
# BEGIN failed--compilation aborted at /var/tmp/CPAN-build/DhMakePerl-0.78-Xp06NZ/blib/lib/Debian/Dependencies.pm line 8.
# Compilation failed in require at (eval 27) line 2.
# Failed test 'Pod coverage on Debian::Control'
# at t/pod-coverage.t line 26.
# Debian::Control: Couldn't compile 'Debian::Control' to inspect: Attempt to reload Debian/Dependencies.pm aborted.
# Compilation failed in require at /var/tmp/CPAN-build/DhMakePerl-0.78-Xp06NZ/blib/lib/Debian/Control/Stanza.pm line 34.
# BEGIN failed--compilation aborted at /var/tmp/CPAN-build/DhMakePerl-0.78-Xp06NZ/blib/lib/Debian/Control/Stanza.pm line 34.
# Compilation failed in require at (eval 49) line 2.
# ...propagated at /home/cpansand/var/ctps/5140_1/install/perl-5.14.0/lib/5.14.0/base.pm line 84.
# BEGIN failed--compilation aborted at /var/tmp/CPAN-build/DhMakePerl-0.78-Xp06NZ/blib/lib/Debian/Control/Stanza/Source.pm line 80.
# Compilation failed in require at /var/tmp/CPAN-build/DhMakePerl-0.78-Xp06NZ/blib/lib/Debian/Control.pm line 60.
# BEGIN failed--compilation aborted at /var/tmp/CPAN-build/DhMakePerl-0.78-Xp06NZ/blib/lib/Debian/Control.pm line 60.
# Compilation failed in require at (eval 29) line 2.
# Failed test 'Pod coverage on DhMakePerl::Utils'
# at t/pod-coverage.t line 26.
# DhMakePerl::Utils: Couldn't compile 'DhMakePerl::Utils' to inspect: Attempt to reload Debian/Dependency.pm aborted.
# Compilation failed in require at /var/tmp/CPAN-build/DhMakePerl-0.78-Xp06NZ/blib/lib/DhMakePerl/Utils.pm line 34.
# BEGIN failed--compilation aborted at /var/tmp/CPAN-build/DhMakePerl-0.78-Xp06NZ/blib/lib/DhMakePerl/Utils.pm line 34.
# Compilation failed in require at (eval 60) line 2.
# Failed test 'Pod coverage on DhMakePerl::Config'
# at t/pod-coverage.t line 26.
# DhMakePerl::Config: Couldn't compile 'DhMakePerl::Config' to inspect: Can't locate Dpkg/Source/Package.pm in @INC (@INC contains: /var/tmp/CPAN-build/DhMakePerl-0.78-Xp06NZ/blib/lib /var/tmp/CPAN-build/DhMakePerl-0.78-Xp06NZ/blib/arch privinc /usr/local/src/CPAN/build/Alien-Lua-v5.2.2.2-2j6Ruf/blib/arch /usr/local/src/CPAN/build/Alien-Lua-v5.2.2.2-2j6Ruf/blib/lib /usr/local/src/CPAN/build/Alien-Lua-v5.2.2.2-2j6Ruf/blib/arch /usr/local/src/CPAN/build/Alien-Lua-v5.2.2.2-2j6Ruf/blib/lib /home/cpansand/var/ctps/5140_1/install/perl-5.14.0/lib/site_perl/5.14.0/i386-freebsd /home/cpansand/var/ctps/5140_1/install/perl-5.14.0/lib/site_perl/5.14.0 /home/cpansand/var/ctps/5140_1/install/perl-5.14.0/lib/5.14.0/i386-freebsd /home/cpansand/var/ctps/5140_1/install/perl-5.14.0/lib/5.14.0 .) at /var/tmp/CPAN-build/DhMakePerl-0.78-Xp06NZ/blib/lib/DhMakePerl/Config.pm line 15.
# BEGIN failed--compilation aborted at /var/tmp/CPAN-build/DhMakePerl-0.78-Xp06NZ/blib/lib/DhMakePerl/Config.pm line 15.
# Compilation failed in require at (eval 63) line 2.
# Failed test 'Pod coverage on Debian::Control::FromCPAN'
# at t/pod-coverage.t line 26.
# Debian::Control::FromCPAN: Couldn't compile 'Debian::Control::FromCPAN' to inspect: Attempt to reload Debian/Control.pm aborted.
# Compilation failed in require at (eval 67) line 2.
# ...propagated at /home/cpansand/var/ctps/5140_1/install/perl-5.14.0/lib/5.14.0/base.pm line 84.
# BEGIN failed--compilation aborted at /var/tmp/CPAN-build/DhMakePerl-0.78-Xp06NZ/blib/lib/Debian/Control/FromCPAN.pm line 23.
# Compilation failed in require at (eval 66) line 2.
# Failed test 'Pod coverage on Debian::Control::Stanza'
# at t/pod-coverage.t line 26.
# Debian::Control::Stanza: Couldn't compile 'Debian::Control::Stanza' to inspect: Attempt to reload Debian/Control/Stanza.pm aborted.
# Compilation failed in require at (eval 69) line 2.
# Failed test 'Pod coverage on DhMakePerl::Command::refresh_cache'
# at t/pod-coverage.t line 26.
# DhMakePerl::Command::refresh_cache: Couldn't compile 'DhMakePerl::Command::refresh_cache' to inspect: Attempt to reload DhMakePerl.pm aborted.
# Compilation failed in require at (eval 137) line 2.
# ...propagated at /home/cpansand/var/ctps/5140_1/install/perl-5.14.0/lib/5.14.0/base.pm line 84.
# BEGIN failed--compilation aborted at /var/tmp/CPAN-build/DhMakePerl-0.78-Xp06NZ/blib/lib/DhMakePerl/Command/refresh_cache.pm line 17.
# Compilation failed in require at (eval 136) line 2.
# Failed test 'Pod coverage on DhMakePerl::Command::help'
# at t/pod-coverage.t line 26.
# DhMakePerl::Command::help: Couldn't compile 'DhMakePerl::Command::help' to inspect: Attempt to reload DhMakePerl.pm aborted.
# Compilation failed in require at (eval 140) line 2.
# ...propagated at /home/cpansand/var/ctps/5140_1/install/perl-5.14.0/lib/5.14.0/base.pm line 84.
# BEGIN failed--compilation aborted at /var/tmp/CPAN-build/DhMakePerl-0.78-Xp06NZ/blib/lib/DhMakePerl/Command/help.pm line 17.
# Compilation failed in require at (eval 139) line 2.
# Failed test 'Pod coverage on DhMakePerl::Command::dump_config'
# at t/pod-coverage.t line 26.
# DhMakePerl::Command::dump_config: Couldn't compile 'DhMakePerl::Command::dump_config' to inspect: Attempt to reload DhMakePerl.pm aborted.
# Compilation failed in require at (eval 143) line 2.
# ...propagated at /home/cpansand/var/ctps/5140_1/install/perl-5.14.0/lib/5.14.0/base.pm line 84.
# BEGIN failed--compilation aborted at /var/tmp/CPAN-build/DhMakePerl-0.78-Xp06NZ/blib/lib/DhMakePerl/Command/dump_config.pm line 13.
# Compilation failed in require at (eval 142) line 2.
# Failed test 'Pod coverage on DhMakePerl::Command::refresh'
# at t/pod-coverage.t line 26.
# DhMakePerl::Command::refresh: Couldn't compile 'DhMakePerl::Command::refresh' to inspect: Attempt to reload DhMakePerl.pm aborted.
# Compilation failed in require at (eval 147) line 2.
# ...propagated at /home/cpansand/var/ctps/5140_1/install/perl-5.14.0/lib/5.14.0/base.pm line 84.
# BEGIN failed--compilation aborted at /var/tmp/CPAN-build/DhMakePerl-0.78-Xp06NZ/blib/lib/DhMakePerl/Command/Packaging.pm line 16.
# Compilation failed in require at (eval 146) line 2.
# ...propagated at /home/cpansand/var/ctps/5140_1/install/perl-5.14.0/lib/5.14.0/base.pm line 84.
# BEGIN failed--compilation aborted at /var/tmp/CPAN-build/DhMakePerl-0.78-Xp06NZ/blib/lib/DhMakePerl/Command/refresh.pm line 17.
# Compilation failed in require at (eval 145) line 2.
# Failed test 'Pod coverage on DhMakePerl::Command::locate'
# at t/pod-coverage.t line 26.
# DhMakePerl::Command::locate: Couldn't compile 'DhMakePerl::Command::locate' to inspect: Attempt to reload DhMakePerl.pm aborted.
# Compilation failed in require at (eval 150) line 2.
# ...propagated at /home/cpansand/var/ctps/5140_1/install/perl-5.14.0/lib/5.14.0/base.pm line 84.
# BEGIN failed--compilation aborted at /var/tmp/CPAN-build/DhMakePerl-0.78-Xp06NZ/blib/lib/DhMakePerl/Command/locate.pm line 17.
# Compilation failed in require at (eval 149) line 2.
# Failed test 'Pod coverage on Debian::Control::Stanza::Binary'
# at t/pod-coverage.t line 26.
# Debian::Control::Stanza::Binary: Couldn't compile 'Debian::Control::Stanza::Binary' to inspect: Attempt to reload Debian/Control/Stanza.pm aborted.
# Compilation failed in require at (eval 156) line 2.
# ...propagated at /home/cpansand/var/ctps/5140_1/install/perl-5.14.0/lib/5.14.0/base.pm line 84.
# BEGIN failed--compilation aborted at /var/tmp/CPAN-build/DhMakePerl-0.78-Xp06NZ/blib/lib/Debian/Control/Stanza/Binary.pm line 92.
# Compilation failed in require at (eval 155) line 2.
# Failed test 'Pod coverage on Debian::Control::Stanza::Source'
# at t/pod-coverage.t line 26.
# Debian::Control::Stanza::Source: Couldn't compile 'Debian::Control::Stanza::Source' to inspect: Attempt to reload Debian/Control/Stanza/Source.pm aborted.
# Compilation failed in require at (eval 158) line 2.
# Looks like you failed 16 tests of 24.
t/pod-coverage.t ....................
Dubious, test returned 16 (wstat 4096, 0x1000)
Failed 16/24 subtests
(less 2 skipped subtests: 6 okay)
t/pod.t ............................. ok
t/rules.t ........................... ok
# Failed test 'use DhMakePerl::Utils;'
# at t/split_version_relation.t line 5.
# Tried to use 'DhMakePerl::Utils'.
# Error: Can't locate AptPkg/Config.pm in @INC (@INC contains: /var/tmp/CPAN-build/DhMakePerl-0.78-Xp06NZ/blib/lib /var/tmp/CPAN-build/DhMakePerl-0.78-Xp06NZ/blib/arch privinc /usr/local/src/CPAN/build/Alien-Lua-v5.2.2.2-2j6Ruf/blib/arch /usr/local/src/CPAN/build/Alien-Lua-v5.2.2.2-2j6Ruf/blib/lib /usr/local/src/CPAN/build/Alien-Lua-v5.2.2.2-2j6Ruf/blib/arch /usr/local/src/CPAN/build/Alien-Lua-v5.2.2.2-2j6Ruf/blib/lib /home/cpansand/var/ctps/5140_1/install/perl-5.14.0/lib/site_perl/5.14.0/i386-freebsd /home/cpansand/var/ctps/5140_1/install/perl-5.14.0/lib/site_perl/5.14.0 /home/cpansand/var/ctps/5140_1/install/perl-5.14.0/lib/5.14.0/i386-freebsd /home/cpansand/var/ctps/5140_1/install/perl-5.14.0/lib/5.14.0) at /var/tmp/CPAN-build/DhMakePerl-0.78-Xp06NZ/blib/lib/Debian/Dependency.pm line 8.
# BEGIN failed--compilation aborted at /var/tmp/CPAN-build/DhMakePerl-0.78-Xp06NZ/blib/lib/Debian/Dependency.pm line 8.
# Compilation failed in require at /var/tmp/CPAN-build/DhMakePerl-0.78-Xp06NZ/blib/lib/DhMakePerl/Utils.pm line 34.
# BEGIN failed--compilation aborted at /var/tmp/CPAN-build/DhMakePerl-0.78-Xp06NZ/blib/lib/DhMakePerl/Utils.pm line 34.
# Compilation failed in require at (eval 4) line 2.
# BEGIN failed--compilation aborted at (eval 4) line 2.
Undefined subroutine &main::split_version_relation called at t/split_version_relation.t line 7.
# Looks like you planned 3 tests but ran 1.
# Looks like you failed 1 test of 1 run.
# Looks like your test exited with 255 just after 1.
t/split_version_relation.t ..........
Dubious, test returned 255 (wstat 65280, 0xff00)
Failed 3/3 subtests
Test Summary Report
-------------------
t/00-load.t (Wstat: 4864 Tests: 25 Failed: 19)
Failed tests: 1-3, 5-6, 9-12, 15-21, 23-25
Non-zero exit status: 19
t/AptContents.t (Wstat: 512 Tests: 4 Failed: 3)
Failed tests: 1-3
Non-zero exit status: 2
Parse errors: Bad plan. You planned 26 tests but ran 4.
t/Control.t (Wstat: 65280 Tests: 7 Failed: 7)
Failed tests: 1-7
Non-zero exit status: 255
Parse errors: Bad plan. You planned 22 tests but ran 7.
t/Dep.t (Wstat: 65280 Tests: 2 Failed: 2)
Failed tests: 1-2
Non-zero exit status: 255
Parse errors: Bad plan. You planned 167 tests but ran 2.
t/Dependencies.t (Wstat: 65280 Tests: 1 Failed: 1)
Failed test: 1
Non-zero exit status: 255
t/DpkgLists.t (Wstat: 1536 Tests: 7 Failed: 6)
Failed tests: 2-7
Non-zero exit status: 6
t/cache.t (Wstat: 512 Tests: 1 Failed: 1)
Failed test: 1
Non-zero exit status: 2
t/core-modules.t (Wstat: 512 Tests: 0 Failed: 0)
Non-zero exit status: 2
Parse errors: Bad plan. You planned 7 tests but ran 0.
t/corelist.t (Wstat: 512 Tests: 0 Failed: 0)
Non-zero exit status: 2
Parse errors: Bad plan. You planned 7 tests but ran 0.
t/debian-version.t (Wstat: 512 Tests: 0 Failed: 0)
Non-zero exit status: 2
Parse errors: No plan found in TAP output
t/dists.t (Wstat: 512 Tests: 1 Failed: 1)
Failed test: 1
Non-zero exit status: 2
Parse errors: Bad plan. You planned 16 tests but ran 1.
t/extract_name_ver.t (Wstat: 512 Tests: 0 Failed: 0)
Non-zero exit status: 2
Parse errors: Bad plan. You planned 5 tests but ran 0.
t/extract_name_ver_from_makefile.t (Wstat: 512 Tests: 0 Failed: 0)
Non-zero exit status: 2
Parse errors: No plan found in TAP output
t/perl-deps.t (Wstat: 65280 Tests: 3 Failed: 2)
Failed tests: 1-2
Non-zero exit status: 255
Parse errors: Bad plan. You planned 12 tests but ran 3.
t/perl-versions.t (Wstat: 65280 Tests: 1 Failed: 1)
Failed test: 1
Non-zero exit status: 255
Parse errors: Bad plan. You planned 22 tests but ran 1.
t/pod-coverage.t (Wstat: 4096 Tests: 24 Failed: 16)
Failed tests: 1-3, 5-6, 9-12, 15, 17, 19-21, 23-24
Non-zero exit status: 16
t/split_version_relation.t (Wstat: 65280 Tests: 1 Failed: 1)
Failed test: 1
Non-zero exit status: 255
Parse errors: Bad plan. You planned 3 tests but ran 1.
Files=22, Tests=141, 26 wallclock secs ( 0.11 usr 0.04 sys + 18.26 cusr 5.31 csys = 23.72 CPU)
Result: FAIL
Failed 17/22 test programs. 60/141 subtests failed.
------------------------------
PREREQUISITES
------------------------------
Prerequisite modules loaded:
requires:
Module Need Have
------------------------------- ----- ---------
! AptPkg::Cache 0 n/a
! AptPkg::Config 0 n/a
Array::Unique 0 0.08
Carp 0 1.26
CPAN 0 2.00
CPAN::Meta 0 2.131560
Cwd 0 3.40
! Dpkg 0 n/a
! Dpkg::Source::Package 0 n/a
Email::Address 0 1.896
Email::Date::Format 0 1.002
File::Basename 0 2.82
File::Copy 0 2.21
File::Find::Rule 0 0.32
File::Spec 0 3.40
File::Spec::Functions 0 3.40
File::Which 0 1.09
FindBin 0 1.50
Getopt::Long 0 2.41
IO::File 0 1.15
IO::Uncompress::Gunzip 0 2.059
List::MoreUtils 0 0.33
Module::Build 0 0.4007
Module::CoreList 0 2.94
Module::Depends 0 0.16
Module::Depends::Intrusive 0 0
Parse::DebControl 0 2.005
! Parse::DebianChangelog 0 n/a
perl 5.010 5.014000
Software::License::Artistic_2_0 0 0.103003
Storable 0 2.39
Text::Diff 0 1.41
Text::Wrap 0 2013.0426
Tie::File 0 0.97_02
Tie::IxHash 0 1.22
User::pwent 0 1.00
version 0 0.9902
WWW::Mechanize 0 1.72
YAML 0 0.84
build_requires:
Module Need Have
------------------------------- ----- ---------
File::DirCompare 0 0.6
File::Touch 0 0.08
IPC::Run 0 0.92
Test::Compile 0 0.19
Test::Deep 0 0.110
Test::Differences 0 0.61
Test::Exception 0 0.32
Test::More 0 0.98
configure_requires:
Module Need Have
------------------------------- ----- ---------
Module::Build 0.38 0.4007
------------------------------
ENVIRONMENT AND OTHER CONTEXT
------------------------------
Environment variables:
DBIC_NO_WARN_BAD_PERL = 1
PATH = /usr/local/bin:/usr/X11R6/bin:/usr/X11/bin:/usr/perl5.8.0/bin:/usr/bin:/bin:/usr/local/sbin:/usr/sbin:/sbin:/usr/local/pilot/bin:/home2/cpansand/bin/freebsd8.0:/home2/cpansand/bin/sh:/home2/cpansand/bin:/usr/X386/bin:/usr/games:/home2/cpansand/devel:/usr/home/e/eserte/work/srezic-misc/scripts
PERL5LIB = /usr/local/src/CPAN/build/Alien-Lua-v5.2.2.2-2j6Ruf/blib/arch:/usr/local/src/CPAN/build/Alien-Lua-v5.2.2.2-2j6Ruf/blib/lib
PERL5OPT =
PERL5_CPANPLUS_IS_RUNNING = 16646
PERL5_CPAN_IS_RUNNING = 16646
PERL5_CPAN_IS_RUNNING_IN_RECURSION = 16626,16646
PERL_BATCH = yes
PERL_CPAN_REPORTER_CONFIG = /var/tmp/cpansmoker-1023/FgB5VXlpZB_config.ini
PERL_CPAN_REPORTER_DIR = /home/cpansand/var/ctps/5140_1/config/perl-5.14.0/cpanreporter
PERL_EXTUTILS_AUTOINSTALL = --defaultdeps
PERL_HTML_DISPLAY_CLASS = HTML::Display::Mozilla
SHELL = /usr/local/bin/zsh
TERM = screen
TMPDIR = /var/tmp/cpansmoker-1023
Perl special variables (and OS-specific diagnostics, for MSWin32):
$^X = /home2/cpansand/var/ctps/5140_1/install/perl-5.14.0/bin/perl5.14.0
$UID/$EUID = 1023 / 1023
$GID = 1023 1023
$EGID = 1023 1023
Perl module toolchain versions installed:
Module Have
------------------- --------
CPAN 2.00
CPAN::Meta 2.131560
Cwd 3.40
ExtUtils::CBuilder 0.280205
ExtUtils::Command 1.17
ExtUtils::Install 1.56
ExtUtils::MakeMaker 6.72
ExtUtils::Manifest 1.60
ExtUtils::ParseXS 3.18
File::Spec 3.40
JSON 2.59
JSON::PP 2.27200
Module::Build 0.4007
Module::Signature 0.73
Parse::CPAN::Meta 1.4404
Test::Harness 3.28
Test::More 0.98
YAML 0.84
YAML::Syck 1.27
version 0.9902
--
Summary of my perl5 (revision 5 version 14 subversion 0) configuration:
Platform:
osname=freebsd, osvers=8.0-release, archname=i386-freebsd
uname='freebsd biokovo.herceg.de 8.0-release freebsd 8.0-release #0: sat nov 21 15:48:17 utc 2009 root@almeida.cse.buffalo.edu:usrobjusrsrcsysgeneric i386 '
config_args='-ds -e -Uversiononly -Dinstallusrbinperl=n -Dusedevel -Dprefix=/home/cpansand/var/ctps/5140_1/install/perl-5.14.0'
hint=recommended, useposix=true, d_sigaction=define
useithreads=undef, usemultiplicity=undef
useperlio=define, d_sfio=undef, uselargefiles=define, usesocks=undef
use64bitint=undef, use64bitall=undef, uselongdouble=undef
usemymalloc=n, bincompat5005=undef
Compiler:
cc='cc', ccflags ='-DHAS_FPSETMASK -DHAS_FLOATINGPOINT_H -fno-strict-aliasing -pipe -fstack-protector -I/usr/local/include',
optimize='-O',
cppflags='-DHAS_FPSETMASK -DHAS_FLOATINGPOINT_H -fno-strict-aliasing -pipe -fstack-protector -I/usr/local/include'
ccversion='', gccversion='4.2.1 20070719 [FreeBSD]', gccosandvers=''
intsize=4, longsize=4, ptrsize=4, doublesize=8, byteorder=1234
d_longlong=define, longlongsize=8, d_longdbl=define, longdblsize=12
ivtype='long', ivsize=4, nvtype='double', nvsize=8, Off_t='off_t', lseeksize=8
alignbytes=4, prototype=define
Linker and Libraries:
ld='cc', ldflags ='-Wl,-E -fstack-protector -L/usr/local/lib'
libpth=/usr/lib /usr/local/lib
libs=-lgdbm -lm -lcrypt -lutil -lc
perllibs=-lm -lcrypt -lutil -lc
libc=, so=so, useshrplib=false, libperl=libperl.a
gnulibc_version=''
Dynamic Linking:
dlsrc=dl_dlopen.xs, dlext=so, d_dlsymun=undef, ccdlflags=' '
cccdlflags='-DPIC -fPIC', lddlflags='-shared -L/usr/local/lib -fstack-protector'
Characteristics of this binary (from libperl):
Compile-time options: PERL_DONT_CREATE_GVSV PERL_MALLOC_WRAP
PERL_PRESERVE_IVUV PERL_USE_DEVEL USE_LARGE_FILES
USE_PERLIO USE_PERL_ATOF
Built under freebsd
Compiled at May 16 2011 22:19:43
%ENV:
PERL5LIB="/usr/local/src/CPAN/build/Alien-Lua-v5.2.2.2-2j6Ruf/blib/arch:/usr/local/src/CPAN/build/Alien-Lua-v5.2.2.2-2j6Ruf/blib/lib"
PERL5OPT=""
PERL5_CPANPLUS_IS_RUNNING="16646"
PERL5_CPAN_IS_RUNNING="16646"
PERL5_CPAN_IS_RUNNING_IN_RECURSION="16626,16646"
PERL_BATCH="yes"
PERL_CPAN_REPORTER_CONFIG="/var/tmp/cpansmoker-1023/FgB5VXlpZB_config.ini"
PERL_CPAN_REPORTER_DIR="/home/cpansand/var/ctps/5140_1/config/perl-5.14.0/cpanreporter"
PERL_EXTUTILS_AUTOINSTALL="--defaultdeps"
PERL_HTML_DISPLAY_CLASS="HTML::Display::Mozilla"
@INC:
/usr/local/src/CPAN/build/Alien-Lua-v5.2.2.2-2j6Ruf/blib/arch
/usr/local/src/CPAN/build/Alien-Lua-v5.2.2.2-2j6Ruf/blib/lib
/home/cpansand/var/ctps/5140_1/install/perl-5.14.0/lib/site_perl/5.14.0/i386-freebsd
/home/cpansand/var/ctps/5140_1/install/perl-5.14.0/lib/site_perl/5.14.0
/home/cpansand/var/ctps/5140_1/install/perl-5.14.0/lib/5.14.0/i386-freebsd
/home/cpansand/var/ctps/5140_1/install/perl-5.14.0/lib/5.14.0
.