String-Validator-Password v1.94-TRIAL Perl 5 v5.24.3 x86_64-linux-thread-multi-ld
- Status
- Fail
- From
- Andreas J. König (ANDK)
- Dist
-
String-Validator-Password v1.94-TRIAL
- Platform
- Perl 5 v5.24.3 x86_64-linux-thread-multi-ld
- Date
- 2018-03-29 06:36:42
- ID
- 8b23c56c-331b-11e8-9f0c-18e044e085b0
This distribution has been tested as part of the CPAN Testers
project, supporting the Perl programming language. See
http://wiki.cpantesters.org/ for more information or email
questions to cpan-testers-discuss@perl.org
--
Dear John Karr,
This is a computer-generated report for String-Validator-Password-1.94-TRIAL
on perl 5.24.3, created by CPAN-Reporter-1.2018.
Thank you for uploading your work to CPAN. However, there was a problem
testing your distribution.
If you think this report is invalid, please consult the CPAN Testers Wiki
for suggestions on how to avoid getting FAIL reports for missing library
or binary dependencies, unsupported operating systems, and so on:
http://wiki.cpantesters.org/wiki/CPANAuthorNotes
Sections of this report:
* Tester comments
* Program output
* Prerequisites
* Environment and other context
------------------------------
TESTER COMMENTS
------------------------------
Additional comments from tester:
this report is from an automated smoke testing program
and was not reviewed by a human for accuracy
------------------------------
PROGRAM OUTPUT
------------------------------
Output from '/usr/bin/make test':
PERL_DL_NONLAZY=1 "/home/sand/src/perl/repoperls/installed-perls/host/k93msid/v5.24.3/ac75/bin/perl" "-MExtUtils::Command::MM" "-MTest::Harness" "-e" "undef *Test::Harness::Switches; test_harness(0, 'blib/lib', 'blib/arch')" t/*.t
# Testing String::Validator::Password 1.94, Perl 5.024003, /home/sand/src/perl/repoperls/installed-perls/host/k93msid/v5.24.3/ac75/bin/perl
Undefined subroutine &String::Validator::Common::Messages called at /tmp/loop_over_bdir-30023-HmneG5/String-Validator-Password-1.94-0/blib/lib/String/Validator/Password.pm line 59.
# Looks like your test exited with 255 just after 1.
t/00-load.t ................
Dubious, test returned 255 (wstat 65280, 0xff00)
Failed 1/2 subtests
# Testing String::Validator::Password 1.94, Perl 5.024003, /home/sand/src/perl/repoperls/installed-perls/host/k93msid/v5.24.3/ac75/bin/perl
Undefined subroutine &String::Validator::Common::Messages called at /tmp/loop_over_bdir-30023-HmneG5/String-Validator-Password-1.94-0/blib/lib/String/Validator/Password.pm line 59.
# Looks like your test exited with 255 just after 1.
t/10-matches.t .............
Dubious, test returned 255 (wstat 65280, 0xff00)
Failed 3/4 subtests
# Testing String::Validator::Password 1.94, Perl 5.024003, /home/sand/src/perl/repoperls/installed-perls/host/k93msid/v5.24.3/ac75/bin/perl
Undefined subroutine &String::Validator::Common::Messages called at /tmp/loop_over_bdir-30023-HmneG5/String-Validator-Password-1.94-0/blib/lib/String/Validator/Password.pm line 59.
# Looks like your test exited with 255 just after 1.
t/20-defaults.t ............
Dubious, test returned 255 (wstat 65280, 0xff00)
Failed 17/18 subtests
# Testing String::Validator::Password 1.94, Perl 5.024003, /home/sand/src/perl/repoperls/installed-perls/host/k93msid/v5.24.3/ac75/bin/perl
Undefined subroutine &String::Validator::Common::Messages called at /tmp/loop_over_bdir-30023-HmneG5/String-Validator-Password-1.94-0/blib/lib/String/Validator/Password.pm line 59.
# Looks like your test exited with 255 just after 1.
t/21-password_length.t .....
Dubious, test returned 255 (wstat 65280, 0xff00)
Failed 13/14 subtests
# Testing String::Validator::Password 1.94, Perl 5.024003, /home/sand/src/perl/repoperls/installed-perls/host/k93msid/v5.24.3/ac75/bin/perl
Undefined subroutine &String::Validator::Common::Messages called at /tmp/loop_over_bdir-30023-HmneG5/String-Validator-Password-1.94-0/blib/lib/String/Validator/Password.pm line 59.
# Looks like your test exited with 255 just after 1.
t/22-require.t .............
Dubious, test returned 255 (wstat 65280, 0xff00)
Failed 28/29 subtests
# Testing String::Validator::Password 1.94, Perl 5.024003, /home/sand/src/perl/repoperls/installed-perls/host/k93msid/v5.24.3/ac75/bin/perl
Undefined subroutine &String::Validator::Common::Messages called at /tmp/loop_over_bdir-30023-HmneG5/String-Validator-Password-1.94-0/blib/lib/String/Validator/Password.pm line 59.
# Looks like your test exited with 255 just after 1.
t/23-deny.t ................
Dubious, test returned 255 (wstat 65280, 0xff00)
Failed 30/31 subtests
# Testing String::Validator::Password 1.94, Perl 5.024003, /home/sand/src/perl/repoperls/installed-perls/host/k93msid/v5.24.3/ac75/bin/perl
Undefined subroutine &String::Validator::Common::Messages called at /tmp/loop_over_bdir-30023-HmneG5/String-Validator-Password-1.94-0/blib/lib/String/Validator/Password.pm line 59.
# Looks like your test exited with 255 just after 1.
t/24-password_min_types.t ..
Dubious, test returned 255 (wstat 65280, 0xff00)
Failed 19/20 subtests
# Testing String::Validator::Password 1.94, Perl 5.024003, /home/sand/src/perl/repoperls/installed-perls/host/k93msid/v5.24.3/ac75/bin/perl
Undefined subroutine &String::Validator::Common::Messages called at /tmp/loop_over_bdir-30023-HmneG5/String-Validator-Password-1.94-0/blib/lib/String/Validator/Password.pm line 59.
# Looks like your test exited with 255 just after 1.
t/25-errorcheck.t ..........
Dubious, test returned 255 (wstat 65280, 0xff00)
Failed 9/10 subtests
# Testing String::Validator::Password 1.94, Perl 5.024003, /home/sand/src/perl/repoperls/installed-perls/host/k93msid/v5.24.3/ac75/bin/perl
Undefined subroutine &String::Validator::Common::Messages called at /tmp/loop_over_bdir-30023-HmneG5/String-Validator-Password-1.94-0/blib/lib/String/Validator/Password.pm line 59.
# Looks like your test exited with 255 just after 1.
t/30-String.t ..............
Dubious, test returned 255 (wstat 65280, 0xff00)
Failed 4/5 subtests
# Testing String::Validator::Password 1.94, Perl 5.024003, /home/sand/src/perl/repoperls/installed-perls/host/k93msid/v5.24.3/ac75/bin/perl
Undefined subroutine &String::Validator::Common::Messages called at /tmp/loop_over_bdir-30023-HmneG5/String-Validator-Password-1.94-0/blib/lib/String/Validator/Password.pm line 59.
# Looks like your test exited with 255 just after 1.
t/31-IsNotValid.t ..........
Dubious, test returned 255 (wstat 65280, 0xff00)
Failed 3/4 subtests
# Testing String::Validator::Password 1.94, Perl 5.024003, /home/sand/src/perl/repoperls/installed-perls/host/k93msid/v5.24.3/ac75/bin/perl
Undefined subroutine &String::Validator::Common::Messages called at /tmp/loop_over_bdir-30023-HmneG5/String-Validator-Password-1.94-0/blib/lib/String/Validator/Password.pm line 59.
# Looks like your test exited with 255 just after 1.
t/32-IsValid.t .............
Dubious, test returned 255 (wstat 65280, 0xff00)
Failed 3/4 subtests
t/author-pod-coverage.t .... skipped: these tests are for testing by the author
t/author-pod-syntax.t ...... skipped: these tests are for testing by the author
t/manifest.t ............... skipped: Author tests not required for installation
Test Summary Report
-------------------
t/00-load.t (Wstat: 65280 Tests: 1 Failed: 0)
Non-zero exit status: 255
Parse errors: Bad plan. You planned 2 tests but ran 1.
t/10-matches.t (Wstat: 65280 Tests: 1 Failed: 0)
Non-zero exit status: 255
Parse errors: Bad plan. You planned 4 tests but ran 1.
t/20-defaults.t (Wstat: 65280 Tests: 1 Failed: 0)
Non-zero exit status: 255
Parse errors: Bad plan. You planned 18 tests but ran 1.
t/21-password_length.t (Wstat: 65280 Tests: 1 Failed: 0)
Non-zero exit status: 255
Parse errors: Bad plan. You planned 14 tests but ran 1.
t/22-require.t (Wstat: 65280 Tests: 1 Failed: 0)
Non-zero exit status: 255
Parse errors: Bad plan. You planned 29 tests but ran 1.
t/23-deny.t (Wstat: 65280 Tests: 1 Failed: 0)
Non-zero exit status: 255
Parse errors: Bad plan. You planned 31 tests but ran 1.
t/24-password_min_types.t (Wstat: 65280 Tests: 1 Failed: 0)
Non-zero exit status: 255
Parse errors: Bad plan. You planned 20 tests but ran 1.
t/25-errorcheck.t (Wstat: 65280 Tests: 1 Failed: 0)
Non-zero exit status: 255
Parse errors: Bad plan. You planned 10 tests but ran 1.
t/30-String.t (Wstat: 65280 Tests: 1 Failed: 0)
Non-zero exit status: 255
Parse errors: Bad plan. You planned 5 tests but ran 1.
t/31-IsNotValid.t (Wstat: 65280 Tests: 1 Failed: 0)
Non-zero exit status: 255
Parse errors: Bad plan. You planned 4 tests but ran 1.
t/32-IsValid.t (Wstat: 65280 Tests: 1 Failed: 0)
Non-zero exit status: 255
Parse errors: Bad plan. You planned 4 tests but ran 1.
Files=14, Tests=11, 4 wallclock secs ( 0.05 usr 0.08 sys + 1.31 cusr 0.32 csys = 1.76 CPU)
Result: FAIL
Failed 11/14 test programs. 0/11 subtests failed.
Makefile:858: recipe for target 'test_dynamic' failed
make: *** [test_dynamic] Error 255
------------------------------
PREREQUISITES
------------------------------
Prerequisite modules loaded:
requires:
Module Need Have
------------------------- ----- --------
base 0 2.23_01
perl 5.008 5.024003
strict 0 1.11
String::Validator::Common 1.20 1.20
warnings 0 1.36
build_requires:
Module Need Have
------------------------- ----- --------
ExtUtils::MakeMaker 0 7.34
Test::More 0 1.302133
configure_requires:
Module Need Have
------------------------- ----- --------
ExtUtils::MakeMaker 0 7.34
perl 5.008 5.024003
------------------------------
ENVIRONMENT AND OTHER CONTEXT
------------------------------
Environment variables:
AUTOMATED_TESTING = 1
LANG = en_US.UTF-8
PATH = /home/sand/bin:/usr/local/bin:/usr/bin:/bin:/usr/games:/usr/local/perl/bin:/usr/X11/bin:/sbin:/usr/sbin
PERL5LIB =
PERL5OPT =
PERL5_CPANPLUS_IS_RUNNING = 30026
PERL5_CPAN_IS_RUNNING = 30026
PERL_CANARY_STABILITY_NOPROMPT = 1
PERL_MM_USE_DEFAULT = 1
PERL_USE_UNSAFE_INC = 1
SHELL = /usr/bin/zsh
TERM = screen
Perl special variables (and OS-specific diagnostics, for MSWin32):
$^X = /home/sand/src/perl/repoperls/installed-perls/host/k93msid/v5.24.3/ac75/bin/perl
$UID/$EUID = 1005 / 1005
$GID = 1005 1005
$EGID = 1005 1005
Perl module toolchain versions installed:
Module Have
------------------- ----------
CPAN 2.20
CPAN::Meta 2.150010
Cwd 3.74
ExtUtils::CBuilder 0.280230
ExtUtils::Command 7.34
ExtUtils::Install 2.06
ExtUtils::MakeMaker 7.34
ExtUtils::Manifest 1.70
ExtUtils::ParseXS 3.31
File::Spec 3.74
JSON 2.97001
JSON::PP 2.27300_01
Module::Build 0.4224
Module::Signature 0.81
Parse::CPAN::Meta 2.150010
Test::Harness 3.43_01
Test::More 1.302133
YAML 1.24
YAML::Syck 1.30
version 0.9918
--
Summary of my perl5 (revision 5 version 24 subversion 3) configuration:
Derived from: 9f1d3884c227a955e9ecaaadba4cba3280c47e3a
Platform:
osname=linux, osvers=4.14.0-3-amd64, archname=x86_64-linux-thread-multi-ld
uname='linux k93msid 4.14.0-3-amd64 #1 smp debian 4.14.12-2 (2018-01-06) x86_64 gnulinux '
config_args='-Dprefix=/home/sand/src/perl/repoperls/installed-perls/host/k93msid/v5.24.3/ac75 -Dmyhostname=k93msid -Dinstallusrbinperl=n -Uversiononly -Dusedevel -des -Ui_db -Dlibswanted=cl pthread socket inet nsl gdbm dbm malloc dl ld sun m crypt sec util c cposix posix ucb BSD gdbm_compat -Duseithreads -Duselongdouble -DEBUGGING=both'
hint=recommended, useposix=true, d_sigaction=define
useithreads=define, usemultiplicity=define
use64bitint=define, use64bitall=define, uselongdouble=define
usemymalloc=n, bincompat5005=undef
Compiler:
cc='cc', ccflags ='-D_REENTRANT -D_GNU_SOURCE -fwrapv -DDEBUGGING -fno-strict-aliasing -pipe -fstack-protector-strong -I/usr/local/include -D_LARGEFILE_SOURCE -D_FILE_OFFSET_BITS=64 -D_FORTIFY_SOURCE=2',
optimize='-O2 -g',
cppflags='-D_REENTRANT -D_GNU_SOURCE -fwrapv -DDEBUGGING -fno-strict-aliasing -pipe -fstack-protector-strong -I/usr/local/include'
ccversion='', gccversion='7.2.0', gccosandvers=''
intsize=4, longsize=8, ptrsize=8, doublesize=8, byteorder=12345678, doublekind=3
d_longlong=define, longlongsize=8, d_longdbl=define, longdblsize=16, longdblkind=3
ivtype='long', ivsize=8, nvtype='long double', nvsize=16, Off_t='off_t', lseeksize=8
alignbytes=16, prototype=define
Linker and Libraries:
ld='cc', ldflags =' -fstack-protector-strong -L/usr/local/lib'
libpth=/usr/local/lib /usr/lib/gcc/x86_64-linux-gnu/7/include-fixed /usr/include/x86_64-linux-gnu /usr/lib /lib/x86_64-linux-gnu /lib/../lib /usr/lib/x86_64-linux-gnu /usr/lib/../lib /lib
libs=-lpthread -lnsl -ldl -lm -lcrypt -lutil -lc
perllibs=-lpthread -lnsl -ldl -lm -lcrypt -lutil -lc
libc=libc-2.26.so, so=so, useshrplib=false, libperl=libperl.a
gnulibc_version='2.26'
Dynamic Linking:
dlsrc=dl_dlopen.xs, dlext=so, d_dlsymun=undef, ccdlflags='-Wl,-E'
cccdlflags='-fPIC', lddlflags='-shared -O2 -g -L/usr/local/lib -fstack-protector-strong'
Characteristics of this binary (from libperl):
Compile-time options: DEBUGGING HAS_TIMES MULTIPLICITY PERLIO_LAYERS
PERL_COPY_ON_WRITE PERL_DONT_CREATE_GVSV
PERL_HASH_FUNC_ONE_AT_A_TIME_HARD
PERL_IMPLICIT_CONTEXT PERL_MALLOC_WRAP
PERL_PRESERVE_IVUV PERL_TRACK_MEMPOOL PERL_USE_DEVEL
USE_64_BIT_ALL USE_64_BIT_INT USE_ITHREADS
USE_LARGE_FILES USE_LOCALE USE_LOCALE_COLLATE
USE_LOCALE_CTYPE USE_LOCALE_NUMERIC USE_LOCALE_TIME
USE_LONG_DOUBLE USE_PERLIO USE_PERL_ATOF
USE_REENTRANT_API
Locally applied patches:
uncommitted-changes
Built under linux
Compiled at Jan 8 2018 12:15:52
%ENV:
PERL5LIB=""
PERL5OPT=""
PERL5_CPANPLUS_IS_RUNNING="30026"
PERL5_CPAN_IS_RUNNING="30026"
PERL_CANARY_STABILITY_NOPROMPT="1"
PERL_MM_USE_DEFAULT="1"
PERL_USE_UNSAFE_INC="1"
@INC:
/home/sand/src/perl/repoperls/installed-perls/host/k93msid/v5.24.3/ac75/lib/site_perl/5.24.3/x86_64-linux-thread-multi-ld
/home/sand/src/perl/repoperls/installed-perls/host/k93msid/v5.24.3/ac75/lib/site_perl/5.24.3
/home/sand/src/perl/repoperls/installed-perls/host/k93msid/v5.24.3/ac75/lib/5.24.3/x86_64-linux-thread-multi-ld
/home/sand/src/perl/repoperls/installed-perls/host/k93msid/v5.24.3/ac75/lib/5.24.3
.