Search-OpenSearch v0.409 Perl 5 v5.8.9 x86_64-linux

Status
Fail
From
Slaven Rezić (SREZIC)
Dist
Search-OpenSearch v0.409
Platform
Perl 5 v5.8.9 x86_64-linux
Date
2020-09-14 17:55:58
ID
8b2bc6f0-f6b3-11ea-8370-fd291f24ea8f
This distribution has been tested as part of the CPAN Testers
project, supporting the Perl programming language.  See
http://wiki.cpantesters.org/ for more information or email
questions to cpan-testers-discuss@perl.org


--
Dear Peter Karman,

This is a computer-generated report for Search-OpenSearch-0.409
on perl 5.8.9, created by CPAN-Reporter-1.2018.

Thank you for uploading your work to CPAN.  However, there was a problem
testing your distribution.

If you think this report is invalid, please consult the CPAN Testers Wiki
for suggestions on how to avoid getting FAIL reports for missing library
or binary dependencies, unsupported operating systems, and so on:

http://wiki.cpantesters.org/wiki/CPANAuthorNotes

Sections of this report:

    * Tester comments
    * Program output
    * Prerequisites
    * Environment and other context

------------------------------
TESTER COMMENTS
------------------------------

Additional comments from tester:

none provided

------------------------------
PROGRAM OUTPUT
------------------------------

Output from '/usr/bin/make test':

PERL_DL_NONLAZY=1 "/opt/perl-5.8.9/bin/perl" "-MExtUtils::Command::MM" "-MTest::Harness" "-e" "undef *Test::Harness::Switches; test_harness(0, 'inc', 'blib/lib', 'blib/arch')" t/*.t
# Testing Search::OpenSearch 0.409, Perl 5.008009, /opt/perl-5.8.9/bin/perl
t/00-load.t ....... ok
# set PLACK_TEST and make sure plack server is running
t/01-client.t ..... ok

#   Failed test 'xml structure'
#   at t/02-response.t line 163.
#     Structures begin differing at:
#          $got->{link}{href} = '?t=XML&q=&p=10&o=0'
#     $expected->{link}{href} = '?t=XML&q=&p=10&o=0'
# Looks like you failed 1 test of 14.
t/02-response.t ... 
Dubious, test returned 1 (wstat 256, 0x100)
Failed 1/14 subtests 
# set OPENSEARCH_INDEX to valid path to test Plack with Lucy
t/03-mem-leak.t ... ok
t/04-types.t ...... ok
t/pod-coverage.t .. skipped: Author tests not required for installation
t/pod.t ........... skipped: Author tests not required for installation

Test Summary Report
-------------------
t/02-response.t (Wstat: 256 Tests: 14 Failed: 1)
  Failed test:  14
  Non-zero exit status: 1
Files=7, Tests=24,  1 wallclock secs ( 0.02 usr  0.05 sys +  0.86 cusr  0.22 csys =  1.15 CPU)
Result: FAIL
Failed 1/7 test programs. 1/24 subtests failed.
Makefile:814: recipe for target 'test_dynamic' failed
make: *** [test_dynamic] Error 255

------------------------------
PREREQUISITES
------------------------------

Prerequisite modules loaded:

requires:

    Module                    Need     Have    
    ------------------------- -------- --------
    CHI                       0        0.60    
    Data::Pageset             0        1.06    
    Data::UUID                0        1.224   
    JSON                      0        4.02    
    Moose                     0        2.2013  
    MooseX::StrictConstructor 0        0.21    
    namespace::autoclean      0        0.29    
    perl                      5.008003 5.008009
    Scalar::Util              0        1.55    
    Search::Tools             1.000    1.007   
    Sort::SQL                 0        0.08    
    Test::More                0        1.302177
    Type::Tiny                0.008    1.010006
    URI::Encode               0        1.1.1   

build_requires:

    Module                    Need     Have    
    ------------------------- -------- --------
    ExtUtils::MakeMaker       6.59     7.46    

configure_requires:

    Module                    Need     Have    
    ------------------------- -------- --------
    ExtUtils::MakeMaker       6.59     7.46    


------------------------------
ENVIRONMENT AND OTHER CONTEXT
------------------------------

Environment variables:

    LANG = C
    PATH = /usr/local/bin:/usr/bin:/bin:/usr/local/sbin:/usr/sbin:/sbin:/home/cpansand/bin/linux-gnu:/home/cpansand/bin/sh:/home/cpansand/bin:/usr/games:/home/cpansand/devel:/home/eserte/src/srezic-misc/scripts
    PERL5LIB = /home/cpansand/.local/share/.cpan/build/2020091405/Sort-SQL-0.08-0/blib/arch:/home/cpansand/.local/share/.cpan/build/2020091405/Sort-SQL-0.08-0/blib/lib:/home/cpansand/.local/share/.cpan/build/2020091405/Search-Tools-1.007-0/blib/arch:/home/cpansand/.local/share/.cpan/build/2020091405/Search-Tools-1.007-0/blib/lib:/home/cpansand/.local/share/.cpan/build/2020091405/Encoding-FixLatin-1.04-0/blib/arch:/home/cpansand/.local/share/.cpan/build/2020091405/Encoding-FixLatin-1.04-0/blib/lib:/home/cpansand/.local/share/.cpan/build/2020091405/Data-Pageset-1.06-0/blib/arch:/home/cpansand/.local/share/.cpan/build/2020091405/Data-Pageset-1.06-0/blib/lib
    PERL5OPT = 
    PERL5_CPANPLUS_IS_RUNNING = 26567
    PERL5_CPAN_IS_RUNNING = 26567
    PERL5_CPAN_IS_RUNNING_IN_RECURSION = 26553,26567
    PERLDOC = -MPod::Perldoc::ToTextOverstrike
    PERL_BATCH = yes
    PERL_CANARY_STABILITY_NOPROMPT = 1
    PERL_CPAN_REPORTER_CONFIG = /var/tmp/cpansmoker-1023/2020091405/cpanreporter_000_config.ini
    PERL_EXTUTILS_AUTOINSTALL = --defaultdeps
    PERL_USE_UNSAFE_INC = 1
    SHELL = /usr/bin/zsh
    TERM = screen
    TMPDIR = /var/tmp/cpansmoker-1023/2020091405

Perl special variables (and OS-specific diagnostics, for MSWin32):

    $^X = /opt/perl-5.8.9/bin/perl
    $UID/$EUID = 1023 / 1023
    $GID = 1023 1023
    $EGID = 1023 1023

Perl module toolchain versions installed:

    Module              Have    
    ------------------- --------
    CPAN                2.28    
    CPAN::Meta          2.150010
    Cwd                 3.75    
    ExtUtils::CBuilder  0.280234
    ExtUtils::Command   7.46    
    ExtUtils::Install   2.16    
    ExtUtils::MakeMaker 7.46    
    ExtUtils::Manifest  1.70    
    ExtUtils::ParseXS   3.35    
    File::Spec          3.75    
    JSON                4.02    
    JSON::PP            4.05    
    Module::Build       0.4231  
    Module::Signature   0.87    
    Parse::CPAN::Meta   2.150010
    Test::Harness       3.42    
    Test::More          1.302177
    YAML                1.30    
    YAML::Syck          1.32    
    version             0.9924  


--

Summary of my perl5 (revision 5 version 8 subversion 9) configuration:
  Platform:
    osname=linux, osvers=4.9.0-9-amd64, archname=x86_64-linux
    uname='linux debian9 4.9.0-9-amd64 #1 smp debian 4.9.168-1+deb9u5 (2019-08-11) x86_64 gnulinux '
    config_args='-ds -e -Dprefix=/opt/perl-5.8.9 -Dcf_email=srezic@cpan.org'
    hint=recommended, useposix=true, d_sigaction=define
    usethreads=undef use5005threads=undef useithreads=undef usemultiplicity=undef
    useperlio=define d_sfio=undef uselargefiles=define usesocks=undef
    use64bitint=define use64bitall=define uselongdouble=undef
    usemymalloc=n, bincompat5005=undef
  Compiler:
    cc='cc', ccflags ='-fwrapv -fno-strict-aliasing -pipe -I/usr/local/include -D_LARGEFILE_SOURCE -D_FILE_OFFSET_BITS=64',
    optimize='-O2',
    cppflags='-fwrapv -fno-strict-aliasing -pipe -I/usr/local/include'
    ccversion='', gccversion='6.3.0 20170516', gccosandvers=''
    intsize=4, longsize=8, ptrsize=8, doublesize=8, byteorder=12345678
    d_longlong=define, longlongsize=8, d_longdbl=define, longdblsize=16
    ivtype='long', ivsize=8, nvtype='double', nvsize=8, Off_t='off_t', lseeksize=8
    alignbytes=8, prototype=define
  Linker and Libraries:
    ld='cc', ldflags =' -L/usr/local/lib'
    libpth=/usr/local/lib /lib/x86_64-linux-gnu /lib/../lib /usr/lib/x86_64-linux-gnu /usr/lib/../lib /lib /usr/lib
    libs=-lnsl -lgdbm -ldb -ldl -lm -lcrypt -lutil -lc -lgdbm_compat
    perllibs=-lnsl -ldl -lm -lcrypt -lutil -lc -lgdbm_compat
    libc=libc-2.24.so, so=so, useshrplib=false, libperl=libperl.a
    gnulibc_version='2.24'
  Dynamic Linking:
    dlsrc=dl_dlopen.xs, dlext=so, d_dlsymun=undef, ccdlflags='-Wl,-E'
    cccdlflags='-fPIC', lddlflags='-shared -O2 -L/usr/local/lib'


Characteristics of this binary (from libperl): 
  Compile-time options: PERL_MALLOC_WRAP USE_64_BIT_ALL USE_64_BIT_INT
                        USE_FAST_STDIO USE_LARGE_FILES USE_PERLIO
  Locally applied patches:
	Devel::PatchPerl 1.90
  Built under linux
  Compiled at Mar 31 2020 18:41:46
  %ENV:
    PERL5LIB="/home/cpansand/.local/share/.cpan/build/2020091405/Sort-SQL-0.08-0/blib/arch:/home/cpansand/.local/share/.cpan/build/2020091405/Sort-SQL-0.08-0/blib/lib:/home/cpansand/.local/share/.cpan/build/2020091405/Search-Tools-1.007-0/blib/arch:/home/cpansand/.local/share/.cpan/build/2020091405/Search-Tools-1.007-0/blib/lib:/home/cpansand/.local/share/.cpan/build/2020091405/Encoding-FixLatin-1.04-0/blib/arch:/home/cpansand/.local/share/.cpan/build/2020091405/Encoding-FixLatin-1.04-0/blib/lib:/home/cpansand/.local/share/.cpan/build/2020091405/Data-Pageset-1.06-0/blib/arch:/home/cpansand/.local/share/.cpan/build/2020091405/Data-Pageset-1.06-0/blib/lib"
    PERL5OPT=""
    PERL5_CPANPLUS_IS_RUNNING="26567"
    PERL5_CPAN_IS_RUNNING="26567"
    PERL5_CPAN_IS_RUNNING_IN_RECURSION="26553,26567"
    PERLDOC="-MPod::Perldoc::ToTextOverstrike"
    PERL_BATCH="yes"
    PERL_CANARY_STABILITY_NOPROMPT="1"
    PERL_CPAN_REPORTER_CONFIG="/var/tmp/cpansmoker-1023/2020091405/cpanreporter_000_config.ini"
    PERL_EXTUTILS_AUTOINSTALL="--defaultdeps"
    PERL_USE_UNSAFE_INC="1"
  @INC:
    /home/cpansand/.local/share/.cpan/build/2020091405/Sort-SQL-0.08-0/blib/arch
    /home/cpansand/.local/share/.cpan/build/2020091405/Sort-SQL-0.08-0/blib/lib
    /home/cpansand/.local/share/.cpan/build/2020091405/Search-Tools-1.007-0/blib/arch
    /home/cpansand/.local/share/.cpan/build/2020091405/Search-Tools-1.007-0/blib/lib
    /home/cpansand/.local/share/.cpan/build/2020091405/Encoding-FixLatin-1.04-0/blib/arch
    /home/cpansand/.local/share/.cpan/build/2020091405/Encoding-FixLatin-1.04-0/blib/lib
    /home/cpansand/.local/share/.cpan/build/2020091405/Data-Pageset-1.06-0/blib/arch
    /home/cpansand/.local/share/.cpan/build/2020091405/Data-Pageset-1.06-0/blib/lib
    /opt/perl-5.8.9/lib/5.8.9/x86_64-linux
    /opt/perl-5.8.9/lib/5.8.9
    /opt/perl-5.8.9/lib/site_perl/5.8.9/x86_64-linux
    /opt/perl-5.8.9/lib/site_perl/5.8.9
    .