Report for Data-YUID-0.06

Back
From: metabase:user:320bfe00-2aae-11df-837a-5e0a49663a4f
Subject: FAIL Data-YUID-0.06 v5.23.2 GNU/Linux
Date: 2015-07-25T09:57:22Z

This distribution has been tested as part of the CPAN Testers
project, supporting the Perl programming language.  See
http://wiki.cpantesters.org/ for more information or email
questions to cpan-testers-discuss@perl.org


--
Dear SAY MEDIA,

This is a computer-generated report for Data-YUID-0.06
on perl 5.23.2, created by CPAN-Reporter-1.2014.

Thank you for uploading your work to CPAN.  However, there was a problem
testing your distribution.

If you think this report is invalid, please consult the CPAN Testers Wiki
for suggestions on how to avoid getting FAIL reports for missing library
or binary dependencies, unsupported operating systems, and so on:

http://wiki.cpantesters.org/wiki/CPANAuthorNotes

Sections of this report:

    * Tester comments
    * Program output
    * Prerequisites
    * Environment and other context

------------------------------
TESTER COMMENTS
------------------------------

Additional comments from tester:

this report is from an automated smoke testing program
and was not reviewed by a human for accuracy

------------------------------
PROGRAM OUTPUT
------------------------------

Output from '/usr/bin/make test':

PERL_DL_NONLAZY=1 "/tmp/basesmoker-reloperl-iRl2/bin/perl" "-MExtUtils::Command::MM" "-MTest::Harness" "-e" "undef *Test::Harness::Switches; test_harness(0, 'inc', 'blib/lib', 'blib/arch')" t/00-compile.t t/01-generator.t t/10-client.t
t/00-compile.t .... ok
Time::HiRes object version 1.9726 does not match $Time::HiRes::XS_VERSION 1.9719 at /home/sand/src/perl/repoperls/installed-perls/perl/v5.23.1-35-gd2fcb1d/127e/lib/5.23.2/x86_64-linux-ld/DynaLoader.pm line 216.
Compilation failed in require at t/01-generator.t line 7.
BEGIN failed--compilation aborted at t/01-generator.t line 7.
# Looks like your test exited with 2 before it could output anything.
t/01-generator.t .. 
Dubious, test returned 2 (wstat 512, 0x200)
No subtests run 
Time::HiRes object version 1.9726 does not match $Time::HiRes::XS_VERSION 1.9719 at /home/sand/src/perl/repoperls/installed-perls/perl/v5.23.1-35-gd2fcb1d/127e/lib/5.23.2/x86_64-linux-ld/DynaLoader.pm line 216.
Compilation failed in require at /home/sand/src/perl/repoperls/installed-perls/perl/v5.23.1-35-gd2fcb1d/127e/lib/site_perl/5.23.2/Danga/Socket.pm line 98.
BEGIN failed--compilation aborted at /home/sand/src/perl/repoperls/installed-perls/perl/v5.23.1-35-gd2fcb1d/127e/lib/site_perl/5.23.2/Danga/Socket.pm line 98.
Compilation failed in require at /tmp/loop_over_bdir-29814-nzi7k_/Data-YUID-0.06-sREw0w/t/../bin/yuidd line 5.
BEGIN failed--compilation aborted at /tmp/loop_over_bdir-29814-nzi7k_/Data-YUID-0.06-sREw0w/t/../bin/yuidd line 5.
Time::HiRes object version 1.9726 does not match $Time::HiRes::XS_VERSION 1.9719 at /home/sand/src/perl/repoperls/installed-perls/perl/v5.23.1-35-gd2fcb1d/127e/lib/5.23.2/x86_64-linux-ld/DynaLoader.pm line 216.
Compilation failed in require at /home/sand/src/perl/repoperls/installed-perls/perl/v5.23.1-35-gd2fcb1d/127e/lib/site_perl/5.23.2/Danga/Socket.pm line 98.
BEGIN failed--compilation aborted at /home/sand/src/perl/repoperls/installed-perls/perl/v5.23.1-35-gd2fcb1d/127e/lib/site_perl/5.23.2/Danga/Socket.pm line 98.
Compilation failed in require at /tmp/loop_over_bdir-29814-nzi7k_/Data-YUID-0.06-sREw0w/t/../bin/yuidd line 5.
BEGIN failed--compilation aborted at /tmp/loop_over_bdir-29814-nzi7k_/Data-YUID-0.06-sREw0w/t/../bin/yuidd line 5.
Timeout waiting for port 11000 to startup at t/10-client.t line 75.
# Looks like your test exited with 111 before it could output anything.
t/10-client.t ..... 
Dubious, test returned 111 (wstat 28416, 0x6f00)
Failed 25/25 subtests 

Test Summary Report
-------------------
t/01-generator.t (Wstat: 512 Tests: 0 Failed: 0)
  Non-zero exit status: 2
  Parse errors: No plan found in TAP output
t/10-client.t   (Wstat: 28416 Tests: 0 Failed: 0)
  Non-zero exit status: 111
  Parse errors: Bad plan.  You planned 25 tests but ran 0.
Files=3, Tests=1,  6 wallclock secs ( 0.02 usr  0.03 sys +  0.11 cusr  0.04 csys =  0.20 CPU)
Result: FAIL
Failed 2/3 test programs. 0/1 subtests failed.
Makefile:804: recipe for target 'test_dynamic' failed
make: *** [test_dynamic] Error 111

------------------------------
PREREQUISITES
------------------------------

Prerequisite modules loaded:

requires:

    Module              Need     Have    
    ------------------- -------- --------
    Danga::Socket       0        1.61    
    perl                5.006001 5.023002
    Time::HiRes         0        1.9726  
    URI::Escape         0        3.31    

build_requires:

    Module              Need     Have    
    ------------------- -------- --------
    ExtUtils::MakeMaker 6.42     7.04_01 
    Time::HiRes         0        1.9726  

configure_requires:

    Module              Need     Have    
    ------------------- -------- --------
    ExtUtils::MakeMaker 6.42     7.04_01 


------------------------------
ENVIRONMENT AND OTHER CONTEXT
------------------------------

Environment variables:

    AUTOMATED_TESTING = 1
    LANG = en_US.UTF-8
    LANGUAGE = en_US:en
    PATH = /home/sand/bin:/usr/local/bin:/usr/bin:/bin:/usr/games:/usr/local/perl/bin:/usr/X11/bin:/sbin:/usr/sbin
    PERL5LIB = /tmp/loop_over_bdir-29814-nzi7k_/Alien-ActiveMQ-0.00005-WCwPfN/blib/arch:/tmp/loop_over_bdir-29814-nzi7k_/Alien-ActiveMQ-0.00005-WCwPfN/blib/lib
    PERL5OPT = 
    PERL5_CPANPLUS_IS_RUNNING = 5437
    PERL5_CPAN_IS_RUNNING = 5437
    PERL_MM_USE_DEFAULT = 1
    SHELL = /usr/bin/zsh
    TERM = screen

Perl special variables (and OS-specific diagnostics, for MSWin32):

    $^X = /tmp/basesmoker-reloperl-iRl2/bin/perl
    $UID/$EUID = 1005 / 1005
    $GID = 1005 1005
    $EGID = 1005 1005

Perl module toolchain versions installed:

    Module              Have    
    ------------------- --------
    CPAN                2.10    
    CPAN::Meta          2.150005
    Cwd                 3.56    
    ExtUtils::CBuilder  0.280223
    ExtUtils::Command   1.20    
    ExtUtils::Install   2.04    
    ExtUtils::MakeMaker 7.04_01 
    ExtUtils::Manifest  1.70    
    ExtUtils::ParseXS   3.28    
    File::Spec          3.56    
    JSON                2.90    
    JSON::PP            2.27300 
    Module::Build       0.4214  
    Module::Signature   0.79    
    Parse::CPAN::Meta   1.4417  
    Test::Harness       3.35    
    Test::More          1.001014
    YAML                1.15    
    YAML::Syck          1.29    
    version             0.9909  


--

Summary of my perl5 (revision 5 version 23 subversion 2) configuration:
  Commit id: d2fcb1d6773910aef058d59681ff6ae649f68352
  Platform:
    osname=linux, osvers=4.0.0-2-amd64, archname=x86_64-linux-ld
    uname='linux k83 4.0.0-2-amd64 #1 smp debian 4.0.5-1 (2015-06-16) x86_64 gnulinux '
    config_args='-Dprefix=/home/sand/src/perl/repoperls/installed-perls/perl/v5.23.1-35-gd2fcb1d/127e -Dmyhostname=k83 -Dinstallusrbinperl=n -Uversiononly -Dusedevel -des -Ui_db -Uuseithreads -Duselongdouble -DDEBUGGING=-g'
    hint=recommended, useposix=true, d_sigaction=define
    useithreads=undef, usemultiplicity=undef
    use64bitint=define, use64bitall=define, uselongdouble=define
    usemymalloc=n, bincompat5005=undef
  Compiler:
    cc='cc', ccflags ='-fwrapv -fno-strict-aliasing -pipe -fstack-protector-strong -I/usr/local/include -D_LARGEFILE_SOURCE -D_FILE_OFFSET_BITS=64 -D_FORTIFY_SOURCE=2',
    optimize='-O2 -g',
    cppflags='-fwrapv -fno-strict-aliasing -pipe -fstack-protector-strong -I/usr/local/include'
    ccversion='', gccversion='4.9.2', gccosandvers=''
    intsize=4, longsize=8, ptrsize=8, doublesize=8, byteorder=12345678, doublekind=3
    d_longlong=define, longlongsize=8, d_longdbl=define, longdblsize=16, longdblkind=3
    ivtype='long', ivsize=8, nvtype='long double', nvsize=16, Off_t='off_t', lseeksize=8
    alignbytes=16, prototype=define
  Linker and Libraries:
    ld='cc', ldflags =' -fstack-protector-strong -L/usr/local/lib'
    libpth=/usr/local/lib /usr/lib/gcc/x86_64-linux-gnu/4.9/include-fixed /usr/include/x86_64-linux-gnu /usr/lib /lib/x86_64-linux-gnu /lib/../lib /usr/lib/x86_64-linux-gnu /usr/lib/../lib /lib
    libs=-lpthread -lnsl -lgdbm -ldb -ldl -lm -lcrypt -lutil -lc -lgdbm_compat
    perllibs=-lpthread -lnsl -ldl -lm -lcrypt -lutil -lc
    libc=libc-2.19.so, so=so, useshrplib=false, libperl=libperl.a
    gnulibc_version='2.19'
  Dynamic Linking:
    dlsrc=dl_dlopen.xs, dlext=so, d_dlsymun=undef, ccdlflags='-Wl,-E'
    cccdlflags='-fPIC', lddlflags='-shared -O2 -g -L/usr/local/lib -fstack-protector-strong'


Characteristics of this binary (from libperl): 
  Compile-time options: HAS_TIMES PERLIO_LAYERS PERL_COPY_ON_WRITE
                        PERL_DONT_CREATE_GVSV
                        PERL_HASH_FUNC_ONE_AT_A_TIME_HARD PERL_MALLOC_WRAP
                        PERL_PRESERVE_IVUV PERL_USE_DEVEL USE_64_BIT_ALL
                        USE_64_BIT_INT USE_LARGE_FILES USE_LOCALE
                        USE_LOCALE_COLLATE USE_LOCALE_CTYPE
                        USE_LOCALE_NUMERIC USE_LOCALE_TIME USE_LONG_DOUBLE
                        USE_PERLIO USE_PERL_ATOF
  Built under linux
  Compiled at Jul 24 2015 15:25:09
  %ENV:
    PERL5LIB="/tmp/loop_over_bdir-29814-nzi7k_/Alien-ActiveMQ-0.00005-WCwPfN/blib/arch:/tmp/loop_over_bdir-29814-nzi7k_/Alien-ActiveMQ-0.00005-WCwPfN/blib/lib"
    PERL5OPT=""
    PERL5_CPANPLUS_IS_RUNNING="5437"
    PERL5_CPAN_IS_RUNNING="5437"
    PERL_MM_USE_DEFAULT="1"
  @INC:
    /tmp/loop_over_bdir-29814-nzi7k_/Alien-ActiveMQ-0.00005-WCwPfN/blib/arch
    /tmp/loop_over_bdir-29814-nzi7k_/Alien-ActiveMQ-0.00005-WCwPfN/blib/lib
    /home/sand/src/perl/repoperls/installed-perls/perl/v5.23.1-35-gd2fcb1d/127e/lib/site_perl/5.23.2/x86_64-linux-ld
    /home/sand/src/perl/repoperls/installed-perls/perl/v5.23.1-35-gd2fcb1d/127e/lib/site_perl/5.23.2
    /home/sand/src/perl/repoperls/installed-perls/perl/v5.23.1-35-gd2fcb1d/127e/lib/5.23.2/x86_64-linux-ld
    /home/sand/src/perl/repoperls/installed-perls/perl/v5.23.1-35-gd2fcb1d/127e/lib/5.23.2
    .