Report for AntTweakBar-0.05

Back
From: metabase:user:314402c4-2aae-11df-837a-5e0a49663a4f
Subject: NA AntTweakBar-0.05 v5.10.1 GNU/Linux
Date: 2014-09-06T10:21:20Z

This distribution has been tested as part of the CPAN Testers
project, supporting the Perl programming language.  See
http://wiki.cpantesters.org/ for more information or email
questions to cpan-testers-discuss@perl.org


--
Dear Ivan Baidakou,

This is a computer-generated report for AntTweakBar-0.05
on perl 5.10.1, created by CPAN-Reporter-1.2011.

Thank you for uploading your work to CPAN.  While attempting to build or test
this distribution, the distribution signaled that support is not available
either for this operating system or this version of Perl.  Nevertheless, any
diagnostic output produced is provided below for reference.  If this is not
what you expect, you may wish to consult the CPAN Testers Wiki:

http://wiki.cpantesters.org/wiki/CPANAuthorNotes

Sections of this report:

    * Tester comments
    * Program output
    * Prerequisites
    * Environment and other context

------------------------------
TESTER COMMENTS
------------------------------

Additional comments from tester:

none provided

------------------------------
PROGRAM OUTPUT
------------------------------

Output from './Build test':


#   Failed test 'use AntTweakBar;'
#   at t/AntTweakBar.t line 13.
#     Tried to use 'AntTweakBar'.
#     Error:  Perl v5.12.0 required--this is only v5.10.1, stopped at /tmpfs/.cpan-build/AntTweakBar-0.05-ydBe7b/blib/lib/AntTweakBar.pm line 3.
# BEGIN failed--compilation aborted at /tmpfs/.cpan-build/AntTweakBar-0.05-ydBe7b/blib/lib/AntTweakBar.pm line 3.
# Compilation failed in require at t/AntTweakBar.t line 13.
# BEGIN failed--compilation aborted at t/AntTweakBar.t line 13.
# Looks like you failed 1 test of 1.
t/AntTweakBar.t .... 
Dubious, test returned 1 (wstat 256, 0x100)
Failed 1/1 subtests 
Perl v5.12.0 required--this is only v5.10.1, stopped at t/init-shutdown.t line 1.
BEGIN failed--compilation aborted at t/init-shutdown.t line 1.
t/init-shutdown.t .. 
Dubious, test returned 9 (wstat 2304, 0x900)
No subtests run 
Perl v5.12.0 required--this is only v5.10.1, stopped at t/vars.t line 1.
BEGIN failed--compilation aborted at t/vars.t line 1.
t/vars.t ........... 
Dubious, test returned 9 (wstat 2304, 0x900)
No subtests run 

Test Summary Report
-------------------
t/AntTweakBar.t  (Wstat: 256 Tests: 1 Failed: 1)
  Failed test:  1
  Non-zero exit status: 1
t/init-shutdown.t (Wstat: 2304 Tests: 0 Failed: 0)
  Non-zero exit status: 9
  Parse errors: No plan found in TAP output
t/vars.t         (Wstat: 2304 Tests: 0 Failed: 0)
  Non-zero exit status: 9
  Parse errors: No plan found in TAP output
Files=3, Tests=1,  0 wallclock secs ( 0.01 usr  0.02 sys +  0.00 cusr  0.01 csys =  0.04 CPU)
Result: FAIL
Failed 3/3 test programs. 1/1 subtests failed.

------------------------------
PREREQUISITES
------------------------------

Prerequisite modules loaded:

requires:

    Module             Need  Have    
    ------------------ ----- --------
    Alien::AntTweakBar 0.02  0.03    
    Alien::SDL         1.444 1.444   
    Carp               0     1.3301  
    perl               5.008 5.010001

build_requires:

    Module             Need  Have    
    ------------------ ----- --------
    ExtUtils::CBuilder 0     0.280219
    Test::Fatal        0     0.013   
    Test::More         0     1.001003
    Test::Warnings     0     0.016   

configure_requires:

    Module             Need  Have    
    ------------------ ----- --------
    Alien::AntTweakBar 0.02  0.03    
    Alien::SDL         1.44  1.444   
    Devel::CheckLib    1.01  1.02    
    Module::Build      0.42  0.4210  
    perl               5.008 5.010001


------------------------------
ENVIRONMENT AND OTHER CONTEXT
------------------------------

Environment variables:

    DBIC_NO_WARN_BAD_PERL = 1
    LANG = C
    LC_ALL = de_DE.UTF-8
    PATH = /usr/local/bin:/usr/bin:/bin:/usr/local/sbin:/usr/sbin:/sbin:/home/eserte/bin/linux-gnu:/home/eserte/bin/sh:/home/eserte/bin:/usr/games:/home/eserte/devel:/home/eserte/src/srezic-misc/scripts
    PERL5LIB = /home/eserte/.cpan/build/Acme-MyFirstModule-ddeimeke-0.03-5SjxbU/blib/arch:/home/eserte/.cpan/build/Acme-MyFirstModule-ddeimeke-0.03-5SjxbU/blib/lib
    PERL5OPT = 
    PERL5_CPANPLUS_IS_RUNNING = 21484
    PERL5_CPAN_IS_RUNNING = 21484
    PERL5_CPAN_IS_RUNNING_IN_RECURSION = 21407,21484
    PERLDOC = -MPod::Perldoc::ToTextOverstrike
    PERL_BATCH = yes
    PERL_CPAN_REPORTER_CONFIG = /var/tmp/cpansmoker-1001/IB5jcl41JH_config.ini
    PERL_EXTUTILS_AUTOINSTALL = --defaultdeps
    PERL_HTML_DISPLAY_CLASS = HTML::Display::Mozilla
    PERL_PARALLEL_SMOKER = yes
    SHELL = /bin/zsh
    TERM = screen
    TMPDIR = /var/tmp/cpansmoker-1001

Perl special variables (and OS-specific diagnostics, for MSWin32):

    $^X = /bbbike/perl-5.10.1/bin/perl5.10.1
    $UID/$EUID = 1001 / 1001
    $GID = 1001 109 1001
    $EGID = 1001 109 1001

Perl module toolchain versions installed:

    Module              Have    
    ------------------- --------
    CPAN                1.9402  
    CPAN::Meta          2.142060
    Cwd                 3.47    
    ExtUtils::CBuilder  0.280219
    ExtUtils::Command   1.16    
    ExtUtils::Install   1.54    
    ExtUtils::MakeMaker 6.98    
    ExtUtils::Manifest  1.65    
    ExtUtils::ParseXS   3.24    
    File::Spec          3.47    
    JSON                2.90    
    JSON::PP            2.27203 
    Module::Build       0.4210  
    Module::Signature   0.73    
    Parse::CPAN::Meta   1.4414  
    Test::Harness       3.33    
    Test::More          1.001003
    YAML                1.11    
    YAML::Syck          1.27    
    version             0.9909  


--

Summary of my perl5 (revision 5 version 10 subversion 1) configuration:
   
  Platform:
    osname=linux, osvers=3.2.0-4-amd64, archname=x86_64-linux
    uname='linux eserte 3.2.0-4-amd64 #1 smp debian 3.2.60-1+deb7u3 x86_64 gnulinux '
    config_args='-ds -e -Dprefix=/opt/perl-5.10.1'
    hint=recommended, useposix=true, d_sigaction=define
    useithreads=undef, usemultiplicity=undef
    useperlio=define, d_sfio=undef, uselargefiles=define, usesocks=undef
    use64bitint=define, use64bitall=define, uselongdouble=undef
    usemymalloc=n, bincompat5005=undef
  Compiler:
    cc='cc', ccflags ='-fno-strict-aliasing -pipe -fstack-protector -I/usr/local/include -D_LARGEFILE_SOURCE -D_FILE_OFFSET_BITS=64',
    optimize='-O2',
    cppflags='-fno-strict-aliasing -pipe -fstack-protector -I/usr/local/include'
    ccversion='', gccversion='4.7.2', gccosandvers=''
    intsize=4, longsize=8, ptrsize=8, doublesize=8, byteorder=12345678
    d_longlong=define, longlongsize=8, d_longdbl=define, longdblsize=16
    ivtype='long', ivsize=8, nvtype='double', nvsize=8, Off_t='off_t', lseeksize=8
    alignbytes=8, prototype=define
  Linker and Libraries:
    ld='cc', ldflags =' -fstack-protector -L/usr/local/lib'
    libpth=/usr/local/lib /lib/x86_64-linux-gnu /lib/../lib /usr/lib/x86_64-linux-gnu /usr/lib/../lib /lib /usr/lib
    libs=-lnsl -ldb -ldl -lm -lcrypt -lutil -lc
    perllibs=-lnsl -ldl -lm -lcrypt -lutil -lc
    libc=libc-2.13.so, so=so, useshrplib=false, libperl=libperl.a
    gnulibc_version='2.13'
  Dynamic Linking:
    dlsrc=dl_dlopen.xs, dlext=so, d_dlsymun=undef, ccdlflags='-Wl,-E'
    cccdlflags='-fPIC', lddlflags='-shared -O2 -L/usr/local/lib -fstack-protector'


Characteristics of this binary (from libperl): 
  Compile-time options: PERL_DONT_CREATE_GVSV PERL_MALLOC_WRAP USE_64_BIT_ALL
                        USE_64_BIT_INT USE_LARGE_FILES USE_PERLIO
  Built under linux
  Compiled at Aug 18 2014 20:38:33
  %ENV:
    PERL5LIB="/home/eserte/.cpan/build/Acme-MyFirstModule-ddeimeke-0.03-5SjxbU/blib/arch:/home/eserte/.cpan/build/Acme-MyFirstModule-ddeimeke-0.03-5SjxbU/blib/lib"
    PERL5OPT=""
    PERL5_CPANPLUS_IS_RUNNING="21484"
    PERL5_CPAN_IS_RUNNING="21484"
    PERL5_CPAN_IS_RUNNING_IN_RECURSION="21407,21484"
    PERLDOC="-MPod::Perldoc::ToTextOverstrike"
    PERL_BATCH="yes"
    PERL_CPAN_REPORTER_CONFIG="/var/tmp/cpansmoker-1001/IB5jcl41JH_config.ini"
    PERL_EXTUTILS_AUTOINSTALL="--defaultdeps"
    PERL_HTML_DISPLAY_CLASS="HTML::Display::Mozilla"
    PERL_PARALLEL_SMOKER="yes"
  @INC:
    /home/eserte/.cpan/build/Acme-MyFirstModule-ddeimeke-0.03-5SjxbU/blib/arch
    /home/eserte/.cpan/build/Acme-MyFirstModule-ddeimeke-0.03-5SjxbU/blib/lib
    /opt/perl-5.10.1/lib/5.10.1/x86_64-linux
    /opt/perl-5.10.1/lib/5.10.1
    /opt/perl-5.10.1/lib/site_perl/5.10.1/x86_64-linux
    /opt/perl-5.10.1/lib/site_perl/5.10.1
    .