Back
From: metabase:user:320bfe00-2aae-11df-837a-5e0a49663a4f
Subject: FAIL Net-Bot-IRC-NumericCodes-0.05 v5.19.6 GNU/Linux
Date: 2013-10-28T02:56:31Z
This distribution has been tested as part of the CPAN Testers
project, supporting the Perl programming language. See
http://wiki.cpantesters.org/ for more information or email
questions to cpan-testers-discuss@perl.org
--
Dear Mark Caudill,
This is a computer-generated report for Net-Bot-IRC-NumericCodes-0.05
on perl 5.19.6, created by CPAN-Reporter-1.2010.
Thank you for uploading your work to CPAN. However, there was a problem
testing your distribution.
If you think this report is invalid, please consult the CPAN Testers Wiki
for suggestions on how to avoid getting FAIL reports for missing library
or binary dependencies, unsupported operating systems, and so on:
http://wiki.cpantesters.org/wiki/CPANAuthorNotes
Sections of this report:
* Tester comments
* Program output
* Prerequisites
* Environment and other context
------------------------------
TESTER COMMENTS
------------------------------
Additional comments from tester:
this report is from an automated smoke testing program
and was not reviewed by a human for accuracy
------------------------------
PROGRAM OUTPUT
------------------------------
Output from '/usr/bin/make test':
PERL_DL_NONLAZY=1 /tmp/basesmoker-reloperl-JwVI/bin/perl "-MExtUtils::Command::MM" "-MTest::Harness" "-e" "undef *Test::Harness::Switches; test_harness(0, 'blib/lib', 'blib/arch')" t/*.t
# Testing Net::Bot::IRC::NumericCodes 0.05, Perl 5.019006, /tmp/basesmoker-reloperl-JwVI/bin/perl
t/00-load.t ....... ok
t/pod-coverage.t .. ok
t/pod.t ........... ok
# Checking str2num() and num2str().
# Failed test '244 = RPL_STATSSLINE'
# at t/test.t line 126.
# Looks like you failed 1 test of 214.
t/test.t ..........
Dubious, test returned 1 (wstat 256, 0x100)
Failed 1/214 subtests
Test Summary Report
-------------------
t/test.t (Wstat: 256 Tests: 214 Failed: 1)
Failed test: 147
Non-zero exit status: 1
Files=4, Tests=217, 0 wallclock secs ( 0.04 usr 0.00 sys + 0.13 cusr 0.01 csys = 0.18 CPU)
Result: FAIL
Failed 1/4 test programs. 1/217 subtests failed.
make: *** [test_dynamic] Error 1
------------------------------
PREREQUISITES
------------------------------
Prerequisite modules loaded:
requires:
Module Need Have
------------------- ---- ----
Test::More 0 0.99
build_requires:
Module Need Have
------------------- ---- ----
ExtUtils::MakeMaker 0 6.80
configure_requires:
Module Need Have
------------------- ---- ----
ExtUtils::MakeMaker 0 6.80
------------------------------
ENVIRONMENT AND OTHER CONTEXT
------------------------------
Environment variables:
AUTOMATED_TESTING = 1
LANG = en_US.UTF-8
LANGUAGE = en_US:en
PATH = /usr/lib/ccache:/home/sand/bin:/usr/local/bin:/usr/bin:/bin:/usr/bin/X11:/usr/games:/usr/local/perl/bin:/usr/X11/bin:/sbin:/usr/sbin
PERL5LIB = /tmp/loop_over_bdir-13795-a5IhF9/FusionInventory-Agent-2.3.2-1F84Iw/blib/arch:/tmp/loop_over_bdir-13795-a5IhF9/FusionInventory-Agent-2.3.2-1F84Iw/blib/lib
PERL5OPT =
PERL5_CPANPLUS_IS_RUNNING = 16837
PERL5_CPAN_IS_RUNNING = 16837
PERL_MM_USE_DEFAULT = 1
SHELL = /usr/bin/zsh
TERM = screen
Perl special variables (and OS-specific diagnostics, for MSWin32):
$^X = /tmp/basesmoker-reloperl-JwVI/bin/perl
$UID/$EUID = 1005 / 1005
$GID = 1005 1005
$EGID = 1005 1005
Perl module toolchain versions installed:
Module Have
------------------- --------
CPAN 2.00
CPAN::Meta 2.132830
Cwd 3.45
ExtUtils::CBuilder 0.280212
ExtUtils::Command 1.18
ExtUtils::Install 1.61
ExtUtils::MakeMaker 6.80
ExtUtils::Manifest 1.63
ExtUtils::ParseXS 3.23
File::Spec 3.45
JSON 2.61
JSON::PP 2.27203
Module::Build 0.4007
Module::Signature 0.73
Parse::CPAN::Meta 1.4409
Test::Harness 3.29
Test::More 0.99
YAML 0.84
YAML::Syck 1.27
version 0.9904
--
Summary of my perl5 (revision 5 version 19 subversion 6) configuration:
Commit id: 63dc8a94deaa9937caf38077e5dc129624128d08
Platform:
osname=linux, osvers=3.10-3-amd64, archname=x86_64-linux-thread-multi-ld
uname='linux k83 3.10-3-amd64 #1 smp debian 3.10.11-1 (2013-09-10) x86_64 gnulinux '
config_args='-Dprefix=/home/sand/src/perl/repoperls/installed-perls/perl/v5.19.5-60-g63dc8a9/a2da -Dmyhostname=k83 -Dinstallusrbinperl=n -Uversiononly -Dusedevel -des -Ui_db -Duseithreads -Duselongdouble -DDEBUGGING=-g'
hint=recommended, useposix=true, d_sigaction=define
useithreads=define, usemultiplicity=define
useperlio=define, d_sfio=undef, uselargefiles=define, usesocks=undef
use64bitint=define, use64bitall=define, uselongdouble=define
usemymalloc=n, bincompat5005=undef
Compiler:
cc='cc', ccflags ='-D_REENTRANT -D_GNU_SOURCE -fno-strict-aliasing -pipe -fstack-protector -I/usr/local/include -D_LARGEFILE_SOURCE -D_FILE_OFFSET_BITS=64',
optimize='-O2 -g',
cppflags='-D_REENTRANT -D_GNU_SOURCE -fno-strict-aliasing -pipe -fstack-protector -I/usr/local/include'
ccversion='', gccversion='4.8.1', gccosandvers=''
intsize=4, longsize=8, ptrsize=8, doublesize=8, byteorder=12345678
d_longlong=define, longlongsize=8, d_longdbl=define, longdblsize=16
ivtype='long', ivsize=8, nvtype='long double', nvsize=16, Off_t='off_t', lseeksize=8
alignbytes=16, prototype=define
Linker and Libraries:
ld='cc', ldflags =' -fstack-protector -L/usr/local/lib'
libpth=/usr/local/lib /lib/x86_64-linux-gnu /lib/../lib /usr/lib/x86_64-linux-gnu /usr/lib/../lib /lib /usr/lib
libs=-lnsl -lgdbm -ldb -ldl -lm -lcrypt -lutil -lpthread -lc -lgdbm_compat
perllibs=-lnsl -ldl -lm -lcrypt -lutil -lpthread -lc
libc=, so=so, useshrplib=false, libperl=libperl.a
gnulibc_version='2.17'
Dynamic Linking:
dlsrc=dl_dlopen.xs, dlext=so, d_dlsymun=undef, ccdlflags='-Wl,-E'
cccdlflags='-fPIC', lddlflags='-shared -O2 -g -L/usr/local/lib -fstack-protector'
Characteristics of this binary (from libperl):
Compile-time options: HAS_TIMES MULTIPLICITY PERLIO_LAYERS
PERL_DONT_CREATE_GVSV
PERL_HASH_FUNC_ONE_AT_A_TIME_HARD
PERL_IMPLICIT_CONTEXT PERL_MALLOC_WRAP
PERL_NEW_COPY_ON_WRITE PERL_PRESERVE_IVUV
PERL_USE_DEVEL USE_64_BIT_ALL USE_64_BIT_INT
USE_ITHREADS USE_LARGE_FILES USE_LOCALE
USE_LOCALE_COLLATE USE_LOCALE_CTYPE
USE_LOCALE_NUMERIC USE_LONG_DOUBLE USE_PERLIO
USE_PERL_ATOF USE_REENTRANT_API
Built under linux
Compiled at Oct 26 2013 23:45:37
%ENV:
PERL5LIB="/tmp/loop_over_bdir-13795-a5IhF9/FusionInventory-Agent-2.3.2-1F84Iw/blib/arch:/tmp/loop_over_bdir-13795-a5IhF9/FusionInventory-Agent-2.3.2-1F84Iw/blib/lib"
PERL5OPT=""
PERL5_CPANPLUS_IS_RUNNING="16837"
PERL5_CPAN_IS_RUNNING="16837"
PERL_MM_USE_DEFAULT="1"
@INC:
/tmp/loop_over_bdir-13795-a5IhF9/FusionInventory-Agent-2.3.2-1F84Iw/blib/arch
/tmp/loop_over_bdir-13795-a5IhF9/FusionInventory-Agent-2.3.2-1F84Iw/blib/lib
/home/sand/src/perl/repoperls/installed-perls/perl/v5.19.5-60-g63dc8a9/a2da/lib/site_perl/5.19.6/x86_64-linux-thread-multi-ld
/home/sand/src/perl/repoperls/installed-perls/perl/v5.19.5-60-g63dc8a9/a2da/lib/site_perl/5.19.6
/home/sand/src/perl/repoperls/installed-perls/perl/v5.19.5-60-g63dc8a9/a2da/lib/5.19.6/x86_64-linux-thread-multi-ld
/home/sand/src/perl/repoperls/installed-perls/perl/v5.19.5-60-g63dc8a9/a2da/lib/5.19.6
.