Back
From: metabase:user:30ae4450-2aae-11df-837a-5e0a49663a4f
Subject: FAIL SysV-Init-Service-0.02 v5.18.2 RC4
Date: 2013-12-30T23:35:07Z
This distribution has been tested as part of the CPAN Testers
project, supporting the Perl programming language. See
http://wiki.cpantesters.org/ for more information or email
questions to cpan-testers-discuss@perl.org
--
Dear Michal Spacek,
This is a computer-generated report for SysV-Init-Service-0.02
on perl 5.18.2, created by CPAN-Reporter-1.2010_01.
Thank you for uploading your work to CPAN. However, there was a problem
testing your distribution.
If you think this report is invalid, please consult the CPAN Testers Wiki
for suggestions on how to avoid getting FAIL reports for missing library
or binary dependencies, unsupported operating systems, and so on:
http://wiki.cpantesters.org/wiki/CPANAuthorNotes
Sections of this report:
* Tester comments
* Program output
* Prerequisites
* Environment and other context
------------------------------
TESTER COMMENTS
------------------------------
Additional comments from tester:
this report is from an automated smoke testing program
and was not reviewed by a human for accuracy
------------------------------
PROGRAM OUTPUT
------------------------------
Output from 'C:\strawberry182RC4\c\bin\dmake.exe test':
C:\strawberry182RC4\perl\bin\perl.exe "-MExtUtils::Command::MM" "-MTest::Harness" "-e" "undef *Test::Harness::Switches; test_harness(0, 'inc', 'blib\lib', 'blib\arch')" t/SysV-Init-Service/*.t
t/SysV-Init-Service/00-use.t ........... ok
t/SysV-Init-Service/01-version.t ....... ok
t/SysV-Init-Service/02-pod_coverage.t .. ok
t/SysV-Init-Service/03-pod.t ........... ok
Service 'service1' doesn't present. at C:/strawberry182RC4/cpan/build/SysV-Init-Service-0.02-MqjcQp/blib/lib/SysV/Init/Service.pm line 43.
# Looks like you planned 7 tests but ran 4.
# Looks like your test exited with 255 just after 4.
t/SysV-Init-Service/04-new.t ...........
Dubious, test returned 255 (wstat 65280, 0xff00)
Failed 3/7 subtests
Service 'service1' doesn't present. at C:/strawberry182RC4/cpan/build/SysV-Init-Service-0.02-MqjcQp/blib/lib/SysV/Init/Service.pm line 43.
# Looks like you planned 4 tests but ran 1.
# Looks like your test exited with 255 just after 1.
t/SysV-Init-Service/05-commands.t ......
Dubious, test returned 255 (wstat 65280, 0xff00)
Failed 3/4 subtests
Service 'service1' doesn't present. at C:/strawberry182RC4/cpan/build/SysV-Init-Service-0.02-MqjcQp/blib/lib/SysV/Init/Service.pm line 43.
# Looks like you planned 2 tests but ran 1.
# Looks like your test exited with 255 just after 1.
t/SysV-Init-Service/06-name.t ..........
Dubious, test returned 255 (wstat 65280, 0xff00)
Failed 1/2 subtests
Test Summary Report
-------------------
t/SysV-Init-Service/04-new.t (Wstat: 65280 Tests: 4 Failed: 0)
Non-zero exit status: 255
Parse errors: Bad plan. You planned 7 tests but ran 4.
t/SysV-Init-Service/05-commands.t (Wstat: 65280 Tests: 1 Failed: 0)
Non-zero exit status: 255
Parse errors: Bad plan. You planned 4 tests but ran 1.
t/SysV-Init-Service/06-name.t (Wstat: 65280 Tests: 1 Failed: 0)
Non-zero exit status: 255
Parse errors: Bad plan. You planned 2 tests but ran 1.
Files=7, Tests=15, 2 wallclock secs ( 0.04 usr + 0.04 sys = 0.08 CPU)
Result: FAIL
Failed 3/7 test programs. 0/15 subtests failed.
dmake.exe: Error code 255, while making 'test_dynamic'
------------------------------
PREREQUISITES
------------------------------
Prerequisite modules loaded:
requires:
Module Need Have
--------------------- ---- --------
Class::Utils 0.05 0.05
English 0 1.06_01
Error::Pure 0.14 0.15
File::Spec::Functions 0 3.40
IO::CaptureOutput 0 1.1102
List::MoreUtils 0 0.33
build_requires:
Module Need Have
--------------------- ---- --------
English 0 1.06_01
ExtUtils::MakeMaker 6.36 6.84
File::Object 0.07 0.07
Test::More 0 1.001002
Test::NoWarnings 0 1.04
Test::Pod 0 1.48
Test::Pod::Coverage 0 1.08
configure_requires:
Module Need Have
--------------------- ---- --------
ExtUtils::MakeMaker 6.36 6.84
------------------------------
ENVIRONMENT AND OTHER CONTEXT
------------------------------
Environment variables:
AUTOMATED_TESTING = 1
COMSPEC = C:\WINDOWS\system32\cmd.exe
NUMBER_OF_PROCESSORS = 1
PATH = C:\Program Files\Far Manager\;C:\WINDOWS\system32;C:\WINDOWS;C:\WINDOWS\System32\Wbem;C:\strawberry182RC4\c\bin;C:\strawberry182RC4\perl\site\bin;C:\strawberry182RC4\perl\bin
PERL5LIB = C:\strawberry182RC4\cpan\build\File-Object-0.07-t8j5lY/blib/arch;C:\strawberry182RC4\cpan\build\File-Object-0.07-t8j5lY/blib/lib;C:\strawberry182RC4\cpan\build\Class-Utils-0.05-JtU03C/blib/arch;C:\strawberry182RC4\cpan\build\Class-Utils-0.05-JtU03C/blib/lib;C:\strawberry182RC4\cpan\build\Error-Pure-0.15-aNZaQj/blib/arch;C:\strawberry182RC4\cpan\build\Error-Pure-0.15-aNZaQj/blib/lib
PERL5OPT =
PERL5_CPANPLUS_IS_RUNNING = 1288
PERL5_CPAN_IS_RUNNING = 1288
PERL5_CPAN_IS_RUNNING_IN_RECURSION = 1148,1288
PERL_CR_SMOKER_CURRENT = SysV-Init-Service-0.02
PERL_EXTUTILS_AUTOINSTALL = --defaultdeps
PERL_MM_USE_DEFAULT = 1
PROCESSOR_IDENTIFIER = x86 Family 16 Model 5 Stepping 3, AuthenticAMD
TEMP = C:\DOCUME~1\c\LOCALS~1\Temp
TERM = dumb
Perl special variables (and OS-specific diagnostics, for MSWin32):
$^X = C:\strawberry182RC4\perl\bin\perl.exe
$UID/$EUID = 0 / 0
$GID = 0
$EGID = 0
Win32::GetOSName = WinXP/.Net
Win32::GetOSVersion = Service Pack 3, 5, 1, 2600, 2, 3, 0, 256, 1
Win32::FsType = NTFS
Win32::IsAdminUser = 1
Perl module toolchain versions installed:
Module Have
------------------- --------
CPAN 2.00
CPAN::Meta 2.133380
Cwd 3.40
ExtUtils::CBuilder 0.280212
ExtUtils::Command 1.18
ExtUtils::Install 1.59
ExtUtils::MakeMaker 6.84
ExtUtils::Manifest 1.63
ExtUtils::ParseXS 3.22
File::Spec 3.40
JSON 2.90
JSON::PP 2.27203
Module::Build 0.4203
Module::Signature n/a
Parse::CPAN::Meta 1.4409
Test::Harness 3.30
Test::More 1.001002
YAML 0.88
YAML::Syck 1.27
version 0.9904
--
Summary of my perl5 (revision 5 version 18 subversion 2) configuration:
Platform:
osname=MSWin32, osvers=4.0, archname=MSWin32-x86-multi-thread
uname='Win32 strawberry-perl-no64 5.18.2.1 #1 Thu Dec 26 18:03:25 2013 i386'
config_args='undef'
hint=recommended, useposix=true, d_sigaction=undef
useithreads=define, usemultiplicity=define
useperlio=define, d_sfio=undef, uselargefiles=define, usesocks=undef
use64bitint=undef, use64bitall=undef, uselongdouble=undef
usemymalloc=n, bincompat5005=undef
Compiler:
cc='gcc', ccflags =' -s -O2 -DWIN32 -DPERL_TEXTMODE_SCRIPTS -DPERL_IMPLICIT_CONTEXT -DPERL_IMPLICIT_SYS -DUSE_PERLIO -fno-strict-aliasing -mms-bitfields',
optimize='-s -O2',
cppflags='-DWIN32'
ccversion='', gccversion='4.7.3', gccosandvers=''
intsize=4, longsize=4, ptrsize=4, doublesize=8, byteorder=1234
d_longlong=define, longlongsize=8, d_longdbl=define, longdblsize=12
ivtype='long', ivsize=4, nvtype='double', nvsize=8, Off_t='long long', lseeksize=8
alignbytes=8, prototype=define
Linker and Libraries:
ld='g++', ldflags ='-s -L"C:\strawberry182RC4\perl\lib\CORE" -L"C:\strawberry182RC4\c\lib"'
libpth=C:\strawberry182RC4\c\lib C:\strawberry182RC4\c\i686-w64-mingw32\lib
libs=-lmoldname -lkernel32 -luser32 -lgdi32 -lwinspool -lcomdlg32 -ladvapi32 -lshell32 -lole32 -loleaut32 -lnetapi32 -luuid -lws2_32 -lmpr -lwinmm -lversion -lodbc32 -lodbccp32 -lcomctl32
perllibs=-lmoldname -lkernel32 -luser32 -lgdi32 -lwinspool -lcomdlg32 -ladvapi32 -lshell32 -lole32 -loleaut32 -lnetapi32 -luuid -lws2_32 -lmpr -lwinmm -lversion -lodbc32 -lodbccp32 -lcomctl32
libc=, so=dll, useshrplib=true, libperl=libperl518.a
gnulibc_version=''
Dynamic Linking:
dlsrc=dl_win32.xs, dlext=dll, d_dlsymun=undef, ccdlflags=' '
cccdlflags=' ', lddlflags='-mdll -s -L"C:\strawberry182RC4\perl\lib\CORE" -L"C:\strawberry182RC4\c\lib"'
Characteristics of this binary (from libperl):
Compile-time options: HAS_TIMES HAVE_INTERP_INTERN MULTIPLICITY
PERLIO_LAYERS PERL_DONT_CREATE_GVSV
PERL_HASH_FUNC_ONE_AT_A_TIME_HARD
PERL_IMPLICIT_CONTEXT PERL_IMPLICIT_SYS
PERL_MALLOC_WRAP PERL_PRESERVE_IVUV PERL_SAWAMPERSAND
USE_ITHREADS USE_LARGE_FILES USE_LOCALE
USE_LOCALE_COLLATE USE_LOCALE_CTYPE
USE_LOCALE_NUMERIC USE_PERLIO USE_PERL_ATOF
Locally applied patches:
RC4
Built under MSWin32
Compiled at Dec 26 2013 18:09:02
%ENV:
PERL5LIB="C:\strawberry182RC4\cpan\build\File-Object-0.07-t8j5lY/blib/arch;C:\strawberry182RC4\cpan\build\File-Object-0.07-t8j5lY/blib/lib;C:\strawberry182RC4\cpan\build\Class-Utils-0.05-JtU03C/blib/arch;C:\strawberry182RC4\cpan\build\Class-Utils-0.05-JtU03C/blib/lib;C:\strawberry182RC4\cpan\build\Error-Pure-0.15-aNZaQj/blib/arch;C:\strawberry182RC4\cpan\build\Error-Pure-0.15-aNZaQj/blib/lib"
PERL5_CPANPLUS_IS_RUNNING="1288"
PERL5_CPAN_IS_RUNNING="1288"
PERL5_CPAN_IS_RUNNING_IN_RECURSION="1148,1288"
PERL_CR_SMOKER_CURRENT="SysV-Init-Service-0.02"
PERL_EXTUTILS_AUTOINSTALL="--defaultdeps"
PERL_MM_USE_DEFAULT="1"
@INC:
C:\strawberry182RC4\cpan\build\File-Object-0.07-t8j5lY/blib/arch
C:\strawberry182RC4\cpan\build\File-Object-0.07-t8j5lY/blib/lib
C:\strawberry182RC4\cpan\build\Class-Utils-0.05-JtU03C/blib/arch
C:\strawberry182RC4\cpan\build\Class-Utils-0.05-JtU03C/blib/lib
C:\strawberry182RC4\cpan\build\Error-Pure-0.15-aNZaQj/blib/arch
C:\strawberry182RC4\cpan\build\Error-Pure-0.15-aNZaQj/blib/lib
C:/strawberry182RC4/perl/site/lib
C:/strawberry182RC4/perl/vendor/lib
C:/strawberry182RC4/perl/lib
.