Back
From: metabase:user:a0e144f2-373b-11e6-8edd-c6848980b093
Subject: FAIL Math-Polynomial-Solve-2.75 v5.26.0 GNU/Linux
Date: 2017-03-31T06:59:13Z
This distribution has been tested as part of the CPAN Testers
project, supporting the Perl programming language. See
http://wiki.cpantesters.org/ for more information or email
questions to cpan-testers-discuss@perl.org
--
Dear John Gamble,
This is a computer-generated report for Math-Polynomial-Solve-2.75
on perl 5.26.0, created by CPAN-Reporter-1.2018.
Thank you for uploading your work to CPAN. However, there was a problem
testing your distribution.
If you think this report is invalid, please consult the CPAN Testers Wiki
for suggestions on how to avoid getting FAIL reports for missing library
or binary dependencies, unsupported operating systems, and so on:
http://wiki.cpantesters.org/wiki/CPANAuthorNotes
Sections of this report:
* Tester comments
* Program output
* Prerequisites
* Environment and other context
------------------------------
TESTER COMMENTS
------------------------------
Additional comments from tester:
***WARNING***
A recent security patch to Perl itself removed '.', the current working
directory, from @INC, the default search path for 'use', 'do', and
'require'. This fix for CVE-2016-1238 will be part of Perl 5.26.0, due
to be released this April, 2017. CPAN.pm will *temporarily* provide
backwards compatibility during the module build/test/install process
by setting the environment variable PERL_USE_UNSAFE_INC=1 during build,
test, and install. HOWEVER:
1) This environment variable is a temporary fix only for compatibility,
due to be removed for Perl 5.30.0.
2) This may mask errors in your module itself, by testing your module
under different conditions than those that it will actually be run
under.
To read more about this, you may find the following links helpful:
* http://blogs.perl.org/users/todd_rinaldo/2016/11/how-removing-from-inc-is-about-to-break-cpan.html
* https://www.perlmonks.org/?node_id=1186105
* http://www.nntp.perl.org/group/perl.perl5.porters/2017/03/msg243722.html
------------------------------
PROGRAM OUTPUT
------------------------------
Output from './Build test':
Can't locate t/coef.pl in @INC (@INC contains: /home/cpan2/.cpan/build/Math-Polynomial-Solve-2.75-0/blib/lib /home/cpan2/.cpan/build/Math-Polynomial-Solve-2.75-0/blib/arch /home/cpan2/install/lib/perl5/site_perl/5.26.0/x86_64-linux-thread-multi /home/cpan2/install/lib/perl5/site_perl/5.26.0 /home/cpan2/install/lib/perl5/5.26.0/x86_64-linux-thread-multi /home/cpan2/install/lib/perl5/5.26.0) at t/01-option.t line 7.
# Looks like your test exited with 2 before it could output anything.
t/01-option.t .....
Dubious, test returned 2 (wstat 512, 0x200)
Failed 7/7 subtests
Can't locate t/coef.pl in @INC (@INC contains: /home/cpan2/.cpan/build/Math-Polynomial-Solve-2.75-0/blib/lib /home/cpan2/.cpan/build/Math-Polynomial-Solve-2.75-0/blib/arch /home/cpan2/.cpan/build/Math-Polynomial-Solve-2.75-0/blib/lib /home/cpan2/.cpan/build/Math-Polynomial-Solve-2.75-0/blib/arch /home/cpan2/install/lib/perl5/site_perl/5.26.0/x86_64-linux-thread-multi /home/cpan2/install/lib/perl5/site_perl/5.26.0 /home/cpan2/install/lib/perl5/5.26.0/x86_64-linux-thread-multi /home/cpan2/install/lib/perl5/5.26.0) at t/02-limit.t line 7.
# Looks like your test exited with 2 before it could output anything.
t/02-limit.t ......
Dubious, test returned 2 (wstat 512, 0x200)
Failed 11/11 subtests
Can't locate t/coef.pl in @INC (@INC contains: /home/cpan2/.cpan/build/Math-Polynomial-Solve-2.75-0/blib/lib /home/cpan2/.cpan/build/Math-Polynomial-Solve-2.75-0/blib/arch /home/cpan2/.cpan/build/Math-Polynomial-Solve-2.75-0/blib/lib /home/cpan2/.cpan/build/Math-Polynomial-Solve-2.75-0/blib/arch /home/cpan2/.cpan/build/Math-Polynomial-Solve-2.75-0/blib/lib /home/cpan2/.cpan/build/Math-Polynomial-Solve-2.75-0/blib/arch /home/cpan2/install/lib/perl5/site_perl/5.26.0/x86_64-linux-thread-multi /home/cpan2/install/lib/perl5/site_perl/5.26.0 /home/cpan2/install/lib/perl5/5.26.0/x86_64-linux-thread-multi /home/cpan2/install/lib/perl5/5.26.0) at t/10-quadratic.t line 9.
# Looks like your test exited with 2 before it could output anything.
t/10-quadratic.t ..
Dubious, test returned 2 (wstat 512, 0x200)
Failed 18/18 subtests
Can't locate t/coef.pl in @INC (@INC contains: /home/cpan2/.cpan/build/Math-Polynomial-Solve-2.75-0/blib/lib /home/cpan2/.cpan/build/Math-Polynomial-Solve-2.75-0/blib/arch /home/cpan2/install/lib/perl5/site_perl/5.26.0/x86_64-linux-thread-multi /home/cpan2/install/lib/perl5/site_perl/5.26.0 /home/cpan2/install/lib/perl5/5.26.0/x86_64-linux-thread-multi /home/cpan2/install/lib/perl5/5.26.0) at t/11-cubic.t line 9.
# Looks like your test exited with 2 before it could output anything.
t/11-cubic.t ......
Dubious, test returned 2 (wstat 512, 0x200)
Failed 26/26 subtests
Can't locate t/coef.pl in @INC (@INC contains: /home/cpan2/.cpan/build/Math-Polynomial-Solve-2.75-0/blib/lib /home/cpan2/.cpan/build/Math-Polynomial-Solve-2.75-0/blib/arch /home/cpan2/.cpan/build/Math-Polynomial-Solve-2.75-0/blib/lib /home/cpan2/.cpan/build/Math-Polynomial-Solve-2.75-0/blib/arch /home/cpan2/install/lib/perl5/site_perl/5.26.0/x86_64-linux-thread-multi /home/cpan2/install/lib/perl5/site_perl/5.26.0 /home/cpan2/install/lib/perl5/5.26.0/x86_64-linux-thread-multi /home/cpan2/install/lib/perl5/5.26.0) at t/12-quartic.t line 9.
# Looks like your test exited with 2 before it could output anything.
t/12-quartic.t ....
Dubious, test returned 2 (wstat 512, 0x200)
Failed 14/14 subtests
Can't locate t/coef.pl in @INC (@INC contains: /home/cpan2/.cpan/build/Math-Polynomial-Solve-2.75-0/blib/lib /home/cpan2/.cpan/build/Math-Polynomial-Solve-2.75-0/blib/arch /home/cpan2/install/lib/perl5/site_perl/5.26.0/x86_64-linux-thread-multi /home/cpan2/install/lib/perl5/site_perl/5.26.0 /home/cpan2/install/lib/perl5/5.26.0/x86_64-linux-thread-multi /home/cpan2/install/lib/perl5/5.26.0) at t/21-poly.t line 9.
# Looks like your test exited with 2 before it could output anything.
t/21-poly.t .......
Dubious, test returned 2 (wstat 512, 0x200)
Failed 20/20 subtests
Can't locate t/coef.pl in @INC (@INC contains: /home/cpan2/.cpan/build/Math-Polynomial-Solve-2.75-0/blib/lib /home/cpan2/.cpan/build/Math-Polynomial-Solve-2.75-0/blib/arch /home/cpan2/.cpan/build/Math-Polynomial-Solve-2.75-0/blib/lib /home/cpan2/.cpan/build/Math-Polynomial-Solve-2.75-0/blib/arch /home/cpan2/install/lib/perl5/site_perl/5.26.0/x86_64-linux-thread-multi /home/cpan2/install/lib/perl5/site_perl/5.26.0 /home/cpan2/install/lib/perl5/5.26.0/x86_64-linux-thread-multi /home/cpan2/install/lib/perl5/5.26.0) at t/22-polyfp.t line 14.
# Looks like your test exited with 2 before it could output anything.
t/22-polyfp.t .....
Dubious, test returned 2 (wstat 512, 0x200)
Failed 44/44 subtests
Can't locate t/coef.pl in @INC (@INC contains: /home/cpan2/.cpan/build/Math-Polynomial-Solve-2.75-0/blib/lib /home/cpan2/.cpan/build/Math-Polynomial-Solve-2.75-0/blib/arch /home/cpan2/.cpan/build/Math-Polynomial-Solve-2.75-0/blib/lib /home/cpan2/.cpan/build/Math-Polynomial-Solve-2.75-0/blib/arch /home/cpan2/.cpan/build/Math-Polynomial-Solve-2.75-0/blib/lib /home/cpan2/.cpan/build/Math-Polynomial-Solve-2.75-0/blib/arch /home/cpan2/install/lib/perl5/site_perl/5.26.0/x86_64-linux-thread-multi /home/cpan2/install/lib/perl5/site_perl/5.26.0 /home/cpan2/install/lib/perl5/5.26.0/x86_64-linux-thread-multi /home/cpan2/install/lib/perl5/5.26.0) at t/20-poly.t line 13.
# Looks like your test exited with 2 before it could output anything.
t/20-poly.t .......
Dubious, test returned 2 (wstat 512, 0x200)
Failed 48/48 subtests
Can't locate t/coef.pl in @INC (@INC contains: /home/cpan2/.cpan/build/Math-Polynomial-Solve-2.75-0/blib/lib /home/cpan2/.cpan/build/Math-Polynomial-Solve-2.75-0/blib/arch /home/cpan2/install/lib/perl5/site_perl/5.26.0/x86_64-linux-thread-multi /home/cpan2/install/lib/perl5/site_perl/5.26.0 /home/cpan2/install/lib/perl5/5.26.0/x86_64-linux-thread-multi /home/cpan2/install/lib/perl5/5.26.0) at t/23-rootfunc.t line 13.
# Looks like your test exited with 2 before it could output anything.
t/23-rootfunc.t ...
Dubious, test returned 2 (wstat 512, 0x200)
Failed 34/34 subtests
Can't locate t/coef.pl in @INC (@INC contains: /home/cpan2/.cpan/build/Math-Polynomial-Solve-2.75-0/blib/lib /home/cpan2/.cpan/build/Math-Polynomial-Solve-2.75-0/blib/arch /home/cpan2/.cpan/build/Math-Polynomial-Solve-2.75-0/blib/lib /home/cpan2/.cpan/build/Math-Polynomial-Solve-2.75-0/blib/arch /home/cpan2/install/lib/perl5/site_perl/5.26.0/x86_64-linux-thread-multi /home/cpan2/install/lib/perl5/site_perl/5.26.0 /home/cpan2/install/lib/perl5/5.26.0/x86_64-linux-thread-multi /home/cpan2/install/lib/perl5/5.26.0) at t/24-varsubst.t line 13.
# Looks like your test exited with 2 before it could output anything.
t/24-varsubst.t ...
Dubious, test returned 2 (wstat 512, 0x200)
Failed 30/30 subtests
t/30-sturm.t ...... ok
t/31-sturm.t ...... ok
t/32-sturm.t ...... ok
Can't locate t/coef.pl in @INC (@INC contains: /home/cpan2/.cpan/build/Math-Polynomial-Solve-2.75-0/blib/lib /home/cpan2/.cpan/build/Math-Polynomial-Solve-2.75-0/blib/arch /home/cpan2/install/lib/perl5/site_perl/5.26.0/x86_64-linux-thread-multi /home/cpan2/install/lib/perl5/site_perl/5.26.0 /home/cpan2/install/lib/perl5/5.26.0/x86_64-linux-thread-multi /home/cpan2/install/lib/perl5/5.26.0) at t/50-laguerre.t line 10.
# Looks like your test exited with 2 before it could output anything.
t/50-laguerre.t ...
Dubious, test returned 2 (wstat 512, 0x200)
Failed 8/8 subtests
Can't locate t/coef.pl in @INC (@INC contains: /home/cpan2/.cpan/build/Math-Polynomial-Solve-2.75-0/blib/lib /home/cpan2/.cpan/build/Math-Polynomial-Solve-2.75-0/blib/arch /home/cpan2/.cpan/build/Math-Polynomial-Solve-2.75-0/blib/lib /home/cpan2/.cpan/build/Math-Polynomial-Solve-2.75-0/blib/arch /home/cpan2/install/lib/perl5/site_perl/5.26.0/x86_64-linux-thread-multi /home/cpan2/install/lib/perl5/site_perl/5.26.0 /home/cpan2/install/lib/perl5/5.26.0/x86_64-linux-thread-multi /home/cpan2/install/lib/perl5/5.26.0) at t/51-nr.t line 10.
# Looks like your test exited with 2 before it could output anything.
t/51-nr.t .........
Dubious, test returned 2 (wstat 512, 0x200)
Failed 6/6 subtests
Can't locate t/coef.pl in @INC (@INC contains: /home/cpan2/.cpan/build/Math-Polynomial-Solve-2.75-0/blib/lib /home/cpan2/.cpan/build/Math-Polynomial-Solve-2.75-0/blib/arch /home/cpan2/.cpan/build/Math-Polynomial-Solve-2.75-0/blib/lib /home/cpan2/.cpan/build/Math-Polynomial-Solve-2.75-0/blib/arch /home/cpan2/.cpan/build/Math-Polynomial-Solve-2.75-0/blib/lib /home/cpan2/.cpan/build/Math-Polynomial-Solve-2.75-0/blib/arch /home/cpan2/install/lib/perl5/site_perl/5.26.0/x86_64-linux-thread-multi /home/cpan2/install/lib/perl5/site_perl/5.26.0 /home/cpan2/install/lib/perl5/5.26.0/x86_64-linux-thread-multi /home/cpan2/install/lib/perl5/5.26.0) at t/33-sturm.t line 8.
# Looks like your test exited with 2 before it could output anything.
t/33-sturm.t ......
Dubious, test returned 2 (wstat 512, 0x200)
Failed 10/10 subtests
t/pod.t ........... ok
Test Summary Report
-------------------
t/01-option.t (Wstat: 512 Tests: 0 Failed: 0)
Non-zero exit status: 2
Parse errors: Bad plan. You planned 7 tests but ran 0.
t/02-limit.t (Wstat: 512 Tests: 0 Failed: 0)
Non-zero exit status: 2
Parse errors: Bad plan. You planned 11 tests but ran 0.
t/10-quadratic.t (Wstat: 512 Tests: 0 Failed: 0)
Non-zero exit status: 2
Parse errors: Bad plan. You planned 18 tests but ran 0.
t/11-cubic.t (Wstat: 512 Tests: 0 Failed: 0)
Non-zero exit status: 2
Parse errors: Bad plan. You planned 26 tests but ran 0.
t/12-quartic.t (Wstat: 512 Tests: 0 Failed: 0)
Non-zero exit status: 2
Parse errors: Bad plan. You planned 14 tests but ran 0.
t/21-poly.t (Wstat: 512 Tests: 0 Failed: 0)
Non-zero exit status: 2
Parse errors: Bad plan. You planned 20 tests but ran 0.
t/22-polyfp.t (Wstat: 512 Tests: 0 Failed: 0)
Non-zero exit status: 2
Parse errors: Bad plan. You planned 44 tests but ran 0.
t/20-poly.t (Wstat: 512 Tests: 0 Failed: 0)
Non-zero exit status: 2
Parse errors: Bad plan. You planned 48 tests but ran 0.
t/23-rootfunc.t (Wstat: 512 Tests: 0 Failed: 0)
Non-zero exit status: 2
Parse errors: Bad plan. You planned 34 tests but ran 0.
t/24-varsubst.t (Wstat: 512 Tests: 0 Failed: 0)
Non-zero exit status: 2
Parse errors: Bad plan. You planned 30 tests but ran 0.
t/50-laguerre.t (Wstat: 512 Tests: 0 Failed: 0)
Non-zero exit status: 2
Parse errors: Bad plan. You planned 8 tests but ran 0.
t/51-nr.t (Wstat: 512 Tests: 0 Failed: 0)
Non-zero exit status: 2
Parse errors: Bad plan. You planned 6 tests but ran 0.
t/33-sturm.t (Wstat: 512 Tests: 0 Failed: 0)
Non-zero exit status: 2
Parse errors: Bad plan. You planned 10 tests but ran 0.
Files=17, Tests=85, 1 wallclock secs ( 0.08 usr 0.02 sys + 1.49 cusr 0.10 csys = 1.69 CPU)
Result: FAIL
Failed 13/17 test programs. 0/85 subtests failed.
------------------------------
PREREQUISITES
------------------------------
Prerequisite modules loaded:
requires:
Module Need Have
------------- ------- --------
Math::Complex 1.36 1.5901
Math::Utils 1.06 1.09
perl v5.10.1 5.026000
build_requires:
Module Need Have
------------- ------- --------
Test::More 0 1.302078
configure_requires:
Module Need Have
------------- ------- --------
Module::Build 0.4 0.4220
------------------------------
ENVIRONMENT AND OTHER CONTEXT
------------------------------
Environment variables:
AUTOMATED_TESTING = 1
HARNESS_OPTIONS = j3
LANG = en_US.UTF-8
PATH = /usr/local/bin:/usr/bin:/bin:/usr/local/games:/usr/games
PERL5LIB =
PERL5OPT =
PERL5_CPANPLUS_IS_RUNNING = 17858
PERL5_CPAN_IS_RUNNING = 17858
PERL5_CPAN_IS_RUNNING_IN_RECURSION = 25689,17858
PERL_CR_SMOKER_CURRENT = Math-Polynomial-Solve-2.75
PERL_CR_SMOKER_RUNONCE = 1
PERL_EXTUTILS_AUTOINSTALL = --defaultdeps
PERL_MM_USE_DEFAULT = 1
PERL_USE_UNSAFE_INC = 0
SHELL = /bin/bash
TERM = putty-256color
Perl special variables (and OS-specific diagnostics, for MSWin32):
$^X = /home/cpan2/install/bin/perl
$UID/$EUID = 1003 / 1003
$GID = 1003 1003
$EGID = 1003 1003
Perl module toolchain versions installed:
Module Have
------------------- --------
CPAN 2.16
CPAN::Meta 2.150010
Cwd 3.67
ExtUtils::CBuilder 0.280225
ExtUtils::Command 7.24
ExtUtils::Install 2.04
ExtUtils::MakeMaker 7.24
ExtUtils::Manifest 1.70
ExtUtils::ParseXS 3.34
File::Spec 3.67
JSON 2.91_04
JSON::PP 2.91_04
Module::Build 0.4220
Module::Signature 0.81
Parse::CPAN::Meta 2.150010
Test::Harness 3.38
Test::More 1.302078
YAML 1.23
YAML::Syck 1.29
version 0.9917
--
Summary of my perl5 (revision 5 version 26 subversion 0) configuration:
Commit id: 2e3b2a1fba7611d1cd6060a5f07f6a0f91a06b3a
Platform:
osname=linux
osvers=3.16.0-4-amd64
archname=x86_64-linux-thread-multi
uname='linux digitalis 3.16.0-4-amd64 #1 smp debian 3.16.36-1+deb8u2 (2016-10-19) x86_64 gnulinux '
config_args='-Dusedevel -DDEBUGGING -Dusethreads -Dprefix=/home/cpan2/install -Uversiononly -des'
hint=recommended
useposix=true
d_sigaction=define
useithreads=define
usemultiplicity=define
use64bitint=define
use64bitall=define
uselongdouble=undef
usemymalloc=n
default_inc_excludes_dot=define
bincompat5005=undef
Compiler:
cc='cc'
ccflags ='-D_REENTRANT -D_GNU_SOURCE -fwrapv -DDEBUGGING -fno-strict-aliasing -pipe -fstack-protector-strong -I/usr/local/include -D_LARGEFILE_SOURCE -D_FILE_OFFSET_BITS=64 -D_FORTIFY_SOURCE=2'
optimize='-O2 -g'
cppflags='-D_REENTRANT -D_GNU_SOURCE -fwrapv -DDEBUGGING -fno-strict-aliasing -pipe -fstack-protector-strong -I/usr/local/include'
ccversion=''
gccversion='4.9.2'
gccosandvers=''
intsize=4
longsize=8
ptrsize=8
doublesize=8
byteorder=12345678
doublekind=3
d_longlong=define
longlongsize=8
d_longdbl=define
longdblsize=16
longdblkind=3
ivtype='long'
ivsize=8
nvtype='double'
nvsize=8
Off_t='off_t'
lseeksize=8
alignbytes=8
prototype=define
Linker and Libraries:
ld='cc'
ldflags =' -fstack-protector-strong -L/usr/local/lib'
libpth=/usr/local/lib /usr/lib/gcc/x86_64-linux-gnu/4.9/include-fixed /usr/include/x86_64-linux-gnu /usr/lib /lib/x86_64-linux-gnu /lib/../lib /usr/lib/x86_64-linux-gnu /usr/lib/../lib /lib /lib64 /usr/lib64
libs=-lpthread -lnsl -ldl -lm -lcrypt -lutil -lc
perllibs=-lpthread -lnsl -ldl -lm -lcrypt -lutil -lc
libc=libc-2.19.so
so=so
useshrplib=false
libperl=libperl.a
gnulibc_version='2.19'
Dynamic Linking:
dlsrc=dl_dlopen.xs
dlext=so
d_dlsymun=undef
ccdlflags='-Wl,-E'
cccdlflags='-fPIC'
lddlflags='-shared -O2 -g -L/usr/local/lib -fstack-protector-strong'
Characteristics of this binary (from libperl):
Compile-time options:
DEBUGGING
HAS_TIMES
MULTIPLICITY
PERLIO_LAYERS
PERL_COPY_ON_WRITE
PERL_DONT_CREATE_GVSV
PERL_IMPLICIT_CONTEXT
PERL_MALLOC_WRAP
PERL_OP_PARENT
PERL_PRESERVE_IVUV
PERL_TRACK_MEMPOOL
PERL_USE_DEVEL
USE_64_BIT_ALL
USE_64_BIT_INT
USE_ITHREADS
USE_LARGE_FILES
USE_LOCALE
USE_LOCALE_COLLATE
USE_LOCALE_CTYPE
USE_LOCALE_NUMERIC
USE_LOCALE_TIME
USE_PERLIO
USE_PERL_ATOF
USE_REENTRANT_API
Built under linux
Compiled at Mar 26 2017 22:45:02
%ENV:
PERL5LIB=""
PERL5OPT=""
PERL5_CPANPLUS_IS_RUNNING="17858"
PERL5_CPAN_IS_RUNNING="17858"
PERL5_CPAN_IS_RUNNING_IN_RECURSION="25689,17858"
PERL_CR_SMOKER_CURRENT="Math-Polynomial-Solve-2.75"
PERL_CR_SMOKER_RUNONCE="1"
PERL_EXTUTILS_AUTOINSTALL="--defaultdeps"
PERL_MM_USE_DEFAULT="1"
PERL_USE_UNSAFE_INC="0"
@INC:
/home/cpan2/install/lib/perl5/site_perl/5.26.0/x86_64-linux-thread-multi
/home/cpan2/install/lib/perl5/site_perl/5.26.0
/home/cpan2/install/lib/perl5/5.26.0/x86_64-linux-thread-multi
/home/cpan2/install/lib/perl5/5.26.0