POE-Component-ResourcePool v0.04 Perl 5 v5.24.4 x86_64-linux-ld

Status
Fail
From
Andreas J. König (ANDK)
Dist
POE-Component-ResourcePool v0.04
Platform
Perl 5 v5.24.4 x86_64-linux-ld
Date
2018-11-27 05:01:51
ID
8d292b22-f201-11e8-acdd-d98cdca45f3f
This distribution has been tested as part of the CPAN Testers
project, supporting the Perl programming language.  See
http://wiki.cpantesters.org/ for more information or email
questions to cpan-testers-discuss@perl.org


--
Dear Yuval Kogman,

This is a computer-generated report for POE-Component-ResourcePool-0.04
on perl 5.24.4, created by CPAN-Reporter-1.2018.

Thank you for uploading your work to CPAN.  However, there was a problem
testing your distribution.

If you think this report is invalid, please consult the CPAN Testers Wiki
for suggestions on how to avoid getting FAIL reports for missing library
or binary dependencies, unsupported operating systems, and so on:

http://wiki.cpantesters.org/wiki/CPANAuthorNotes

Sections of this report:

    * Tester comments
    * Program output
    * Prerequisites
    * Environment and other context

------------------------------
TESTER COMMENTS
------------------------------

Additional comments from tester:

this report is from an automated smoke testing program
and was not reviewed by a human for accuracy

------------------------------
PROGRAM OUTPUT
------------------------------

Output from '/usr/bin/make test':

PERL_DL_NONLAZY=1 "/home/sand/src/perl/repoperls/installed-perls/host/k93msid/v5.24.4/fc43/bin/perl" "-MExtUtils::Command::MM" "-MTest::Harness" "-e" "undef *Test::Harness::Switches; test_harness(0, 'blib/lib', 'blib/arch')" t/*.t
t/00_use.t ...... ok
Can't locate object method "BUILD" via package "MooseX::POE::Aliased" at /tmp/loop_over_bdir-10190-q9Mv63/POE-Component-ResourcePool-0.04-0/blib/lib/POE/Component/ResourcePool.pm line 53.
# Looks like your test exited with 22 just after 3.
t/basic.t ....... 
Dubious, test returned 22 (wstat 5632, 0x1600)
Failed 35/38 subtests 
t/collection.t .. ok
Can't locate object method "BUILD" via package "MooseX::POE::Aliased" at /tmp/loop_over_bdir-10190-q9Mv63/POE-Component-ResourcePool-0.04-0/blib/lib/POE/Component/ResourcePool.pm line 53.
# Looks like your test exited with 255 just after 12.
=== 13408 === Sessions were started, but POE::Kernel's run() method was never
=== 13408 === called to execute them.  This usually happens because an error
=== 13408 === occurred before POE::Kernel->run() could be called.  Please fix
=== 13408 === any errors above this notice, and be sure that POE::Kernel->run()
=== 13408 === is called.  See documentation for POE::Kernel's run() method for
=== 13408 === another way to disable this warning.
t/fallback.t .... 
Dubious, test returned 255 (wstat 65280, 0xff00)
All 12 subtests passed 

Test Summary Report
-------------------
t/basic.t     (Wstat: 5632 Tests: 3 Failed: 0)
  Non-zero exit status: 22
  Parse errors: Bad plan.  You planned 38 tests but ran 3.
t/fallback.t  (Wstat: 65280 Tests: 12 Failed: 0)
  Non-zero exit status: 255
Files=4, Tests=26,  3 wallclock secs ( 0.02 usr  0.02 sys +  1.19 cusr  0.24 csys =  1.47 CPU)
Result: FAIL
Failed 2/4 test programs. 0/26 subtests failed.
make: *** [Makefile:875: test_dynamic] Error 255

------------------------------
PREREQUISITES
------------------------------

Prerequisite modules loaded:

requires:

    Module              Need  Have    
    ------------------- ----- --------
    Carp::Clan          0     6.06    
    Moose               0.37  2.2011  
    MooseX::POE         0.205 0.215   
    POE                 0     1.367   
    Set::Object         1.20  1.39    
    Test::use::ok       0     1.302140
    Tie::RefHash        0     1.39    
    Tie::RefHash::Weak  0.08  0.09    

build_requires:

    Module              Need  Have    
    ------------------- ----- --------
    ExtUtils::MakeMaker 0     7.35_07 

configure_requires:

    Module              Need  Have    
    ------------------- ----- --------
    ExtUtils::MakeMaker 0     7.35_07 


------------------------------
ENVIRONMENT AND OTHER CONTEXT
------------------------------

Environment variables:

    AUTOMATED_TESTING = 1
    LANG = en_US.UTF-8
    PATH = /home/sand/bin:/usr/local/bin:/usr/bin:/bin:/usr/games:/usr/local/perl/bin:/usr/X11/bin:/sbin:/usr/sbin
    PERL5LIB = /tmp/loop_over_bdir-10190-q9Mv63/Tie-RefHash-Weak-0.09-0/blib/arch:/tmp/loop_over_bdir-10190-q9Mv63/Tie-RefHash-Weak-0.09-0/blib/lib:/tmp/loop_over_bdir-10190-q9Mv63/MooseX-POE-0.215-0/blib/arch:/tmp/loop_over_bdir-10190-q9Mv63/MooseX-POE-0.215-0/blib/lib:/tmp/loop_over_bdir-10190-q9Mv63/POE-1.367-0/blib/arch:/tmp/loop_over_bdir-10190-q9Mv63/POE-1.367-0/blib/lib:/tmp/loop_over_bdir-10190-q9Mv63/IO-Pipely-0.005-0/blib/arch:/tmp/loop_over_bdir-10190-q9Mv63/IO-Pipely-0.005-0/blib/lib:/tmp/loop_over_bdir-10190-q9Mv63/POE-Test-Loops-1.360-0/blib/arch:/tmp/loop_over_bdir-10190-q9Mv63/POE-Test-Loops-1.360-0/blib/lib
    PERL5OPT = 
    PERL5_CPANPLUS_IS_RUNNING = 10193
    PERL5_CPAN_IS_RUNNING = 10193
    PERL5_CPAN_IS_RUNNING_IN_RECURSION = 2358,10193
    PERL_CANARY_STABILITY_NOPROMPT = 1
    PERL_MM_USE_DEFAULT = 1
    PERL_USE_UNSAFE_INC = 1
    SHELL = /usr/bin/zsh
    TERM = screen

Perl special variables (and OS-specific diagnostics, for MSWin32):

    $^X = /home/sand/src/perl/repoperls/installed-perls/host/k93msid/v5.24.4/fc43/bin/perl
    $UID/$EUID = 1005 / 1005
    $GID = 1005 1005
    $EGID = 1005 1005

Perl module toolchain versions installed:

    Module              Have    
    ------------------- --------
    CPAN                2.21    
    CPAN::Meta          2.150010
    Cwd                 3.75    
    ExtUtils::CBuilder  0.280230
    ExtUtils::Command   7.35_07 
    ExtUtils::Install   2.06    
    ExtUtils::MakeMaker 7.35_07 
    ExtUtils::Manifest  1.70    
    ExtUtils::ParseXS   3.31    
    File::Spec          3.75    
    JSON                2.97001 
    JSON::PP            2.97001 
    Module::Build       0.4224  
    Module::Signature   0.83    
    Parse::CPAN::Meta   2.150010
    Test::Harness       3.42    
    Test::More          1.302140
    YAML                1.26    
    YAML::Syck          1.31    
    version             0.9916  


--

Summary of my perl5 (revision 5 version 24 subversion 4) configuration:
  Derived from: 901dd848e31de6d0cacfb77c029b4e92c41a13ce
  Platform:
    osname=linux, osvers=4.18.0-2-amd64, archname=x86_64-linux-ld
    uname='linux k93msid 4.18.0-2-amd64 #1 smp debian 4.18.10-2 (2018-10-07) x86_64 gnulinux '
    config_args='-Dprefix=/home/sand/src/perl/repoperls/installed-perls/host/k93msid/v5.24.4/fc43 -Dmyhostname=k93msid -Dinstallusrbinperl=n -Uversiononly -Dusedevel -des -Ui_db -Dlibswanted=cl pthread socket inet nsl gdbm dbm malloc dl ld sun m crypt sec util c cposix posix ucb BSD gdbm_compat -Uuseithreads -Duselongdouble -DEBUGGING=both'
    hint=recommended, useposix=true, d_sigaction=define
    useithreads=undef, usemultiplicity=undef
    use64bitint=define, use64bitall=define, uselongdouble=define
    usemymalloc=n, bincompat5005=undef
  Compiler:
    cc='cc', ccflags ='-fwrapv -DDEBUGGING -fno-strict-aliasing -pipe -fstack-protector-strong -I/usr/local/include -D_LARGEFILE_SOURCE -D_FILE_OFFSET_BITS=64',
    optimize='-O2 -g',
    cppflags='-fwrapv -DDEBUGGING -fno-strict-aliasing -pipe -fstack-protector-strong -I/usr/local/include'
    ccversion='', gccversion='8.2.0', gccosandvers=''
    intsize=4, longsize=8, ptrsize=8, doublesize=8, byteorder=12345678, doublekind=3
    d_longlong=define, longlongsize=8, d_longdbl=define, longdblsize=16, longdblkind=3
    ivtype='long', ivsize=8, nvtype='long double', nvsize=16, Off_t='off_t', lseeksize=8
    alignbytes=16, prototype=define
  Linker and Libraries:
    ld='cc', ldflags =' -fstack-protector-strong -L/usr/local/lib'
    libpth=/usr/local/lib /usr/lib/gcc/x86_64-linux-gnu/8/include-fixed /usr/include/x86_64-linux-gnu /usr/lib /lib/x86_64-linux-gnu /lib/../lib /usr/lib/x86_64-linux-gnu /usr/lib/../lib /lib
    libs=-lpthread -lnsl -ldl -lm -lcrypt -lutil -lc
    perllibs=-lpthread -lnsl -ldl -lm -lcrypt -lutil -lc
    libc=libc-2.27.so, so=so, useshrplib=false, libperl=libperl.a
    gnulibc_version='2.27'
  Dynamic Linking:
    dlsrc=dl_dlopen.xs, dlext=so, d_dlsymun=undef, ccdlflags='-Wl,-E'
    cccdlflags='-fPIC', lddlflags='-shared -O2 -g -L/usr/local/lib -fstack-protector-strong'


Characteristics of this binary (from libperl): 
  Compile-time options: DEBUGGING HAS_TIMES PERLIO_LAYERS PERL_COPY_ON_WRITE
                        PERL_DONT_CREATE_GVSV
                        PERL_HASH_FUNC_ONE_AT_A_TIME_HARD PERL_MALLOC_WRAP
                        PERL_PRESERVE_IVUV PERL_USE_DEVEL USE_64_BIT_ALL
                        USE_64_BIT_INT USE_LARGE_FILES USE_LOCALE
                        USE_LOCALE_COLLATE USE_LOCALE_CTYPE
                        USE_LOCALE_NUMERIC USE_LOCALE_TIME USE_LONG_DOUBLE
                        USE_PERLIO USE_PERL_ATOF
  Locally applied patches:
	uncommitted-changes
  Built under linux
  Compiled at Oct 28 2018 07:13:43
  %ENV:
    PERL5LIB="/tmp/loop_over_bdir-10190-q9Mv63/Tie-RefHash-Weak-0.09-0/blib/arch:/tmp/loop_over_bdir-10190-q9Mv63/Tie-RefHash-Weak-0.09-0/blib/lib:/tmp/loop_over_bdir-10190-q9Mv63/MooseX-POE-0.215-0/blib/arch:/tmp/loop_over_bdir-10190-q9Mv63/MooseX-POE-0.215-0/blib/lib:/tmp/loop_over_bdir-10190-q9Mv63/POE-1.367-0/blib/arch:/tmp/loop_over_bdir-10190-q9Mv63/POE-1.367-0/blib/lib:/tmp/loop_over_bdir-10190-q9Mv63/IO-Pipely-0.005-0/blib/arch:/tmp/loop_over_bdir-10190-q9Mv63/IO-Pipely-0.005-0/blib/lib:/tmp/loop_over_bdir-10190-q9Mv63/POE-Test-Loops-1.360-0/blib/arch:/tmp/loop_over_bdir-10190-q9Mv63/POE-Test-Loops-1.360-0/blib/lib"
    PERL5OPT=""
    PERL5_CPANPLUS_IS_RUNNING="10193"
    PERL5_CPAN_IS_RUNNING="10193"
    PERL5_CPAN_IS_RUNNING_IN_RECURSION="2358,10193"
    PERL_CANARY_STABILITY_NOPROMPT="1"
    PERL_MM_USE_DEFAULT="1"
    PERL_USE_UNSAFE_INC="1"
  @INC:
    /tmp/loop_over_bdir-10190-q9Mv63/Tie-RefHash-Weak-0.09-0/blib/arch
    /tmp/loop_over_bdir-10190-q9Mv63/Tie-RefHash-Weak-0.09-0/blib/lib
    /tmp/loop_over_bdir-10190-q9Mv63/MooseX-POE-0.215-0/blib/arch
    /tmp/loop_over_bdir-10190-q9Mv63/MooseX-POE-0.215-0/blib/lib
    /tmp/loop_over_bdir-10190-q9Mv63/POE-1.367-0/blib/arch
    /tmp/loop_over_bdir-10190-q9Mv63/POE-1.367-0/blib/lib
    /tmp/loop_over_bdir-10190-q9Mv63/IO-Pipely-0.005-0/blib/arch
    /tmp/loop_over_bdir-10190-q9Mv63/IO-Pipely-0.005-0/blib/lib
    /tmp/loop_over_bdir-10190-q9Mv63/POE-Test-Loops-1.360-0/blib/arch
    /tmp/loop_over_bdir-10190-q9Mv63/POE-Test-Loops-1.360-0/blib/lib
    /home/sand/src/perl/repoperls/installed-perls/host/k93msid/v5.24.4/fc43/lib/site_perl/5.24.4/x86_64-linux-ld
    /home/sand/src/perl/repoperls/installed-perls/host/k93msid/v5.24.4/fc43/lib/site_perl/5.24.4
    /home/sand/src/perl/repoperls/installed-perls/host/k93msid/v5.24.4/fc43/lib/5.24.4/x86_64-linux-ld
    /home/sand/src/perl/repoperls/installed-perls/host/k93msid/v5.24.4/fc43/lib/5.24.4
    .