Back
From: metabase:user:30ae4450-2aae-11df-837a-5e0a49663a4f
Subject: FAIL Dancer-Plugin-Documentation-0.02 v5.18.2
Date: 2014-11-01T09:45:19Z
This distribution has been tested as part of the CPAN Testers
project, supporting the Perl programming language. See
http://wiki.cpantesters.org/ for more information or email
questions to cpan-testers-discuss@perl.org
--
Dear Aaron Cohen,
This is a computer-generated report for Dancer-Plugin-Documentation-0.02
on perl 5.18.2, created by CPAN-Reporter-1.2011.
Thank you for uploading your work to CPAN. However, there was a problem
testing your distribution.
If you think this report is invalid, please consult the CPAN Testers Wiki
for suggestions on how to avoid getting FAIL reports for missing library
or binary dependencies, unsupported operating systems, and so on:
http://wiki.cpantesters.org/wiki/CPANAuthorNotes
Sections of this report:
* Tester comments
* Program output
* Prerequisites
* Environment and other context
------------------------------
TESTER COMMENTS
------------------------------
Additional comments from tester:
this report is from an automated smoke testing program
and was not reviewed by a human for accuracy
------------------------------
PROGRAM OUTPUT
------------------------------
Output from 'C:\strawberry182\c\bin\dmake.exe test':
C:\strawberry182\perl\bin\perl.exe "-MExtUtils::Command::MM" "-MTest::Harness" "-e" "undef *Test::Harness::Switches; test_harness(0, 'blib\lib', 'blib\arch')" t/*.t
Invalid default '' for Dancer::Plugin::Documentation::Base->app not a coderef or a non-ref or code-convertible object at C:/strawberry182/perl/vendor/lib/Method/Generate/Accessor.pm line 636.
Compilation failed in require at C:/strawberry182/perl/site/lib/Module/Runtime.pm line 317.
Compilation failed in require at C:\strawberry182\cpan\build\Dancer-Plugin-Documentation-0.02-02KeEs\blib\lib/Dancer/Plugin/Documentation.pm line 18.
BEGIN failed--compilation aborted at C:\strawberry182\cpan\build\Dancer-Plugin-Documentation-0.02-02KeEs\blib\lib/Dancer/Plugin/Documentation.pm line 18.
Compilation failed in require at t/basics.t line 12.
BEGIN failed--compilation aborted at t/basics.t line 12.
t/basics.t ...
Dubious, test returned 255 (wstat 65280, 0xff00)
Failed 45/45 subtests
# Failed test 'Keyword "document_route" does not work with keyowrd "any"'
# at t/invalid.t line 12.
# 'Invalid default '' for Dancer::Plugin::Documentation::Base->app not a coderef or a non-ref or code-convertible object at C:/strawberry182/perl/vendor/lib/Method/Generate/Accessor.pm line 636.
# Compilation failed in require at C:/strawberry182/perl/site/lib/Module/Runtime.pm line 317.
# Compilation failed in require at C:\strawberry182\cpan\build\Dancer-Plugin-Documentation-0.02-02KeEs\blib\lib/Dancer/Plugin/Documentation.pm line 18.
# BEGIN failed--compilation aborted at C:\strawberry182\cpan\build\Dancer-Plugin-Documentation-0.02-02KeEs\blib\lib/Dancer/Plugin/Documentation.pm line 18.
# Compilation failed in require at C:/strawberry182/cpan/build/Dancer-Plugin-Documentation-0.02-02KeEs/t/lib/BadApp.pm line 3.
# BEGIN failed--compilation aborted at C:/strawberry182/cpan/build/Dancer-Plugin-Documentation-0.02-02KeEs/t/lib/BadApp.pm line 3.
# Compilation failed in require at (eval 28) line 2.
# BEGIN failed--compilation aborted at (eval 28) line 2.
# '
# doesn't match '(?^:^Invalid argument where Dancer::Route expected\b)'
# Looks like you failed 1 test of 1.
t/invalid.t ..
Dubious, test returned 1 (wstat 256, 0x100)
Failed 1/1 subtests
Invalid default '' for Dancer::Plugin::Documentation::Base->app not a coderef or a non-ref or code-convertible object at C:/strawberry182/perl/vendor/lib/Method/Generate/Accessor.pm line 636.
Compilation failed in require at C:/strawberry182/perl/site/lib/Module/Runtime.pm line 317.
Compilation failed in require at C:\strawberry182\cpan\build\Dancer-Plugin-Documentation-0.02-02KeEs\blib\lib/Dancer/Plugin/Documentation.pm line 18.
BEGIN failed--compilation aborted at C:\strawberry182\cpan\build\Dancer-Plugin-Documentation-0.02-02KeEs\blib\lib/Dancer/Plugin/Documentation.pm line 18.
Compilation failed in require at C:/strawberry182/cpan/build/Dancer-Plugin-Documentation-0.02-02KeEs/t/lib/TestApp.pm line 3.
BEGIN failed--compilation aborted at C:/strawberry182/cpan/build/Dancer-Plugin-Documentation-0.02-02KeEs/t/lib/TestApp.pm line 3.
Compilation failed in require at t/keyword.t line 11.
BEGIN failed--compilation aborted at t/keyword.t line 11.
t/keyword.t ..
Dubious, test returned 255 (wstat 65280, 0xff00)
Failed 10/10 subtests
Test Summary Report
-------------------
t/basics.t (Wstat: 65280 Tests: 0 Failed: 0)
Non-zero exit status: 255
Parse errors: Bad plan. You planned 45 tests but ran 0.
t/invalid.t (Wstat: 256 Tests: 1 Failed: 1)
Failed test: 1
Non-zero exit status: 1
t/keyword.t (Wstat: 65280 Tests: 0 Failed: 0)
Non-zero exit status: 255
Parse errors: Bad plan. You planned 10 tests but ran 0.
Files=3, Tests=1, 2 wallclock secs ( 0.04 usr + 0.01 sys = 0.05 CPU)
Result: FAIL
Failed 3/3 test programs. 1/1 subtests failed.
dmake.exe: Error code 255, while making 'test_dynamic'
------------------------------
PREREQUISITES
------------------------------
Prerequisite modules loaded:
requires:
Module Need Have
----------------------------- ---- --------
Dancer 0 1.3121
Dancer::Plugin 0 0
ExtUtils::MakeMaker 0 6.84
ExtUtils::MakeMaker::CPANfile 0 0.06
Moo 0 1.004002
MooX::Types::MooseLike::Base 0 0.25
namespace::clean 0 0.24
Scalar::Util 0 1.38
Set::Functional 0 1.04
Test::Most 0 0.33
build_requires:
Module Need Have
----------------------------- ---- --------
ExtUtils::MakeMaker 0 6.84
configure_requires:
Module Need Have
----------------------------- ---- --------
ExtUtils::MakeMaker::CPANfile 0.06 0.06
------------------------------
ENVIRONMENT AND OTHER CONTEXT
------------------------------
Environment variables:
AUTOMATED_TESTING = 1
COMSPEC = C:\WINDOWS\system32\cmd.exe
NUMBER_OF_PROCESSORS = 1
PATH = C:\Program Files\Far Manager\;C:\WINDOWS\system32;C:\WINDOWS;C:\WINDOWS\System32\Wbem;C:\strawberry182\c\bin;C:\strawberry182\perl\site\bin;C:\strawberry182\perl\bin
PERL5LIB = C:\strawberry182\cpan\build\Set-Functional-1.04-F1_Zf2/blib/arch;C:\strawberry182\cpan\build\Set-Functional-1.04-F1_Zf2/blib/lib;C:\strawberry182\cpan\build\ExtUtils-MakeMaker-CPANfile-0.06-_E_TBy/blib/arch;C:\strawberry182\cpan\build\ExtUtils-MakeMaker-CPANfile-0.06-_E_TBy/blib/lib
PERL5OPT =
PERL5_CPANPLUS_IS_RUNNING = 2040
PERL5_CPAN_IS_RUNNING = 2040
PERL5_CPAN_IS_RUNNING_IN_RECURSION = 1704,2040
PERL_CR_SMOKER_CURRENT = Dancer-Plugin-Documentation-0.02
PERL_EXTUTILS_AUTOINSTALL = --defaultdeps
PERL_HASH_SEED = 0x11111111
PERL_MM_USE_DEFAULT = 1
PROCESSOR_IDENTIFIER = x86 Family 16 Model 5 Stepping 3, AuthenticAMD
TEMP = C:\DOCUME~1\c\LOCALS~1\Temp
TERM = dumb
Perl special variables (and OS-specific diagnostics, for MSWin32):
$^X = C:\strawberry182\perl\bin\perl.exe
$UID/$EUID = 0 / 0
$GID = 0
$EGID = 0
Win32::GetOSName = WinXP/.Net
Win32::GetOSVersion = Service Pack 3, 5, 1, 2600, 2, 3, 0, 256, 1
Win32::FsType = NTFS
Win32::IsAdminUser = 1
Perl module toolchain versions installed:
Module Have
------------------- --------
CPAN 2.00
CPAN::Meta 2.133380
Cwd 3.40
ExtUtils::CBuilder 0.280212
ExtUtils::Command 1.18
ExtUtils::Install 1.59
ExtUtils::MakeMaker 6.84
ExtUtils::Manifest 1.63
ExtUtils::ParseXS 3.22
File::Spec 3.40
JSON 2.90
JSON::PP 2.27203
Module::Build 0.4203
Module::Signature n/a
Parse::CPAN::Meta 1.4414
Test::Harness 3.30
Test::More 1.001002
YAML 0.90
YAML::Syck 1.27
version 0.9904
--
Summary of my perl5 (revision 5 version 18 subversion 2) configuration:
Platform:
osname=MSWin32, osvers=6.2, archname=MSWin32-x86-multi-thread
uname='Win32 strawberry-perl-no64 5.18.2.1 #1 Tue Jan 7 19:43:33 2014 i386'
config_args='undef'
hint=recommended, useposix=true, d_sigaction=undef
useithreads=define, usemultiplicity=define
useperlio=define, d_sfio=undef, uselargefiles=define, usesocks=undef
use64bitint=undef, use64bitall=undef, uselongdouble=undef
usemymalloc=n, bincompat5005=undef
Compiler:
cc='gcc', ccflags =' -s -O2 -DWIN32 -DPERL_TEXTMODE_SCRIPTS -DPERL_IMPLICIT_CONTEXT -DPERL_IMPLICIT_SYS -DUSE_PERLIO -fno-strict-aliasing -mms-bitfields',
optimize='-s -O2',
cppflags='-DWIN32'
ccversion='', gccversion='4.7.3', gccosandvers=''
intsize=4, longsize=4, ptrsize=4, doublesize=8, byteorder=1234
d_longlong=define, longlongsize=8, d_longdbl=define, longdblsize=12
ivtype='long', ivsize=4, nvtype='double', nvsize=8, Off_t='long long', lseeksize=8
alignbytes=8, prototype=define
Linker and Libraries:
ld='g++', ldflags ='-s -L"C:\strawberry182\perl\lib\CORE" -L"C:\strawberry182\c\lib"'
libpth=C:\strawberry182\c\lib C:\strawberry182\c\i686-w64-mingw32\lib C:\strawberry182\c\lib\gcc\i686-w64-mingw32\4.7.3
libs=-lmoldname -lkernel32 -luser32 -lgdi32 -lwinspool -lcomdlg32 -ladvapi32 -lshell32 -lole32 -loleaut32 -lnetapi32 -luuid -lws2_32 -lmpr -lwinmm -lversion -lodbc32 -lodbccp32 -lcomctl32
perllibs=-lmoldname -lkernel32 -luser32 -lgdi32 -lwinspool -lcomdlg32 -ladvapi32 -lshell32 -lole32 -loleaut32 -lnetapi32 -luuid -lws2_32 -lmpr -lwinmm -lversion -lodbc32 -lodbccp32 -lcomctl32
libc=, so=dll, useshrplib=true, libperl=libperl518.a
gnulibc_version=''
Dynamic Linking:
dlsrc=dl_win32.xs, dlext=dll, d_dlsymun=undef, ccdlflags=' '
cccdlflags=' ', lddlflags='-mdll -s -L"C:\strawberry182\perl\lib\CORE" -L"C:\strawberry182\c\lib"'
Characteristics of this binary (from libperl):
Compile-time options: HAS_TIMES HAVE_INTERP_INTERN MULTIPLICITY
PERLIO_LAYERS PERL_DONT_CREATE_GVSV
PERL_HASH_FUNC_ONE_AT_A_TIME_HARD
PERL_IMPLICIT_CONTEXT PERL_IMPLICIT_SYS
PERL_MALLOC_WRAP PERL_PRESERVE_IVUV PERL_SAWAMPERSAND
USE_ITHREADS USE_LARGE_FILES USE_LOCALE
USE_LOCALE_COLLATE USE_LOCALE_CTYPE
USE_LOCALE_NUMERIC USE_PERLIO USE_PERL_ATOF
Built under MSWin32
Compiled at Jan 7 2014 19:51:54
%ENV:
PERL5LIB="C:\strawberry182\cpan\build\Set-Functional-1.04-F1_Zf2/blib/arch;C:\strawberry182\cpan\build\Set-Functional-1.04-F1_Zf2/blib/lib;C:\strawberry182\cpan\build\ExtUtils-MakeMaker-CPANfile-0.06-_E_TBy/blib/arch;C:\strawberry182\cpan\build\ExtUtils-MakeMaker-CPANfile-0.06-_E_TBy/blib/lib"
PERL5_CPANPLUS_IS_RUNNING="2040"
PERL5_CPAN_IS_RUNNING="2040"
PERL5_CPAN_IS_RUNNING_IN_RECURSION="1704,2040"
PERL_CR_SMOKER_CURRENT="Dancer-Plugin-Documentation-0.02"
PERL_EXTUTILS_AUTOINSTALL="--defaultdeps"
PERL_HASH_SEED="0x11111111"
PERL_MM_USE_DEFAULT="1"
@INC:
C:\strawberry182\cpan\build\Set-Functional-1.04-F1_Zf2/blib/arch
C:\strawberry182\cpan\build\Set-Functional-1.04-F1_Zf2/blib/lib
C:\strawberry182\cpan\build\ExtUtils-MakeMaker-CPANfile-0.06-_E_TBy/blib/arch
C:\strawberry182\cpan\build\ExtUtils-MakeMaker-CPANfile-0.06-_E_TBy/blib/lib
C:/strawberry182/perl/site/lib
C:/strawberry182/perl/vendor/lib
C:/strawberry182/perl/lib
.