DateTime-Format-CLDR v1.19 Perl 5 v5.22.3 x86_64-linux-thread-multi

Status
Fail
From
Slaven Rezić (SREZIC)
Dist
DateTime-Format-CLDR v1.19
Platform
Perl 5 v5.22.3 x86_64-linux-thread-multi
Date
2018-11-30 19:31:37
ID
8dea50cc-f4d6-11e8-a00b-a9159e957100
This distribution has been tested as part of the CPAN Testers
project, supporting the Perl programming language.  See
http://wiki.cpantesters.org/ for more information or email
questions to cpan-testers-discuss@perl.org


--
Dear Maros Kollar,

This is a computer-generated report for DateTime-Format-CLDR-1.19
on perl 5.22.3, created by CPAN-Reporter-1.2018.

Thank you for uploading your work to CPAN.  However, there was a problem
testing your distribution.

If you think this report is invalid, please consult the CPAN Testers Wiki
for suggestions on how to avoid getting FAIL reports for missing library
or binary dependencies, unsupported operating systems, and so on:

http://wiki.cpantesters.org/wiki/CPANAuthorNotes

Sections of this report:

    * Tester comments
    * Program output
    * Prerequisites
    * Environment and other context

------------------------------
TESTER COMMENTS
------------------------------

Additional comments from tester:

none provided

------------------------------
PROGRAM OUTPUT
------------------------------

Output from '/usr/bin/make test':

PERL_DL_NONLAZY=1 "/bbbike/perl-5.22.3t/bin/perl" "-MExtUtils::Command::MM" "-MTest::Harness" "-e" "undef *Test::Harness::Switches; test_harness(0, 'inc', 'blib/lib', 'blib/arch')" t/*.t
t/001_load.t .......... ok
t/004_basic.t ......... ok
t/005_extended.t ...... ok
t/006_exceptions.t .... ok
t/007_bug_rt41392.t ... ok
t/008_bug_rt43381.t ... ok
t/009_incomplete.t .... ok
t/010_patterns.t ...... ok

#   Failed test 'Pattern: 'dd.MM.yyy HH:mm:ss.SSSSSSSSSSSSSS'
# String: '01.01.2000 01:10:20.00000000999999'
# Original: '2000-01-01T01:10:20.10 floating'
# Computed: '2000-01-01T01:10:20.9 floating'
# Locale: 'en-US''
#   at t/lib/testlib.pm line 34.

#   Failed test 'Pattern: 'dd.MM.yyy HH:mm:ss.SSSSSSSSSSSSSS'
# String: '01.01.2000 03:10:20.00000099999999'
# Original: '2000-01-01T03:10:20.1000 floating'
# Computed: '2000-01-01T03:10:20.999 floating'
# Locale: 'en-US''
#   at t/lib/testlib.pm line 34.

#   Failed test 'Pattern: 'dd.MM.yyy HH:mm:ss.SSSSSSSSSSSSSS'
# String: '01.01.2000 04:10:20.00000999999999'
# Original: '2000-01-01T04:10:20.10000 floating'
# Computed: '2000-01-01T04:10:20.9999 floating'
# Locale: 'en-US''
#   at t/lib/testlib.pm line 34.
# Looks like you failed 3 tests of 13.
t/011_nanosecond.t .... 
Dubious, test returned 3 (wstat 768, 0x300)
Failed 3/13 subtests 
t/012_export.t ........ ok
t/013_timezone.t ...... ok
t/014_bug_rt49605.t ... ok
t/015_synopsis.t ...... ok
t/016_case.t .......... ok
t/017_bug_rt87550.t ... ok
t/018_bug_rt89846.t ... ok
t/019_bug_rt107389.t .. ok

Test Summary Report
-------------------
t/011_nanosecond.t  (Wstat: 768 Tests: 13 Failed: 3)
  Failed tests:  3, 7, 9
  Non-zero exit status: 3
Files=17, Tests=13054, 37 wallclock secs ( 0.62 usr  0.24 sys + 15.18 cusr  2.54 csys = 18.58 CPU)
Result: FAIL
Failed 1/17 test programs. 3/13054 subtests failed.
Makefile:779: recipe for target 'test_dynamic' failed
make: *** [test_dynamic] Error 255

------------------------------
PREREQUISITES
------------------------------

Prerequisite modules loaded:

requires:

    Module               Need  Have    
    -------------------- ----- --------
    DateTime             0.48  1.50    
    DateTime::Incomplete 0     0.08    
    DateTime::Locale     0.42  1.11    
    DateTime::TimeZone   0.95  2.09    
    Exporter             0     5.72    
    Params::Validate     0.76  1.26    
    perl                 5.008 5.022003

build_requires:

    Module               Need  Have    
    -------------------- ----- --------
    ExtUtils::MakeMaker  6.59  7.24    
    Test::Exception      0     0.43    
    Test::NoWarnings     0     1.04    
    Test::Simple         0.82  1.302140
    Test::Warn           0     0.32    

configure_requires:

    Module               Need  Have    
    -------------------- ----- --------
    ExtUtils::MakeMaker  6.59  7.24    


------------------------------
ENVIRONMENT AND OTHER CONTEXT
------------------------------

Environment variables:

    LANG = C
    PATH = /usr/local/bin:/usr/bin:/bin:/usr/local/sbin:/usr/sbin:/sbin:/home/cpansand/bin/linux-gnu:/home/cpansand/bin/sh:/home/cpansand/bin:/usr/games:/home/cpansand/devel:/home/eserte/src/srezic-misc/scripts
    PERL5LIB = /home/cpansand/.cpan/build/2018113019/DateTime-Incomplete-0.08-S0DlpP/blib/arch:/home/cpansand/.cpan/build/2018113019/DateTime-Incomplete-0.08-S0DlpP/blib/lib:/home/cpansand/.cpan/build/2018113019/DateTime-Event-Recurrence-0.19-U0I9Mr/blib/arch:/home/cpansand/.cpan/build/2018113019/DateTime-Event-Recurrence-0.19-U0I9Mr/blib/lib:/home/cpansand/.cpan/build/2018113019/DateTime-Set-0.3900-32DmzP/blib/arch:/home/cpansand/.cpan/build/2018113019/DateTime-Set-0.3900-32DmzP/blib/lib:/home/cpansand/.cpan/build/2018113019/Set-Infinite-0.65-onFeFT/blib/arch:/home/cpansand/.cpan/build/2018113019/Set-Infinite-0.65-onFeFT/blib/lib:/home/cpansand/.cpan/build/2018113019/DateTime-1.50-Z4iK20/blib/arch:/home/cpansand/.cpan/build/2018113019/DateTime-1.50-Z4iK20/blib/lib:/home/cpansand/.cpan/build/2018113019/Params-ValidationCompiler-0.30-z93V9C/blib/arch:/home/cpansand/.cpan/build/2018113019/Params-ValidationCompiler-0.30-z93V9C/blib/lib:/home/cpansand/.cpan/build/2018113019/Test2-Suite-0.000116-NvffmE/blib/arch:/home/cpansand/.cpan/build/2018113019/Test2-Suite-0.000116-NvffmE/blib/lib:/home/cpansand/.cpan/build/2018113019/Test-Simple-1.302140-zvcuoV/blib/arch:/home/cpansand/.cpan/build/2018113019/Test-Simple-1.302140-zvcuoV/blib/lib
    PERL5OPT = 
    PERL5_CPANPLUS_IS_RUNNING = 10107
    PERL5_CPAN_IS_RUNNING = 10107
    PERL5_CPAN_IS_RUNNING_IN_RECURSION = 28518,10107
    PERLDOC = -MPod::Perldoc::ToTextOverstrike
    PERL_BATCH = yes
    PERL_CANARY_STABILITY_NOPROMPT = 1
    PERL_CPAN_REPORTER_CONFIG = /var/tmp/cpansmoker-1023/2018113019/cpanreporter_000_config.ini
    PERL_EXTUTILS_AUTOINSTALL = --defaultdeps
    SHELL = /bin/zsh
    TERM = screen
    TMPDIR = /var/tmp/cpansmoker-1023/2018113019

Perl special variables (and OS-specific diagnostics, for MSWin32):

    $^X = /bbbike/perl-5.22.3t/bin/perl
    $UID/$EUID = 1023 / 1023
    $GID = 1023 1023
    $EGID = 1023 1023

Perl module toolchain versions installed:

    Module              Have    
    ------------------- --------
    CPAN                2.11_01 
    CPAN::Meta          2.150010
    Cwd                 3.62    
    ExtUtils::CBuilder  0.280224
    ExtUtils::Command   7.24    
    ExtUtils::Install   2.04    
    ExtUtils::MakeMaker 7.24    
    ExtUtils::Manifest  1.70    
    ExtUtils::ParseXS   3.30    
    File::Spec          3.62    
    JSON                2.90    
    JSON::PP            2.27400 
    Module::Build       0.4220  
    Module::Signature   n/a     
    Parse::CPAN::Meta   2.150010
    Test::Harness       3.36    
    Test::More          1.302140
    YAML                1.21    
    YAML::Syck          1.29    
    version             0.9917  


--

Summary of my perl5 (revision 5 version 22 subversion 3) configuration:
   
  Platform:
    osname=linux, osvers=3.16.0-4-amd64, archname=x86_64-linux-thread-multi
    uname='linux eserte 3.16.0-4-amd64 #1 smp debian 3.16.39-1 (2016-12-30) x86_64 gnulinux '
    config_args='-ds -e -Dprefix=/opt/perl-5.22.3t -Dusethreads -Dcf_email=srezic@cpan.org'
    hint=recommended, useposix=true, d_sigaction=define
    useithreads=define, usemultiplicity=define
    use64bitint=define, use64bitall=define, uselongdouble=undef
    usemymalloc=n, bincompat5005=undef
  Compiler:
    cc='cc', ccflags ='-D_REENTRANT -D_GNU_SOURCE -fwrapv -fno-strict-aliasing -pipe -fstack-protector-strong -I/usr/local/include -D_LARGEFILE_SOURCE -D_FILE_OFFSET_BITS=64 -D_FORTIFY_SOURCE=2',
    optimize='-O2',
    cppflags='-D_REENTRANT -D_GNU_SOURCE -fwrapv -fno-strict-aliasing -pipe -fstack-protector-strong -I/usr/local/include'
    ccversion='', gccversion='4.9.2', gccosandvers=''
    intsize=4, longsize=8, ptrsize=8, doublesize=8, byteorder=12345678, doublekind=3
    d_longlong=define, longlongsize=8, d_longdbl=define, longdblsize=16, longdblkind=3
    ivtype='long', ivsize=8, nvtype='double', nvsize=8, Off_t='off_t', lseeksize=8
    alignbytes=8, prototype=define
  Linker and Libraries:
    ld='cc', ldflags =' -fstack-protector-strong -L/usr/local/lib'
    libpth=/usr/local/lib /usr/lib/gcc/x86_64-linux-gnu/4.9/include-fixed /usr/include/x86_64-linux-gnu /usr/lib /lib/x86_64-linux-gnu /lib/../lib /usr/lib/x86_64-linux-gnu /usr/lib/../lib /lib
    libs=-lpthread -lnsl -lgdbm -ldb -ldl -lm -lcrypt -lutil -lc -lgdbm_compat
    perllibs=-lpthread -lnsl -ldl -lm -lcrypt -lutil -lc
    libc=libc-2.19.so, so=so, useshrplib=false, libperl=libperl.a
    gnulibc_version='2.19'
  Dynamic Linking:
    dlsrc=dl_dlopen.xs, dlext=so, d_dlsymun=undef, ccdlflags='-Wl,-E'
    cccdlflags='-fPIC', lddlflags='-shared -O2 -L/usr/local/lib -fstack-protector-strong'


Characteristics of this binary (from libperl): 
  Compile-time options: HAS_TIMES MULTIPLICITY PERLIO_LAYERS
                        PERL_DONT_CREATE_GVSV
                        PERL_HASH_FUNC_ONE_AT_A_TIME_HARD
                        PERL_IMPLICIT_CONTEXT PERL_MALLOC_WRAP
                        PERL_NEW_COPY_ON_WRITE PERL_PRESERVE_IVUV
                        USE_64_BIT_ALL USE_64_BIT_INT USE_ITHREADS
                        USE_LARGE_FILES USE_LOCALE USE_LOCALE_COLLATE
                        USE_LOCALE_CTYPE USE_LOCALE_NUMERIC USE_LOCALE_TIME
                        USE_PERLIO USE_PERL_ATOF USE_REENTRANT_API
  Built under linux
  Compiled at Jan 17 2017 19:09:56
  %ENV:
    PERL5LIB="/home/cpansand/.cpan/build/2018113019/DateTime-Incomplete-0.08-S0DlpP/blib/arch:/home/cpansand/.cpan/build/2018113019/DateTime-Incomplete-0.08-S0DlpP/blib/lib:/home/cpansand/.cpan/build/2018113019/DateTime-Event-Recurrence-0.19-U0I9Mr/blib/arch:/home/cpansand/.cpan/build/2018113019/DateTime-Event-Recurrence-0.19-U0I9Mr/blib/lib:/home/cpansand/.cpan/build/2018113019/DateTime-Set-0.3900-32DmzP/blib/arch:/home/cpansand/.cpan/build/2018113019/DateTime-Set-0.3900-32DmzP/blib/lib:/home/cpansand/.cpan/build/2018113019/Set-Infinite-0.65-onFeFT/blib/arch:/home/cpansand/.cpan/build/2018113019/Set-Infinite-0.65-onFeFT/blib/lib:/home/cpansand/.cpan/build/2018113019/DateTime-1.50-Z4iK20/blib/arch:/home/cpansand/.cpan/build/2018113019/DateTime-1.50-Z4iK20/blib/lib:/home/cpansand/.cpan/build/2018113019/Params-ValidationCompiler-0.30-z93V9C/blib/arch:/home/cpansand/.cpan/build/2018113019/Params-ValidationCompiler-0.30-z93V9C/blib/lib:/home/cpansand/.cpan/build/2018113019/Test2-Suite-0.000116-NvffmE/blib/arch:/home/cpansand/.cpan/build/2018113019/Test2-Suite-0.000116-NvffmE/blib/lib:/home/cpansand/.cpan/build/2018113019/Test-Simple-1.302140-zvcuoV/blib/arch:/home/cpansand/.cpan/build/2018113019/Test-Simple-1.302140-zvcuoV/blib/lib"
    PERL5OPT=""
    PERL5_CPANPLUS_IS_RUNNING="10107"
    PERL5_CPAN_IS_RUNNING="10107"
    PERL5_CPAN_IS_RUNNING_IN_RECURSION="28518,10107"
    PERLDOC="-MPod::Perldoc::ToTextOverstrike"
    PERL_BATCH="yes"
    PERL_CANARY_STABILITY_NOPROMPT="1"
    PERL_CPAN_REPORTER_CONFIG="/var/tmp/cpansmoker-1023/2018113019/cpanreporter_000_config.ini"
    PERL_EXTUTILS_AUTOINSTALL="--defaultdeps"
  @INC:
    /home/cpansand/.cpan/build/2018113019/DateTime-Incomplete-0.08-S0DlpP/blib/arch
    /home/cpansand/.cpan/build/2018113019/DateTime-Incomplete-0.08-S0DlpP/blib/lib
    /home/cpansand/.cpan/build/2018113019/DateTime-Event-Recurrence-0.19-U0I9Mr/blib/arch
    /home/cpansand/.cpan/build/2018113019/DateTime-Event-Recurrence-0.19-U0I9Mr/blib/lib
    /home/cpansand/.cpan/build/2018113019/DateTime-Set-0.3900-32DmzP/blib/arch
    /home/cpansand/.cpan/build/2018113019/DateTime-Set-0.3900-32DmzP/blib/lib
    /home/cpansand/.cpan/build/2018113019/Set-Infinite-0.65-onFeFT/blib/arch
    /home/cpansand/.cpan/build/2018113019/Set-Infinite-0.65-onFeFT/blib/lib
    /home/cpansand/.cpan/build/2018113019/DateTime-1.50-Z4iK20/blib/arch
    /home/cpansand/.cpan/build/2018113019/DateTime-1.50-Z4iK20/blib/lib
    /home/cpansand/.cpan/build/2018113019/Params-ValidationCompiler-0.30-z93V9C/blib/arch
    /home/cpansand/.cpan/build/2018113019/Params-ValidationCompiler-0.30-z93V9C/blib/lib
    /home/cpansand/.cpan/build/2018113019/Test2-Suite-0.000116-NvffmE/blib/arch
    /home/cpansand/.cpan/build/2018113019/Test2-Suite-0.000116-NvffmE/blib/lib
    /home/cpansand/.cpan/build/2018113019/Test-Simple-1.302140-zvcuoV/blib/arch
    /home/cpansand/.cpan/build/2018113019/Test-Simple-1.302140-zvcuoV/blib/lib
    /opt/perl-5.22.3t/lib/site_perl/5.22.3/x86_64-linux-thread-multi
    /opt/perl-5.22.3t/lib/site_perl/5.22.3
    /opt/perl-5.22.3t/lib/5.22.3/x86_64-linux-thread-multi
    /opt/perl-5.22.3t/lib/5.22.3
    .