Back
From: metabase:user:c3c0e594-9be7-11e0-ab6b-65b017dc0771
Subject: FAIL App-Rad-1.05_01 v5.12.4 Mac OS X
Date: 2011-07-01T12:13:39Z
This distribution has been tested as part of the CPAN Testers
project, supporting the Perl programming language. See
http://wiki.cpantesters.org/ for more information or email
questions to cpan-testers-discuss@perl.org
--
Dear Breno G. de Oliveira,
This is a computer-generated report for App-Rad-1.05_01
on perl 5.12.4, created by CPAN-Reporter-1.1902.
Thank you for uploading your work to CPAN. However, there was a problem
testing your distribution.
If you think this report is invalid, please consult the CPAN Testers Wiki
for suggestions on how to avoid getting FAIL reports for missing library
or binary dependencies, unsupported operating systems, and so on:
http://wiki.cpantesters.org/wiki/CPANAuthorNotes
Sections of this report:
* Tester comments
* Program output
* Prerequisites
* Environment and other context
------------------------------
TESTER COMMENTS
------------------------------
Additional comments from tester:
this report is from an automated smoke testing program
and was not reviewed by a human for accuracy
------------------------------
PROGRAM OUTPUT
------------------------------
Output from '/usr/bin/make test':
PERL_DL_NONLAZY=1 /Users/fh/perl5/perlbrew/perls/perl-5.12.4/bin/perl "-MExtUtils::Command::MM" "-e" "test_harness(0, 'blib/lib', 'blib/arch')" t/*.t
# Failed test 'use App::Rad;'
# at t/00-load.t line 6.
# Tried to use 'App::Rad'.
# Error: Can't locate App/Rad/Parser.pm in @INC (@INC contains: /Users/fh/.cpan/build/App-Rad-1.05_01-nIJE7A/blib/lib /Users/fh/.cpan/build/App-Rad-1.05_01-nIJE7A/blib/arch /Users/fh/perl5/perlbrew/perls/perl-5.12.4/lib/site_perl/5.12.4/darwin-2level /Users/fh/perl5/perlbrew/perls/perl-5.12.4/lib/site_perl/5.12.4 /Users/fh/perl5/perlbrew/perls/perl-5.12.4/lib/5.12.4/darwin-2level /Users/fh/perl5/perlbrew/perls/perl-5.12.4/lib/5.12.4) at /Users/fh/.cpan/build/App-Rad-1.05_01-nIJE7A/blib/lib/App/Rad.pm line 3.
# BEGIN failed--compilation aborted at /Users/fh/.cpan/build/App-Rad-1.05_01-nIJE7A/blib/lib/App/Rad.pm line 3.
# Compilation failed in require at (eval 4) line 2.
# BEGIN failed--compilation aborted at (eval 4) line 2.
Use of uninitialized value $App::Rad::VERSION in concatenation (.) or string at t/00-load.t line 12.
# Testing App::Rad , Perl 5.012004, /Users/fh/perl5/perlbrew/perls/perl-5.12.4/bin/perl
# Looks like you failed 1 test of 4.
t/00-load.t ...................
Dubious, test returned 1 (wstat 256, 0x100)
Failed 1/4 subtests
Can't locate App/Rad/Parser.pm in @INC (@INC contains: /Users/fh/.cpan/build/App-Rad-1.05_01-nIJE7A/blib/lib /Users/fh/.cpan/build/App-Rad-1.05_01-nIJE7A/blib/arch /Users/fh/perl5/perlbrew/perls/perl-5.12.4/lib/site_perl/5.12.4/darwin-2level /Users/fh/perl5/perlbrew/perls/perl-5.12.4/lib/site_perl/5.12.4 /Users/fh/perl5/perlbrew/perls/perl-5.12.4/lib/5.12.4/darwin-2level /Users/fh/perl5/perlbrew/perls/perl-5.12.4/lib/5.12.4 .) at /Users/fh/.cpan/build/App-Rad-1.05_01-nIJE7A/blib/lib/App/Rad.pm line 3.
BEGIN failed--compilation aborted at /Users/fh/.cpan/build/App-Rad-1.05_01-nIJE7A/blib/lib/App/Rad.pm line 3.
Compilation failed in require at t/01-standard.t line 3.
BEGIN failed--compilation aborted at t/01-standard.t line 3.
# Looks like your test exited with 2 before it could output anything.
t/01-standard.t ...............
Dubious, test returned 2 (wstat 512, 0x200)
Failed 14/14 subtests
Can't locate App/Rad/Tester.pm in @INC (@INC contains: /Users/fh/.cpan/build/App-Rad-1.05_01-nIJE7A/blib/lib /Users/fh/.cpan/build/App-Rad-1.05_01-nIJE7A/blib/arch /Users/fh/perl5/perlbrew/perls/perl-5.12.4/lib/site_perl/5.12.4/darwin-2level /Users/fh/perl5/perlbrew/perls/perl-5.12.4/lib/site_perl/5.12.4 /Users/fh/perl5/perlbrew/perls/perl-5.12.4/lib/5.12.4/darwin-2level /Users/fh/perl5/perlbrew/perls/perl-5.12.4/lib/5.12.4 .) at t/02-defaultprogram.t line 2.
BEGIN failed--compilation aborted at t/02-defaultprogram.t line 2.
# Looks like your test exited with 2 before it could output anything.
t/02-defaultprogram.t .........
Dubious, test returned 2 (wstat 512, 0x200)
Failed 2/2 subtests
# using temporary program file '/var/folders/zk/zkvqmgtoEAWHIV1swpIMnk+++TI/-Tmp-/3awcVcbHyd' to test functionality
Can't locate App/Rad/Parser.pm in @INC (@INC contains: /Users/fh/.cpan/build/App-Rad-1.05_01-nIJE7A/blib/lib /Users/fh/.cpan/build/App-Rad-1.05_01-nIJE7A/blib/arch /Users/fh/perl5/perlbrew/perls/perl-5.12.4/lib/site_perl/5.12.4/darwin-2level /Users/fh/perl5/perlbrew/perls/perl-5.12.4/lib/site_perl/5.12.4 /Users/fh/perl5/perlbrew/perls/perl-5.12.4/lib/5.12.4/darwin-2level /Users/fh/perl5/perlbrew/perls/perl-5.12.4/lib/5.12.4 .) at /Users/fh/.cpan/build/App-Rad-1.05_01-nIJE7A/blib/lib/App/Rad.pm line 3.
BEGIN failed--compilation aborted at /Users/fh/.cpan/build/App-Rad-1.05_01-nIJE7A/blib/lib/App/Rad.pm line 3.
Compilation failed in require at /var/folders/zk/zkvqmgtoEAWHIV1swpIMnk+++TI/-Tmp-/3awcVcbHyd line 1.
BEGIN failed--compilation aborted at /var/folders/zk/zkvqmgtoEAWHIV1swpIMnk+++TI/-Tmp-/3awcVcbHyd line 1.
# Failed test at t/02.5-default_with_args.t line 30.
# got: ''
# expected: 'Usage: /var/folders/zk/zkvqmgtoEAWHIV1swpIMnk+++TI/-Tmp-/3awcVcbHyd command [arguments]
#
# Available Commands:
# exclude completely erase command from your program
# help show syntax and available commands
# include include one-liner as a command
#
# '
Can't locate App/Rad/Parser.pm in @INC (@INC contains: /Users/fh/.cpan/build/App-Rad-1.05_01-nIJE7A/blib/lib /Users/fh/.cpan/build/App-Rad-1.05_01-nIJE7A/blib/arch /Users/fh/perl5/perlbrew/perls/perl-5.12.4/lib/site_perl/5.12.4/darwin-2level /Users/fh/perl5/perlbrew/perls/perl-5.12.4/lib/site_perl/5.12.4 /Users/fh/perl5/perlbrew/perls/perl-5.12.4/lib/5.12.4/darwin-2level /Users/fh/perl5/perlbrew/perls/perl-5.12.4/lib/5.12.4 .) at /Users/fh/.cpan/build/App-Rad-1.05_01-nIJE7A/blib/lib/App/Rad.pm line 3.
BEGIN failed--compilation aborted at /Users/fh/.cpan/build/App-Rad-1.05_01-nIJE7A/blib/lib/App/Rad.pm line 3.
Compilation failed in require at /var/folders/zk/zkvqmgtoEAWHIV1swpIMnk+++TI/-Tmp-/3awcVcbHyd line 1.
BEGIN failed--compilation aborted at /var/folders/zk/zkvqmgtoEAWHIV1swpIMnk+++TI/-Tmp-/3awcVcbHyd line 1.
# Failed test at t/02.5-default_with_args.t line 34.
# got: ''
# expected: 'Usage: /var/folders/zk/zkvqmgtoEAWHIV1swpIMnk+++TI/-Tmp-/3awcVcbHyd command [arguments]
#
# Available Commands:
# exclude completely erase command from your program
# help show syntax and available commands
# include include one-liner as a command
#
# '
# Looks like you failed 2 tests of 2.
t/02.5-default_with_args.t ....
Dubious, test returned 2 (wstat 512, 0x200)
Failed 2/2 subtests
# using temporary program file '/var/folders/zk/zkvqmgtoEAWHIV1swpIMnk+++TI/-Tmp-/BIvSEakv3v' to test functionality
Can't locate App/Rad/Parser.pm in @INC (@INC contains: /Users/fh/.cpan/build/App-Rad-1.05_01-nIJE7A/blib/lib /Users/fh/.cpan/build/App-Rad-1.05_01-nIJE7A/blib/arch /Users/fh/perl5/perlbrew/perls/perl-5.12.4/lib/site_perl/5.12.4/darwin-2level /Users/fh/perl5/perlbrew/perls/perl-5.12.4/lib/site_perl/5.12.4 /Users/fh/perl5/perlbrew/perls/perl-5.12.4/lib/5.12.4/darwin-2level /Users/fh/perl5/perlbrew/perls/perl-5.12.4/lib/5.12.4 .) at /Users/fh/.cpan/build/App-Rad-1.05_01-nIJE7A/blib/lib/App/Rad.pm line 3.
BEGIN failed--compilation aborted at /Users/fh/.cpan/build/App-Rad-1.05_01-nIJE7A/blib/lib/App/Rad.pm line 3.
Compilation failed in require at /var/folders/zk/zkvqmgtoEAWHIV1swpIMnk+++TI/-Tmp-/BIvSEakv3v line 1.
BEGIN failed--compilation aborted at /var/folders/zk/zkvqmgtoEAWHIV1swpIMnk+++TI/-Tmp-/BIvSEakv3v line 1.
# Failed test at t/03-default_override.t line 23.
# got: ''
# expected: 'this is an override of the default command
# '
Can't locate App/Rad/Parser.pm in @INC (@INC contains: /Users/fh/.cpan/build/App-Rad-1.05_01-nIJE7A/blib/lib /Users/fh/.cpan/build/App-Rad-1.05_01-nIJE7A/blib/arch /Users/fh/perl5/perlbrew/perls/perl-5.12.4/lib/site_perl/5.12.4/darwin-2level /Users/fh/perl5/perlbrew/perls/perl-5.12.4/lib/site_perl/5.12.4 /Users/fh/perl5/perlbrew/perls/perl-5.12.4/lib/5.12.4/darwin-2level /Users/fh/perl5/perlbrew/perls/perl-5.12.4/lib/5.12.4 .) at /Users/fh/.cpan/build/App-Rad-1.05_01-nIJE7A/blib/lib/App/Rad.pm line 3.
BEGIN failed--compilation aborted at /Users/fh/.cpan/build/App-Rad-1.05_01-nIJE7A/blib/lib/App/Rad.pm line 3.
Compilation failed in require at /var/folders/zk/zkvqmgtoEAWHIV1swpIMnk+++TI/-Tmp-/BIvSEakv3v line 1.
BEGIN failed--compilation aborted at /var/folders/zk/zkvqmgtoEAWHIV1swpIMnk+++TI/-Tmp-/BIvSEakv3v line 1.
# Failed test at t/03-default_override.t line 27.
# got: ''
# expected: 'this is an override of the default command
# '
Can't locate App/Rad/Parser.pm in @INC (@INC contains: /Users/fh/.cpan/build/App-Rad-1.05_01-nIJE7A/blib/lib /Users/fh/.cpan/build/App-Rad-1.05_01-nIJE7A/blib/arch /Users/fh/perl5/perlbrew/perls/perl-5.12.4/lib/site_perl/5.12.4/darwin-2level /Users/fh/perl5/perlbrew/perls/perl-5.12.4/lib/site_perl/5.12.4 /Users/fh/perl5/perlbrew/perls/perl-5.12.4/lib/5.12.4/darwin-2level /Users/fh/perl5/perlbrew/perls/perl-5.12.4/lib/5.12.4 .) at /Users/fh/.cpan/build/App-Rad-1.05_01-nIJE7A/blib/lib/App/Rad.pm line 3.
BEGIN failed--compilation aborted at /Users/fh/.cpan/build/App-Rad-1.05_01-nIJE7A/blib/lib/App/Rad.pm line 3.
Compilation failed in require at /var/folders/zk/zkvqmgtoEAWHIV1swpIMnk+++TI/-Tmp-/BIvSEakv3v line 1.
BEGIN failed--compilation aborted at /var/folders/zk/zkvqmgtoEAWHIV1swpIMnk+++TI/-Tmp-/BIvSEakv3v line 1.
# Failed test at t/03-default_override.t line 39.
# got: ''
# expected: 'Usage: /var/folders/zk/zkvqmgtoEAWHIV1swpIMnk+++TI/-Tmp-/BIvSEakv3v command [arguments]
#
# Available Commands:
# help show syntax and available commands
#
# '
# Looks like you failed 3 tests of 3.
t/03-default_override.t .......
Dubious, test returned 3 (wstat 768, 0x300)
Failed 3/3 subtests
# using temporary program file '/var/folders/zk/zkvqmgtoEAWHIV1swpIMnk+++TI/-Tmp-/vXufM7033K' to test functionality
Can't locate App/Rad/Parser.pm in @INC (@INC contains: /Users/fh/.cpan/build/App-Rad-1.05_01-nIJE7A/blib/lib /Users/fh/.cpan/build/App-Rad-1.05_01-nIJE7A/blib/arch /Users/fh/perl5/perlbrew/perls/perl-5.12.4/lib/site_perl/5.12.4/darwin-2level /Users/fh/perl5/perlbrew/perls/perl-5.12.4/lib/site_perl/5.12.4 /Users/fh/perl5/perlbrew/perls/perl-5.12.4/lib/5.12.4/darwin-2level /Users/fh/perl5/perlbrew/perls/perl-5.12.4/lib/5.12.4 .) at /Users/fh/.cpan/build/App-Rad-1.05_01-nIJE7A/blib/lib/App/Rad.pm line 3.
BEGIN failed--compilation aborted at /Users/fh/.cpan/build/App-Rad-1.05_01-nIJE7A/blib/lib/App/Rad.pm line 3.
Compilation failed in require at /var/folders/zk/zkvqmgtoEAWHIV1swpIMnk+++TI/-Tmp-/vXufM7033K line 1.
BEGIN failed--compilation aborted at /var/folders/zk/zkvqmgtoEAWHIV1swpIMnk+++TI/-Tmp-/vXufM7033K line 1.
# Failed test 'no command (should fall to default)'
# at t/03.5-default_and_invalid.t line 36.
# got: ''
# expected: 'keys: 0
# '
Can't locate App/Rad/Parser.pm in @INC (@INC contains: /Users/fh/.cpan/build/App-Rad-1.05_01-nIJE7A/blib/lib /Users/fh/.cpan/build/App-Rad-1.05_01-nIJE7A/blib/arch /Users/fh/perl5/perlbrew/perls/perl-5.12.4/lib/site_perl/5.12.4/darwin-2level /Users/fh/perl5/perlbrew/perls/perl-5.12.4/lib/site_perl/5.12.4 /Users/fh/perl5/perlbrew/perls/perl-5.12.4/lib/5.12.4/darwin-2level /Users/fh/perl5/perlbrew/perls/perl-5.12.4/lib/5.12.4 .) at /Users/fh/.cpan/build/App-Rad-1.05_01-nIJE7A/blib/lib/App/Rad.pm line 3.
BEGIN failed--compilation aborted at /Users/fh/.cpan/build/App-Rad-1.05_01-nIJE7A/blib/lib/App/Rad.pm line 3.
Compilation failed in require at /var/folders/zk/zkvqmgtoEAWHIV1swpIMnk+++TI/-Tmp-/vXufM7033K line 1.
BEGIN failed--compilation aborted at /var/folders/zk/zkvqmgtoEAWHIV1swpIMnk+++TI/-Tmp-/vXufM7033K line 1.
# Failed test 'no command, with parameters (should fall to default)'
# at t/03.5-default_and_invalid.t line 39.
# got: ''
# expected: 'keys: 1
# '
Can't locate App/Rad/Parser.pm in @INC (@INC contains: /Users/fh/.cpan/build/App-Rad-1.05_01-nIJE7A/blib/lib /Users/fh/.cpan/build/App-Rad-1.05_01-nIJE7A/blib/arch /Users/fh/perl5/perlbrew/perls/perl-5.12.4/lib/site_perl/5.12.4/darwin-2level /Users/fh/perl5/perlbrew/perls/perl-5.12.4/lib/site_perl/5.12.4 /Users/fh/perl5/perlbrew/perls/perl-5.12.4/lib/5.12.4/darwin-2level /Users/fh/perl5/perlbrew/perls/perl-5.12.4/lib/5.12.4 .) at /Users/fh/.cpan/build/App-Rad-1.05_01-nIJE7A/blib/lib/App/Rad.pm line 3.
BEGIN failed--compilation aborted at /Users/fh/.cpan/build/App-Rad-1.05_01-nIJE7A/blib/lib/App/Rad.pm line 3.
Compilation failed in require at /var/folders/zk/zkvqmgtoEAWHIV1swpIMnk+++TI/-Tmp-/vXufM7033K line 1.
BEGIN failed--compilation aborted at /var/folders/zk/zkvqmgtoEAWHIV1swpIMnk+++TI/-Tmp-/vXufM7033K line 1.
# Failed test 'invalid command (should fall to invalid)'
# at t/03.5-default_and_invalid.t line 42.
# got: ''
# expected: 'invalid command
# '
Can't locate App/Rad/Parser.pm in @INC (@INC contains: /Users/fh/.cpan/build/App-Rad-1.05_01-nIJE7A/blib/lib /Users/fh/.cpan/build/App-Rad-1.05_01-nIJE7A/blib/arch /Users/fh/perl5/perlbrew/perls/perl-5.12.4/lib/site_perl/5.12.4/darwin-2level /Users/fh/perl5/perlbrew/perls/perl-5.12.4/lib/site_perl/5.12.4 /Users/fh/perl5/perlbrew/perls/perl-5.12.4/lib/5.12.4/darwin-2level /Users/fh/perl5/perlbrew/perls/perl-5.12.4/lib/5.12.4 .) at /Users/fh/.cpan/build/App-Rad-1.05_01-nIJE7A/blib/lib/App/Rad.pm line 3.
BEGIN failed--compilation aborted at /Users/fh/.cpan/build/App-Rad-1.05_01-nIJE7A/blib/lib/App/Rad.pm line 3.
Compilation failed in require at /var/folders/zk/zkvqmgtoEAWHIV1swpIMnk+++TI/-Tmp-/vXufM7033K line 1.
BEGIN failed--compilation aborted at /var/folders/zk/zkvqmgtoEAWHIV1swpIMnk+++TI/-Tmp-/vXufM7033K line 1.
# Failed test 'invalid command, with parameters (should fall to invalid)'
# at t/03.5-default_and_invalid.t line 45.
# got: ''
# expected: 'invalid command
# '
Can't locate App/Rad/Parser.pm in @INC (@INC contains: /Users/fh/.cpan/build/App-Rad-1.05_01-nIJE7A/blib/lib /Users/fh/.cpan/build/App-Rad-1.05_01-nIJE7A/blib/arch /Users/fh/perl5/perlbrew/perls/perl-5.12.4/lib/site_perl/5.12.4/darwin-2level /Users/fh/perl5/perlbrew/perls/perl-5.12.4/lib/site_perl/5.12.4 /Users/fh/perl5/perlbrew/perls/perl-5.12.4/lib/5.12.4/darwin-2level /Users/fh/perl5/perlbrew/perls/perl-5.12.4/lib/5.12.4 .) at /Users/fh/.cpan/build/App-Rad-1.05_01-nIJE7A/blib/lib/App/Rad.pm line 3.
BEGIN failed--compilation aborted at /Users/fh/.cpan/build/App-Rad-1.05_01-nIJE7A/blib/lib/App/Rad.pm line 3.
Compilation failed in require at /var/folders/zk/zkvqmgtoEAWHIV1swpIMnk+++TI/-Tmp-/vXufM7033K line 1.
BEGIN failed--compilation aborted at /var/folders/zk/zkvqmgtoEAWHIV1swpIMnk+++TI/-Tmp-/vXufM7033K line 1.
# Failed test at t/03.5-default_and_invalid.t line 59.
# got: ''
# expected: 'Usage: /var/folders/zk/zkvqmgtoEAWHIV1swpIMnk+++TI/-Tmp-/vXufM7033K command [arguments]
#
# Available Commands:
# help show syntax and available commands
#
# '
# Looks like you failed 5 tests of 5.
t/03.5-default_and_invalid.t ..
Dubious, test returned 5 (wstat 1280, 0x500)
Failed 5/5 subtests
# using temporary program file '/var/folders/zk/zkvqmgtoEAWHIV1swpIMnk+++TI/-Tmp-/hj3Q1tFgGG' to test functionality
Can't locate App/Rad/Parser.pm in @INC (@INC contains: /Users/fh/.cpan/build/App-Rad-1.05_01-nIJE7A/blib/lib /Users/fh/.cpan/build/App-Rad-1.05_01-nIJE7A/blib/arch /Users/fh/perl5/perlbrew/perls/perl-5.12.4/lib/site_perl/5.12.4/darwin-2level /Users/fh/perl5/perlbrew/perls/perl-5.12.4/lib/site_perl/5.12.4 /Users/fh/perl5/perlbrew/perls/perl-5.12.4/lib/5.12.4/darwin-2level /Users/fh/perl5/perlbrew/perls/perl-5.12.4/lib/5.12.4 .) at /Users/fh/.cpan/build/App-Rad-1.05_01-nIJE7A/blib/lib/App/Rad.pm line 3.
BEGIN failed--compilation aborted at /Users/fh/.cpan/build/App-Rad-1.05_01-nIJE7A/blib/lib/App/Rad.pm line 3.
Compilation failed in require at /var/folders/zk/zkvqmgtoEAWHIV1swpIMnk+++TI/-Tmp-/hj3Q1tFgGG line 1.
BEGIN failed--compilation aborted at /var/folders/zk/zkvqmgtoEAWHIV1swpIMnk+++TI/-Tmp-/hj3Q1tFgGG line 1.
# Failed test at t/04-help_override.t line 28.
# got: ''
# expected: 'this is an override of the default command
# '
Can't locate App/Rad/Parser.pm in @INC (@INC contains: /Users/fh/.cpan/build/App-Rad-1.05_01-nIJE7A/blib/lib /Users/fh/.cpan/build/App-Rad-1.05_01-nIJE7A/blib/arch /Users/fh/perl5/perlbrew/perls/perl-5.12.4/lib/site_perl/5.12.4/darwin-2level /Users/fh/perl5/perlbrew/perls/perl-5.12.4/lib/site_perl/5.12.4 /Users/fh/perl5/perlbrew/perls/perl-5.12.4/lib/5.12.4/darwin-2level /Users/fh/perl5/perlbrew/perls/perl-5.12.4/lib/5.12.4 .) at /Users/fh/.cpan/build/App-Rad-1.05_01-nIJE7A/blib/lib/App/Rad.pm line 3.
BEGIN failed--compilation aborted at /Users/fh/.cpan/build/App-Rad-1.05_01-nIJE7A/blib/lib/App/Rad.pm line 3.
Compilation failed in require at /var/folders/zk/zkvqmgtoEAWHIV1swpIMnk+++TI/-Tmp-/hj3Q1tFgGG line 1.
BEGIN failed--compilation aborted at /var/folders/zk/zkvqmgtoEAWHIV1swpIMnk+++TI/-Tmp-/hj3Q1tFgGG line 1.
# Failed test at t/04-help_override.t line 32.
# got: ''
# expected: 'this is an override of the help command
# '
# Looks like you failed 2 tests of 2.
t/04-help_override.t ..........
Dubious, test returned 2 (wstat 512, 0x200)
Failed 2/2 subtests
Can't locate App/Rad/Tester.pm in @INC (@INC contains: /Users/fh/.cpan/build/App-Rad-1.05_01-nIJE7A/blib/lib /Users/fh/.cpan/build/App-Rad-1.05_01-nIJE7A/blib/arch /Users/fh/perl5/perlbrew/perls/perl-5.12.4/lib/site_perl/5.12.4/darwin-2level /Users/fh/perl5/perlbrew/perls/perl-5.12.4/lib/site_perl/5.12.4 /Users/fh/perl5/perlbrew/perls/perl-5.12.4/lib/5.12.4/darwin-2level /Users/fh/perl5/perlbrew/perls/perl-5.12.4/lib/5.12.4 .) at t/05-commands-set.t line 2.
BEGIN failed--compilation aborted at t/05-commands-set.t line 2.
# Looks like your test exited with 2 before it could output anything.
t/05-commands-set.t ...........
Dubious, test returned 2 (wstat 512, 0x200)
Failed 3/3 subtests
# using temporary program file '/var/folders/zk/zkvqmgtoEAWHIV1swpIMnk+++TI/-Tmp-/dMda2tAJ5h' to test functionality
Can't locate App/Rad/Parser.pm in @INC (@INC contains: /Users/fh/.cpan/build/App-Rad-1.05_01-nIJE7A/blib/lib /Users/fh/.cpan/build/App-Rad-1.05_01-nIJE7A/blib/arch /Users/fh/perl5/perlbrew/perls/perl-5.12.4/lib/site_perl/5.12.4/darwin-2level /Users/fh/perl5/perlbrew/perls/perl-5.12.4/lib/site_perl/5.12.4 /Users/fh/perl5/perlbrew/perls/perl-5.12.4/lib/5.12.4/darwin-2level /Users/fh/perl5/perlbrew/perls/perl-5.12.4/lib/5.12.4 .) at /Users/fh/.cpan/build/App-Rad-1.05_01-nIJE7A/blib/lib/App/Rad.pm line 3.
BEGIN failed--compilation aborted at /Users/fh/.cpan/build/App-Rad-1.05_01-nIJE7A/blib/lib/App/Rad.pm line 3.
Compilation failed in require at /var/folders/zk/zkvqmgtoEAWHIV1swpIMnk+++TI/-Tmp-/dMda2tAJ5h line 1.
BEGIN failed--compilation aborted at /var/folders/zk/zkvqmgtoEAWHIV1swpIMnk+++TI/-Tmp-/dMda2tAJ5h line 1.
# Failed test at t/05-commands.t line 40.
# got: ''
# expected: 'Usage: /var/folders/zk/zkvqmgtoEAWHIV1swpIMnk+++TI/-Tmp-/dMda2tAJ5h command [arguments]
#
# Available Commands:
# help show syntax and available commands
# test1
#
# '
Can't locate App/Rad/Parser.pm in @INC (@INC contains: /Users/fh/.cpan/build/App-Rad-1.05_01-nIJE7A/blib/lib /Users/fh/.cpan/build/App-Rad-1.05_01-nIJE7A/blib/arch /Users/fh/perl5/perlbrew/perls/perl-5.12.4/lib/site_perl/5.12.4/darwin-2level /Users/fh/perl5/perlbrew/perls/perl-5.12.4/lib/site_perl/5.12.4 /Users/fh/perl5/perlbrew/perls/perl-5.12.4/lib/5.12.4/darwin-2level /Users/fh/perl5/perlbrew/perls/perl-5.12.4/lib/5.12.4 .) at /Users/fh/.cpan/build/App-Rad-1.05_01-nIJE7A/blib/lib/App/Rad.pm line 3.
BEGIN failed--compilation aborted at /Users/fh/.cpan/build/App-Rad-1.05_01-nIJE7A/blib/lib/App/Rad.pm line 3.
Compilation failed in require at /var/folders/zk/zkvqmgtoEAWHIV1swpIMnk+++TI/-Tmp-/dMda2tAJ5h line 1.
BEGIN failed--compilation aborted at /var/folders/zk/zkvqmgtoEAWHIV1swpIMnk+++TI/-Tmp-/dMda2tAJ5h line 1.
# Failed test at t/05-commands.t line 45.
# got: ''
# expected: 'my test #1
# '
Can't locate App/Rad/Parser.pm in @INC (@INC contains: /Users/fh/.cpan/build/App-Rad-1.05_01-nIJE7A/blib/lib /Users/fh/.cpan/build/App-Rad-1.05_01-nIJE7A/blib/arch /Users/fh/perl5/perlbrew/perls/perl-5.12.4/lib/site_perl/5.12.4/darwin-2level /Users/fh/perl5/perlbrew/perls/perl-5.12.4/lib/site_perl/5.12.4 /Users/fh/perl5/perlbrew/perls/perl-5.12.4/lib/5.12.4/darwin-2level /Users/fh/perl5/perlbrew/perls/perl-5.12.4/lib/5.12.4 .) at /Users/fh/.cpan/build/App-Rad-1.05_01-nIJE7A/blib/lib/App/Rad.pm line 3.
BEGIN failed--compilation aborted at /Users/fh/.cpan/build/App-Rad-1.05_01-nIJE7A/blib/lib/App/Rad.pm line 3.
Compilation failed in require at /var/folders/zk/zkvqmgtoEAWHIV1swpIMnk+++TI/-Tmp-/dMda2tAJ5h line 1.
BEGIN failed--compilation aborted at /var/folders/zk/zkvqmgtoEAWHIV1swpIMnk+++TI/-Tmp-/dMda2tAJ5h line 1.
# Failed test at t/05-commands.t line 49.
# got: ''
# expected: 'got tested
# '
# Looks like you failed 3 tests of 3.
t/05-commands.t ...............
Dubious, test returned 3 (wstat 768, 0x300)
Failed 3/3 subtests
# using temporary program file '/var/folders/zk/zkvqmgtoEAWHIV1swpIMnk+++TI/-Tmp-/8RjYpCwWCI' to test functionality
Can't locate App/Rad/Parser.pm in @INC (@INC contains: /Users/fh/.cpan/build/App-Rad-1.05_01-nIJE7A/blib/lib /Users/fh/.cpan/build/App-Rad-1.05_01-nIJE7A/blib/arch /Users/fh/perl5/perlbrew/perls/perl-5.12.4/lib/site_perl/5.12.4/darwin-2level /Users/fh/perl5/perlbrew/perls/perl-5.12.4/lib/site_perl/5.12.4 /Users/fh/perl5/perlbrew/perls/perl-5.12.4/lib/5.12.4/darwin-2level /Users/fh/perl5/perlbrew/perls/perl-5.12.4/lib/5.12.4 .) at /Users/fh/.cpan/build/App-Rad-1.05_01-nIJE7A/blib/lib/App/Rad.pm line 3.
BEGIN failed--compilation aborted at /Users/fh/.cpan/build/App-Rad-1.05_01-nIJE7A/blib/lib/App/Rad.pm line 3.
Compilation failed in require at /var/folders/zk/zkvqmgtoEAWHIV1swpIMnk+++TI/-Tmp-/8RjYpCwWCI line 1.
BEGIN failed--compilation aborted at /var/folders/zk/zkvqmgtoEAWHIV1swpIMnk+++TI/-Tmp-/8RjYpCwWCI line 1.
# Failed test at t/05.5-commands_with_args.t line 42.
# got: ''
# expected: 'Usage: /var/folders/zk/zkvqmgtoEAWHIV1swpIMnk+++TI/-Tmp-/8RjYpCwWCI command [arguments]
#
# Available Commands:
# exclude completely erase command from your program
# help show syntax and available commands
# include include one-liner as a command
# test1
#
# '
Can't locate App/Rad/Parser.pm in @INC (@INC contains: /Users/fh/.cpan/build/App-Rad-1.05_01-nIJE7A/blib/lib /Users/fh/.cpan/build/App-Rad-1.05_01-nIJE7A/blib/arch /Users/fh/perl5/perlbrew/perls/perl-5.12.4/lib/site_perl/5.12.4/darwin-2level /Users/fh/perl5/perlbrew/perls/perl-5.12.4/lib/site_perl/5.12.4 /Users/fh/perl5/perlbrew/perls/perl-5.12.4/lib/5.12.4/darwin-2level /Users/fh/perl5/perlbrew/perls/perl-5.12.4/lib/5.12.4 .) at /Users/fh/.cpan/build/App-Rad-1.05_01-nIJE7A/blib/lib/App/Rad.pm line 3.
BEGIN failed--compilation aborted at /Users/fh/.cpan/build/App-Rad-1.05_01-nIJE7A/blib/lib/App/Rad.pm line 3.
Compilation failed in require at /var/folders/zk/zkvqmgtoEAWHIV1swpIMnk+++TI/-Tmp-/8RjYpCwWCI line 1.
BEGIN failed--compilation aborted at /var/folders/zk/zkvqmgtoEAWHIV1swpIMnk+++TI/-Tmp-/8RjYpCwWCI line 1.
# Failed test at t/05.5-commands_with_args.t line 47.
# got: ''
# expected: 'my test #1
# '
Can't locate App/Rad/Parser.pm in @INC (@INC contains: /Users/fh/.cpan/build/App-Rad-1.05_01-nIJE7A/blib/lib /Users/fh/.cpan/build/App-Rad-1.05_01-nIJE7A/blib/arch /Users/fh/perl5/perlbrew/perls/perl-5.12.4/lib/site_perl/5.12.4/darwin-2level /Users/fh/perl5/perlbrew/perls/perl-5.12.4/lib/site_perl/5.12.4 /Users/fh/perl5/perlbrew/perls/perl-5.12.4/lib/5.12.4/darwin-2level /Users/fh/perl5/perlbrew/perls/perl-5.12.4/lib/5.12.4 .) at /Users/fh/.cpan/build/App-Rad-1.05_01-nIJE7A/blib/lib/App/Rad.pm line 3.
BEGIN failed--compilation aborted at /Users/fh/.cpan/build/App-Rad-1.05_01-nIJE7A/blib/lib/App/Rad.pm line 3.
Compilation failed in require at /var/folders/zk/zkvqmgtoEAWHIV1swpIMnk+++TI/-Tmp-/8RjYpCwWCI line 1.
BEGIN failed--compilation aborted at /var/folders/zk/zkvqmgtoEAWHIV1swpIMnk+++TI/-Tmp-/8RjYpCwWCI line 1.
# Failed test at t/05.5-commands_with_args.t line 51.
# got: ''
# expected: 'got tested
# '
# Looks like you failed 3 tests of 3.
t/05.5-commands_with_args.t ...
Dubious, test returned 3 (wstat 768, 0x300)
Failed 3/3 subtests
# using temporary program file '/var/folders/zk/zkvqmgtoEAWHIV1swpIMnk+++TI/-Tmp-/LuKwxbiPVq' to test functionality
Can't locate App/Rad/Parser.pm in @INC (@INC contains: /Users/fh/.cpan/build/App-Rad-1.05_01-nIJE7A/blib/lib /Users/fh/.cpan/build/App-Rad-1.05_01-nIJE7A/blib/arch /Users/fh/perl5/perlbrew/perls/perl-5.12.4/lib/site_perl/5.12.4/darwin-2level /Users/fh/perl5/perlbrew/perls/perl-5.12.4/lib/site_perl/5.12.4 /Users/fh/perl5/perlbrew/perls/perl-5.12.4/lib/5.12.4/darwin-2level /Users/fh/perl5/perlbrew/perls/perl-5.12.4/lib/5.12.4 .) at /Users/fh/.cpan/build/App-Rad-1.05_01-nIJE7A/blib/lib/App/Rad.pm line 3.
BEGIN failed--compilation aborted at /Users/fh/.cpan/build/App-Rad-1.05_01-nIJE7A/blib/lib/App/Rad.pm line 3.
Compilation failed in require at /var/folders/zk/zkvqmgtoEAWHIV1swpIMnk+++TI/-Tmp-/LuKwxbiPVq line 1.
BEGIN failed--compilation aborted at /var/folders/zk/zkvqmgtoEAWHIV1swpIMnk+++TI/-Tmp-/LuKwxbiPVq line 1.
# Failed test at t/06-pre_post_tear.t line 59.
# got: ''
# expected: 'Usage: /var/folders/zk/zkvqmgtoEAWHIV1swpIMnk+++TI/-Tmp-/LuKwxbiPVq command [arguments]
#
# Available Commands:
# help show syntax and available commands
# test1
# [NARF!]
# tearing down...'
Can't locate App/Rad/Parser.pm in @INC (@INC contains: /Users/fh/.cpan/build/App-Rad-1.05_01-nIJE7A/blib/lib /Users/fh/.cpan/build/App-Rad-1.05_01-nIJE7A/blib/arch /Users/fh/perl5/perlbrew/perls/perl-5.12.4/lib/site_perl/5.12.4/darwin-2level /Users/fh/perl5/perlbrew/perls/perl-5.12.4/lib/site_perl/5.12.4 /Users/fh/perl5/perlbrew/perls/perl-5.12.4/lib/5.12.4/darwin-2level /Users/fh/perl5/perlbrew/perls/perl-5.12.4/lib/5.12.4 .) at /Users/fh/.cpan/build/App-Rad-1.05_01-nIJE7A/blib/lib/App/Rad.pm line 3.
BEGIN failed--compilation aborted at /Users/fh/.cpan/build/App-Rad-1.05_01-nIJE7A/blib/lib/App/Rad.pm line 3.
Compilation failed in require at /var/folders/zk/zkvqmgtoEAWHIV1swpIMnk+++TI/-Tmp-/LuKwxbiPVq line 1.
BEGIN failed--compilation aborted at /var/folders/zk/zkvqmgtoEAWHIV1swpIMnk+++TI/-Tmp-/LuKwxbiPVq line 1.
# Failed test at t/06-pre_post_tear.t line 63.
# got: ''
# expected: 'my test #1 [NARF!]
# tearing down...'
Can't locate App/Rad/Parser.pm in @INC (@INC contains: /Users/fh/.cpan/build/App-Rad-1.05_01-nIJE7A/blib/lib /Users/fh/.cpan/build/App-Rad-1.05_01-nIJE7A/blib/arch /Users/fh/perl5/perlbrew/perls/perl-5.12.4/lib/site_perl/5.12.4/darwin-2level /Users/fh/perl5/perlbrew/perls/perl-5.12.4/lib/site_perl/5.12.4 /Users/fh/perl5/perlbrew/perls/perl-5.12.4/lib/5.12.4/darwin-2level /Users/fh/perl5/perlbrew/perls/perl-5.12.4/lib/5.12.4 .) at /Users/fh/.cpan/build/App-Rad-1.05_01-nIJE7A/blib/lib/App/Rad.pm line 3.
BEGIN failed--compilation aborted at /Users/fh/.cpan/build/App-Rad-1.05_01-nIJE7A/blib/lib/App/Rad.pm line 3.
Compilation failed in require at /var/folders/zk/zkvqmgtoEAWHIV1swpIMnk+++TI/-Tmp-/LuKwxbiPVq line 1.
BEGIN failed--compilation aborted at /var/folders/zk/zkvqmgtoEAWHIV1swpIMnk+++TI/-Tmp-/LuKwxbiPVq line 1.
# Failed test at t/06-pre_post_tear.t line 67.
# got: ''
# expected: 'got tested again [NARF!]
# tearing down...'
# Looks like you failed 3 tests of 3.
t/06-pre_post_tear.t ..........
Dubious, test returned 3 (wstat 768, 0x300)
Failed 3/3 subtests
Can't locate App/Rad/Tester.pm in @INC (@INC contains: /Users/fh/.cpan/build/App-Rad-1.05_01-nIJE7A/blib/lib /Users/fh/.cpan/build/App-Rad-1.05_01-nIJE7A/blib/arch /Users/fh/perl5/perlbrew/perls/perl-5.12.4/lib/site_perl/5.12.4/darwin-2level /Users/fh/perl5/perlbrew/perls/perl-5.12.4/lib/site_perl/5.12.4 /Users/fh/perl5/perlbrew/perls/perl-5.12.4/lib/5.12.4/darwin-2level /Users/fh/perl5/perlbrew/perls/perl-5.12.4/lib/5.12.4 .) at t/07-argv_and_opt.t line 2.
BEGIN failed--compilation aborted at t/07-argv_and_opt.t line 2.
# Looks like your test exited with 2 before it could output anything.
t/07-argv_and_opt.t ...........
Dubious, test returned 2 (wstat 512, 0x200)
Failed 36/36 subtests
Can't locate App/Rad/Tester.pm in @INC (@INC contains: /Users/fh/.cpan/build/App-Rad-1.05_01-nIJE7A/blib/lib /Users/fh/.cpan/build/App-Rad-1.05_01-nIJE7A/blib/arch /Users/fh/perl5/perlbrew/perls/perl-5.12.4/lib/site_perl/5.12.4/darwin-2level /Users/fh/perl5/perlbrew/perls/perl-5.12.4/lib/site_perl/5.12.4 /Users/fh/perl5/perlbrew/perls/perl-5.12.4/lib/5.12.4/darwin-2level /Users/fh/perl5/perlbrew/perls/perl-5.12.4/lib/5.12.4 .) at t/08-getopt_long.t line 8.
BEGIN failed--compilation aborted at t/08-getopt_long.t line 8.
# Looks like your test exited with 2 before it could output anything.
t/08-getopt_long.t ............
Dubious, test returned 2 (wstat 512, 0x200)
Failed 17/17 subtests
# using temporary program file '/var/folders/zk/zkvqmgtoEAWHIV1swpIMnk+++TI/-Tmp-/BMjFFt6Pms' to test functionality
Can't locate App/Rad/Parser.pm in @INC (@INC contains: /Users/fh/.cpan/build/App-Rad-1.05_01-nIJE7A/blib/lib /Users/fh/.cpan/build/App-Rad-1.05_01-nIJE7A/blib/arch /Users/fh/perl5/perlbrew/perls/perl-5.12.4/lib/site_perl/5.12.4/darwin-2level /Users/fh/perl5/perlbrew/perls/perl-5.12.4/lib/site_perl/5.12.4 /Users/fh/perl5/perlbrew/perls/perl-5.12.4/lib/5.12.4/darwin-2level /Users/fh/perl5/perlbrew/perls/perl-5.12.4/lib/5.12.4 .) at /Users/fh/.cpan/build/App-Rad-1.05_01-nIJE7A/blib/lib/App/Rad.pm line 3.
BEGIN failed--compilation aborted at /Users/fh/.cpan/build/App-Rad-1.05_01-nIJE7A/blib/lib/App/Rad.pm line 3.
Compilation failed in require at /var/folders/zk/zkvqmgtoEAWHIV1swpIMnk+++TI/-Tmp-/BMjFFt6Pms line 1.
BEGIN failed--compilation aborted at /var/folders/zk/zkvqmgtoEAWHIV1swpIMnk+++TI/-Tmp-/BMjFFt6Pms line 1.
# Failed test at t/09-stash.t line 52.
# got: undef
# expected: 'arrayref:onetwothree'
# Failed test at t/09-stash.t line 53.
# got: undef
# expected: 'hashref:keyvalue'
# Failed test at t/09-stash.t line 54.
# got: undef
# expected: 'num:1'
# Failed test at t/09-stash.t line 55.
# got: undef
# expected: 'string:foo'
# Looks like you failed 4 tests of 4.
t/09-stash.t ..................
Dubious, test returned 4 (wstat 1024, 0x400)
Failed 4/4 subtests
# using temporary program file '/var/folders/zk/zkvqmgtoEAWHIV1swpIMnk+++TI/-Tmp-/ULItYrRZ5h' to test functionality
Can't locate App/Rad/Parser.pm in @INC (@INC contains: /Users/fh/.cpan/build/App-Rad-1.05_01-nIJE7A/blib/lib /Users/fh/.cpan/build/App-Rad-1.05_01-nIJE7A/blib/arch /Users/fh/perl5/perlbrew/perls/perl-5.12.4/lib/site_perl/5.12.4/darwin-2level /Users/fh/perl5/perlbrew/perls/perl-5.12.4/lib/site_perl/5.12.4 /Users/fh/perl5/perlbrew/perls/perl-5.12.4/lib/5.12.4/darwin-2level /Users/fh/perl5/perlbrew/perls/perl-5.12.4/lib/5.12.4 .) at /Users/fh/.cpan/build/App-Rad-1.05_01-nIJE7A/blib/lib/App/Rad.pm line 3.
BEGIN failed--compilation aborted at /Users/fh/.cpan/build/App-Rad-1.05_01-nIJE7A/blib/lib/App/Rad.pm line 3.
Compilation failed in require at /var/folders/zk/zkvqmgtoEAWHIV1swpIMnk+++TI/-Tmp-/ULItYrRZ5h line 1.
BEGIN failed--compilation aborted at /var/folders/zk/zkvqmgtoEAWHIV1swpIMnk+++TI/-Tmp-/ULItYrRZ5h line 1.
# Failed test at t/10-controller_methods.t line 69.
# got: '0'
# expected: '23'
# Failed test at t/10-controller_methods.t line 70.
# got: undef
# expected: 'Available: 6'
# Failed test at t/10-controller_methods.t line 71.
# got: undef
# expected: 'andanotherone:ok'
# Failed test at t/10-controller_methods.t line 72.
# got: undef
# expected: 'anothercommand:ok'
# Failed test at t/10-controller_methods.t line 73.
# got: undef
# expected: 'command:ok'
# Failed test at t/10-controller_methods.t line 74.
# got: undef
# expected: 'help:ok'
# Failed test at t/10-controller_methods.t line 75.
# got: undef
# expected: 'list_commands:ok'
# Failed test at t/10-controller_methods.t line 76.
# got: undef
# expected: 'yetanothercommand:ok'
# Failed test at t/10-controller_methods.t line 77.
# got: undef
# expected: ''
# Failed test at t/10-controller_methods.t line 78.
# got: undef
# expected: 'Available: 6'
# Failed test at t/10-controller_methods.t line 79.
# got: undef
# expected: 'alias:ok'
# Failed test at t/10-controller_methods.t line 80.
# got: undef
# expected: 'anothercommand:ok'
# Failed test at t/10-controller_methods.t line 81.
# got: undef
# expected: 'cmd1:ok'
# Failed test at t/10-controller_methods.t line 82.
# got: undef
# expected: 'command:ok'
# Failed test at t/10-controller_methods.t line 83.
# got: undef
# expected: 'help:ok'
# Failed test at t/10-controller_methods.t line 84.
# got: undef
# expected: 'list_commands:ok'
# Failed test at t/10-controller_methods.t line 85.
# got: undef
# expected: ''
# Failed test at t/10-controller_methods.t line 86.
# got: undef
# expected: 'this is an alias, over'
# Failed test at t/10-controller_methods.t line 87.
# got: undef
# expected: 'test'
# Failed test at t/10-controller_methods.t line 88.
# got: undef
# expected: 'Called: command (command)'
# Failed test at t/10-controller_methods.t line 89.
# got: undef
# expected: 'Called: list_commands (list_commands)'
# Failed test at t/10-controller_methods.t line 90.
# got: undef
# expected: 'Called: list_commands (list_commands)'
# Failed test at t/10-controller_methods.t line 91.
# got: undef
# expected: 'Called: alias (alias)'
# Failed test at t/10-controller_methods.t line 92.
# got: undef
# expected: 'Called: cmd1 (cmd1)'
# Looks like you failed 24 tests of 24.
t/10-controller_methods.t .....
Dubious, test returned 24 (wstat 6144, 0x1800)
Failed 24/24 subtests
Can't locate App/Rad/Tester.pm in @INC (@INC contains: /Users/fh/.cpan/build/App-Rad-1.05_01-nIJE7A/blib/lib /Users/fh/.cpan/build/App-Rad-1.05_01-nIJE7A/blib/arch /Users/fh/perl5/perlbrew/perls/perl-5.12.4/lib/site_perl/5.12.4/darwin-2level /Users/fh/perl5/perlbrew/perls/perl-5.12.4/lib/site_perl/5.12.4 /Users/fh/perl5/perlbrew/perls/perl-5.12.4/lib/5.12.4/darwin-2level /Users/fh/perl5/perlbrew/perls/perl-5.12.4/lib/5.12.4 .) at t/11-config.t line 5.
BEGIN failed--compilation aborted at t/11-config.t line 5.
# Looks like your test exited with 2 before it could output anything.
t/11-config.t .................
Dubious, test returned 2 (wstat 512, 0x200)
Failed 10/10 subtests
Can't locate App/Rad/Tester.pm in @INC (@INC contains: /Users/fh/.cpan/build/App-Rad-1.05_01-nIJE7A/blib/lib /Users/fh/.cpan/build/App-Rad-1.05_01-nIJE7A/blib/arch /Users/fh/perl5/perlbrew/perls/perl-5.12.4/lib/site_perl/5.12.4/darwin-2level /Users/fh/perl5/perlbrew/perls/perl-5.12.4/lib/site_perl/5.12.4 /Users/fh/perl5/perlbrew/perls/perl-5.12.4/lib/5.12.4/darwin-2level /Users/fh/perl5/perlbrew/perls/perl-5.12.4/lib/5.12.4 .) at t/12-register_commands-alt.t line 3.
BEGIN failed--compilation aborted at t/12-register_commands-alt.t line 3.
# Looks like your test exited with 2 before it could output anything.
t/12-register_commands-alt.t ..
Dubious, test returned 2 (wstat 512, 0x200)
Failed 7/7 subtests
# using temporary program file '/var/folders/zk/zkvqmgtoEAWHIV1swpIMnk+++TI/-Tmp-/8d5zSjDPT8' to test functionality
Can't locate App/Rad/Parser.pm in @INC (@INC contains: /Users/fh/.cpan/build/App-Rad-1.05_01-nIJE7A/blib/lib /Users/fh/.cpan/build/App-Rad-1.05_01-nIJE7A/blib/arch /Users/fh/perl5/perlbrew/perls/perl-5.12.4/lib/site_perl/5.12.4/darwin-2level /Users/fh/perl5/perlbrew/perls/perl-5.12.4/lib/site_perl/5.12.4 /Users/fh/perl5/perlbrew/perls/perl-5.12.4/lib/5.12.4/darwin-2level /Users/fh/perl5/perlbrew/perls/perl-5.12.4/lib/5.12.4 .) at /Users/fh/.cpan/build/App-Rad-1.05_01-nIJE7A/blib/lib/App/Rad.pm line 3.
BEGIN failed--compilation aborted at /Users/fh/.cpan/build/App-Rad-1.05_01-nIJE7A/blib/lib/App/Rad.pm line 3.
Compilation failed in require at /var/folders/zk/zkvqmgtoEAWHIV1swpIMnk+++TI/-Tmp-/8d5zSjDPT8 line 1.
BEGIN failed--compilation aborted at /var/folders/zk/zkvqmgtoEAWHIV1swpIMnk+++TI/-Tmp-/8d5zSjDPT8 line 1.
# Failed test at t/12-register_commands.t line 42.
# got: ''
# expected: 'This is default. Over and out.
# '
Can't locate App/Rad/Parser.pm in @INC (@INC contains: /Users/fh/.cpan/build/App-Rad-1.05_01-nIJE7A/blib/lib /Users/fh/.cpan/build/App-Rad-1.05_01-nIJE7A/blib/arch /Users/fh/perl5/perlbrew/perls/perl-5.12.4/lib/site_perl/5.12.4/darwin-2level /Users/fh/perl5/perlbrew/perls/perl-5.12.4/lib/site_perl/5.12.4 /Users/fh/perl5/perlbrew/perls/perl-5.12.4/lib/5.12.4/darwin-2level /Users/fh/perl5/perlbrew/perls/perl-5.12.4/lib/5.12.4 .) at /Users/fh/.cpan/build/App-Rad-1.05_01-nIJE7A/blib/lib/App/Rad.pm line 3.
BEGIN failed--compilation aborted at /Users/fh/.cpan/build/App-Rad-1.05_01-nIJE7A/blib/lib/App/Rad.pm line 3.
Compilation failed in require at /var/folders/zk/zkvqmgtoEAWHIV1swpIMnk+++TI/-Tmp-/8d5zSjDPT8 line 1.
BEGIN failed--compilation aborted at /var/folders/zk/zkvqmgtoEAWHIV1swpIMnk+++TI/-Tmp-/8d5zSjDPT8 line 1.
# Failed test at t/12-register_commands.t line 56.
# got: ''
# expected: 'Usage: /var/folders/zk/zkvqmgtoEAWHIV1swpIMnk+++TI/-Tmp-/8d5zSjDPT8 command [arguments]
#
# Available Commands:
# bar
# foo
# help show syntax and available commands
#
# '
Can't locate App/Rad/Parser.pm in @INC (@INC contains: /Users/fh/.cpan/build/App-Rad-1.05_01-nIJE7A/blib/lib /Users/fh/.cpan/build/App-Rad-1.05_01-nIJE7A/blib/arch /Users/fh/perl5/perlbrew/perls/perl-5.12.4/lib/site_perl/5.12.4/darwin-2level /Users/fh/perl5/perlbrew/perls/perl-5.12.4/lib/site_perl/5.12.4 /Users/fh/perl5/perlbrew/perls/perl-5.12.4/lib/5.12.4/darwin-2level /Users/fh/perl5/perlbrew/perls/perl-5.12.4/lib/5.12.4 .) at /Users/fh/.cpan/build/App-Rad-1.05_01-nIJE7A/blib/lib/App/Rad.pm line 3.
BEGIN failed--compilation aborted at /Users/fh/.cpan/build/App-Rad-1.05_01-nIJE7A/blib/lib/App/Rad.pm line 3.
Compilation failed in require at /var/folders/zk/zkvqmgtoEAWHIV1swpIMnk+++TI/-Tmp-/8d5zSjDPT8 line 1.
BEGIN failed--compilation aborted at /var/folders/zk/zkvqmgtoEAWHIV1swpIMnk+++TI/-Tmp-/8d5zSjDPT8 line 1.
# Failed test at t/12-register_commands.t line 59.
# got: ''
# expected: 'hello
# '
Can't locate App/Rad/Parser.pm in @INC (@INC contains: /Users/fh/.cpan/build/App-Rad-1.05_01-nIJE7A/blib/lib /Users/fh/.cpan/build/App-Rad-1.05_01-nIJE7A/blib/arch /Users/fh/perl5/perlbrew/perls/perl-5.12.4/lib/site_perl/5.12.4/darwin-2level /Users/fh/perl5/perlbrew/perls/perl-5.12.4/lib/site_perl/5.12.4 /Users/fh/perl5/perlbrew/perls/perl-5.12.4/lib/5.12.4/darwin-2level /Users/fh/perl5/perlbrew/perls/perl-5.12.4/lib/5.12.4 .) at /Users/fh/.cpan/build/App-Rad-1.05_01-nIJE7A/blib/lib/App/Rad.pm line 3.
BEGIN failed--compilation aborted at /Users/fh/.cpan/build/App-Rad-1.05_01-nIJE7A/blib/lib/App/Rad.pm line 3.
Compilation failed in require at /var/folders/zk/zkvqmgtoEAWHIV1swpIMnk+++TI/-Tmp-/8d5zSjDPT8 line 1.
BEGIN failed--compilation aborted at /var/folders/zk/zkvqmgtoEAWHIV1swpIMnk+++TI/-Tmp-/8d5zSjDPT8 line 1.
# Failed test at t/12-register_commands.t line 62.
# got: ''
# expected: 'This is default. Over and out.
# '
Can't locate App/Rad/Parser.pm in @INC (@INC contains: /Users/fh/.cpan/build/App-Rad-1.05_01-nIJE7A/blib/lib /Users/fh/.cpan/build/App-Rad-1.05_01-nIJE7A/blib/arch /Users/fh/perl5/perlbrew/perls/perl-5.12.4/lib/site_perl/5.12.4/darwin-2level /Users/fh/perl5/perlbrew/perls/perl-5.12.4/lib/site_perl/5.12.4 /Users/fh/perl5/perlbrew/perls/perl-5.12.4/lib/5.12.4/darwin-2level /Users/fh/perl5/perlbrew/perls/perl-5.12.4/lib/5.12.4 .) at /Users/fh/.cpan/build/App-Rad-1.05_01-nIJE7A/blib/lib/App/Rad.pm line 3.
BEGIN failed--compilation aborted at /Users/fh/.cpan/build/App-Rad-1.05_01-nIJE7A/blib/lib/App/Rad.pm line 3.
Compilation failed in require at /var/folders/zk/zkvqmgtoEAWHIV1swpIMnk+++TI/-Tmp-/8d5zSjDPT8 line 1.
BEGIN failed--compilation aborted at /var/folders/zk/zkvqmgtoEAWHIV1swpIMnk+++TI/-Tmp-/8d5zSjDPT8 line 1.
# Failed test at t/12-register_commands.t line 65.
# got: ''
# expected: 'This is default. Over and out.
# '
Can't locate App/Rad/Parser.pm in @INC (@INC contains: /Users/fh/.cpan/build/App-Rad-1.05_01-nIJE7A/blib/lib /Users/fh/.cpan/build/App-Rad-1.05_01-nIJE7A/blib/arch /Users/fh/perl5/perlbrew/perls/perl-5.12.4/lib/site_perl/5.12.4/darwin-2level /Users/fh/perl5/perlbrew/perls/perl-5.12.4/lib/site_perl/5.12.4 /Users/fh/perl5/perlbrew/perls/perl-5.12.4/lib/5.12.4/darwin-2level /Users/fh/perl5/perlbrew/perls/perl-5.12.4/lib/5.12.4 .) at /Users/fh/.cpan/build/App-Rad-1.05_01-nIJE7A/blib/lib/App/Rad.pm line 3.
BEGIN failed--compilation aborted at /Users/fh/.cpan/build/App-Rad-1.05_01-nIJE7A/blib/lib/App/Rad.pm line 3.
Compilation failed in require at /var/folders/zk/zkvqmgtoEAWHIV1swpIMnk+++TI/-Tmp-/8d5zSjDPT8 line 1.
BEGIN failed--compilation aborted at /var/folders/zk/zkvqmgtoEAWHIV1swpIMnk+++TI/-Tmp-/8d5zSjDPT8 line 1.
# Failed test at t/12-register_commands.t line 68.
# got: ''
# expected: 'This is default. Over and out.
# '
Can't locate App/Rad/Parser.pm in @INC (@INC contains: /Users/fh/.cpan/build/App-Rad-1.05_01-nIJE7A/blib/lib /Users/fh/.cpan/build/App-Rad-1.05_01-nIJE7A/blib/arch /Users/fh/perl5/perlbrew/perls/perl-5.12.4/lib/site_perl/5.12.4/darwin-2level /Users/fh/perl5/perlbrew/perls/perl-5.12.4/lib/site_perl/5.12.4 /Users/fh/perl5/perlbrew/perls/perl-5.12.4/lib/5.12.4/darwin-2level /Users/fh/perl5/perlbrew/perls/perl-5.12.4/lib/5.12.4 .) at /Users/fh/.cpan/build/App-Rad-1.05_01-nIJE7A/blib/lib/App/Rad.pm line 3.
BEGIN failed--compilation aborted at /Users/fh/.cpan/build/App-Rad-1.05_01-nIJE7A/blib/lib/App/Rad.pm line 3.
Compilation failed in require at /var/folders/zk/zkvqmgtoEAWHIV1swpIMnk+++TI/-Tmp-/8d5zSjDPT8 line 1.
BEGIN failed--compilation aborted at /var/folders/zk/zkvqmgtoEAWHIV1swpIMnk+++TI/-Tmp-/8d5zSjDPT8 line 1.
# Failed test at t/12-register_commands.t line 71.
# got: ''
# expected: 'hi
# '
# Looks like you failed 7 tests of 7.
t/12-register_commands.t ......
Dubious, test returned 7 (wstat 1792, 0x700)
Failed 7/7 subtests
# using temporary program file '/var/folders/zk/zkvqmgtoEAWHIV1swpIMnk+++TI/-Tmp-/0axA0Z6cjx' to test functionality
Can't locate App/Rad/Parser.pm in @INC (@INC contains: /Users/fh/.cpan/build/App-Rad-1.05_01-nIJE7A/blib/lib /Users/fh/.cpan/build/App-Rad-1.05_01-nIJE7A/blib/arch /Users/fh/perl5/perlbrew/perls/perl-5.12.4/lib/site_perl/5.12.4/darwin-2level /Users/fh/perl5/perlbrew/perls/perl-5.12.4/lib/site_perl/5.12.4 /Users/fh/perl5/perlbrew/perls/perl-5.12.4/lib/5.12.4/darwin-2level /Users/fh/perl5/perlbrew/perls/perl-5.12.4/lib/5.12.4 .) at /Users/fh/.cpan/build/App-Rad-1.05_01-nIJE7A/blib/lib/App/Rad.pm line 3.
BEGIN failed--compilation aborted at /Users/fh/.cpan/build/App-Rad-1.05_01-nIJE7A/blib/lib/App/Rad.pm line 3.
Compilation failed in require at /var/folders/zk/zkvqmgtoEAWHIV1swpIMnk+++TI/-Tmp-/0axA0Z6cjx line 1.
BEGIN failed--compilation aborted at /var/folders/zk/zkvqmgtoEAWHIV1swpIMnk+++TI/-Tmp-/0axA0Z6cjx line 1.
# Failed test at t/13-register_commands2.t line 49.
# got: ''
# expected: 'Usage: /var/folders/zk/zkvqmgtoEAWHIV1swpIMnk+++TI/-Tmp-/0axA0Z6cjx command [arguments]
#
# Available Commands:
# help show syntax and available commands
# ignore_prefix this is a command
# ignore_regexp this is another command
# ignore_suffix this too, since none of us start with a dash
#
# '
Can't locate App/Rad/Parser.pm in @INC (@INC contains: /Users/fh/.cpan/build/App-Rad-1.05_01-nIJE7A/blib/lib /Users/fh/.cpan/build/App-Rad-1.05_01-nIJE7A/blib/arch /Users/fh/perl5/perlbrew/perls/perl-5.12.4/lib/site_perl/5.12.4/darwin-2level /Users/fh/perl5/perlbrew/perls/perl-5.12.4/lib/site_perl/5.12.4 /Users/fh/perl5/perlbrew/perls/perl-5.12.4/lib/5.12.4/darwin-2level /Users/fh/perl5/perlbrew/perls/perl-5.12.4/lib/5.12.4 .) at /Users/fh/.cpan/build/App-Rad-1.05_01-nIJE7A/blib/lib/App/Rad.pm line 3.
BEGIN failed--compilation aborted at /Users/fh/.cpan/build/App-Rad-1.05_01-nIJE7A/blib/lib/App/Rad.pm line 3.
Compilation failed in require at /var/folders/zk/zkvqmgtoEAWHIV1swpIMnk+++TI/-Tmp-/0axA0Z6cjx line 1.
BEGIN failed--compilation aborted at /var/folders/zk/zkvqmgtoEAWHIV1swpIMnk+++TI/-Tmp-/0axA0Z6cjx line 1.
# Failed test at t/13-register_commands2.t line 52.
# got: ''
# expected: 'Usage: /var/folders/zk/zkvqmgtoEAWHIV1swpIMnk+++TI/-Tmp-/0axA0Z6cjx command [arguments]
#
# Available Commands:
# help show syntax and available commands
# ignore_prefix this is a command
# ignore_regexp this is another command
# ignore_suffix this too, since none of us start with a dash
#
# '
Can't locate App/Rad/Parser.pm in @INC (@INC contains: /Users/fh/.cpan/build/App-Rad-1.05_01-nIJE7A/blib/lib /Users/fh/.cpan/build/App-Rad-1.05_01-nIJE7A/blib/arch /Users/fh/perl5/perlbrew/perls/perl-5.12.4/lib/site_perl/5.12.4/darwin-2level /Users/fh/perl5/perlbrew/perls/perl-5.12.4/lib/site_perl/5.12.4 /Users/fh/perl5/perlbrew/perls/perl-5.12.4/lib/5.12.4/darwin-2level /Users/fh/perl5/perlbrew/perls/perl-5.12.4/lib/5.12.4 .) at /Users/fh/.cpan/build/App-Rad-1.05_01-nIJE7A/blib/lib/App/Rad.pm line 3.
BEGIN failed--compilation aborted at /Users/fh/.cpan/build/App-Rad-1.05_01-nIJE7A/blib/lib/App/Rad.pm line 3.
Compilation failed in require at /var/folders/zk/zkvqmgtoEAWHIV1swpIMnk+++TI/-Tmp-/0axA0Z6cjx line 1.
BEGIN failed--compilation aborted at /var/folders/zk/zkvqmgtoEAWHIV1swpIMnk+++TI/-Tmp-/0axA0Z6cjx line 1.
# Failed test at t/13-register_commands2.t line 55.
# got: ''
# expected: '1
# '
Can't locate App/Rad/Parser.pm in @INC (@INC contains: /Users/fh/.cpan/build/App-Rad-1.05_01-nIJE7A/blib/lib /Users/fh/.cpan/build/App-Rad-1.05_01-nIJE7A/blib/arch /Users/fh/perl5/perlbrew/perls/perl-5.12.4/lib/site_perl/5.12.4/darwin-2level /Users/fh/perl5/perlbrew/perls/perl-5.12.4/lib/site_perl/5.12.4 /Users/fh/perl5/perlbrew/perls/perl-5.12.4/lib/5.12.4/darwin-2level /Users/fh/perl5/perlbrew/perls/perl-5.12.4/lib/5.12.4 .) at /Users/fh/.cpan/build/App-Rad-1.05_01-nIJE7A/blib/lib/App/Rad.pm line 3.
BEGIN failed--compilation aborted at /Users/fh/.cpan/build/App-Rad-1.05_01-nIJE7A/blib/lib/App/Rad.pm line 3.
Compilation failed in require at /var/folders/zk/zkvqmgtoEAWHIV1swpIMnk+++TI/-Tmp-/0axA0Z6cjx line 1.
BEGIN failed--compilation aborted at /var/folders/zk/zkvqmgtoEAWHIV1swpIMnk+++TI/-Tmp-/0axA0Z6cjx line 1.
# Failed test at t/13-register_commands2.t line 58.
# got: ''
# expected: '2
# '
Can't locate App/Rad/Parser.pm in @INC (@INC contains: /Users/fh/.cpan/build/App-Rad-1.05_01-nIJE7A/blib/lib /Users/fh/.cpan/build/App-Rad-1.05_01-nIJE7A/blib/arch /Users/fh/perl5/perlbrew/perls/perl-5.12.4/lib/site_perl/5.12.4/darwin-2level /Users/fh/perl5/perlbrew/perls/perl-5.12.4/lib/site_perl/5.12.4 /Users/fh/perl5/perlbrew/perls/perl-5.12.4/lib/5.12.4/darwin-2level /Users/fh/perl5/perlbrew/perls/perl-5.12.4/lib/5.12.4 .) at /Users/fh/.cpan/build/App-Rad-1.05_01-nIJE7A/blib/lib/App/Rad.pm line 3.
BEGIN failed--compilation aborted at /Users/fh/.cpan/build/App-Rad-1.05_01-nIJE7A/blib/lib/App/Rad.pm line 3.
Compilation failed in require at /var/folders/zk/zkvqmgtoEAWHIV1swpIMnk+++TI/-Tmp-/0axA0Z6cjx line 1.
BEGIN failed--compilation aborted at /var/folders/zk/zkvqmgtoEAWHIV1swpIMnk+++TI/-Tmp-/0axA0Z6cjx line 1.
# Failed test at t/13-register_commands2.t line 61.
# got: ''
# expected: '3
# '
# Looks like you failed 5 tests of 5.
t/13-register_commands2.t .....
Dubious, test returned 5 (wstat 1280, 0x500)
Failed 5/5 subtests
# using temporary program file '/var/folders/zk/zkvqmgtoEAWHIV1swpIMnk+++TI/-Tmp-/559Gd1iORp' to test functionality
Can't locate App/Rad/Parser.pm in @INC (@INC contains: /Users/fh/.cpan/build/App-Rad-1.05_01-nIJE7A/blib/lib /Users/fh/.cpan/build/App-Rad-1.05_01-nIJE7A/blib/arch /Users/fh/perl5/perlbrew/perls/perl-5.12.4/lib/site_perl/5.12.4/darwin-2level /Users/fh/perl5/perlbrew/perls/perl-5.12.4/lib/site_perl/5.12.4 /Users/fh/perl5/perlbrew/perls/perl-5.12.4/lib/5.12.4/darwin-2level /Users/fh/perl5/perlbrew/perls/perl-5.12.4/lib/5.12.4 .) at /Users/fh/.cpan/build/App-Rad-1.05_01-nIJE7A/blib/lib/App/Rad.pm line 3.
BEGIN failed--compilation aborted at /Users/fh/.cpan/build/App-Rad-1.05_01-nIJE7A/blib/lib/App/Rad.pm line 3.
Compilation failed in require at /var/folders/zk/zkvqmgtoEAWHIV1swpIMnk+++TI/-Tmp-/559Gd1iORp line 1.
BEGIN failed--compilation aborted at /var/folders/zk/zkvqmgtoEAWHIV1swpIMnk+++TI/-Tmp-/559Gd1iORp line 1.
# Failed test at t/14-register_commands3.t line 38.
# got: ''
# expected: 'This is default. Over and out.
# '
Can't locate App/Rad/Parser.pm in @INC (@INC contains: /Users/fh/.cpan/build/App-Rad-1.05_01-nIJE7A/blib/lib /Users/fh/.cpan/build/App-Rad-1.05_01-nIJE7A/blib/arch /Users/fh/perl5/perlbrew/perls/perl-5.12.4/lib/site_perl/5.12.4/darwin-2level /Users/fh/perl5/perlbrew/perls/perl-5.12.4/lib/site_perl/5.12.4 /Users/fh/perl5/perlbrew/perls/perl-5.12.4/lib/5.12.4/darwin-2level /Users/fh/perl5/perlbrew/perls/perl-5.12.4/lib/5.12.4 .) at /Users/fh/.cpan/build/App-Rad-1.05_01-nIJE7A/blib/lib/App/Rad.pm line 3.
BEGIN failed--compilation aborted at /Users/fh/.cpan/build/App-Rad-1.05_01-nIJE7A/blib/lib/App/Rad.pm line 3.
Compilation failed in require at /var/folders/zk/zkvqmgtoEAWHIV1swpIMnk+++TI/-Tmp-/559Gd1iORp line 1.
BEGIN failed--compilation aborted at /var/folders/zk/zkvqmgtoEAWHIV1swpIMnk+++TI/-Tmp-/559Gd1iORp line 1.
# Failed test at t/14-register_commands3.t line 52.
# got: ''
# expected: 'Usage: /var/folders/zk/zkvqmgtoEAWHIV1swpIMnk+++TI/-Tmp-/559Gd1iORp command [arguments]
#
# Available Commands:
# bar
# foo
# help show syntax and available commands
#
# '
Can't locate App/Rad/Parser.pm in @INC (@INC contains: /Users/fh/.cpan/build/App-Rad-1.05_01-nIJE7A/blib/lib /Users/fh/.cpan/build/App-Rad-1.05_01-nIJE7A/blib/arch /Users/fh/perl5/perlbrew/perls/perl-5.12.4/lib/site_perl/5.12.4/darwin-2level /Users/fh/perl5/perlbrew/perls/perl-5.12.4/lib/site_perl/5.12.4 /Users/fh/perl5/perlbrew/perls/perl-5.12.4/lib/5.12.4/darwin-2level /Users/fh/perl5/perlbrew/perls/perl-5.12.4/lib/5.12.4 .) at /Users/fh/.cpan/build/App-Rad-1.05_01-nIJE7A/blib/lib/App/Rad.pm line 3.
BEGIN failed--compilation aborted at /Users/fh/.cpan/build/App-Rad-1.05_01-nIJE7A/blib/lib/App/Rad.pm line 3.
Compilation failed in require at /var/folders/zk/zkvqmgtoEAWHIV1swpIMnk+++TI/-Tmp-/559Gd1iORp line 1.
BEGIN failed--compilation aborted at /var/folders/zk/zkvqmgtoEAWHIV1swpIMnk+++TI/-Tmp-/559Gd1iORp line 1.
# Failed test at t/14-register_commands3.t line 55.
# got: ''
# expected: 'hello
# '
Can't locate App/Rad/Parser.pm in @INC (@INC contains: /Users/fh/.cpan/build/App-Rad-1.05_01-nIJE7A/blib/lib /Users/fh/.cpan/build/App-Rad-1.05_01-nIJE7A/blib/arch /Users/fh/perl5/perlbrew/perls/perl-5.12.4/lib/site_perl/5.12.4/darwin-2level /Users/fh/perl5/perlbrew/perls/perl-5.12.4/lib/site_perl/5.12.4 /Users/fh/perl5/perlbrew/perls/perl-5.12.4/lib/5.12.4/darwin-2level /Users/fh/perl5/perlbrew/perls/perl-5.12.4/lib/5.12.4 .) at /Users/fh/.cpan/build/App-Rad-1.05_01-nIJE7A/blib/lib/App/Rad.pm line 3.
BEGIN failed--compilation aborted at /Users/fh/.cpan/build/App-Rad-1.05_01-nIJE7A/blib/lib/App/Rad.pm line 3.
Compilation failed in require at /var/folders/zk/zkvqmgtoEAWHIV1swpIMnk+++TI/-Tmp-/559Gd1iORp line 1.
BEGIN failed--compilation aborted at /var/folders/zk/zkvqmgtoEAWHIV1swpIMnk+++TI/-Tmp-/559Gd1iORp line 1.
# Failed test at t/14-register_commands3.t line 58.
# got: ''
# expected: 'This is default. Over and out.
# '
Can't locate App/Rad/Parser.pm in @INC (@INC contains: /Users/fh/.cpan/build/App-Rad-1.05_01-nIJE7A/blib/lib /Users/fh/.cpan/build/App-Rad-1.05_01-nIJE7A/blib/arch /Users/fh/perl5/perlbrew/perls/perl-5.12.4/lib/site_perl/5.12.4/darwin-2level /Users/fh/perl5/perlbrew/perls/perl-5.12.4/lib/site_perl/5.12.4 /Users/fh/perl5/perlbrew/perls/perl-5.12.4/lib/5.12.4/darwin-2level /Users/fh/perl5/perlbrew/perls/perl-5.12.4/lib/5.12.4 .) at /Users/fh/.cpan/build/App-Rad-1.05_01-nIJE7A/blib/lib/App/Rad.pm line 3.
BEGIN failed--compilation aborted at /Users/fh/.cpan/build/App-Rad-1.05_01-nIJE7A/blib/lib/App/Rad.pm line 3.
Compilation failed in require at /var/folders/zk/zkvqmgtoEAWHIV1swpIMnk+++TI/-Tmp-/559Gd1iORp line 1.
BEGIN failed--compilation aborted at /var/folders/zk/zkvqmgtoEAWHIV1swpIMnk+++TI/-Tmp-/559Gd1iORp line 1.
# Failed test at t/14-register_commands3.t line 61.
# got: ''
# expected: 'This is default. Over and out.
# '
Can't locate App/Rad/Parser.pm in @INC (@INC contains: /Users/fh/.cpan/build/App-Rad-1.05_01-nIJE7A/blib/lib /Users/fh/.cpan/build/App-Rad-1.05_01-nIJE7A/blib/arch /Users/fh/perl5/perlbrew/perls/perl-5.12.4/lib/site_perl/5.12.4/darwin-2level /Users/fh/perl5/perlbrew/perls/perl-5.12.4/lib/site_perl/5.12.4 /Users/fh/perl5/perlbrew/perls/perl-5.12.4/lib/5.12.4/darwin-2level /Users/fh/perl5/perlbrew/perls/perl-5.12.4/lib/5.12.4 .) at /Users/fh/.cpan/build/App-Rad-1.05_01-nIJE7A/blib/lib/App/Rad.pm line 3.
BEGIN failed--compilation aborted at /Users/fh/.cpan/build/App-Rad-1.05_01-nIJE7A/blib/lib/App/Rad.pm line 3.
Compilation failed in require at /var/folders/zk/zkvqmgtoEAWHIV1swpIMnk+++TI/-Tmp-/559Gd1iORp line 1.
BEGIN failed--compilation aborted at /var/folders/zk/zkvqmgtoEAWHIV1swpIMnk+++TI/-Tmp-/559Gd1iORp line 1.
# Failed test at t/14-register_commands3.t line 64.
# got: ''
# expected: 'This is default. Over and out.
# '
Can't locate App/Rad/Parser.pm in @INC (@INC contains: /Users/fh/.cpan/build/App-Rad-1.05_01-nIJE7A/blib/lib /Users/fh/.cpan/build/App-Rad-1.05_01-nIJE7A/blib/arch /Users/fh/perl5/perlbrew/perls/perl-5.12.4/lib/site_perl/5.12.4/darwin-2level /Users/fh/perl5/perlbrew/perls/perl-5.12.4/lib/site_perl/5.12.4 /Users/fh/perl5/perlbrew/perls/perl-5.12.4/lib/5.12.4/darwin-2level /Users/fh/perl5/perlbrew/perls/perl-5.12.4/lib/5.12.4 .) at /Users/fh/.cpan/build/App-Rad-1.05_01-nIJE7A/blib/lib/App/Rad.pm line 3.
BEGIN failed--compilation aborted at /Users/fh/.cpan/build/App-Rad-1.05_01-nIJE7A/blib/lib/App/Rad.pm line 3.
Compilation failed in require at /var/folders/zk/zkvqmgtoEAWHIV1swpIMnk+++TI/-Tmp-/559Gd1iORp line 1.
BEGIN failed--compilation aborted at /var/folders/zk/zkvqmgtoEAWHIV1swpIMnk+++TI/-Tmp-/559Gd1iORp line 1.
# Failed test at t/14-register_commands3.t line 67.
# got: ''
# expected: 'hi
# '
# Looks like you failed 7 tests of 7.
t/14-register_commands3.t .....
Dubious, test returned 7 (wstat 1792, 0x700)
Failed 7/7 subtests
# using temporary program file '/var/folders/zk/zkvqmgtoEAWHIV1swpIMnk+++TI/-Tmp-/CEm17dPs0A' to test functionality
Can't locate App/Rad/Parser.pm in @INC (@INC contains: /Users/fh/.cpan/build/App-Rad-1.05_01-nIJE7A/blib/lib /Users/fh/.cpan/build/App-Rad-1.05_01-nIJE7A/blib/arch /Users/fh/perl5/perlbrew/perls/perl-5.12.4/lib/site_perl/5.12.4/darwin-2level /Users/fh/perl5/perlbrew/perls/perl-5.12.4/lib/site_perl/5.12.4 /Users/fh/perl5/perlbrew/perls/perl-5.12.4/lib/5.12.4/darwin-2level /Users/fh/perl5/perlbrew/perls/perl-5.12.4/lib/5.12.4 .) at /Users/fh/.cpan/build/App-Rad-1.05_01-nIJE7A/blib/lib/App/Rad.pm line 3.
BEGIN failed--compilation aborted at /Users/fh/.cpan/build/App-Rad-1.05_01-nIJE7A/blib/lib/App/Rad.pm line 3.
Compilation failed in require at /var/folders/zk/zkvqmgtoEAWHIV1swpIMnk+++TI/-Tmp-/CEm17dPs0A line 1.
BEGIN failed--compilation aborted at /var/folders/zk/zkvqmgtoEAWHIV1swpIMnk+++TI/-Tmp-/CEm17dPs0A line 1.
# Failed test at t/15-register_commands4.t line 41.
# got: ''
# expected: 'This is default. Over and out.
# '
Can't locate App/Rad/Parser.pm in @INC (@INC contains: /Users/fh/.cpan/build/App-Rad-1.05_01-nIJE7A/blib/lib /Users/fh/.cpan/build/App-Rad-1.05_01-nIJE7A/blib/arch /Users/fh/perl5/perlbrew/perls/perl-5.12.4/lib/site_perl/5.12.4/darwin-2level /Users/fh/perl5/perlbrew/perls/perl-5.12.4/lib/site_perl/5.12.4 /Users/fh/perl5/perlbrew/perls/perl-5.12.4/lib/5.12.4/darwin-2level /Users/fh/perl5/perlbrew/perls/perl-5.12.4/lib/5.12.4 .) at /Users/fh/.cpan/build/App-Rad-1.05_01-nIJE7A/blib/lib/App/Rad.pm line 3.
BEGIN failed--compilation aborted at /Users/fh/.cpan/build/App-Rad-1.05_01-nIJE7A/blib/lib/App/Rad.pm line 3.
Compilation failed in require at /var/folders/zk/zkvqmgtoEAWHIV1swpIMnk+++TI/-Tmp-/CEm17dPs0A line 1.
BEGIN failed--compilation aborted at /var/folders/zk/zkvqmgtoEAWHIV1swpIMnk+++TI/-Tmp-/CEm17dPs0A line 1.
# Failed test at t/15-register_commands4.t line 56.
# got: ''
# expected: 'Usage: /var/folders/zk/zkvqmgtoEAWHIV1swpIMnk+++TI/-Tmp-/CEm17dPs0A command [arguments]
#
# Available Commands:
# bar
# foo
# foocmd
# help show syntax and available commands
#
# '
Can't locate App/Rad/Parser.pm in @INC (@INC contains: /Users/fh/.cpan/build/App-Rad-1.05_01-nIJE7A/blib/lib /Users/fh/.cpan/build/App-Rad-1.05_01-nIJE7A/blib/arch /Users/fh/perl5/perlbrew/perls/perl-5.12.4/lib/site_perl/5.12.4/darwin-2level /Users/fh/perl5/perlbrew/perls/perl-5.12.4/lib/site_perl/5.12.4 /Users/fh/perl5/perlbrew/perls/perl-5.12.4/lib/5.12.4/darwin-2level /Users/fh/perl5/perlbrew/perls/perl-5.12.4/lib/5.12.4 .) at /Users/fh/.cpan/build/App-Rad-1.05_01-nIJE7A/blib/lib/App/Rad.pm line 3.
BEGIN failed--compilation aborted at /Users/fh/.cpan/build/App-Rad-1.05_01-nIJE7A/blib/lib/App/Rad.pm line 3.
Compilation failed in require at /var/folders/zk/zkvqmgtoEAWHIV1swpIMnk+++TI/-Tmp-/CEm17dPs0A line 1.
BEGIN failed--compilation aborted at /var/folders/zk/zkvqmgtoEAWHIV1swpIMnk+++TI/-Tmp-/CEm17dPs0A line 1.
# Failed test at t/15-register_commands4.t line 59.
# got: ''
# expected: 'hello
# '
Can't locate App/Rad/Parser.pm in @INC (@INC contains: /Users/fh/.cpan/build/App-Rad-1.05_01-nIJE7A/blib/lib /Users/fh/.cpan/build/App-Rad-1.05_01-nIJE7A/blib/arch /Users/fh/perl5/perlbrew/perls/perl-5.12.4/lib/site_perl/5.12.4/darwin-2level /Users/fh/perl5/perlbrew/perls/perl-5.12.4/lib/site_perl/5.12.4 /Users/fh/perl5/perlbrew/perls/perl-5.12.4/lib/5.12.4/darwin-2level /Users/fh/perl5/perlbrew/perls/perl-5.12.4/lib/5.12.4 .) at /Users/fh/.cpan/build/App-Rad-1.05_01-nIJE7A/blib/lib/App/Rad.pm line 3.
BEGIN failed--compilation aborted at /Users/fh/.cpan/build/App-Rad-1.05_01-nIJE7A/blib/lib/App/Rad.pm line 3.
Compilation failed in require at /var/folders/zk/zkvqmgtoEAWHIV1swpIMnk+++TI/-Tmp-/CEm17dPs0A line 1.
BEGIN failed--compilation aborted at /var/folders/zk/zkvqmgtoEAWHIV1swpIMnk+++TI/-Tmp-/CEm17dPs0A line 1.
# Failed test at t/15-register_commands4.t line 62.
# got: ''
# expected: 'This is default. Over and out.
# '
Can't locate App/Rad/Parser.pm in @INC (@INC contains: /Users/fh/.cpan/build/App-Rad-1.05_01-nIJE7A/blib/lib /Users/fh/.cpan/build/App-Rad-1.05_01-nIJE7A/blib/arch /Users/fh/perl5/perlbrew/perls/perl-5.12.4/lib/site_perl/5.12.4/darwin-2level /Users/fh/perl5/perlbrew/perls/perl-5.12.4/lib/site_perl/5.12.4 /Users/fh/perl5/perlbrew/perls/perl-5.12.4/lib/5.12.4/darwin-2level /Users/fh/perl5/perlbrew/perls/perl-5.12.4/lib/5.12.4 .) at /Users/fh/.cpan/build/App-Rad-1.05_01-nIJE7A/blib/lib/App/Rad.pm line 3.
BEGIN failed--compilation aborted at /Users/fh/.cpan/build/App-Rad-1.05_01-nIJE7A/blib/lib/App/Rad.pm line 3.
Compilation failed in require at /var/folders/zk/zkvqmgtoEAWHIV1swpIMnk+++TI/-Tmp-/CEm17dPs0A line 1.
BEGIN failed--compilation aborted at /var/folders/zk/zkvqmgtoEAWHIV1swpIMnk+++TI/-Tmp-/CEm17dPs0A line 1.
# Failed test at t/15-register_commands4.t line 65.
# got: ''
# expected: 'yo
# '
Can't locate App/Rad/Parser.pm in @INC (@INC contains: /Users/fh/.cpan/build/App-Rad-1.05_01-nIJE7A/blib/lib /Users/fh/.cpan/build/App-Rad-1.05_01-nIJE7A/blib/arch /Users/fh/perl5/perlbrew/perls/perl-5.12.4/lib/site_perl/5.12.4/darwin-2level /Users/fh/perl5/perlbrew/perls/perl-5.12.4/lib/site_perl/5.12.4 /Users/fh/perl5/perlbrew/perls/perl-5.12.4/lib/5.12.4/darwin-2level /Users/fh/perl5/perlbrew/perls/perl-5.12.4/lib/5.12.4 .) at /Users/fh/.cpan/build/App-Rad-1.05_01-nIJE7A/blib/lib/App/Rad.pm line 3.
BEGIN failed--compilation aborted at /Users/fh/.cpan/build/App-Rad-1.05_01-nIJE7A/blib/lib/App/Rad.pm line 3.
Compilation failed in require at /var/folders/zk/zkvqmgtoEAWHIV1swpIMnk+++TI/-Tmp-/CEm17dPs0A line 1.
BEGIN failed--compilation aborted at /var/folders/zk/zkvqmgtoEAWHIV1swpIMnk+++TI/-Tmp-/CEm17dPs0A line 1.
# Failed test at t/15-register_commands4.t line 68.
# got: ''
# expected: 'This is default. Over and out.
# '
Can't locate App/Rad/Parser.pm in @INC (@INC contains: /Users/fh/.cpan/build/App-Rad-1.05_01-nIJE7A/blib/lib /Users/fh/.cpan/build/App-Rad-1.05_01-nIJE7A/blib/arch /Users/fh/perl5/perlbrew/perls/perl-5.12.4/lib/site_perl/5.12.4/darwin-2level /Users/fh/perl5/perlbrew/perls/perl-5.12.4/lib/site_perl/5.12.4 /Users/fh/perl5/perlbrew/perls/perl-5.12.4/lib/5.12.4/darwin-2level /Users/fh/perl5/perlbrew/perls/perl-5.12.4/lib/5.12.4 .) at /Users/fh/.cpan/build/App-Rad-1.05_01-nIJE7A/blib/lib/App/Rad.pm line 3.
BEGIN failed--compilation aborted at /Users/fh/.cpan/build/App-Rad-1.05_01-nIJE7A/blib/lib/App/Rad.pm line 3.
Compilation failed in require at /var/folders/zk/zkvqmgtoEAWHIV1swpIMnk+++TI/-Tmp-/CEm17dPs0A line 1.
BEGIN failed--compilation aborted at /var/folders/zk/zkvqmgtoEAWHIV1swpIMnk+++TI/-Tmp-/CEm17dPs0A line 1.
# Failed test at t/15-register_commands4.t line 71.
# got: ''
# expected: 'hi
# '
# Looks like you failed 7 tests of 7.
t/15-register_commands4.t .....
Dubious, test returned 7 (wstat 1792, 0x700)
Failed 7/7 subtests
# using temporary program file '/var/folders/zk/zkvqmgtoEAWHIV1swpIMnk+++TI/-Tmp-/YtURTA3nCU' to test functionality
Can't locate App/Rad/Parser.pm in @INC (@INC contains: /Users/fh/.cpan/build/App-Rad-1.05_01-nIJE7A/blib/lib /Users/fh/.cpan/build/App-Rad-1.05_01-nIJE7A/blib/arch /Users/fh/perl5/perlbrew/perls/perl-5.12.4/lib/site_perl/5.12.4/darwin-2level /Users/fh/perl5/perlbrew/perls/perl-5.12.4/lib/site_perl/5.12.4 /Users/fh/perl5/perlbrew/perls/perl-5.12.4/lib/5.12.4/darwin-2level /Users/fh/perl5/perlbrew/perls/perl-5.12.4/lib/5.12.4 .) at /Users/fh/.cpan/build/App-Rad-1.05_01-nIJE7A/blib/lib/App/Rad.pm line 3.
BEGIN failed--compilation aborted at /Users/fh/.cpan/build/App-Rad-1.05_01-nIJE7A/blib/lib/App/Rad.pm line 3.
Compilation failed in require at /var/folders/zk/zkvqmgtoEAWHIV1swpIMnk+++TI/-Tmp-/YtURTA3nCU line 1.
BEGIN failed--compilation aborted at /var/folders/zk/zkvqmgtoEAWHIV1swpIMnk+++TI/-Tmp-/YtURTA3nCU line 1.
# Failed test at t/16-register_commands5.t line 43.
# got: ''
# expected: 'This is default. Over and out.
# '
Can't locate App/Rad/Parser.pm in @INC (@INC contains: /Users/fh/.cpan/build/App-Rad-1.05_01-nIJE7A/blib/lib /Users/fh/.cpan/build/App-Rad-1.05_01-nIJE7A/blib/arch /Users/fh/perl5/perlbrew/perls/perl-5.12.4/lib/site_perl/5.12.4/darwin-2level /Users/fh/perl5/perlbrew/perls/perl-5.12.4/lib/site_perl/5.12.4 /Users/fh/perl5/perlbrew/perls/perl-5.12.4/lib/5.12.4/darwin-2level /Users/fh/perl5/perlbrew/perls/perl-5.12.4/lib/5.12.4 .) at /Users/fh/.cpan/build/App-Rad-1.05_01-nIJE7A/blib/lib/App/Rad.pm line 3.
BEGIN failed--compilation aborted at /Users/fh/.cpan/build/App-Rad-1.05_01-nIJE7A/blib/lib/App/Rad.pm line 3.
Compilation failed in require at /var/folders/zk/zkvqmgtoEAWHIV1swpIMnk+++TI/-Tmp-/YtURTA3nCU line 1.
BEGIN failed--compilation aborted at /var/folders/zk/zkvqmgtoEAWHIV1swpIMnk+++TI/-Tmp-/YtURTA3nCU line 1.
# Failed test at t/16-register_commands5.t line 58.
# got: ''
# expected: 'Usage: /var/folders/zk/zkvqmgtoEAWHIV1swpIMnk+++TI/-Tmp-/YtURTA3nCU command [arguments]
#
# Available Commands:
# bar help your bar
# foo help your foo
# foocmd
# help show syntax and available commands
#
# '
Can't locate App/Rad/Parser.pm in @INC (@INC contains: /Users/fh/.cpan/build/App-Rad-1.05_01-nIJE7A/blib/lib /Users/fh/.cpan/build/App-Rad-1.05_01-nIJE7A/blib/arch /Users/fh/perl5/perlbrew/perls/perl-5.12.4/lib/site_perl/5.12.4/darwin-2level /Users/fh/perl5/perlbrew/perls/perl-5.12.4/lib/site_perl/5.12.4 /Users/fh/perl5/perlbrew/perls/perl-5.12.4/lib/5.12.4/darwin-2level /Users/fh/perl5/perlbrew/perls/perl-5.12.4/lib/5.12.4 .) at /Users/fh/.cpan/build/App-Rad-1.05_01-nIJE7A/blib/lib/App/Rad.pm line 3.
BEGIN failed--compilation aborted at /Users/fh/.cpan/build/App-Rad-1.05_01-nIJE7A/blib/lib/App/Rad.pm line 3.
Compilation failed in require at /var/folders/zk/zkvqmgtoEAWHIV1swpIMnk+++TI/-Tmp-/YtURTA3nCU line 1.
BEGIN failed--compilation aborted at /var/folders/zk/zkvqmgtoEAWHIV1swpIMnk+++TI/-Tmp-/YtURTA3nCU line 1.
# Failed test at t/16-register_commands5.t line 61.
# got: ''
# expected: 'hello
# '
Can't locate App/Rad/Parser.pm in @INC (@INC contains: /Users/fh/.cpan/build/App-Rad-1.05_01-nIJE7A/blib/lib /Users/fh/.cpan/build/App-Rad-1.05_01-nIJE7A/blib/arch /Users/fh/perl5/perlbrew/perls/perl-5.12.4/lib/site_perl/5.12.4/darwin-2level /Users/fh/perl5/perlbrew/perls/perl-5.12.4/lib/site_perl/5.12.4 /Users/fh/perl5/perlbrew/perls/perl-5.12.4/lib/5.12.4/darwin-2level /Users/fh/perl5/perlbrew/perls/perl-5.12.4/lib/5.12.4 .) at /Users/fh/.cpan/build/App-Rad-1.05_01-nIJE7A/blib/lib/App/Rad.pm line 3.
BEGIN failed--compilation aborted at /Users/fh/.cpan/build/App-Rad-1.05_01-nIJE7A/blib/lib/App/Rad.pm line 3.
Compilation failed in require at /var/folders/zk/zkvqmgtoEAWHIV1swpIMnk+++TI/-Tmp-/YtURTA3nCU line 1.
BEGIN failed--compilation aborted at /var/folders/zk/zkvqmgtoEAWHIV1swpIMnk+++TI/-Tmp-/YtURTA3nCU line 1.
# Failed test at t/16-register_commands5.t line 64.
# got: ''
# expected: 'This is default. Over and out.
# '
Can't locate App/Rad/Parser.pm in @INC (@INC contains: /Users/fh/.cpan/build/App-Rad-1.05_01-nIJE7A/blib/lib /Users/fh/.cpan/build/App-Rad-1.05_01-nIJE7A/blib/arch /Users/fh/perl5/perlbrew/perls/perl-5.12.4/lib/site_perl/5.12.4/darwin-2level /Users/fh/perl5/perlbrew/perls/perl-5.12.4/lib/site_perl/5.12.4 /Users/fh/perl5/perlbrew/perls/perl-5.12.4/lib/5.12.4/darwin-2level /Users/fh/perl5/perlbrew/perls/perl-5.12.4/lib/5.12.4 .) at /Users/fh/.cpan/build/App-Rad-1.05_01-nIJE7A/blib/lib/App/Rad.pm line 3.
BEGIN failed--compilation aborted at /Users/fh/.cpan/build/App-Rad-1.05_01-nIJE7A/blib/lib/App/Rad.pm line 3.
Compilation failed in require at /var/folders/zk/zkvqmgtoEAWHIV1swpIMnk+++TI/-Tmp-/YtURTA3nCU line 1.
BEGIN failed--compilation aborted at /var/folders/zk/zkvqmgtoEAWHIV1swpIMnk+++TI/-Tmp-/YtURTA3nCU line 1.
# Failed test at t/16-register_commands5.t line 67.
# got: ''
# expected: 'yo
# '
Can't locate App/Rad/Parser.pm in @INC (@INC contains: /Users/fh/.cpan/build/App-Rad-1.05_01-nIJE7A/blib/lib /Users/fh/.cpan/build/App-Rad-1.05_01-nIJE7A/blib/arch /Users/fh/perl5/perlbrew/perls/perl-5.12.4/lib/site_perl/5.12.4/darwin-2level /Users/fh/perl5/perlbrew/perls/perl-5.12.4/lib/site_perl/5.12.4 /Users/fh/perl5/perlbrew/perls/perl-5.12.4/lib/5.12.4/darwin-2level /Users/fh/perl5/perlbrew/perls/perl-5.12.4/lib/5.12.4 .) at /Users/fh/.cpan/build/App-Rad-1.05_01-nIJE7A/blib/lib/App/Rad.pm line 3.
BEGIN failed--compilation aborted at /Users/fh/.cpan/build/App-Rad-1.05_01-nIJE7A/blib/lib/App/Rad.pm line 3.
Compilation failed in require at /var/folders/zk/zkvqmgtoEAWHIV1swpIMnk+++TI/-Tmp-/YtURTA3nCU line 1.
BEGIN failed--compilation aborted at /var/folders/zk/zkvqmgtoEAWHIV1swpIMnk+++TI/-Tmp-/YtURTA3nCU line 1.
# Failed test at t/16-register_commands5.t line 70.
# got: ''
# expected: 'This is default. Over and out.
# '
Can't locate App/Rad/Parser.pm in @INC (@INC contains: /Users/fh/.cpan/build/App-Rad-1.05_01-nIJE7A/blib/lib /Users/fh/.cpan/build/App-Rad-1.05_01-nIJE7A/blib/arch /Users/fh/perl5/perlbrew/perls/perl-5.12.4/lib/site_perl/5.12.4/darwin-2level /Users/fh/perl5/perlbrew/perls/perl-5.12.4/lib/site_perl/5.12.4 /Users/fh/perl5/perlbrew/perls/perl-5.12.4/lib/5.12.4/darwin-2level /Users/fh/perl5/perlbrew/perls/perl-5.12.4/lib/5.12.4 .) at /Users/fh/.cpan/build/App-Rad-1.05_01-nIJE7A/blib/lib/App/Rad.pm line 3.
BEGIN failed--compilation aborted at /Users/fh/.cpan/build/App-Rad-1.05_01-nIJE7A/blib/lib/App/Rad.pm line 3.
Compilation failed in require at /var/folders/zk/zkvqmgtoEAWHIV1swpIMnk+++TI/-Tmp-/YtURTA3nCU line 1.
BEGIN failed--compilation aborted at /var/folders/zk/zkvqmgtoEAWHIV1swpIMnk+++TI/-Tmp-/YtURTA3nCU line 1.
# Failed test at t/16-register_commands5.t line 73.
# got: ''
# expected: 'hi
# '
# Looks like you failed 7 tests of 7.
t/16-register_commands5.t .....
Dubious, test returned 7 (wstat 1792, 0x700)
Failed 7/7 subtests
# using temporary program file '/var/folders/zk/zkvqmgtoEAWHIV1swpIMnk+++TI/-Tmp-/lZSnnCdiI0' to test functionality
Can't locate App/Rad/Parser.pm in @INC (@INC contains: /Users/fh/.cpan/build/App-Rad-1.05_01-nIJE7A/blib/lib /Users/fh/.cpan/build/App-Rad-1.05_01-nIJE7A/blib/arch /Users/fh/perl5/perlbrew/perls/perl-5.12.4/lib/site_perl/5.12.4/darwin-2level /Users/fh/perl5/perlbrew/perls/perl-5.12.4/lib/site_perl/5.12.4 /Users/fh/perl5/perlbrew/perls/perl-5.12.4/lib/5.12.4/darwin-2level /Users/fh/perl5/perlbrew/perls/perl-5.12.4/lib/5.12.4 .) at /Users/fh/.cpan/build/App-Rad-1.05_01-nIJE7A/blib/lib/App/Rad.pm line 3.
BEGIN failed--compilation aborted at /Users/fh/.cpan/build/App-Rad-1.05_01-nIJE7A/blib/lib/App/Rad.pm line 3.
Compilation failed in require at /var/folders/zk/zkvqmgtoEAWHIV1swpIMnk+++TI/-Tmp-/lZSnnCdiI0 line 1.
BEGIN failed--compilation aborted at /var/folders/zk/zkvqmgtoEAWHIV1swpIMnk+++TI/-Tmp-/lZSnnCdiI0 line 1.
# Failed test at t/17-register_commands6.t line 46.
# got: ''
# expected: 'This is default. Over and out.
# '
Can't locate App/Rad/Parser.pm in @INC (@INC contains: /Users/fh/.cpan/build/App-Rad-1.05_01-nIJE7A/blib/lib /Users/fh/.cpan/build/App-Rad-1.05_01-nIJE7A/blib/arch /Users/fh/perl5/perlbrew/perls/perl-5.12.4/lib/site_perl/5.12.4/darwin-2level /Users/fh/perl5/perlbrew/perls/perl-5.12.4/lib/site_perl/5.12.4 /Users/fh/perl5/perlbrew/perls/perl-5.12.4/lib/5.12.4/darwin-2level /Users/fh/perl5/perlbrew/perls/perl-5.12.4/lib/5.12.4 .) at /Users/fh/.cpan/build/App-Rad-1.05_01-nIJE7A/blib/lib/App/Rad.pm line 3.
BEGIN failed--compilation aborted at /Users/fh/.cpan/build/App-Rad-1.05_01-nIJE7A/blib/lib/App/Rad.pm line 3.
Compilation failed in require at /var/folders/zk/zkvqmgtoEAWHIV1swpIMnk+++TI/-Tmp-/lZSnnCdiI0 line 1.
BEGIN failed--compilation aborted at /var/folders/zk/zkvqmgtoEAWHIV1swpIMnk+++TI/-Tmp-/lZSnnCdiI0 line 1.
# Failed test at t/17-register_commands6.t line 62.
# got: ''
# expected: 'Usage: /var/folders/zk/zkvqmgtoEAWHIV1swpIMnk+++TI/-Tmp-/lZSnnCdiI0 command [arguments]
#
# Available Commands:
# bar
# baz help your baz
# foo
# foocmd
# help show syntax and available commands
#
# '
Can't locate App/Rad/Parser.pm in @INC (@INC contains: /Users/fh/.cpan/build/App-Rad-1.05_01-nIJE7A/blib/lib /Users/fh/.cpan/build/App-Rad-1.05_01-nIJE7A/blib/arch /Users/fh/perl5/perlbrew/perls/perl-5.12.4/lib/site_perl/5.12.4/darwin-2level /Users/fh/perl5/perlbrew/perls/perl-5.12.4/lib/site_perl/5.12.4 /Users/fh/perl5/perlbrew/perls/perl-5.12.4/lib/5.12.4/darwin-2level /Users/fh/perl5/perlbrew/perls/perl-5.12.4/lib/5.12.4 .) at /Users/fh/.cpan/build/App-Rad-1.05_01-nIJE7A/blib/lib/App/Rad.pm line 3.
BEGIN failed--compilation aborted at /Users/fh/.cpan/build/App-Rad-1.05_01-nIJE7A/blib/lib/App/Rad.pm line 3.
Compilation failed in require at /var/folders/zk/zkvqmgtoEAWHIV1swpIMnk+++TI/-Tmp-/lZSnnCdiI0 line 1.
BEGIN failed--compilation aborted at /var/folders/zk/zkvqmgtoEAWHIV1swpIMnk+++TI/-Tmp-/lZSnnCdiI0 line 1.
# Failed test at t/17-register_commands6.t line 65.
# got: ''
# expected: 'hello
# '
Can't locate App/Rad/Parser.pm in @INC (@INC contains: /Users/fh/.cpan/build/App-Rad-1.05_01-nIJE7A/blib/lib /Users/fh/.cpan/build/App-Rad-1.05_01-nIJE7A/blib/arch /Users/fh/perl5/perlbrew/perls/perl-5.12.4/lib/site_perl/5.12.4/darwin-2level /Users/fh/perl5/perlbrew/perls/perl-5.12.4/lib/site_perl/5.12.4 /Users/fh/perl5/perlbrew/perls/perl-5.12.4/lib/5.12.4/darwin-2level /Users/fh/perl5/perlbrew/perls/perl-5.12.4/lib/5.12.4 .) at /Users/fh/.cpan/build/App-Rad-1.05_01-nIJE7A/blib/lib/App/Rad.pm line 3.
BEGIN failed--compilation aborted at /Users/fh/.cpan/build/App-Rad-1.05_01-nIJE7A/blib/lib/App/Rad.pm line 3.
Compilation failed in require at /var/folders/zk/zkvqmgtoEAWHIV1swpIMnk+++TI/-Tmp-/lZSnnCdiI0 line 1.
BEGIN failed--compilation aborted at /var/folders/zk/zkvqmgtoEAWHIV1swpIMnk+++TI/-Tmp-/lZSnnCdiI0 line 1.
# Failed test at t/17-register_commands6.t line 68.
# got: ''
# expected: 'This is default. Over and out.
# '
Can't locate App/Rad/Parser.pm in @INC (@INC contains: /Users/fh/.cpan/build/App-Rad-1.05_01-nIJE7A/blib/lib /Users/fh/.cpan/build/App-Rad-1.05_01-nIJE7A/blib/arch /Users/fh/perl5/perlbrew/perls/perl-5.12.4/lib/site_perl/5.12.4/darwin-2level /Users/fh/perl5/perlbrew/perls/perl-5.12.4/lib/site_perl/5.12.4 /Users/fh/perl5/perlbrew/perls/perl-5.12.4/lib/5.12.4/darwin-2level /Users/fh/perl5/perlbrew/perls/perl-5.12.4/lib/5.12.4 .) at /Users/fh/.cpan/build/App-Rad-1.05_01-nIJE7A/blib/lib/App/Rad.pm line 3.
BEGIN failed--compilation aborted at /Users/fh/.cpan/build/App-Rad-1.05_01-nIJE7A/blib/lib/App/Rad.pm line 3.
Compilation failed in require at /var/folders/zk/zkvqmgtoEAWHIV1swpIMnk+++TI/-Tmp-/lZSnnCdiI0 line 1.
BEGIN failed--compilation aborted at /var/folders/zk/zkvqmgtoEAWHIV1swpIMnk+++TI/-Tmp-/lZSnnCdiI0 line 1.
# Failed test at t/17-register_commands6.t line 71.
# got: ''
# expected: 'yo
# '
Can't locate App/Rad/Parser.pm in @INC (@INC contains: /Users/fh/.cpan/build/App-Rad-1.05_01-nIJE7A/blib/lib /Users/fh/.cpan/build/App-Rad-1.05_01-nIJE7A/blib/arch /Users/fh/perl5/perlbrew/perls/perl-5.12.4/lib/site_perl/5.12.4/darwin-2level /Users/fh/perl5/perlbrew/perls/perl-5.12.4/lib/site_perl/5.12.4 /Users/fh/perl5/perlbrew/perls/perl-5.12.4/lib/5.12.4/darwin-2level /Users/fh/perl5/perlbrew/perls/perl-5.12.4/lib/5.12.4 .) at /Users/fh/.cpan/build/App-Rad-1.05_01-nIJE7A/blib/lib/App/Rad.pm line 3.
BEGIN failed--compilation aborted at /Users/fh/.cpan/build/App-Rad-1.05_01-nIJE7A/blib/lib/App/Rad.pm line 3.
Compilation failed in require at /var/folders/zk/zkvqmgtoEAWHIV1swpIMnk+++TI/-Tmp-/lZSnnCdiI0 line 1.
BEGIN failed--compilation aborted at /var/folders/zk/zkvqmgtoEAWHIV1swpIMnk+++TI/-Tmp-/lZSnnCdiI0 line 1.
# Failed test at t/17-register_commands6.t line 74.
# got: ''
# expected: 'This is default. Over and out.
# '
Can't locate App/Rad/Parser.pm in @INC (@INC contains: /Users/fh/.cpan/build/App-Rad-1.05_01-nIJE7A/blib/lib /Users/fh/.cpan/build/App-Rad-1.05_01-nIJE7A/blib/arch /Users/fh/perl5/perlbrew/perls/perl-5.12.4/lib/site_perl/5.12.4/darwin-2level /Users/fh/perl5/perlbrew/perls/perl-5.12.4/lib/site_perl/5.12.4 /Users/fh/perl5/perlbrew/perls/perl-5.12.4/lib/5.12.4/darwin-2level /Users/fh/perl5/perlbrew/perls/perl-5.12.4/lib/5.12.4 .) at /Users/fh/.cpan/build/App-Rad-1.05_01-nIJE7A/blib/lib/App/Rad.pm line 3.
BEGIN failed--compilation aborted at /Users/fh/.cpan/build/App-Rad-1.05_01-nIJE7A/blib/lib/App/Rad.pm line 3.
Compilation failed in require at /var/folders/zk/zkvqmgtoEAWHIV1swpIMnk+++TI/-Tmp-/lZSnnCdiI0 line 1.
BEGIN failed--compilation aborted at /var/folders/zk/zkvqmgtoEAWHIV1swpIMnk+++TI/-Tmp-/lZSnnCdiI0 line 1.
# Failed test at t/17-register_commands6.t line 77.
# got: ''
# expected: 'hi
# '
Can't locate App/Rad/Parser.pm in @INC (@INC contains: /Users/fh/.cpan/build/App-Rad-1.05_01-nIJE7A/blib/lib /Users/fh/.cpan/build/App-Rad-1.05_01-nIJE7A/blib/arch /Users/fh/perl5/perlbrew/perls/perl-5.12.4/lib/site_perl/5.12.4/darwin-2level /Users/fh/perl5/perlbrew/perls/perl-5.12.4/lib/site_perl/5.12.4 /Users/fh/perl5/perlbrew/perls/perl-5.12.4/lib/5.12.4/darwin-2level /Users/fh/perl5/perlbrew/perls/perl-5.12.4/lib/5.12.4 .) at /Users/fh/.cpan/build/App-Rad-1.05_01-nIJE7A/blib/lib/App/Rad.pm line 3.
BEGIN failed--compilation aborted at /Users/fh/.cpan/build/App-Rad-1.05_01-nIJE7A/blib/lib/App/Rad.pm line 3.
Compilation failed in require at /var/folders/zk/zkvqmgtoEAWHIV1swpIMnk+++TI/-Tmp-/lZSnnCdiI0 line 1.
BEGIN failed--compilation aborted at /var/folders/zk/zkvqmgtoEAWHIV1swpIMnk+++TI/-Tmp-/lZSnnCdiI0 line 1.
# Failed test at t/17-register_commands6.t line 80.
# got: ''
# expected: 'waza
# '
# Looks like you failed 8 tests of 8.
t/17-register_commands6.t .....
Dubious, test returned 8 (wstat 2048, 0x800)
Failed 8/8 subtests
# using temporary program file '/var/folders/zk/zkvqmgtoEAWHIV1swpIMnk+++TI/-Tmp-/iRuuHrwAHs' to test functionality
Can't locate App/Rad/Parser.pm in @INC (@INC contains: /Users/fh/.cpan/build/App-Rad-1.05_01-nIJE7A/blib/lib /Users/fh/.cpan/build/App-Rad-1.05_01-nIJE7A/blib/arch /Users/fh/perl5/perlbrew/perls/perl-5.12.4/lib/site_perl/5.12.4/darwin-2level /Users/fh/perl5/perlbrew/perls/perl-5.12.4/lib/site_perl/5.12.4 /Users/fh/perl5/perlbrew/perls/perl-5.12.4/lib/5.12.4/darwin-2level /Users/fh/perl5/perlbrew/perls/perl-5.12.4/lib/5.12.4 .) at /Users/fh/.cpan/build/App-Rad-1.05_01-nIJE7A/blib/lib/App/Rad.pm line 3.
BEGIN failed--compilation aborted at /Users/fh/.cpan/build/App-Rad-1.05_01-nIJE7A/blib/lib/App/Rad.pm line 3.
Compilation failed in require at /var/folders/zk/zkvqmgtoEAWHIV1swpIMnk+++TI/-Tmp-/iRuuHrwAHs line 1.
BEGIN failed--compilation aborted at /var/folders/zk/zkvqmgtoEAWHIV1swpIMnk+++TI/-Tmp-/iRuuHrwAHs line 1.
# Failed test at t/18-help_by_attribute.t line 43.
# got: ''
# expected: 'Usage: /var/folders/zk/zkvqmgtoEAWHIV1swpIMnk+++TI/-Tmp-/iRuuHrwAHs command [arguments]
#
# Available Commands:
# bar help for bar
# baz yet another help
# foo help for foo
# help show syntax and available commands
# singleword single
#
# '
# Looks like you failed 1 test of 1.
t/18-help_by_attribute.t ......
Dubious, test returned 1 (wstat 256, 0x100)
Failed 1/1 subtests
Can't locate App/Rad/Parser.pm in @INC (@INC contains: /Users/fh/.cpan/build/App-Rad-1.05_01-nIJE7A/t/lib /Users/fh/.cpan/build/App-Rad-1.05_01-nIJE7A/blib/lib /Users/fh/.cpan/build/App-Rad-1.05_01-nIJE7A/blib/arch /Users/fh/perl5/perlbrew/perls/perl-5.12.4/lib/site_perl/5.12.4/darwin-2level /Users/fh/perl5/perlbrew/perls/perl-5.12.4/lib/site_perl/5.12.4 /Users/fh/perl5/perlbrew/perls/perl-5.12.4/lib/5.12.4/darwin-2level /Users/fh/perl5/perlbrew/perls/perl-5.12.4/lib/5.12.4 .) at /Users/fh/.cpan/build/App-Rad-1.05_01-nIJE7A/blib/lib/App/Rad.pm line 3.
BEGIN failed--compilation aborted at /Users/fh/.cpan/build/App-Rad-1.05_01-nIJE7A/blib/lib/App/Rad.pm line 3.
Compilation failed in require at t/19-plugins.t line 5.
BEGIN failed--compilation aborted at t/19-plugins.t line 5.
# Looks like your test exited with 2 before it could output anything.
t/19-plugins.t ................
Dubious, test returned 2 (wstat 512, 0x200)
Failed 4/4 subtests
Can't locate App/Rad/Parser.pm in @INC (@INC contains: /Users/fh/.cpan/build/App-Rad-1.05_01-nIJE7A/t/lib /Users/fh/.cpan/build/App-Rad-1.05_01-nIJE7A/blib/lib /Users/fh/.cpan/build/App-Rad-1.05_01-nIJE7A/blib/arch /Users/fh/perl5/perlbrew/perls/perl-5.12.4/lib/site_perl/5.12.4/darwin-2level /Users/fh/perl5/perlbrew/perls/perl-5.12.4/lib/site_perl/5.12.4 /Users/fh/perl5/perlbrew/perls/perl-5.12.4/lib/5.12.4/darwin-2level /Users/fh/perl5/perlbrew/perls/perl-5.12.4/lib/5.12.4 .) at /Users/fh/.cpan/build/App-Rad-1.05_01-nIJE7A/blib/lib/App/Rad.pm line 3.
BEGIN failed--compilation aborted at /Users/fh/.cpan/build/App-Rad-1.05_01-nIJE7A/blib/lib/App/Rad.pm line 3.
Compilation failed in require at t/20-plugins2.t line 5.
BEGIN failed--compilation aborted at t/20-plugins2.t line 5.
# Looks like your test exited with 2 before it could output anything.
t/20-plugins2.t ...............
Dubious, test returned 2 (wstat 512, 0x200)
Failed 4/4 subtests
Can't locate App/Rad/Tester.pm in @INC (@INC contains: /Users/fh/.cpan/build/App-Rad-1.05_01-nIJE7A/blib/lib /Users/fh/.cpan/build/App-Rad-1.05_01-nIJE7A/blib/arch /Users/fh/perl5/perlbrew/perls/perl-5.12.4/lib/site_perl/5.12.4/darwin-2level /Users/fh/perl5/perlbrew/perls/perl-5.12.4/lib/site_perl/5.12.4 /Users/fh/perl5/perlbrew/perls/perl-5.12.4/lib/5.12.4/darwin-2level /Users/fh/perl5/perlbrew/perls/perl-5.12.4/lib/5.12.4 .) at t/21-named_arguments.t line 2.
BEGIN failed--compilation aborted at t/21-named_arguments.t line 2.
t/21-named_arguments.t ........
Dubious, test returned 2 (wstat 512, 0x200)
No subtests run
t/22-command_with_args.t ...... ok
t/pod.t ....................... ok
Test Summary Report
-------------------
t/00-load.t (Wstat: 256 Tests: 4 Failed: 1)
Failed test: 1
Non-zero exit status: 1
t/01-standard.t (Wstat: 512 Tests: 0 Failed: 0)
Non-zero exit status: 2
Parse errors: Bad plan. You planned 14 tests but ran 0.
t/02-defaultprogram.t (Wstat: 512 Tests: 0 Failed: 0)
Non-zero exit status: 2
Parse errors: Bad plan. You planned 2 tests but ran 0.
t/02.5-default_with_args.t (Wstat: 512 Tests: 2 Failed: 2)
Failed tests: 1-2
Non-zero exit status: 2
t/03-default_override.t (Wstat: 768 Tests: 3 Failed: 3)
Failed tests: 1-3
Non-zero exit status: 3
t/03.5-default_and_invalid.t (Wstat: 1280 Tests: 5 Failed: 5)
Failed tests: 1-5
Non-zero exit status: 5
t/04-help_override.t (Wstat: 512 Tests: 2 Failed: 2)
Failed tests: 1-2
Non-zero exit status: 2
t/05-commands-set.t (Wstat: 512 Tests: 0 Failed: 0)
Non-zero exit status: 2
Parse errors: Bad plan. You planned 3 tests but ran 0.
t/05-commands.t (Wstat: 768 Tests: 3 Failed: 3)
Failed tests: 1-3
Non-zero exit status: 3
t/05.5-commands_with_args.t (Wstat: 768 Tests: 3 Failed: 3)
Failed tests: 1-3
Non-zero exit status: 3
t/06-pre_post_tear.t (Wstat: 768 Tests: 3 Failed: 3)
Failed tests: 1-3
Non-zero exit status: 3
t/07-argv_and_opt.t (Wstat: 512 Tests: 0 Failed: 0)
Non-zero exit status: 2
Parse errors: Bad plan. You planned 36 tests but ran 0.
t/08-getopt_long.t (Wstat: 512 Tests: 0 Failed: 0)
Non-zero exit status: 2
Parse errors: Bad plan. You planned 17 tests but ran 0.
t/09-stash.t (Wstat: 1024 Tests: 4 Failed: 4)
Failed tests: 1-4
Non-zero exit status: 4
t/10-controller_methods.t (Wstat: 6144 Tests: 24 Failed: 24)
Failed tests: 1-24
Non-zero exit status: 24
t/11-config.t (Wstat: 512 Tests: 0 Failed: 0)
Non-zero exit status: 2
Parse errors: Bad plan. You planned 10 tests but ran 0.
t/12-register_commands-alt.t (Wstat: 512 Tests: 0 Failed: 0)
Non-zero exit status: 2
Parse errors: Bad plan. You planned 7 tests but ran 0.
t/12-register_commands.t (Wstat: 1792 Tests: 7 Failed: 7)
Failed tests: 1-7
Non-zero exit status: 7
t/13-register_commands2.t (Wstat: 1280 Tests: 5 Failed: 5)
Failed tests: 1-5
Non-zero exit status: 5
t/14-register_commands3.t (Wstat: 1792 Tests: 7 Failed: 7)
Failed tests: 1-7
Non-zero exit status: 7
t/15-register_commands4.t (Wstat: 1792 Tests: 7 Failed: 7)
Failed tests: 1-7
Non-zero exit status: 7
t/16-register_commands5.t (Wstat: 1792 Tests: 7 Failed: 7)
Failed tests: 1-7
Non-zero exit status: 7
t/17-register_commands6.t (Wstat: 2048 Tests: 8 Failed: 8)
Failed tests: 1-8
Non-zero exit status: 8
t/18-help_by_attribute.t (Wstat: 256 Tests: 1 Failed: 1)
Failed test: 1
Non-zero exit status: 1
t/19-plugins.t (Wstat: 512 Tests: 0 Failed: 0)
Non-zero exit status: 2
Parse errors: Bad plan. You planned 4 tests but ran 0.
t/20-plugins2.t (Wstat: 512 Tests: 0 Failed: 0)
Non-zero exit status: 2
Parse errors: Bad plan. You planned 4 tests but ran 0.
t/21-named_arguments.t (Wstat: 512 Tests: 0 Failed: 0)
Non-zero exit status: 2
Parse errors: No plan found in TAP output
Files=29, Tests=132, 2 wallclock secs ( 0.14 usr 0.09 sys + 1.40 cusr 0.43 csys = 2.06 CPU)
Result: FAIL
Failed 27/29 test programs. 92/132 subtests failed.
make: *** [test_dynamic] Error 255
------------------------------
PREREQUISITES
------------------------------
Prerequisite modules loaded:
requires:
Module Need Have
------------------- ---- ------
Attribute::Handlers 0 0.87
B::Deparse 0 0.9701
Carp 0 1.17
File::Temp 0 0.22
FindBin 0 1.50
Getopt::Long 2.36 2.38
Test::More 0 0.98
configure_requires:
Module Need Have
------------------- ---- ------
ExtUtils::MakeMaker 0 6.56
------------------------------
ENVIRONMENT AND OTHER CONTEXT
------------------------------
Environment variables:
AUTOMATED_TESTING = 1
LANG = de_AT.UTF-8
PATH = /Users/fh/perl5/perlbrew/bin:/Users/fh/perl5/perlbrew/perls/current/bin:/opt/local/bin:/opt/local/sbin:/usr/bin:/bin:/usr/sbin:/sbin:/usr/local/bin:/usr/X11/bin
PATH_WITHOUT_PERLBREW = /opt/local/bin:/opt/local/sbin:/usr/bin:/bin:/usr/sbin:/sbin:/usr/local/bin:/usr/X11/bin
PERL5LIB =
PERL5OPT =
PERL5_CPANPLUS_IS_RUNNING = 20463
PERL5_CPAN_IS_RUNNING = 20463
PERL5_CPAN_IS_RUNNING_IN_RECURSION = 11305,20463
PERLBREW_PATH = /Users/fh/perl5/perlbrew/bin:/Users/fh/perl5/perlbrew/perls/current/bin
PERLBREW_PERL = perl-5.12.4
PERLBREW_ROOT = /Users/fh/perl5/perlbrew
PERLBREW_VERSION = 0.19
PERL_CR_SMOKER_CURRENT = App-Rad-1.05_01
PERL_EXTUTILS_AUTOINSTALL = --defaultdeps
PERL_MM_USE_DEFAULT = 1
SHELL = /bin/bash
TERM = screen.linux
TMPDIR = /var/folders/zk/zkvqmgtoEAWHIV1swpIMnk+++TI/-Tmp-/
Perl special variables (and OS-specific diagnostics, for MSWin32):
$^X = /Users/fh/perl5/perlbrew/perls/perl-5.12.4/bin/perl
$UID/$EUID = 501 / 501
$GID = 20 20 402 204 100 98 81 80 79 61 12 401
$EGID = 20 20 402 204 100 98 81 80 79 61 12 401
Perl module toolchain versions installed:
Module Have
------------------- ------
CPAN 1.9600
Cwd 3.33
ExtUtils::CBuilder 0.27
ExtUtils::Command 1.16
ExtUtils::Install 1.55
ExtUtils::MakeMaker 6.56
ExtUtils::Manifest 1.57
ExtUtils::ParseXS 2.21
File::Spec 3.33
Module::Build 0.3603
Module::Signature n/a
Test::Harness 3.17
Test::More 0.98
YAML 0.73
YAML::Syck 1.17
version 0.82
--
Summary of my perl5 (revision 5 version 12 subversion 4) configuration:
Platform:
osname=darwin, osvers=10.7.0, archname=darwin-2level
uname='darwin lerchenferse.local 10.7.0 darwin kernel version 10.7.0: sat jan 29 15:17:16 pst 2011; root:xnu-1504.9.37~1release_i386 i386 '
config_args='-de -Dprefix=/Users/fh/perl5/perlbrew/perls/perl-5.12.4'
hint=recommended, useposix=true, d_sigaction=define
useithreads=undef, usemultiplicity=undef
useperlio=define, d_sfio=undef, uselargefiles=define, usesocks=undef
use64bitint=define, use64bitall=define, uselongdouble=undef
usemymalloc=n, bincompat5005=undef
Compiler:
cc='cc', ccflags ='-fno-common -DPERL_DARWIN -no-cpp-precomp -fno-strict-aliasing -pipe -fstack-protector -I/opt/local/include',
optimize='-O3',
cppflags='-no-cpp-precomp -fno-common -DPERL_DARWIN -no-cpp-precomp -fno-strict-aliasing -pipe -fstack-protector -I/opt/local/include'
ccversion='', gccversion='4.2.1 (Based on Apple Inc. build 5658) (LLVM build 2335.9)', gccosandvers=''
intsize=4, longsize=8, ptrsize=8, doublesize=8, byteorder=12345678
d_longlong=define, longlongsize=8, d_longdbl=define, longdblsize=16
ivtype='long', ivsize=8, nvtype='double', nvsize=8, Off_t='off_t', lseeksize=8
alignbytes=8, prototype=define
Linker and Libraries:
ld='env MACOSX_DEPLOYMENT_TARGET=10.3 cc', ldflags =' -fstack-protector -L/opt/local/lib'
libpth=/opt/local/lib /usr/lib
libs=-lgdbm -ldbm -ldl -lm -lutil -lc
perllibs=-ldl -lm -lutil -lc
libc=/usr/lib/libc.dylib, so=dylib, useshrplib=false, libperl=libperl.a
gnulibc_version=''
Dynamic Linking:
dlsrc=dl_dlopen.xs, dlext=bundle, d_dlsymun=undef, ccdlflags=' '
cccdlflags=' ', lddlflags=' -bundle -undefined dynamic_lookup -L/opt/local/lib -fstack-protector'
Characteristics of this binary (from libperl):
Compile-time options: PERL_DONT_CREATE_GVSV PERL_MALLOC_WRAP USE_64_BIT_ALL
USE_64_BIT_INT USE_LARGE_FILES USE_PERLIO
USE_PERL_ATOF
Built under darwin
Compiled at Jun 20 2011 14:51:14
%ENV:
PERL5LIB=""
PERL5OPT=""
PERL5_CPANPLUS_IS_RUNNING="20463"
PERL5_CPAN_IS_RUNNING="20463"
PERL5_CPAN_IS_RUNNING_IN_RECURSION="11305,20463"
PERLBREW_PATH="/Users/fh/perl5/perlbrew/bin:/Users/fh/perl5/perlbrew/perls/current/bin"
PERLBREW_PERL="perl-5.12.4"
PERLBREW_ROOT="/Users/fh/perl5/perlbrew"
PERLBREW_VERSION="0.19"
PERL_CR_SMOKER_CURRENT="App-Rad-1.05_01"
PERL_EXTUTILS_AUTOINSTALL="--defaultdeps"
PERL_MM_USE_DEFAULT="1"
@INC:
/Users/fh/perl5/perlbrew/perls/perl-5.12.4/lib/site_perl/5.12.4/darwin-2level
/Users/fh/perl5/perlbrew/perls/perl-5.12.4/lib/site_perl/5.12.4
/Users/fh/perl5/perlbrew/perls/perl-5.12.4/lib/5.12.4/darwin-2level
/Users/fh/perl5/perlbrew/perls/perl-5.12.4/lib/5.12.4
.