Report for Geo-Calc-XS-0.32

Back
From: metabase:user:322078bc-2aae-11df-837a-5e0a49663a4f
Subject: FAIL Geo-Calc-XS-0.32 v5.12.5 NetBSD
Date: 2014-10-20T07:27:32Z

This distribution has been tested as part of the CPAN Testers
project, supporting the Perl programming language.  See
http://wiki.cpantesters.org/ for more information or email
questions to cpan-testers-discuss@perl.org


--

Dear ASP,

This is a computer-generated error report created automatically by
CPANPLUS, version 0.9152. Testers personal comments may appear
at the end of this report.


Thank you for uploading your work to CPAN.  However, it appears that
there were some problems testing your distribution.

TEST RESULTS:

Below is the error stack from stage 'make test':

Running Mkbootstrap for Geo::Calc::XS ()
chmod 644 XS.bs
PERL_DL_NONLAZY=1 /home/cpan/pit/thr/perl-5.12.5/bin/perl "-MExtUtils::Command::MM" "-MTest::Harness" "-e" "undef *Test::Harness::Switches; test_harness(0, 'blib/lib', 'blib/arch')" t/*.t
t/01_use.t ........... ok
t/02_check_module.t .. skipped: Test::Deep, List::Util, Config are needed
t/03_properties.t .... skipped: Test::Warn, Test::FailWarnings are needed
t/04_units.t ......... skipped: Scalar::Util, Math::Units are needed
t/05_fuzzy_input.t ... skipped: Test::Exception, Data::Dumper are needed
t/06_memory_leak.t ... skipped: Test::LeakTrace is needed

#   Failed test 'Running 02_check_module.t under debugger succeeded'
#   at t/07_debugger.t line 37.
#          got: '65280'
#     expected: '0'
# err:
# > 
# > #   Failed test 'use Geo::Calc::XS;'
# > #   at /home/cpan/pit/thr/conf/perl-5.12.5/.cpanplus/5.12.5/build/Geo-Calc-XS-0.32/t/02_check_module.t line 16.
# > #     Tried to use 'Geo::Calc::XS'.
# > #     Error:  Can't load '/home/cpan/pit/thr/conf/perl-5.12.5/.cpanplus/5.12.5/build/Geo-Calc-XS-0.32/blib/arch/auto/Geo/Calc/XS/XS.so' for module Geo::Calc::XS: /home/cpan/pit/thr/conf/perl-5.12.5/.cpanplus/5.12.5/build/Geo-Calc-XS-0.32/blib/arch/auto/Geo/Calc/XS/XS.so: Undefined PLT symbol "Perl_Imarkstack_ptr_ptr" (symnum = 9) at /opt/perl-5.18.2/lib/5.18.2/amd64-netbsd/DynaLoader.pm line 190.
# > #  at /home/cpan/pit/thr/conf/perl-5.12.5/.cpanplus/5.12.5/build/Geo-Calc-XS-0.32/t/02_check_module.t line 16.
# > # Compilation failed in require at /home/cpan/pit/thr/conf/perl-5.12.5/.cpanplus/5.12.5/build/Geo-Calc-XS-0.32/t/02_check_module.t line 16.
# > # BEGIN failed--compilation aborted at /home/cpan/pit/thr/conf/perl-5.12.5/.cpanplus/5.12.5/build/Geo-Calc-XS-0.32/t/02_check_module.t line 16.
# > Can't locate object method "new" via package "Geo::Calc::XS" at /home/cpan/pit/thr/conf/perl-5.12.5/.cpanplus/5.12.5/build/Geo-Calc-XS-0.32/t/02_check_module.t line 18.
# >  at /home/cpan/pit/thr/conf/perl-5.12.5/.cpanplus/5.12.5/build/Geo-Calc-XS-0.32/t/02_check_module.t line 18.
# > # Tests were run but no plan was declared and done_testing() was not seen.
# > # Looks like your test exited with 255 just after 1.
# Looks like you failed 1 test of 6.
t/07_debugger.t ...... 
Dubious, test returned 1 (wstat 256, 0x100)
Failed 1/6 subtests 
t/08_threads.t ....... skipped: skipping as it's failing threadding tests
t/90_benchmark.t ..... skipped: Test::Deep, Time::HiRes are needed
t/99_pod.t ........... skipped: Test::Pod 1.00 required for testing POD

Test Summary Report
-------------------
t/07_debugger.t    (Wstat: 256 Tests: 6 Failed: 1)
  Failed test:  6
  Non-zero exit status: 1
Files=10, Tests=7,  1 wallclock secs ( 0.04 usr  0.00 sys +  0.30 cusr  0.04 csys =  0.38 CPU)
Result: FAIL
Failed 1/10 test programs. 1/7 subtests failed.
*** Error code 255

Stop.
make: stopped in /home/cpan/pit/thr/conf/perl-5.12.5/.cpanplus/5.12.5/build/Geo-Calc-XS-0.32


PREREQUISITES:

Here is a list of prerequisites you specified and versions we
managed to load:

	  Module Name                        Have     Want
	  ExtUtils::MakeMaker                6.98        0
	  File::Spec                         3.47        0
	  Test::More                     1.001006        0

Perl module toolchain versions installed:
	Module Name                        Have
	CPANPLUS                         0.9152
	CPANPLUS::Dist::Build              0.78
	Cwd                                3.47
	ExtUtils::CBuilder             0.280219
	ExtUtils::Command                  1.16
	ExtUtils::Install                  1.68
	ExtUtils::MakeMaker                6.98
	ExtUtils::Manifest                 1.66
	ExtUtils::ParseXS                  3.24
	File::Spec                         3.47
	Module::Build                    0.4210
	Pod::Parser                        1.37
	Pod::Simple                        3.14
	Test::Harness                      3.33
	Test::More                     1.001006
	version                          0.9909

******************************** NOTE ********************************
The comments above are created mechanically, possibly without manual
checking by the sender.  As there are many people performing automatic
tests on each upload to CPAN, it is likely that you will receive
identical messages about the same problem.

If you believe that the message is mistaken, please reply to the first
one with correction and/or additional informations, and do not take
it personally.  We appreciate your patience. :)
**********************************************************************

Additional comments:


This report was machine-generated by CPANPLUS::Dist::YACSmoke 0.90.
Powered by minismokebox version 0.58

------------------------------
ENVIRONMENT AND OTHER CONTEXT
------------------------------

Environment variables:

    AUTOMATED_TESTING = 1
    NONINTERACTIVE_TESTING = 1
    PATH = /home/cpan/bin:/bin:/sbin:/usr/bin:/usr/sbin:/usr/X11R7/bin:/usr/X11R6/bin:/usr/pkg/bin:/usr/pkg/sbin:/usr/games:/usr/local/bin:/usr/local/sbin
    PERL5LIB = :/home/cpan/pit/thr/conf/perl-5.12.5/.cpanplus/5.12.5/build/Geo-Calc-XS-0.32/blib/lib:/home/cpan/pit/thr/conf/perl-5.12.5/.cpanplus/5.12.5/build/Geo-Calc-XS-0.32/blib/arch
    PERL5_CPANPLUS_IS_RUNNING = 2119
    PERL5_CPANPLUS_IS_VERSION = 0.9152
    PERL5_MINISMOKEBOX = 0.58
    PERL5_YACSMOKE_BASE = /home/cpan/pit/thr/conf/perl-5.12.5
    PERL_EXTUTILS_AUTOINSTALL = --defaultdeps
    PERL_MM_USE_DEFAULT = 1
    SHELL = /usr/pkg/bin/bash
    TERM = screen

Perl special variables (and OS-specific diagnostics, for MSWin32):

    Perl: $^X = /home/cpan/pit/thr/perl-5.12.5/bin/perl
    UID:  $<  = 1002
    EUID: $>  = 1002
    GID:  $(  = 100 100
    EGID: $)  = 100 100


-------------------------------


--

Summary of my perl5 (revision 5 version 12 subversion 5) configuration:
   
  Platform:
    osname=netbsd, osvers=6.1.4, archname=amd64-netbsd-thread-multi
    uname='netbsd naboo.bingosnet.co.uk 6.1.4 netbsd 6.1.4 (generic) amd64 '
    config_args='-des -Dprefix=/home/cpan/pit/thr/perl-5.12.5 -Dusethreads'
    hint=recommended, useposix=true, d_sigaction=define
    useithreads=define, usemultiplicity=define
    useperlio=define, d_sfio=undef, uselargefiles=define, usesocks=undef
    use64bitint=define, use64bitall=define, uselongdouble=undef
    usemymalloc=n, bincompat5005=undef
  Compiler:
    cc='cc', ccflags ='-fno-strict-aliasing -pipe -fstack-protector -I/usr/pkg/include',
    optimize='-O',
    cppflags='-fno-strict-aliasing -pipe -fstack-protector -I/usr/pkg/include'
    ccversion='', gccversion='4.5.3', gccosandvers=''
    intsize=4, longsize=8, ptrsize=8, doublesize=8, byteorder=12345678
    d_longlong=define, longlongsize=8, d_longdbl=define, longdblsize=16
    ivtype='long', ivsize=8, nvtype='double', nvsize=8, Off_t='off_t', lseeksize=8
    alignbytes=8, prototype=define
  Linker and Libraries:
    ld='cc', ldflags =' -Wl,-rpath,/usr/pkg/lib -Wl,-rpath,/usr/local/lib -fstack-protector -L/usr/pkg/lib'
    libpth=/usr/pkg/lib /lib /usr/lib
    libs=-lgdbm -lm -lcrypt -lutil -lc -lposix -lpthread
    perllibs=-lm -lcrypt -lutil -lc -lposix -lpthread
    libc=/lib/libc.so, so=so, useshrplib=false, libperl=libperl.a
    gnulibc_version=''
  Dynamic Linking:
    dlsrc=dl_dlopen.xs, dlext=so, d_dlsymun=undef, ccdlflags='-Wl,-E '
    cccdlflags='-DPIC -fPIC ', lddlflags='--whole-archive -shared  -L/usr/pkg/lib -fstack-protector'


Characteristics of this binary (from libperl): 
  Compile-time options: MULTIPLICITY PERL_DONT_CREATE_GVSV
                        PERL_IMPLICIT_CONTEXT PERL_MALLOC_WRAP USE_64_BIT_ALL
                        USE_64_BIT_INT USE_ITHREADS USE_LARGE_FILES
                        USE_PERLIO USE_PERL_ATOF USE_REENTRANT_API
  Built under netbsd
  Compiled at May  9 2014 19:41:39
  %ENV:
    PERL5LIB=":/home/cpan/pit/thr/conf/perl-5.12.5/.cpanplus/5.12.5/build/Geo-Calc-XS-0.32/blib/lib:/home/cpan/pit/thr/conf/perl-5.12.5/.cpanplus/5.12.5/build/Geo-Calc-XS-0.32/blib/arch"
    PERL5_CPANPLUS_IS_RUNNING="2119"
    PERL5_CPANPLUS_IS_VERSION="0.9152"
    PERL5_MINISMOKEBOX="0.58"
    PERL5_YACSMOKE_BASE="/home/cpan/pit/thr/conf/perl-5.12.5"
    PERL_EXTUTILS_AUTOINSTALL="--defaultdeps"
    PERL_MM_USE_DEFAULT="1"
  @INC:
    /home/cpan/pit/thr/conf/perl-5.12.5/.cpanplus/5.12.5/build/Geo-Calc-XS-0.32/blib/lib
    /home/cpan/pit/thr/conf/perl-5.12.5/.cpanplus/5.12.5/build/Geo-Calc-XS-0.32/blib/arch
    /home/cpan/pit/thr/perl-5.12.5/lib/site_perl/5.12.5/amd64-netbsd-thread-multi
    /home/cpan/pit/thr/perl-5.12.5/lib/site_perl/5.12.5
    /home/cpan/pit/thr/perl-5.12.5/lib/5.12.5/amd64-netbsd-thread-multi
    /home/cpan/pit/thr/perl-5.12.5/lib/5.12.5
    .