Net-Azure-NotificationHubs v0.09 Perl 5 v5.12.1 i86pc-solaris-64

Status
Fail
From
Chris Williams (BINGOS)
Dist
Net-Azure-NotificationHubs v0.09
Platform
Perl 5 v5.12.1 i86pc-solaris-64
Date
2025-03-03 10:45:00
ID
8eb4979c-f81c-11ef-98b0-b3c3213a625c
This distribution has been tested as part of the CPAN Testers
project, supporting the Perl programming language.  See
http://wiki.cpantesters.org/ for more information or email
questions to cpan-testers-discuss@perl.org


--

Dear YTURTLE,

This is a computer-generated error report created automatically by
CPANPLUS, version 0.9914. Testers personal comments may appear
at the end of this report.


Thank you for uploading your work to CPAN.  However, it appears that
there were some problems testing your distribution.

TEST RESULTS:

Below is the error stack from stage 'make test':

t/00_compile.t .............. ok
t/10_new.t .................. ok
t/11_send_request.t ......... ok
t/12_uri.t .................. ok
t/13_req.t .................. ok
599 Internal Exception at t/21_request_do.t line 16
# Tests were run but no plan was declared and done_testing() was not seen.
# Looks like your test exited with 255 just after 1.
t/21_request_do.t ........... 
Dubious, test returned 255 (wstat 65280, 0xff00)
All 1 subtests passed 
    # No tests run!

#   Failed test 'No tests run for subtest "html response"'
#   at t/31_response_as_hashref.t line 16.
599 Internal Exception at t/31_response_as_hashref.t line 12
# Tests were run but no plan was declared and done_testing() was not seen.
# Looks like your test exited with 255 just after 1.
t/31_response_as_hashref.t .. 
Dubious, test returned 255 (wstat 65280, 0xff00)
Failed 1/1 subtests 

Test Summary Report
-------------------
t/21_request_do.t         (Wstat: 65280 (exited 255) Tests: 1 Failed: 0)
  Non-zero exit status: 255
  Parse errors: No plan found in TAP output
t/31_response_as_hashref.t (Wstat: 65280 (exited 255) Tests: 1 Failed: 1)
  Failed test:  1
  Non-zero exit status: 255
  Parse errors: No plan found in TAP output
Files=7, Tests=20,  2 wallclock secs ( 0.08 usr  0.04 sys +  1.29 cusr  0.28 csys =  1.69 CPU)
Result: FAIL


PREREQUISITES:

Here is a list of prerequisites you specified and versions we
managed to load:

	  Module Name                        Have     Want
	  Carp                               1.16        0
	  Class::Accessor::Lite              0.08        0
	  HTTP::Tiny                        0.090        0
	  JSON                               4.10        0
	  Net::Azure::Authorization::SAS     0.03     0.03
	  Net::SSLeay                        1.94        0
	  Test::More                     1.302204     0.98
	  Test::Time                        0.092        0
	  URI                                5.31        0

Perl module toolchain versions installed:
	Module Name                        Have
	CPANPLUS                         0.9914
	CPANPLUS::Dist::Build              0.90
	Cwd                                3.75
	ExtUtils::CBuilder             0.280236
	ExtUtils::Command                  7.70
	ExtUtils::Install                  2.22
	ExtUtils::MakeMaker                7.70
	ExtUtils::Manifest                 1.75
	ExtUtils::ParseXS                  3.51
	File::Spec                         3.75
	Module::Build                    0.4234
	Pod::Parser                        1.37
	Pod::Simple                        3.14
	Test2                          1.302204
	Test::Harness                      3.50
	Test::More                     1.302204
	version                          0.9933

******************************** NOTE ********************************
The comments above are created mechanically, possibly without manual
checking by the sender.  As there are many people performing automatic
tests on each upload to CPAN, it is likely that you will receive
identical messages about the same problem.

If you believe that the message is mistaken, please reply to the first
one with correction and/or additional informations, and do not take
it personally.  We appreciate your patience. :)
**********************************************************************

Additional comments:


This report was machine-generated by CPANPLUS::Dist::YACSmoke 1.08.
Powered by minismokebox version 0.68

CPANPLUS is prefering Build.PL

------------------------------
ENVIRONMENT AND OTHER CONTEXT
------------------------------

Environment variables:

    AUTOMATED_TESTING = 1
    LANG = en_GB.UTF-8
    NONINTERACTIVE_TESTING = 1
    PATH = /usr/bin:/usr/sbin:/sbin:/opt/ooce/bin:/usr/gnu/bin
    PERL5LIB = /home/cpan/pit/jail/x5ldYOSVZS/lib/perl5:/home/cpan/pit/bare/conf/perl-5.12.1/.cpanplus/5.12.1/build/y77W_TOFM7/Net-Azure-NotificationHubs-0.09/blib/lib:/home/cpan/pit/bare/conf/perl-5.12.1/.cpanplus/5.12.1/build/y77W_TOFM7/Net-Azure-NotificationHubs-0.09/blib/arch
    PERL5_CPANPLUS_IS_RUNNING = 20652
    PERL5_CPANPLUS_IS_VERSION = 0.9914
    PERL5_MINISMOKEBOX = 0.68
    PERL5_YACSMOKE_BASE = /home/cpan/pit/bare/conf/perl-5.12.1
    PERL_EXTUTILS_AUTOINSTALL = --defaultdeps
    PERL_LOCAL_LIB_ROOT = /home/cpan/pit/jail/x5ldYOSVZS
    PERL_MB_OPT = --install_base "/home/cpan/pit/jail/x5ldYOSVZS"
    PERL_MM_OPT = INSTALL_BASE=/home/cpan/pit/jail/x5ldYOSVZS
    PERL_MM_USE_DEFAULT = 1
    SHELL = /bin/bash
    TERM = screen.xterm-256color

Perl special variables (and OS-specific diagnostics, for MSWin32):

    Perl: $^X = /home/cpan/pit/bare/perl-5.12.1/bin/perl
    UID:  $<  = 101
    EUID: $>  = 101
    GID:  $(  = 101 101
    EGID: $)  = 101 101


-------------------------------


--

Summary of my perl5 (revision 5 version 12 subversion 1) configuration:
   
  Platform:
    osname=solaris, osvers=2.11, archname=i86pc-solaris-64
    uname='sunos ouzel 5.11 omnios-r151034-0d278a0cc5 i86pc i386 i86pc '
    config_args='-des -Dprefix=/home/cpan/pit/bare/perl-5.12.1 -Duse64bitall -Dcc=gcc'
    hint=recommended, useposix=true, d_sigaction=define
    useithreads=undef, usemultiplicity=undef
    useperlio=define, d_sfio=undef, uselargefiles=define, usesocks=undef
    use64bitint=define, use64bitall=define, uselongdouble=undef
    usemymalloc=n, bincompat5005=undef
  Compiler:
    cc='gcc', ccflags ='-m64 -fwrapv -fno-strict-aliasing -pipe -fstack-protector -D_LARGEFILE_SOURCE -D_FILE_OFFSET_BITS=64 -DPERL_USE_SAFE_PUTENV',
    optimize='-O',
    cppflags='-m64 -fwrapv -fno-strict-aliasing -pipe -fstack-protector'
    ccversion='', gccversion='9.3.0', gccosandvers=''
    intsize=4, longsize=8, ptrsize=8, doublesize=8, byteorder=12345678
    d_longlong=define, longlongsize=8, d_longdbl=define, longdblsize=16
    ivtype='long', ivsize=8, nvtype='double', nvsize=8, Off_t='off_t', lseeksize=8
    alignbytes=8, prototype=define
  Linker and Libraries:
    ld='gcc', ldflags =' -m64 -fstack-protector -L/usr/gnu/lib '
    libpth=/usr/gnu/lib /usr/lib /usr/ccs/lib
    libs=-lsocket -lnsl -ldl -lm -lc
    perllibs=-lsocket -lnsl -ldl -lm -lc
    libc=/lib/libc.so, so=so, useshrplib=true, libperl=libperl.so
    gnulibc_version=''
  Dynamic Linking:
    dlsrc=dl_dlopen.xs, dlext=so, d_dlsymun=undef, ccdlflags='  -R /home/cpan/pit/bare/perl-5.12.1/lib/5.12.1/i86pc-solaris-64/CORE'
    cccdlflags='-fPIC', lddlflags=' -shared -m64 -L/usr/gnu/lib -fstack-protector'


Characteristics of this binary (from libperl): 
  Compile-time options: PERL_DONT_CREATE_GVSV PERL_MALLOC_WRAP
                        PERL_USE_SAFE_PUTENV USE_64_BIT_ALL USE_64_BIT_INT
                        USE_LARGE_FILES USE_PERLIO USE_PERL_ATOF
  Locally applied patches:
	Devel::PatchPerl 2.00
  Built under solaris
  Compiled at Aug 19 2020 02:34:13
  %ENV:
    PERL5LIB="/home/cpan/pit/jail/x5ldYOSVZS/lib/perl5:/home/cpan/pit/bare/conf/perl-5.12.1/.cpanplus/5.12.1/build/y77W_TOFM7/Net-Azure-NotificationHubs-0.09/blib/lib:/home/cpan/pit/bare/conf/perl-5.12.1/.cpanplus/5.12.1/build/y77W_TOFM7/Net-Azure-NotificationHubs-0.09/blib/arch"
    PERL5_CPANPLUS_IS_RUNNING="20652"
    PERL5_CPANPLUS_IS_VERSION="0.9914"
    PERL5_MINISMOKEBOX="0.68"
    PERL5_YACSMOKE_BASE="/home/cpan/pit/bare/conf/perl-5.12.1"
    PERL_EXTUTILS_AUTOINSTALL="--defaultdeps"
    PERL_LOCAL_LIB_ROOT="/home/cpan/pit/jail/x5ldYOSVZS"
    PERL_MB_OPT="--install_base "/home/cpan/pit/jail/x5ldYOSVZS""
    PERL_MM_OPT="INSTALL_BASE=/home/cpan/pit/jail/x5ldYOSVZS"
    PERL_MM_USE_DEFAULT="1"
  @INC:
    /home/cpan/pit/jail/x5ldYOSVZS/lib/perl5/5.12.1/i86pc-solaris-64
    /home/cpan/pit/jail/x5ldYOSVZS/lib/perl5/5.12.1
    /home/cpan/pit/jail/x5ldYOSVZS/lib/perl5/i86pc-solaris-64
    /home/cpan/pit/jail/x5ldYOSVZS/lib/perl5
    /home/cpan/pit/bare/conf/perl-5.12.1/.cpanplus/5.12.1/build/y77W_TOFM7/Net-Azure-NotificationHubs-0.09/blib/lib
    /home/cpan/pit/bare/conf/perl-5.12.1/.cpanplus/5.12.1/build/y77W_TOFM7/Net-Azure-NotificationHubs-0.09/blib/arch
    /home/cpan/pit/bare/perl-5.12.1/lib/site_perl/5.12.1/i86pc-solaris-64
    /home/cpan/pit/bare/perl-5.12.1/lib/site_perl/5.12.1
    /home/cpan/pit/bare/perl-5.12.1/lib/5.12.1/i86pc-solaris-64
    /home/cpan/pit/bare/perl-5.12.1/lib/5.12.1
    .