Back
From: metabase:user:c1859b88-af6d-11df-b000-ae20fb0c70d3
Subject: FAIL Data-Serializable-0.03 v5.10.1 OpenBSD
Date: 2010-09-23T00:14:40Z
This distribution has been tested as part of the CPAN Testers
project, supporting the Perl programming language. See
http://wiki.cpantesters.org/ for more information or email
questions to cpan-testers-discuss@perl.org
--
Dear Robin Smidsrod,
This is a computer-generated report for Data-Serializable-0.03
on perl 5.10.1, created by CPAN-Reporter-1.18.
Thank you for uploading your work to CPAN. However, there was a problem
testing your distribution.
If you think this report is invalid, please consult the CPAN Testers Wiki
for suggestions on how to avoid getting FAIL reports for missing library
or binary dependencies, unsupported operating systems, and so on:
http://wiki.cpantesters.org/wiki/CPANAuthorNotes
Sections of this report:
* Tester comments
* Program output
* Prerequisites
* Environment and other context
------------------------------
TESTER COMMENTS
------------------------------
Additional comments from tester:
this report is from an automated smoke testing program
and was not reviewed by a human for accuracy
------------------------------
PROGRAM OUTPUT
------------------------------
Output from '/usr/bin/make test':
PERL_DL_NONLAZY=1 /usr/bin/perl "-MExtUtils::Command::MM" "-e" "test_harness(0, 'inc', 'blib/lib', 'blib/arch')" t/*.t
# Testing Data::Serializable 0.03, Perl 5.010001, /usr/bin/perl
t/00-load.t ............. ok
Couldn't serialize data: MyClass does not support builder method '_build_serializer' for attribute 'serializer' at /home/tester/.cpan/build/Data-Serializable-0.03-CbRwo7/blib/lib/Data/Serializable.pm line 216
eval {...} called at /home/tester/.cpan/build/Data-Serializable-0.03-CbRwo7/blib/lib/Data/Serializable.pm line 216
Data::Serializable::serialize('MyClass=HASH(0x203494ac8)', 'Foo') called at t/10-example_1.t line 14
at t/10-example_1.t line 14
# Looks like your test exited with 255 before it could output anything.
t/10-example_1.t ........
Dubious, test returned 255 (wstat 65280, 0xff00)
Failed 2/2 subtests
# Failed test '_wrap_invalid is not private'
# at t/20-visibility.t line 15.
# Failed test '_unwrap_invalid is not private'
# at t/20-visibility.t line 16.
# Failed test '_build_serializer is not private'
# at t/20-visibility.t line 17.
# Failed test '_build_deserializer is not private'
# at t/20-visibility.t line 18.
# Looks like you failed 4 tests of 9.
t/20-visibility.t .......
Dubious, test returned 4 (wstat 1024, 0x400)
Failed 4/9 subtests
Couldn't serialize data: MyClass does not support builder method '_build_serializer' for attribute 'serializer' at /home/tester/.cpan/build/Data-Serializable-0.03-CbRwo7/blib/lib/Data/Serializable.pm line 216
eval {...} called at /home/tester/.cpan/build/Data-Serializable-0.03-CbRwo7/blib/lib/Data/Serializable.pm line 216
Data::Serializable::serialize('MyClass=HASH(0x205da8598)', 'Test') called at t/30-convert_default.t line 18
at t/30-convert_default.t line 18
# Looks like your test exited with 255 before it could output anything.
t/30-convert_default.t ..
Dubious, test returned 255 (wstat 65280, 0xff00)
Failed 5/5 subtests
Couldn't serialize data: MyClass does not support builder method '_build_serializer' for attribute 'serializer' at /home/tester/.cpan/build/Data-Serializable-0.03-CbRwo7/blib/lib/Data/Serializable.pm line 216
eval {...} called at /home/tester/.cpan/build/Data-Serializable-0.03-CbRwo7/blib/lib/Data/Serializable.pm line 216
Data::Serializable::serialize('MyClass=HASH(0x204d1fac8)', 'Test') called at t/31-convert_json.t line 18
at t/31-convert_json.t line 18
# Looks like your test exited with 255 before it could output anything.
t/31-convert_json.t .....
Dubious, test returned 255 (wstat 65280, 0xff00)
Failed 6/6 subtests
t/boilerplate.t ......... ok
t/pod-coverage.t ........ skipped: Test::Pod::Coverage 1.08 required for testing POD coverage
t/pod.t ................. ok
Test Summary Report
-------------------
t/10-example_1.t (Wstat: 65280 Tests: 0 Failed: 0)
Non-zero exit status: 255
Parse errors: Bad plan. You planned 2 tests but ran 0.
t/20-visibility.t (Wstat: 1024 Tests: 9 Failed: 4)
Failed tests: 1-4
Non-zero exit status: 4
t/30-convert_default.t (Wstat: 65280 Tests: 0 Failed: 0)
Non-zero exit status: 255
Parse errors: Bad plan. You planned 5 tests but ran 0.
t/31-convert_json.t (Wstat: 65280 Tests: 0 Failed: 0)
Non-zero exit status: 255
Parse errors: Bad plan. You planned 6 tests but ran 0.
t/boilerplate.t (Wstat: 0 Tests: 3 Failed: 0)
TODO passed: 1-3
Files=8, Tests=14, 25 wallclock secs ( 0.47 usr 0.39 sys + 19.01 cusr 3.30 csys = 23.17 CPU)
Result: FAIL
Failed 4/8 test programs. 4/14 subtests failed.
*** Error code 255
Stop in /home/tester/.cpan/build/Data-Serializable-0.03-CbRwo7 (line 757 of Makefile).
------------------------------
PREREQUISITES
------------------------------
Prerequisite modules loaded:
requires:
Module Need Have
---------------------- ---- ----
Carp 0 1.11
Class::MOP 0 1.05
Data::Serializer::JSON 0 0.03
ExtUtils::MakeMaker 6.42 6.56
JSON 0 2.21
Moose 0 1.10
Moose::Role 0 1.10
namespace::autoclean 0 0.11
Storable 0 2.21
Test::More 0 0.96
configure_requires:
Module Need Have
---------------------- ---- ----
ExtUtils::MakeMaker 6.42 6.56
------------------------------
ENVIRONMENT AND OTHER CONTEXT
------------------------------
Environment variables:
AUTOMATED_TESTING = 1
PATH = /home/tester/bin:/bin:/sbin:/usr/bin:/usr/sbin:/usr/X11R6/bin:/usr/local/bin:/usr/local/sbin:/usr/games:.
PERL5LIB = /home/tester/.cpan/build/Data-Serializer-0.49-vSax6m/blib/arch:/home/tester/.cpan/build/Data-Serializer-0.49-vSax6m/blib/lib:/home/tester/.cpan/build/MooseX-POE-0.208-zVKQoC/blib/arch:/home/tester/.cpan/build/MooseX-POE-0.208-zVKQoC/blib/lib:/home/tester/.cpan/build/POE-1.293-ACO9n4/blib/arch:/home/tester/.cpan/build/POE-1.293-ACO9n4/blib/lib:/home/tester/.cpan/build/POE-Test-Loops-1.035-SNpehG/blib/arch:/home/tester/.cpan/build/POE-Test-Loops-1.035-SNpehG/blib/lib
PERL5OPT =
PERL5_CPANPLUS_IS_RUNNING = 19831
PERL5_CPAN_IS_RUNNING = 19831
PERL5_CPAN_IS_RUNNING_IN_RECURSION = 6388,19831
PERL_CR_SMOKER_CURRENT = Log-UDP-Server-0.03
PERL_EXTUTILS_AUTOINSTALL = --defaultdeps
PERL_MM_USE_DEFAULT = 1
SHELL = /bin/ksh
TERM = rxvt
Perl special variables (and OS-specific diagnostics, for MSWin32):
$^X = /usr/bin/perl
$UID/$EUID = 2000 / 2000
$GID = 2000 2000 0
$EGID = 2000 2000 0
Perl module toolchain versions installed:
Module Have
------------------- ------
CPAN 1.9402
Cwd 3.31
ExtUtils::CBuilder 0.2703
ExtUtils::Command 1.16
ExtUtils::Install 1.54
ExtUtils::MakeMaker 6.56
ExtUtils::Manifest 1.58
ExtUtils::ParseXS 2.2206
File::Spec 3.31
Module::Build 0.3607
Module::Signature n/a
Test::Harness 3.22
Test::More 0.96
YAML 0.71
YAML::Syck 1.12
version 0.82
--
Summary of my perl5 (revision 5 version 10 subversion 1) configuration:
Platform:
osname=openbsd, osvers=4.8, archname=sparc64-openbsd
uname='openbsd'
config_args='-dsE -Dopenbsd_distribution=defined -Dmksymlinks'
hint=recommended, useposix=true, d_sigaction=define
useithreads=undef, usemultiplicity=undef
useperlio=define, d_sfio=undef, uselargefiles=define, usesocks=undef
use64bitint=define, use64bitall=define, uselongdouble=undef
usemymalloc=n, bincompat5005=undef
Compiler:
cc='cc', ccflags ='-fno-strict-aliasing -fno-delete-null-pointer-checks -pipe -fstack-protector -I/usr/local/include',
optimize='-O2',
cppflags='-fno-strict-aliasing -fno-delete-null-pointer-checks -pipe -fstack-protector -I/usr/local/include'
ccversion='', gccversion='4.2.1 20070719 ', gccosandvers='openbsd4.8'
intsize=4, longsize=8, ptrsize=8, doublesize=8, byteorder=87654321
d_longlong=define, longlongsize=8, d_longdbl=define, longdblsize=16
ivtype='long', ivsize=8, nvtype='double', nvsize=8, Off_t='off_t', lseeksize=8
alignbytes=8, prototype=define
Linker and Libraries:
ld='cc', ldflags ='-Wl,-E -fstack-protector'
libpth=/usr/lib
libs=-lm -lutil -lc
perllibs=-lm -lutil -lc
libc=/usr/lib/libc.a, so=so, useshrplib=true, libperl=libperl.so.11.1
gnulibc_version=''
Dynamic Linking:
dlsrc=dl_dlopen.xs, dlext=so, d_dlsymun=undef, ccdlflags='-Wl,-R/usr/libdata/perl5/sparc64-openbsd/5.10.1/CORE'
cccdlflags='-DPIC -fPIC ', lddlflags='-shared -fPIC -fstack-protector'
Characteristics of this binary (from libperl):
Compile-time options: PERL_DONT_CREATE_GVSV PERL_MALLOC_WRAP USE_64_BIT_ALL
USE_64_BIT_INT USE_LARGE_FILES USE_PERLIO
Built under OpenBSD
%ENV:
PERL5LIB="/home/tester/.cpan/build/Data-Serializer-0.49-vSax6m/blib/arch:/home/tester/.cpan/build/Data-Serializer-0.49-vSax6m/blib/lib:/home/tester/.cpan/build/MooseX-POE-0.208-zVKQoC/blib/arch:/home/tester/.cpan/build/MooseX-POE-0.208-zVKQoC/blib/lib:/home/tester/.cpan/build/POE-1.293-ACO9n4/blib/arch:/home/tester/.cpan/build/POE-1.293-ACO9n4/blib/lib:/home/tester/.cpan/build/POE-Test-Loops-1.035-SNpehG/blib/arch:/home/tester/.cpan/build/POE-Test-Loops-1.035-SNpehG/blib/lib"
PERL5OPT=""
PERL5_CPANPLUS_IS_RUNNING="19831"
PERL5_CPAN_IS_RUNNING="19831"
PERL5_CPAN_IS_RUNNING_IN_RECURSION="6388,19831"
PERL_CR_SMOKER_CURRENT="Log-UDP-Server-0.03"
PERL_EXTUTILS_AUTOINSTALL="--defaultdeps"
PERL_MM_USE_DEFAULT="1"
@INC:
/home/tester/.cpan/build/Data-Serializer-0.49-vSax6m/blib/arch
/home/tester/.cpan/build/Data-Serializer-0.49-vSax6m/blib/lib
/home/tester/.cpan/build/MooseX-POE-0.208-zVKQoC/blib/arch
/home/tester/.cpan/build/MooseX-POE-0.208-zVKQoC/blib/lib
/home/tester/.cpan/build/POE-1.293-ACO9n4/blib/arch
/home/tester/.cpan/build/POE-1.293-ACO9n4/blib/lib
/home/tester/.cpan/build/POE-Test-Loops-1.035-SNpehG/blib/arch
/home/tester/.cpan/build/POE-Test-Loops-1.035-SNpehG/blib/lib
/usr/libdata/perl5/sparc64-openbsd/5.10.1
/usr/local/libdata/perl5/sparc64-openbsd/5.10.1
/usr/libdata/perl5
/usr/local/libdata/perl5
/usr/local/libdata/perl5/site_perl/sparc64-openbsd
/usr/libdata/perl5/site_perl/sparc64-openbsd
/usr/local/libdata/perl5/site_perl
/usr/libdata/perl5/site_perl
.