Report for String-Defer-3

Back
From: metabase:user:320bfe00-2aae-11df-837a-5e0a49663a4f
Subject: FAIL String-Defer-3 v5.21.8 GNU/Linux
Date: 2015-03-23T06:55:15Z

This distribution has been tested as part of the CPAN Testers
project, supporting the Perl programming language.  See
http://wiki.cpantesters.org/ for more information or email
questions to cpan-testers-discuss@perl.org


--
Dear Ben Morrow,

This is a computer-generated report for String-Defer-3
on perl 5.21.8, created by CPAN-Reporter-1.2011.

Thank you for uploading your work to CPAN.  However, there was a problem
testing your distribution.

If you think this report is invalid, please consult the CPAN Testers Wiki
for suggestions on how to avoid getting FAIL reports for missing library
or binary dependencies, unsupported operating systems, and so on:

http://wiki.cpantesters.org/wiki/CPANAuthorNotes

Sections of this report:

    * Tester comments
    * Program output
    * Prerequisites
    * Environment and other context

------------------------------
TESTER COMMENTS
------------------------------

Additional comments from tester:

this report is from an automated smoke testing program
and was not reviewed by a human for accuracy

------------------------------
PROGRAM OUTPUT
------------------------------

Output from './Build test':

t/00use.t ..... ok
t/defer.t ..... ok

#   Failed test 'fresh state = 3-way interpolated object gives a String::Defer'
#   at t/expr.t line 94.

#   Failed test 'fresh state = 2 interps, object first gives a String::Defer'
#   at t/expr.t line 94.

#   Failed test 'fresh state = 2 interps, object last gives a String::Defer'
#   at t/expr.t line 94.

#   Failed test 'fresh state = 3-way interpolated tied scalar gives a String::Defer'
#   at t/expr.t line 94.

#   Failed test 'fresh state = 2 interps, tied scalar first gives a String::Defer'
#   at t/expr.t line 94.

#   Failed test 'fresh state = 2 interps, tied scalar last gives a String::Defer'
#   at t/expr.t line 94.

#   Failed test 'fresh state = 3-way interpolated tied array gives a String::Defer'
#   at t/expr.t line 94.

#   Failed test 'fresh state = 2 interps, tied array first gives a String::Defer'
#   at t/expr.t line 94.

#   Failed test 'fresh state = 2 interps, tied array last gives a String::Defer'
#   at t/expr.t line 94.

#   Failed test 'fresh state = 3-way interpolated tied hash gives a String::Defer'
#   at t/expr.t line 94.

#   Failed test 'fresh state = 2 interps, tied hash first gives a String::Defer'
#   at t/expr.t line 94.

#   Failed test 'fresh state = 2 interps, tied hash last gives a String::Defer'
#   at t/expr.t line 94.
# Looks like you failed 12 tests of 432.
t/expr.t ...... 
Dubious, test returned 12 (wstat 3072, 0xc00)
Failed 12/432 subtests 
t/join.t ...... ok
Smartmatch is experimental at (eval 110) line 1.
t/overload.t .. ok
t/ref.t ....... ok

Test Summary Report
-------------------
t/expr.t    (Wstat: 3072 Tests: 432 Failed: 12)
  Failed tests:  44, 62, 80, 152, 170, 188, 260, 278, 296
                368, 386, 404
  Non-zero exit status: 12
Files=6, Tests=1402,  4 wallclock secs ( 0.22 usr  0.10 sys +  0.52 cusr  0.09 csys =  0.93 CPU)
Result: FAIL
Failed 1/6 test programs. 12/1402 subtests failed.

------------------------------
PREREQUISITES
------------------------------

Prerequisite modules loaded:

requires:

    Module          Need Have    
    --------------- ---- --------
    Exporter        5.57 5.72    

build_requires:

    Module          Need Have    
    --------------- ---- --------
    Test::Exception 0.31 0.38    
    Test::Exports   1    1       
    Test::More      0.65 1.001014

configure_requires:

    Module          Need Have    
    --------------- ---- --------
    Module::Build   0.38 0.4211  


------------------------------
ENVIRONMENT AND OTHER CONTEXT
------------------------------

Environment variables:

    AUTOMATED_TESTING = 1
    LANG = en_US.UTF-8
    LANGUAGE = en_US:en
    PATH = /home/sand/bin:/usr/local/bin:/usr/bin:/bin:/usr/games:/usr/local/perl/bin:/usr/X11/bin:/sbin:/usr/sbin
    PERL5LIB = 
    PERL5OPT = 
    PERL5_CPANPLUS_IS_RUNNING = 27770
    PERL5_CPAN_IS_RUNNING = 27770
    PERL_MM_USE_DEFAULT = 1
    SHELL = /usr/bin/zsh
    TERM = screen

Perl special variables (and OS-specific diagnostics, for MSWin32):

    $^X = /home/sand/src/perl/repoperls/installed-perls/perl/v5.21.8/9ab7/bin/perl
    $UID/$EUID = 1005 / 1005
    $GID = 1005 1005
    $EGID = 1005 1005

Perl module toolchain versions installed:

    Module              Have    
    ------------------- --------
    CPAN                2.10    
    CPAN::Meta          2.150001
    Cwd                 3.54    
    ExtUtils::CBuilder  0.280221
    ExtUtils::Command   1.20    
    ExtUtils::Install   2.04    
    ExtUtils::MakeMaker 7.04    
    ExtUtils::Manifest  1.70    
    ExtUtils::ParseXS   3.27    
    File::Spec          3.53    
    JSON                2.90    
    JSON::PP            2.27300 
    Module::Build       0.4211  
    Module::Signature   0.73    
    Parse::CPAN::Meta   1.4414  
    Test::Harness       3.35    
    Test::More          1.001014
    YAML                1.14    
    YAML::Syck          1.29    
    version             0.9912  


--

Summary of my perl5 (revision 5 version 21 subversion 8) configuration:
  Commit id: eaee347ce4f7d9b8965d022a06b90c4b07bcad4a
  Platform:
    osname=linux, osvers=3.16.0-4-amd64, archname=x86_64-linux
    uname='linux k83 3.16.0-4-amd64 #1 smp debian 3.16.7-ckt7-1 (2015-03-01) x86_64 gnulinux '
    config_args='-Dprefix=/home/sand/src/perl/repoperls/installed-perls/perl/v5.21.8/9ab7 -Dmyhostname=k83 -Dinstallusrbinperl=n -Uversiononly -Dusedevel -des -Ui_db -Uuseithreads -Uuselongdouble'
    hint=recommended, useposix=true, d_sigaction=define
    useithreads=undef, usemultiplicity=undef
    use64bitint=define, use64bitall=define, uselongdouble=undef
    usemymalloc=n, bincompat5005=undef
  Compiler:
    cc='cc', ccflags ='-fwrapv -fno-strict-aliasing -pipe -fstack-protector-strong -I/usr/local/include -D_LARGEFILE_SOURCE -D_FILE_OFFSET_BITS=64 -D_FORTIFY_SOURCE=2',
    optimize='-O2',
    cppflags='-fwrapv -fno-strict-aliasing -pipe -fstack-protector-strong -I/usr/local/include'
    ccversion='', gccversion='4.9.2', gccosandvers=''
    intsize=4, longsize=8, ptrsize=8, doublesize=8, byteorder=12345678, doublekind=3
    d_longlong=define, longlongsize=8, d_longdbl=define, longdblsize=16, longdblkind=3
    ivtype='long', ivsize=8, nvtype='double', nvsize=8, Off_t='off_t', lseeksize=8
    alignbytes=8, prototype=define
  Linker and Libraries:
    ld='cc', ldflags =' -fstack-protector-strong -L/usr/local/lib'
    libpth=/usr/local/lib /usr/lib/gcc/x86_64-linux-gnu/4.9/include-fixed /usr/include/x86_64-linux-gnu /usr/lib /lib/x86_64-linux-gnu /lib/../lib /usr/lib/x86_64-linux-gnu /usr/lib/../lib /lib
    libs=-lpthread -lnsl -lgdbm -ldb -ldl -lm -lcrypt -lutil -lc -lgdbm_compat
    perllibs=-lpthread -lnsl -ldl -lm -lcrypt -lutil -lc
    libc=libc-2.19.so, so=so, useshrplib=false, libperl=libperl.a
    gnulibc_version='2.19'
  Dynamic Linking:
    dlsrc=dl_dlopen.xs, dlext=so, d_dlsymun=undef, ccdlflags='-Wl,-E'
    cccdlflags='-fPIC', lddlflags='-shared -O2 -L/usr/local/lib -fstack-protector-strong'


Characteristics of this binary (from libperl): 
  Compile-time options: HAS_TIMES PERLIO_LAYERS PERL_DONT_CREATE_GVSV
                        PERL_HASH_FUNC_ONE_AT_A_TIME_HARD PERL_MALLOC_WRAP
                        PERL_NEW_COPY_ON_WRITE PERL_PRESERVE_IVUV
                        PERL_USE_DEVEL USE_64_BIT_ALL USE_64_BIT_INT
                        USE_LARGE_FILES USE_LOCALE USE_LOCALE_COLLATE
                        USE_LOCALE_CTYPE USE_LOCALE_NUMERIC USE_LOCALE_TIME
                        USE_PERLIO USE_PERL_ATOF
  Built under linux
  Compiled at Mar 15 2015 01:41:52
  %ENV:
    PERL5LIB=""
    PERL5OPT=""
    PERL5_CPANPLUS_IS_RUNNING="27770"
    PERL5_CPAN_IS_RUNNING="27770"
    PERL_MM_USE_DEFAULT="1"
  @INC:
    /home/sand/src/perl/repoperls/installed-perls/perl/v5.21.8/9ab7/lib/site_perl/5.21.8/x86_64-linux
    /home/sand/src/perl/repoperls/installed-perls/perl/v5.21.8/9ab7/lib/site_perl/5.21.8
    /home/sand/src/perl/repoperls/installed-perls/perl/v5.21.8/9ab7/lib/5.21.8/x86_64-linux
    /home/sand/src/perl/repoperls/installed-perls/perl/v5.21.8/9ab7/lib/5.21.8
    .