Back
From: metabase:user:320bfe00-2aae-11df-837a-5e0a49663a4f
Subject: FAIL Sys-Detect-Virtualization-0.107 v5.18.2 GNU/Linux
Date: 2014-06-17T20:18:34Z
This distribution has been tested as part of the CPAN Testers
project, supporting the Perl programming language. See
http://wiki.cpantesters.org/ for more information or email
questions to cpan-testers-discuss@perl.org
--
Dear David F. Skoll,
This is a computer-generated report for Sys-Detect-Virtualization-0.107
on perl 5.18.2, created by CPAN-Reporter-1.2011.
Thank you for uploading your work to CPAN. However, there was a problem
testing your distribution.
If you think this report is invalid, please consult the CPAN Testers Wiki
for suggestions on how to avoid getting FAIL reports for missing library
or binary dependencies, unsupported operating systems, and so on:
http://wiki.cpantesters.org/wiki/CPANAuthorNotes
Sections of this report:
* Tester comments
* Program output
* Prerequisites
* Environment and other context
------------------------------
TESTER COMMENTS
------------------------------
Additional comments from tester:
this report is from an automated smoke testing program
and was not reviewed by a human for accuracy
------------------------------
PROGRAM OUTPUT
------------------------------
Output from '/usr/bin/make test':
PERL_DL_NONLAZY=1 /home/sand/src/perl/repoperls/installed-perls/perl/v5.18.2/a2da/bin/perl "-MExtUtils::Command::MM" "-MTest::Harness" "-e" "undef *Test::Harness::Switches; test_harness(0, 'inc', 'blib/lib', 'blib/arch')" t/*.t
t/constructor.t .... ok
t/freebsd.t ........ skipped: Test only available on FreeBSD
t/linux.t .......... ok
# Failed test 'detect_dmidecode() against kvm test data'
# at t/linux_helpers.t line 83.
# Compared array length of $data
# got : array with 0 element(s)
# expect : array with 2 element(s)
# []
# Failed test 'detect_dmidecode() against vmware test data'
# at t/linux_helpers.t line 83.
# Compared array length of $data
# got : array with 0 element(s)
# expect : array with 1 element(s)
# []
# Failed test 'detect_dmidecode() against virtualpc test data'
# at t/linux_helpers.t line 83.
# Compared array length of $data
# got : array with 0 element(s)
# expect : array with 1 element(s)
# []
# Looks like you failed 3 tests of 19.
t/linux_helpers.t ..
Dubious, test returned 3 (wstat 768, 0x300)
Failed 3/19 subtests
t/manifest.t ....... skipped: Author tests not required for installation
t/pod-coverage.t ... ok
# Failed test 'POD test for blib/script/virtdetect'
# at /home/sand/src/perl/repoperls/installed-perls/perl/v5.18.2/a2da/lib/site_perl/5.18.2/Test/Pod.pm line 186.
# blib/script/virtdetect (61): Expected text after =item, not a number
# blib/script/virtdetect (65): Expected text after =item, not a number
# Looks like you failed 1 test of 4.
t/pod.t ............
Dubious, test returned 1 (wstat 256, 0x100)
Failed 1/4 subtests
Test Summary Report
-------------------
t/linux_helpers.t (Wstat: 768 Tests: 19 Failed: 3)
Failed tests: 5, 9, 13
Non-zero exit status: 3
t/pod.t (Wstat: 256 Tests: 4 Failed: 1)
Failed test: 1
Non-zero exit status: 1
Files=7, Tests=34, 1 wallclock secs ( 0.03 usr 0.02 sys + 0.44 cusr 0.06 csys = 0.55 CPU)
Result: FAIL
Failed 2/7 test programs. 4/34 subtests failed.
Makefile:803: recipe for target 'test_dynamic' failed
make: *** [test_dynamic] Error 1
------------------------------
PREREQUISITES
------------------------------
Prerequisite modules loaded:
requires:
Module Need Have
------------------- ----- --------
Getopt::Long 0 2.39
perl 5.008 5.018002
Pod::Usage 0 1.63
POSIX 0 1.32
build_requires:
Module Need Have
------------------- ----- --------
ExtUtils::MakeMaker 6.59 6.98
File::Spec 0 3.47
Test::Deep 0 0.112
Test::Exception 0 0.32
Test::More 0.82 1.001003
configure_requires:
Module Need Have
------------------- ----- --------
ExtUtils::MakeMaker 6.59 6.98
------------------------------
ENVIRONMENT AND OTHER CONTEXT
------------------------------
Environment variables:
AUTOMATED_TESTING = 1
LANG = en_US.UTF-8
LANGUAGE = en_US:en
PATH = /usr/lib/ccache:/home/sand/bin:/usr/local/bin:/usr/bin:/bin:/usr/games:/usr/local/perl/bin:/usr/X11/bin:/sbin:/usr/sbin
PERL5LIB =
PERL5OPT =
PERL5_CPANPLUS_IS_RUNNING = 6175
PERL5_CPAN_IS_RUNNING = 6175
PERL_MM_USE_DEFAULT = 1
SHELL = /usr/bin/zsh
TERM = screen
Perl special variables (and OS-specific diagnostics, for MSWin32):
$^X = /home/sand/src/perl/repoperls/installed-perls/perl/v5.18.2/a2da/bin/perl
$UID/$EUID = 1005 / 1005
$GID = 1005 1005
$EGID = 1005 1005
Perl module toolchain versions installed:
Module Have
------------------- --------
CPAN 2.05
CPAN::Meta 2.141520
Cwd 3.47
ExtUtils::CBuilder 0.280216
ExtUtils::Command 1.17
ExtUtils::Install 1.59
ExtUtils::MakeMaker 6.98
ExtUtils::Manifest 1.63
ExtUtils::ParseXS 3.24
File::Spec 3.47
JSON 2.90
JSON::PP 2.27203
Module::Build 0.4205
Module::Signature 0.73
Parse::CPAN::Meta 1.4414
Test::Harness 3.32
Test::More 1.001003
YAML 0.94
YAML::Syck 1.27
version 0.9902
--
Summary of my perl5 (revision 5 version 18 subversion 2) configuration:
Commit id: e2a4306ace4a19cb3a434e4eb9fedad6ff1248b4
Platform:
osname=linux, osvers=3.14-1-amd64, archname=x86_64-linux-thread-multi-ld
uname='linux k83 3.14-1-amd64 #1 smp debian 3.14.5-1 (2014-06-05) x86_64 gnulinux '
config_args='-Dprefix=/home/sand/src/perl/repoperls/installed-perls/perl/v5.18.2/a2da -Dmyhostname=k83 -Dinstallusrbinperl=n -Uversiononly -Dusedevel -des -Ui_db -Duseithreads -Duselongdouble -DDEBUGGING=-g'
hint=recommended, useposix=true, d_sigaction=define
useithreads=define, usemultiplicity=define
useperlio=define, d_sfio=undef, uselargefiles=define, usesocks=undef
use64bitint=define, use64bitall=define, uselongdouble=define
usemymalloc=n, bincompat5005=undef
Compiler:
cc='cc', ccflags ='-D_REENTRANT -D_GNU_SOURCE -fno-strict-aliasing -pipe -fstack-protector -I/usr/local/include -D_LARGEFILE_SOURCE -D_FILE_OFFSET_BITS=64',
optimize='-O2 -g',
cppflags='-D_REENTRANT -D_GNU_SOURCE -fno-strict-aliasing -pipe -fstack-protector -I/usr/local/include'
ccversion='', gccversion='4.8.3', gccosandvers=''
intsize=4, longsize=8, ptrsize=8, doublesize=8, byteorder=12345678
d_longlong=define, longlongsize=8, d_longdbl=define, longdblsize=16
ivtype='long', ivsize=8, nvtype='long double', nvsize=16, Off_t='off_t', lseeksize=8
alignbytes=16, prototype=define
Linker and Libraries:
ld='cc', ldflags =' -fstack-protector -L/usr/local/lib'
libpth=/usr/local/lib /lib/x86_64-linux-gnu /lib/../lib /usr/lib/x86_64-linux-gnu /usr/lib/../lib /lib /usr/lib
libs=-lnsl -lgdbm -ldb -ldl -lm -lcrypt -lutil -lpthread -lc -lgdbm_compat
perllibs=-lnsl -ldl -lm -lcrypt -lutil -lpthread -lc
libc=, so=so, useshrplib=false, libperl=libperl.a
gnulibc_version='2.19'
Dynamic Linking:
dlsrc=dl_dlopen.xs, dlext=so, d_dlsymun=undef, ccdlflags='-Wl,-E'
cccdlflags='-fPIC', lddlflags='-shared -O2 -g -L/usr/local/lib -fstack-protector'
Characteristics of this binary (from libperl):
Compile-time options: HAS_TIMES MULTIPLICITY PERLIO_LAYERS
PERL_DONT_CREATE_GVSV
PERL_HASH_FUNC_ONE_AT_A_TIME_HARD
PERL_IMPLICIT_CONTEXT PERL_MALLOC_WRAP
PERL_PRESERVE_IVUV PERL_SAWAMPERSAND PERL_USE_DEVEL
USE_64_BIT_ALL USE_64_BIT_INT USE_ITHREADS
USE_LARGE_FILES USE_LOCALE USE_LOCALE_COLLATE
USE_LOCALE_CTYPE USE_LOCALE_NUMERIC USE_LONG_DOUBLE
USE_PERLIO USE_PERL_ATOF USE_REENTRANT_API
Built under linux
Compiled at Jun 10 2014 11:54:20
%ENV:
PERL5LIB=""
PERL5OPT=""
PERL5_CPANPLUS_IS_RUNNING="6175"
PERL5_CPAN_IS_RUNNING="6175"
PERL_MM_USE_DEFAULT="1"
@INC:
/home/sand/src/perl/repoperls/installed-perls/perl/v5.18.2/a2da/lib/site_perl/5.18.2/x86_64-linux-thread-multi-ld
/home/sand/src/perl/repoperls/installed-perls/perl/v5.18.2/a2da/lib/site_perl/5.18.2
/home/sand/src/perl/repoperls/installed-perls/perl/v5.18.2/a2da/lib/5.18.2/x86_64-linux-thread-multi-ld
/home/sand/src/perl/repoperls/installed-perls/perl/v5.18.2/a2da/lib/5.18.2
.