Math-Complex_C-L v0.06 Perl 5 v5.33.3 x86_64-linux
- Status
- Fail
- From
- Carlos Guevara
- Dist
-
Math-Complex_C-L v0.06
- Platform
- Perl 5 v5.33.3 x86_64-linux
- Date
- 2020-10-11 06:46:58
- ID
- 8f455a28-0b8d-11eb-92df-73c11d2b8f6e
This distribution has been tested as part of the CPAN Testers
project, supporting the Perl programming language. See
http://wiki.cpantesters.org/ for more information or email
questions to cpan-testers-discuss@perl.org
--
Dear Sisyphus,
This is a computer-generated report for Math-Complex_C-L-0.06
on perl 5.33.3, created by CPAN-Reporter-1.2018.
Thank you for uploading your work to CPAN. However, there was a problem
testing your distribution.
If you think this report is invalid, please consult the CPAN Testers Wiki
for suggestions on how to avoid getting FAIL reports for missing library
or binary dependencies, unsupported operating systems, and so on:
http://wiki.cpantesters.org/wiki/CPANAuthorNotes
Sections of this report:
* Tester comments
* Program output
* Prerequisites
* Environment and other context
------------------------------
TESTER COMMENTS
------------------------------
Additional comments from tester:
this report is from an automated smoke testing program
and was not reviewed by a human for accuracy
------------------------------
PROGRAM OUTPUT
------------------------------
Output from '/usr/bin/make test':
"/home/cpan/bin/perl-blead/bin/perl5.33.3" -MExtUtils::Command::MM -e 'cp_nonempty' -- L.bs blib/arch/auto/Math/Complex_C/L/L.bs 644
PERL_DL_NONLAZY=1 "/home/cpan/bin/perl-blead/bin/perl5.33.3" "-MExtUtils::Command::MM" "-MTest::Harness" "-e" "undef *Test::Harness::Switches; test_harness(0, 'blib/lib', 'blib/arch')" t/*.t
No tests with this file. Instead, mainly for the benefit
of the author, we (hopefully) see some diagnostics from some
test executables that were run during the Makefile.PL stage.
CC = cc
OPTIMIZE = -O2
catanhl & powl check:
gcc version check (build):
gcc version check (run): gcc version (9.3.0) is ok
t/00config_xtra.t .... ok
Default decimal precision is 21
t/01load.t ........... ok
Skipping tests 12-15 - Math::LongDouble not loaded
$@: Can't locate Math/LongDouble.pm in @INC (you may need to install the Math::LongDouble module) (@INC contains: /home/cpan/.cpan/build/Math-Complex_C-L-0.06-0/blib/lib /home/cpan/.cpan/build/Math-Complex_C-L-0.06-0/blib/arch /home/cpan/bin/perl-blead/lib/site_perl/5.33.3/x86_64-linux /home/cpan/bin/perl-blead/lib/site_perl/5.33.3 /home/cpan/bin/perl-blead/lib/5.33.3/x86_64-linux /home/cpan/bin/perl-blead/lib/5.33.3 .) at t/abs_arg.t line 98.
t/abs_arg.t .......... ok
t/arith.t ............ ok
t/bool.t ............. ok
t/conj_proj.t ........ ok
t/log_exp.t .......... ok
t/nan.t .............. ok
Skipping test 5 - Math::LongDouble not loaded
t/new.t .............. ok
Skipping all tests as Math::LongDouble is not available:
Can't locate Math/LongDouble.pm in @INC (you may need to install the Math::LongDouble module) (@INC contains: /home/cpan/.cpan/build/Math-Complex_C-L-0.06-0/blib/lib /home/cpan/.cpan/build/Math-Complex_C-L-0.06-0/blib/arch /home/cpan/bin/perl-blead/lib/site_perl/5.33.3/x86_64-linux /home/cpan/bin/perl-blead/lib/site_perl/5.33.3 /home/cpan/bin/perl-blead/lib/5.33.3/x86_64-linux /home/cpan/bin/perl-blead/lib/5.33.3 .) at t/new_LD.t line 5.
t/new_LD.t ........... ok
t/nnum.t ............. ok
t/overload_string.t .. ok
t/overload_xtra.t .... ok
t/pow.t .............. ok
t/prec.t ............. ok
Expected approx 1.31122326967164
Got 1.31122326850891
Expected approx 0.238877861256859
Got 0.238877862691879
Expected approx 0.238877861256859
Got 0.238877862691879
Expected approx 1.311223269671635
Got 1.31122326850891
Expected approx 0.579192942598755
Got 0.579192936420441
Expected approx -0.0760528436007479
Got -0.0760528445243835
t/trig.t .............
Failed 6/30 subtests
Test Summary Report
-------------------
t/trig.t (Wstat: 0 Tests: 30 Failed: 6)
Failed tests: 11-12, 23-24, 29-30
Files=16, Tests=182, 0 wallclock secs ( 0.05 usr 0.04 sys + 0.18 cusr 0.05 csys = 0.32 CPU)
Result: FAIL
Failed 1/16 test programs. 6/182 subtests failed.
make: *** [Makefile:1013: test_dynamic] Error 255
------------------------------
PREREQUISITES
------------------------------
Prerequisite modules loaded:
build_requires:
Module Need Have
------------------- ---- ----
ExtUtils::MakeMaker 0 7.48
configure_requires:
Module Need Have
------------------- ---- ----
ExtUtils::MakeMaker 0 7.48
------------------------------
ENVIRONMENT AND OTHER CONTEXT
------------------------------
Environment variables:
AUTOMATED_TESTING = 1
DATE_MANIP_TEST_DM5 = 1
LANG = C.UTF-8
LC_ALL = C
LC_COLLATE = C
NONINTERACTIVE_TESTING = 1
PATH = /home/cpan/bin/perl-blead/bin:/home/cpan/bin:/usr/local/sbin:/usr/local/bin:/usr/sbin:/usr/bin:/sbin:/bin
PERL5LIB =
PERL5OPT =
PERL5_CPANPLUS_IS_RUNNING = 27770
PERL5_CPAN_IS_RUNNING = 27770
PERL_MM_USE_DEFAULT = 1
PERL_USE_UNSAFE_INC = 1
PERL_VERSION = blead
SHELL = /bin/bash
TERM = screen.xterm-256color
TMPDIR = /home/cpan/tmp
Perl special variables (and OS-specific diagnostics, for MSWin32):
$^X = /home/cpan/bin/perl-blead/bin/perl5.33.3
$UID/$EUID = 1001 / 1001
$GID = 1001 1001
$EGID = 1001 1001
Perl module toolchain versions installed:
Module Have
------------------- --------
CPAN 2.27
CPAN::Meta 2.150010
Cwd 3.78
ExtUtils::CBuilder 0.280234
ExtUtils::Command 7.48
ExtUtils::Install 2.18
ExtUtils::MakeMaker 7.48
ExtUtils::Manifest 1.72
ExtUtils::ParseXS 3.41
File::Spec 3.78
JSON 4.02
JSON::PP 4.05
Module::Build 0.4231
Module::Signature n/a
Parse::CPAN::Meta 2.150010
Test::Harness 3.42
Test::More 1.302182
YAML 1.30
YAML::Syck 1.32
version 0.9928
--
Summary of my perl5 (revision 5 version 33 subversion 3) configuration:
Commit id: 6fcc97829bdaeea06234f29678b3a01b1289ce36
Platform:
osname=linux
osvers=5.4.43-1-lts
archname=x86_64-linux
uname='linux cjg-alpine3 5.4.43-1-lts #2-alpine smp thu, 28 may 2020 20:13:48 utc x86_64 linux '
config_args='-des -Dprefix=~/bin/perl-blead -Dscriptdir=~/bin/perl-blead/bin -Dusedevel -Duse64bitall'
hint=recommended
useposix=true
d_sigaction=define
useithreads=undef
usemultiplicity=undef
use64bitint=define
use64bitall=define
uselongdouble=undef
usemymalloc=n
default_inc_excludes_dot=define
Compiler:
cc='cc'
ccflags ='-D_GNU_SOURCE -fwrapv -fno-strict-aliasing -pipe -fstack-protector-strong -D_LARGEFILE_SOURCE -D_FILE_OFFSET_BITS=64'
optimize='-O2'
cppflags='-D_GNU_SOURCE -fwrapv -fno-strict-aliasing -pipe -fstack-protector-strong'
ccversion=''
gccversion='9.3.0'
gccosandvers=''
intsize=4
longsize=8
ptrsize=8
doublesize=8
byteorder=12345678
doublekind=3
d_longlong=define
longlongsize=8
d_longdbl=define
longdblsize=16
longdblkind=3
ivtype='long'
ivsize=8
nvtype='double'
nvsize=8
Off_t='off_t'
lseeksize=8
alignbytes=8
prototype=define
Linker and Libraries:
ld='cc'
ldflags =' -fstack-protector-strong -L/usr/local/lib'
libpth=/usr/include/fortify /usr/lib /usr/local/lib /lib/../lib /usr/lib/../lib /lib
libs=-lpthread -ldb -ldl -lm -lcrypt -lutil -lc
perllibs=-lpthread -ldl -lm -lcrypt -lutil -lc
libc=/usr/lib/libc.a
so=so
useshrplib=false
libperl=libperl.a
gnulibc_version=''
Dynamic Linking:
dlsrc=dl_dlopen.xs
dlext=so
d_dlsymun=undef
ccdlflags='-Wl,-E'
cccdlflags='-fPIC'
lddlflags='-shared -O2 -L/usr/local/lib -fstack-protector-strong'
Characteristics of this binary (from libperl):
Compile-time options:
HAS_TIMES
PERLIO_LAYERS
PERL_COPY_ON_WRITE
PERL_DONT_CREATE_GVSV
PERL_MALLOC_WRAP
PERL_OP_PARENT
PERL_PRESERVE_IVUV
PERL_USE_DEVEL
USE_64_BIT_ALL
USE_64_BIT_INT
USE_LARGE_FILES
USE_LOCALE
USE_LOCALE_COLLATE
USE_LOCALE_CTYPE
USE_LOCALE_NUMERIC
USE_LOCALE_TIME
USE_PERLIO
USE_PERL_ATOF
Built under linux
Compiled at Oct 10 2020 22:43:51
%ENV:
PERL5LIB=""
PERL5OPT=""
PERL5_CPANPLUS_IS_RUNNING="27770"
PERL5_CPAN_IS_RUNNING="27770"
PERL_MM_USE_DEFAULT="1"
PERL_USE_UNSAFE_INC="1"
PERL_VERSION="blead"
@INC:
/home/cpan/bin/perl-blead/lib/site_perl/5.33.3/x86_64-linux
/home/cpan/bin/perl-blead/lib/site_perl/5.33.3
/home/cpan/bin/perl-blead/lib/5.33.3/x86_64-linux
/home/cpan/bin/perl-blead/lib/5.33.3
.