Report for HTML-GenToc-3.20

Back
From: metabase:user:322078bc-2aae-11df-837a-5e0a49663a4f
Subject: FAIL HTML-GenToc-3.20 v5.10.0 FreeBSD
Date: 2011-04-07T10:34:04Z

This distribution has been tested as part of the CPAN Testers
project, supporting the Perl programming language.  See
http://wiki.cpantesters.org/ for more information or email
questions to cpan-testers-discuss@perl.org


--

Dear RUBYKAT,
    
This is a computer-generated error report created automatically by
CPANPLUS, version 0.9103. Testers personal comments may appear 
at the end of this report.


Thank you for uploading your work to CPAN.  However, it appears that
there were some problems testing your distribution.

TEST RESULTS:

Below is the error stack from stage 'make test':

[MSG] [Thu Apr  7 11:33:51 2011] Building HTML-LinkList

[MSG] [Thu Apr  7 11:33:52 2011] MAKE TEST passed:
t/00_dist.t .............. skipped: Test::Distribution not installed
# Testing HTML::LinkList 0.1503
t/01_load.t .............. ok
t/10_link_list.t ......... ok
t/20_link_tree.t ......... ok
t/30_full_tree.t ......... ok
t/40_breadcrumb_trail.t .. ok
t/50_nav_tree.t .......... ok
t/pod-coverage.t ......... skipped: Test::Pod::Coverage 1.04 required for testing POD coverage
t/pod.t .................. skipped: Test::Pod 1.14 required for testing POD
All tests successful.
Files=9, Tests=49,  1 wallclock secs ( 0.05 usr  0.16 sys +  0.28 cusr  0.34 csys =  0.83 CPU)
Result: PASS

[MSG] [Thu Apr  7 11:33:52 2011] Sending test report for 'HTML-LinkList-0.1503'
[MSG] [Thu Apr  7 11:33:52 2011] Successfully sent 'pass' report for 'HTML-LinkList-0.1503'
[MSG] [Thu Apr  7 11:33:52 2011] Trying to get 'ftp://cpan.bingosnet.co.uk/CPAN/authors/id/K/KW/KWILLIAMS/CHECKSUMS'
[MSG] [Thu Apr  7 11:33:52 2011] Checksum matches for 'HTML-SimpleParse-0.12.tar.gz'
[MSG] [Thu Apr  7 11:33:53 2011] Extracted 'HTML::SimpleParse' to '/usr/home/cpan/pit/bare/conf/perl-5.10.0/.cpanplus/5.10.0/build/HTML-SimpleParse-0.12'
[MSG] [Thu Apr  7 11:33:53 2011] CPANPLUS is prefering Build.PL
[MSG] [Thu Apr  7 11:33:53 2011] Created MYMETA.yml and MYMETA.json
Creating new 'Build' script for 'HTML-SimpleParse' version '0.12'

[MSG] [Thu Apr  7 11:33:54 2011] DEFAULT 'filter_prereqs' HANDLER RETURNING 'sub return value'
[MSG] [Thu Apr  7 11:33:54 2011] Checking for previous PASS result for "HTML-SimpleParse-0.12"
[MSG] [Thu Apr  7 11:33:54 2011] Building HTML-SimpleParse

[MSG] [Thu Apr  7 11:33:55 2011] MAKE TEST passed:
t/basic.t .. ok
All tests successful.
Files=1, Tests=23,  0 wallclock secs ( 0.02 usr  0.05 sys +  0.01 cusr  0.03 csys =  0.11 CPU)
Result: PASS

[MSG] [Thu Apr  7 11:33:55 2011] Sending test report for 'HTML-SimpleParse-0.12'
[MSG] [Thu Apr  7 11:33:55 2011] Successfully sent 'pass' report for 'HTML-SimpleParse-0.12'
[MSG] [Thu Apr  7 11:33:56 2011] Building HTML-GenToc

[ERROR] [Thu Apr  7 11:33:58 2011] MAKE TEST failed:
t/00-compile.t ............ ok
t/010_files.t ............. ok
t/020_strings.t ........... ok
t/030_anchors.t ........... ok
Unknown option: argfile
To process: tfiles/test1b.args tfiles/test1.wml

#   Failed test 'hypertoc: test1b_toc.html matches tfiles/good_test1a_toc.html exactly'
#   at t/070_script.t line 65.
# Looks like you failed 1 test of 8.
t/070_script.t ............ 
Dubious, test returned 1 (wstat 256, 0x100)
Failed 1/8 subtests 
t/release-distmeta.t ...... skipped: these tests are for release candidate testing
t/release-has-version.t ... skipped: these tests are for release candidate testing
t/release-kwalitee.t ...... skipped: these tests are for release candidate testing
t/release-pod-coverage.t .. skipped: these tests are for release candidate testing
t/release-pod-syntax.t .... skipped: these tests are for release candidate testing
t/release-portability.t ... skipped: these tests are for release candidate testing

Test Summary Report
-------------------
t/070_script.t          (Wstat: 256 Tests: 8 Failed: 1)
  Failed test:  8
  Non-zero exit status: 1
Files=11, Tests=53,  2 wallclock secs ( 0.05 usr  0.19 sys +  0.91 cusr  0.66 csys =  1.82 CPU)
Result: FAIL
Failed 1/11 test programs. 1/53 subtests failed.
BEGIN failed--compilation aborted at /usr/home/cpan/pit/bare/perl-5.10.0/bin/cpanp-run-perl line 8.
 
[MSG] [Thu Apr  7 11:33:58 2011] DEFAULT 'proceed_on_test_failure' HANDLER RETURNING 'sub return value'

PREREQUISITES:

Here is a list of prerequisites you specified and versions we 
managed to load:
                                
	  Module Name                        Have     Want
	  Data::Dumper                   2.121_14        0
	  File::Basename                     2.76        0
	  File::Find                         1.12        0
	  File::Temp                         0.22        0
	  Getopt::Long                       2.37     2.34
	  HTML::Entities                     3.68        0
	  HTML::LinkList                   0.1503        0
	  HTML::SimpleParse                  0.12        0
	  Module::Build                    0.3800   0.3601
	  Pod::Usage                         1.35        0
	  Test::More                         0.98        0

Perl module toolchain versions installed:
	Module Name                        Have
	CPANPLUS                         0.9103
	CPANPLUS::Dist::Build              0.54
	Cwd                                3.33
	ExtUtils::CBuilder             0.280202
	ExtUtils::Command                  1.16
	ExtUtils::Install                  1.54
	ExtUtils::MakeMaker                6.56
	ExtUtils::Manifest                 1.58
	ExtUtils::ParseXS                2.2206
	File::Spec                         3.33
	Module::Build                    0.3800
	Test::Harness                      3.23
	Test::More                         0.98
	version                            0.88

******************************** NOTE ********************************
The comments above are created mechanically, possibly without manual
checking by the sender.  As there are many people performing automatic
tests on each upload to CPAN, it is likely that you will receive 
identical messages about the same problem.

If you believe that the message is mistaken, please reply to the first
one with correction and/or additional informations, and do not take
it personally.  We appreciate your patience. :)
**********************************************************************

Additional comments:
 

This report was machine-generated by CPANPLUS::Dist::YACSmoke 0.62.
Powered by minismokebox version 0.44

------------------------------
ENVIRONMENT AND OTHER CONTEXT
------------------------------

Environment variables:

    AUTOMATED_TESTING = 1
    PATH = /sbin:/bin:/usr/sbin:/usr/bin:/usr/games:/usr/local/sbin:/usr/local/bin:/home/cpan/bin
    PERL5LIB = :/usr/home/cpan/pit/bare/conf/perl-5.10.0/.cpanplus/5.10.0/build/HTML-Tagset-3.20/blib/lib:/usr/home/cpan/pit/bare/conf/perl-5.10.0/.cpanplus/5.10.0/build/HTML-Tagset-3.20/blib/arch:/usr/home/cpan/pit/bare/conf/perl-5.10.0/.cpanplus/5.10.0/build/HTML-Parser-3.68/blib/lib:/usr/home/cpan/pit/bare/conf/perl-5.10.0/.cpanplus/5.10.0/build/HTML-Parser-3.68/blib/arch:/usr/home/cpan/pit/bare/conf/perl-5.10.0/.cpanplus/5.10.0/build/HTML-LinkList-0.1503/blib/lib:/usr/home/cpan/pit/bare/conf/perl-5.10.0/.cpanplus/5.10.0/build/HTML-LinkList-0.1503/blib/arch:/usr/home/cpan/pit/bare/conf/perl-5.10.0/.cpanplus/5.10.0/build/HTML-SimpleParse-0.12/blib/lib:/usr/home/cpan/pit/bare/conf/perl-5.10.0/.cpanplus/5.10.0/build/HTML-SimpleParse-0.12/blib/arch:/usr/home/cpan/pit/bare/conf/perl-5.10.0/.cpanplus/5.10.0/build/HTML-GenToc-3.20/blib/lib:/usr/home/cpan/pit/bare/conf/perl-5.10.0/.cpanplus/5.10.0/build/HTML-GenToc-3.20/blib/arch
    PERL5_CPANPLUS_IS_RUNNING = 97905
    PERL5_CPANPLUS_IS_VERSION = 0.9103
    PERL5_MINISMOKEBOX = 0.44
    PERL5_YACSMOKE_BASE = /usr/home/cpan/pit/bare/conf/perl-5.10.0
    PERL_EXTUTILS_AUTOINSTALL = --defaultdeps
    PERL_MM_USE_DEFAULT = 1
    SHELL = /usr/local/bin/bash
    TERM = screen

Perl special variables (and OS-specific diagnostics, for MSWin32):

    Perl: $^X = /usr/home/cpan/pit/bare/perl-5.10.0/bin/perl
    UID:  $<  = 1001
    EUID: $>  = 1001
    GID:  $(  = 1001 1001
    EGID: $)  = 1001 1001


-------------------------------


--

Summary of my perl5 (revision 5 version 10 subversion 0) configuration:
  Platform:
    osname=freebsd, osvers=8.1-release, archname=amd64-freebsd
    uname='freebsd frenzy.bingosnet.co.uk 8.1-release freebsd 8.1-release #0: mon jul 19 02:36:49 utc 2010 root@mason.cse.buffalo.edu:usrobjusrsrcsysgeneric amd64 '
    config_args='-des -Dprefix=/usr/home/cpan/pit/bare/perl-5.10.0'
    hint=recommended, useposix=true, d_sigaction=define
    useithreads=undef, usemultiplicity=undef
    useperlio=define, d_sfio=undef, uselargefiles=define, usesocks=undef
    use64bitint=define, use64bitall=define, uselongdouble=undef
    usemymalloc=n, bincompat5005=undef
  Compiler:
    cc='cc', ccflags ='-DHAS_FPSETMASK -DHAS_FLOATINGPOINT_H -fno-strict-aliasing -pipe -I/usr/local/include',
    optimize='-O',
    cppflags='-DHAS_FPSETMASK -DHAS_FLOATINGPOINT_H -fno-strict-aliasing -pipe -I/usr/local/include'
    ccversion='', gccversion='4.2.1 20070719  [FreeBSD]', gccosandvers=''
    intsize=4, longsize=8, ptrsize=8, doublesize=8, byteorder=12345678
    d_longlong=define, longlongsize=8, d_longdbl=define, longdblsize=16
    ivtype='long', ivsize=8, nvtype='double', nvsize=8, Off_t='off_t', lseeksize=8
    alignbytes=8, prototype=define
  Linker and Libraries:
    ld='cc', ldflags ='-Wl,-E  -L/usr/local/lib'
    libpth=/usr/lib /usr/local/lib
    libs=-lgdbm -lm -lcrypt -lutil -lc
    perllibs=-lm -lcrypt -lutil -lc
    libc=, so=so, useshrplib=false, libperl=libperl.a
    gnulibc_version=''
  Dynamic Linking:
    dlsrc=dl_dlopen.xs, dlext=so, d_dlsymun=undef, ccdlflags=' '
    cccdlflags='-DPIC -fPIC', lddlflags='-shared  -L/usr/local/lib'


Characteristics of this binary (from libperl): 
  Compile-time options: PERL_DONT_CREATE_GVSV PERL_MALLOC_WRAP USE_64_BIT_ALL
                        USE_64_BIT_INT USE_LARGE_FILES USE_PERLIO
  Built under freebsd
  Compiled at Jul 29 2010 16:50:38
  %ENV:
    PERL5LIB=":/usr/home/cpan/pit/bare/conf/perl-5.10.0/.cpanplus/5.10.0/build/HTML-Tagset-3.20/blib/lib:/usr/home/cpan/pit/bare/conf/perl-5.10.0/.cpanplus/5.10.0/build/HTML-Tagset-3.20/blib/arch:/usr/home/cpan/pit/bare/conf/perl-5.10.0/.cpanplus/5.10.0/build/HTML-Parser-3.68/blib/lib:/usr/home/cpan/pit/bare/conf/perl-5.10.0/.cpanplus/5.10.0/build/HTML-Parser-3.68/blib/arch:/usr/home/cpan/pit/bare/conf/perl-5.10.0/.cpanplus/5.10.0/build/HTML-LinkList-0.1503/blib/lib:/usr/home/cpan/pit/bare/conf/perl-5.10.0/.cpanplus/5.10.0/build/HTML-LinkList-0.1503/blib/arch:/usr/home/cpan/pit/bare/conf/perl-5.10.0/.cpanplus/5.10.0/build/HTML-SimpleParse-0.12/blib/lib:/usr/home/cpan/pit/bare/conf/perl-5.10.0/.cpanplus/5.10.0/build/HTML-SimpleParse-0.12/blib/arch:/usr/home/cpan/pit/bare/conf/perl-5.10.0/.cpanplus/5.10.0/build/HTML-GenToc-3.20/blib/lib:/usr/home/cpan/pit/bare/conf/perl-5.10.0/.cpanplus/5.10.0/build/HTML-GenToc-3.20/blib/arch"
    PERL5_CPANPLUS_IS_RUNNING="97905"
    PERL5_CPANPLUS_IS_VERSION="0.9103"
    PERL5_MINISMOKEBOX="0.44"
    PERL5_YACSMOKE_BASE="/usr/home/cpan/pit/bare/conf/perl-5.10.0"
    PERL_EXTUTILS_AUTOINSTALL="--defaultdeps"
    PERL_MM_USE_DEFAULT="1"
  @INC:
    /usr/home/cpan/pit/bare/conf/perl-5.10.0/.cpanplus/5.10.0/build/HTML-Tagset-3.20/blib/lib
    /usr/home/cpan/pit/bare/conf/perl-5.10.0/.cpanplus/5.10.0/build/HTML-Tagset-3.20/blib/arch
    /usr/home/cpan/pit/bare/conf/perl-5.10.0/.cpanplus/5.10.0/build/HTML-Parser-3.68/blib/lib
    /usr/home/cpan/pit/bare/conf/perl-5.10.0/.cpanplus/5.10.0/build/HTML-Parser-3.68/blib/arch
    /usr/home/cpan/pit/bare/conf/perl-5.10.0/.cpanplus/5.10.0/build/HTML-LinkList-0.1503/blib/lib
    /usr/home/cpan/pit/bare/conf/perl-5.10.0/.cpanplus/5.10.0/build/HTML-LinkList-0.1503/blib/arch
    /usr/home/cpan/pit/bare/conf/perl-5.10.0/.cpanplus/5.10.0/build/HTML-SimpleParse-0.12/blib/lib
    /usr/home/cpan/pit/bare/conf/perl-5.10.0/.cpanplus/5.10.0/build/HTML-SimpleParse-0.12/blib/arch
    /usr/home/cpan/pit/bare/conf/perl-5.10.0/.cpanplus/5.10.0/build/HTML-GenToc-3.20/blib/lib
    /usr/home/cpan/pit/bare/conf/perl-5.10.0/.cpanplus/5.10.0/build/HTML-GenToc-3.20/blib/arch
    /usr/home/cpan/pit/bare/perl-5.10.0/lib/5.10.0/amd64-freebsd
    /usr/home/cpan/pit/bare/perl-5.10.0/lib/5.10.0
    /usr/home/cpan/pit/bare/perl-5.10.0/lib/site_perl/5.10.0/amd64-freebsd
    /usr/home/cpan/pit/bare/perl-5.10.0/lib/site_perl/5.10.0
    .