String-Tagged v0.17 Perl 5 v5.12.5 x86_64-linux-ld

Status
Fail
From
Andreas J. König (ANDK)
Dist
String-Tagged v0.17
Platform
Perl 5 v5.12.5 x86_64-linux-ld
Date
2022-04-20 16:40:17
ID
8f8c06e8-c0c8-11ec-b2fb-9dae6bc36db6
This distribution has been tested as part of the CPAN Testers
project, supporting the Perl programming language.  See
http://wiki.cpantesters.org/ for more information or email
questions to cpan-testers-discuss@perl.org


--
Dear Paul Evans,

This is a computer-generated report for String-Tagged-0.17
on perl 5.12.5, created by CPAN-Reporter-1.2018.

Thank you for uploading your work to CPAN.  However, there was a problem
testing your distribution.

If you think this report is invalid, please consult the CPAN Testers Wiki
for suggestions on how to avoid getting FAIL reports for missing library
or binary dependencies, unsupported operating systems, and so on:

http://wiki.cpantesters.org/wiki/CPANAuthorNotes

Sections of this report:

    * Tester comments
    * Program output
    * Prerequisites
    * Environment and other context

------------------------------
TESTER COMMENTS
------------------------------

Additional comments from tester:

this report is from an automated smoke testing program
and was not reviewed by a human for accuracy

------------------------------
PROGRAM OUTPUT
------------------------------

Output from './Build test':

Bareword found where operator expected at /tmp/loop_over_bdir-500910-3nZCae/String-Tagged-0.17-0/blib/lib/String/Tagged.pm line 1697, near "s/\n/./gr"

#   Failed test 'use String::Tagged;'
#   at t/00use.t line 8.
#     Tried to use 'String::Tagged'.
#     Error:  syntax error at /tmp/loop_over_bdir-500910-3nZCae/String-Tagged-0.17-0/blib/lib/String/Tagged.pm line 1697, near "s/\n/./gr "
# Compilation failed in require at t/00use.t line 8.
# BEGIN failed--compilation aborted at t/00use.t line 8.
# Looks like you failed 1 test of 1.
t/00use.t ................. 
Dubious, test returned 1 (wstat 256, 0x100)
Failed 1/1 subtests 
Bareword found where operator expected at /tmp/loop_over_bdir-500910-3nZCae/String-Tagged-0.17-0/blib/lib/String/Tagged.pm line 1697, near "s/\n/./gr"
syntax error at /tmp/loop_over_bdir-500910-3nZCae/String-Tagged-0.17-0/blib/lib/String/Tagged.pm line 1697, near "s/\n/./gr "
Compilation failed in require at t/01plain.t line 8.
BEGIN failed--compilation aborted at t/01plain.t line 8.
t/01plain.t ............... 
Dubious, test returned 255 (wstat 65280, 0xff00)
No subtests run 
Bareword found where operator expected at /tmp/loop_over_bdir-500910-3nZCae/String-Tagged-0.17-0/blib/lib/String/Tagged.pm line 1697, near "s/\n/./gr"
syntax error at /tmp/loop_over_bdir-500910-3nZCae/String-Tagged-0.17-0/blib/lib/String/Tagged.pm line 1697, near "s/\n/./gr "
Compilation failed in require at t/02tags-conststr.t line 9.
BEGIN failed--compilation aborted at t/02tags-conststr.t line 9.
t/02tags-conststr.t ....... 
Dubious, test returned 255 (wstat 65280, 0xff00)
No subtests run 
Bareword found where operator expected at /tmp/loop_over_bdir-500910-3nZCae/String-Tagged-0.17-0/blib/lib/String/Tagged.pm line 1697, near "s/\n/./gr"
syntax error at /tmp/loop_over_bdir-500910-3nZCae/String-Tagged-0.17-0/blib/lib/String/Tagged.pm line 1697, near "s/\n/./gr "
Compilation failed in require at t/03tags-iter-limit.t line 8.
BEGIN failed--compilation aborted at t/03tags-iter-limit.t line 8.
t/03tags-iter-limit.t ..... 
Dubious, test returned 255 (wstat 65280, 0xff00)
No subtests run 
Bareword found where operator expected at /tmp/loop_over_bdir-500910-3nZCae/String-Tagged-0.17-0/blib/lib/String/Tagged.pm line 1697, near "s/\n/./gr"
syntax error at /tmp/loop_over_bdir-500910-3nZCae/String-Tagged-0.17-0/blib/lib/String/Tagged.pm line 1697, near "s/\n/./gr "
Compilation failed in require at t/04tags-appendstr.t line 9.
BEGIN failed--compilation aborted at t/04tags-appendstr.t line 9.
t/04tags-appendstr.t ...... 
Dubious, test returned 255 (wstat 65280, 0xff00)
No subtests run 
Bareword found where operator expected at /tmp/loop_over_bdir-500910-3nZCae/String-Tagged-0.17-0/blib/lib/String/Tagged.pm line 1697, near "s/\n/./gr"
syntax error at /tmp/loop_over_bdir-500910-3nZCae/String-Tagged-0.17-0/blib/lib/String/Tagged.pm line 1697, near "s/\n/./gr "
Compilation failed in require at t/05tags-delete.t line 9.
BEGIN failed--compilation aborted at t/05tags-delete.t line 9.
t/05tags-delete.t ......... 
Dubious, test returned 255 (wstat 65280, 0xff00)
No subtests run 
Bareword found where operator expected at /tmp/loop_over_bdir-500910-3nZCae/String-Tagged-0.17-0/blib/lib/String/Tagged.pm line 1697, near "s/\n/./gr"
syntax error at /tmp/loop_over_bdir-500910-3nZCae/String-Tagged-0.17-0/blib/lib/String/Tagged.pm line 1697, near "s/\n/./gr "
Compilation failed in require at t/06tags-substr.t line 8.
BEGIN failed--compilation aborted at t/06tags-substr.t line 8.
t/06tags-substr.t ......... 
Dubious, test returned 255 (wstat 65280, 0xff00)
No subtests run 
Bareword found where operator expected at /tmp/loop_over_bdir-500910-3nZCae/String-Tagged-0.17-0/blib/lib/String/Tagged.pm line 1697, near "s/\n/./gr"
syntax error at /tmp/loop_over_bdir-500910-3nZCae/String-Tagged-0.17-0/blib/lib/String/Tagged.pm line 1697, near "s/\n/./gr "
Compilation failed in require at t/07tags-range.t line 9.
BEGIN failed--compilation aborted at t/07tags-range.t line 9.
t/07tags-range.t .......... 
Dubious, test returned 255 (wstat 65280, 0xff00)
No subtests run 
Bareword found where operator expected at /tmp/loop_over_bdir-500910-3nZCae/String-Tagged-0.17-0/blib/lib/String/Tagged.pm line 1697, near "s/\n/./gr"
syntax error at /tmp/loop_over_bdir-500910-3nZCae/String-Tagged-0.17-0/blib/lib/String/Tagged.pm line 1697, near "s/\n/./gr "
Compilation failed in require at t/10debugprint.t line 8.
BEGIN failed--compilation aborted at t/10debugprint.t line 8.
t/10debugprint.t .......... 
Dubious, test returned 255 (wstat 65280, 0xff00)
No subtests run 
Bareword found where operator expected at /tmp/loop_over_bdir-500910-3nZCae/String-Tagged-0.17-0/blib/lib/String/Tagged.pm line 1697, near "s/\n/./gr"
syntax error at /tmp/loop_over_bdir-500910-3nZCae/String-Tagged-0.17-0/blib/lib/String/Tagged.pm line 1697, near "s/\n/./gr "
Compilation failed in require at t/11clone.t line 8.
BEGIN failed--compilation aborted at t/11clone.t line 8.
t/11clone.t ............... 
Dubious, test returned 255 (wstat 65280, 0xff00)
No subtests run 
Bareword found where operator expected at /tmp/loop_over_bdir-500910-3nZCae/String-Tagged-0.17-0/blib/lib/String/Tagged.pm line 1697, near "s/\n/./gr"
syntax error at /tmp/loop_over_bdir-500910-3nZCae/String-Tagged-0.17-0/blib/lib/String/Tagged.pm line 1697, near "s/\n/./gr "
Compilation failed in require at t/20merge-tags.t line 8.
BEGIN failed--compilation aborted at t/20merge-tags.t line 8.
t/20merge-tags.t .......... 
Dubious, test returned 255 (wstat 65280, 0xff00)
No subtests run 
Bareword found where operator expected at /tmp/loop_over_bdir-500910-3nZCae/String-Tagged-0.17-0/blib/lib/String/Tagged.pm line 1697, near "s/\n/./gr"
syntax error at /tmp/loop_over_bdir-500910-3nZCae/String-Tagged-0.17-0/blib/lib/String/Tagged.pm line 1697, near "s/\n/./gr "
Compilation failed in require at t/21merge-tags-anchors.t line 8.
BEGIN failed--compilation aborted at t/21merge-tags-anchors.t line 8.
t/21merge-tags-anchors.t .. 
Dubious, test returned 255 (wstat 65280, 0xff00)
No subtests run 
Bareword found where operator expected at /tmp/loop_over_bdir-500910-3nZCae/String-Tagged-0.17-0/blib/lib/String/Tagged.pm line 1697, near "s/\n/./gr"
syntax error at /tmp/loop_over_bdir-500910-3nZCae/String-Tagged-0.17-0/blib/lib/String/Tagged.pm line 1697, near "s/\n/./gr "
Compilation failed in require at t/30appendinsert.t line 8.
BEGIN failed--compilation aborted at t/30appendinsert.t line 8.
t/30appendinsert.t ........ 
Dubious, test returned 255 (wstat 65280, 0xff00)
No subtests run 
Bareword found where operator expected at /tmp/loop_over_bdir-500910-3nZCae/String-Tagged-0.17-0/blib/lib/String/Tagged.pm line 1697, near "s/\n/./gr"
syntax error at /tmp/loop_over_bdir-500910-3nZCae/String-Tagged-0.17-0/blib/lib/String/Tagged.pm line 1697, near "s/\n/./gr "
Compilation failed in require at t/31matches.t line 8.
BEGIN failed--compilation aborted at t/31matches.t line 8.
t/31matches.t ............. 
Dubious, test returned 255 (wstat 65280, 0xff00)
No subtests run 
Bareword found where operator expected at /tmp/loop_over_bdir-500910-3nZCae/String-Tagged-0.17-0/blib/lib/String/Tagged.pm line 1697, near "s/\n/./gr"
syntax error at /tmp/loop_over_bdir-500910-3nZCae/String-Tagged-0.17-0/blib/lib/String/Tagged.pm line 1697, near "s/\n/./gr "
Compilation failed in require at t/32split.t line 8.
BEGIN failed--compilation aborted at t/32split.t line 8.
t/32split.t ............... 
Dubious, test returned 255 (wstat 65280, 0xff00)
No subtests run 
Bareword found where operator expected at /tmp/loop_over_bdir-500910-3nZCae/String-Tagged-0.17-0/blib/lib/String/Tagged.pm line 1697, near "s/\n/./gr"
syntax error at /tmp/loop_over_bdir-500910-3nZCae/String-Tagged-0.17-0/blib/lib/String/Tagged.pm line 1697, near "s/\n/./gr "
Compilation failed in require at t/33sprintf.t line 8.
BEGIN failed--compilation aborted at t/33sprintf.t line 8.
t/33sprintf.t ............. 
Dubious, test returned 255 (wstat 65280, 0xff00)
No subtests run 
Bareword found where operator expected at /tmp/loop_over_bdir-500910-3nZCae/String-Tagged-0.17-0/blib/lib/String/Tagged.pm line 1697, near "s/\n/./gr"
syntax error at /tmp/loop_over_bdir-500910-3nZCae/String-Tagged-0.17-0/blib/lib/String/Tagged.pm line 1697, near "s/\n/./gr "
Compilation failed in require at t/34join.t line 8.
BEGIN failed--compilation aborted at t/34join.t line 8.
t/34join.t ................ 
Dubious, test returned 255 (wstat 65280, 0xff00)
No subtests run 
Bareword found where operator expected at /tmp/loop_over_bdir-500910-3nZCae/String-Tagged-0.17-0/blib/lib/String/Tagged.pm line 1697, near "s/\n/./gr"
syntax error at /tmp/loop_over_bdir-500910-3nZCae/String-Tagged-0.17-0/blib/lib/String/Tagged.pm line 1697, near "s/\n/./gr "
Compilation failed in require at t/40operators.t line 8.
BEGIN failed--compilation aborted at t/40operators.t line 8.
t/40operators.t ........... 
Dubious, test returned 255 (wstat 65280, 0xff00)
No subtests run 
Bareword found where operator expected at /tmp/loop_over_bdir-500910-3nZCae/String-Tagged-0.17-0/blib/lib/String/Tagged.pm line 1697, near "s/\n/./gr"
syntax error at /tmp/loop_over_bdir-500910-3nZCae/String-Tagged-0.17-0/blib/lib/String/Tagged.pm line 1697, near "s/\n/./gr "
Compilation failed in require at (eval 8) line 2.
	...propagated at /home/sand/src/perl/repoperls/installed-perls/host/k93msid/v5.12.5/fc43/lib/5.12.5/base.pm line 94.
BEGIN failed--compilation aborted at t/50subclass.t line 9.
t/50subclass.t ............ 
Dubious, test returned 255 (wstat 65280, 0xff00)
No subtests run 
t/99pod.t ................. ok

Test Summary Report
-------------------
t/00use.t               (Wstat: 256 (exited 1) Tests: 1 Failed: 1)
  Failed test:  1
  Non-zero exit status: 1
t/01plain.t             (Wstat: 65280 (exited 255) Tests: 0 Failed: 0)
  Non-zero exit status: 255
  Parse errors: No plan found in TAP output
t/02tags-conststr.t     (Wstat: 65280 (exited 255) Tests: 0 Failed: 0)
  Non-zero exit status: 255
  Parse errors: No plan found in TAP output
t/03tags-iter-limit.t   (Wstat: 65280 (exited 255) Tests: 0 Failed: 0)
  Non-zero exit status: 255
  Parse errors: No plan found in TAP output
t/04tags-appendstr.t    (Wstat: 65280 (exited 255) Tests: 0 Failed: 0)
  Non-zero exit status: 255
  Parse errors: No plan found in TAP output
t/05tags-delete.t       (Wstat: 65280 (exited 255) Tests: 0 Failed: 0)
  Non-zero exit status: 255
  Parse errors: No plan found in TAP output
t/06tags-substr.t       (Wstat: 65280 (exited 255) Tests: 0 Failed: 0)
  Non-zero exit status: 255
  Parse errors: No plan found in TAP output
t/07tags-range.t        (Wstat: 65280 (exited 255) Tests: 0 Failed: 0)
  Non-zero exit status: 255
  Parse errors: No plan found in TAP output
t/10debugprint.t        (Wstat: 65280 (exited 255) Tests: 0 Failed: 0)
  Non-zero exit status: 255
  Parse errors: No plan found in TAP output
t/11clone.t             (Wstat: 65280 (exited 255) Tests: 0 Failed: 0)
  Non-zero exit status: 255
  Parse errors: No plan found in TAP output
t/20merge-tags.t        (Wstat: 65280 (exited 255) Tests: 0 Failed: 0)
  Non-zero exit status: 255
  Parse errors: No plan found in TAP output
t/21merge-tags-anchors.t (Wstat: 65280 (exited 255) Tests: 0 Failed: 0)
  Non-zero exit status: 255
  Parse errors: No plan found in TAP output
t/30appendinsert.t      (Wstat: 65280 (exited 255) Tests: 0 Failed: 0)
  Non-zero exit status: 255
  Parse errors: No plan found in TAP output
t/31matches.t           (Wstat: 65280 (exited 255) Tests: 0 Failed: 0)
  Non-zero exit status: 255
  Parse errors: No plan found in TAP output
t/32split.t             (Wstat: 65280 (exited 255) Tests: 0 Failed: 0)
  Non-zero exit status: 255
  Parse errors: No plan found in TAP output
t/33sprintf.t           (Wstat: 65280 (exited 255) Tests: 0 Failed: 0)
  Non-zero exit status: 255
  Parse errors: No plan found in TAP output
t/34join.t              (Wstat: 65280 (exited 255) Tests: 0 Failed: 0)
  Non-zero exit status: 255
  Parse errors: No plan found in TAP output
t/40operators.t         (Wstat: 65280 (exited 255) Tests: 0 Failed: 0)
  Non-zero exit status: 255
  Parse errors: No plan found in TAP output
t/50subclass.t          (Wstat: 65280 (exited 255) Tests: 0 Failed: 0)
  Non-zero exit status: 255
  Parse errors: No plan found in TAP output
Files=20, Tests=3,  3 wallclock secs ( 0.04 usr  0.09 sys +  0.91 cusr  0.37 csys =  1.41 CPU)
Result: FAIL
Failed 19/20 test programs. 1/3 subtests failed.

------------------------------
PREREQUISITES
------------------------------

Prerequisite modules loaded:

build_requires:

    Module         Need   Have    
    -------------- ------ --------
    Test::Identity 0      0.01    
    Test::More     0.88   1.302190

configure_requires:

    Module         Need   Have    
    -------------- ------ --------
    Module::Build  0.4004 0.4231  


------------------------------
ENVIRONMENT AND OTHER CONTEXT
------------------------------

Environment variables:

    AUTOMATED_TESTING = 1
    LANG = en_US.UTF-8
    PATH = /home/sand/bin:/usr/local/bin:/usr/bin:/bin:/usr/games:/usr/local/perl/bin:/usr/X11/bin:/sbin:/usr/sbin
    PERL5LIB = 
    PERL5OPT = 
    PERL5_CPANPLUS_IS_RUNNING = 1340520
    PERL5_CPAN_IS_RUNNING = 1340520
    PERL_CANARY_STABILITY_NOPROMPT = 1
    PERL_MM_USE_DEFAULT = 1
    PERL_USE_UNSAFE_INC = 1
    SHELL = /usr/bin/zsh
    TERM = screen

Perl special variables (and OS-specific diagnostics, for MSWin32):

    $^X = /home/sand/src/perl/repoperls/installed-perls/host/k93msid/v5.12.5/fc43/bin/perl
    $UID/$EUID = 1005 / 1005
    $GID = 1005 1005
    $EGID = 1005 1005

Perl module toolchain versions installed:

    Module              Have    
    ------------------- --------
    CPAN                2.33    
    CPAN::Meta          2.150010
    Cwd                 3.75    
    ExtUtils::CBuilder  0.27    
    ExtUtils::Command   7.64    
    ExtUtils::Install   2.06    
    ExtUtils::MakeMaker 7.64    
    ExtUtils::Manifest  1.70    
    ExtUtils::ParseXS   3.44    
    File::Spec          3.75    
    JSON                4.05    
    JSON::PP            4.07    
    Module::Build       0.4231  
    Module::Signature   n/a     
    Parse::CPAN::Meta   2.150010
    Test::Harness       3.43_04 
    Test::More          1.302190
    YAML                1.30    
    YAML::Syck          n/a     
    version             0.9929  


--

Summary of my perl5 (revision 5 version 12 subversion 5) configuration:
  Derived from: 9a9cbd715960a905dcbc9166349a73a64a007e4e
  Platform:
    osname=linux, osvers=5.16.0-5-amd64, archname=x86_64-linux-ld
    uname='linux k93msid 5.16.0-5-amd64 #1 smp preempt debian 5.16.14-1 (2022-03-15) x86_64 gnulinux '
    config_args='-Dprefix=/home/sand/src/perl/repoperls/installed-perls/host/k93msid/v5.12.5/fc43 -Dmyhostname=k93msid -Dinstallusrbinperl=n -Uversiononly -Dusedevel -des -Ui_db -Dlibswanted=cl pthread socket inet nsl gdbm dbm malloc dl ld sun m crypt sec util c cposix posix ucb BSD gdbm_compat -Uuseithreads -Duselongdouble -DEBUGGING=both'
    hint=recommended, useposix=true, d_sigaction=define
    useithreads=undef, usemultiplicity=undef
    useperlio=define, d_sfio=undef, uselargefiles=define, usesocks=undef
    use64bitint=define, use64bitall=define, uselongdouble=define
    usemymalloc=n, bincompat5005=undef
  Compiler:
    cc='cc', ccflags ='-fwrapv -DDEBUGGING -fno-strict-aliasing -pipe -fstack-protector -I/usr/local/include -D_LARGEFILE_SOURCE -D_FILE_OFFSET_BITS=64',
    optimize='-O2 -g',
    cppflags='-fwrapv -DDEBUGGING -fno-strict-aliasing -pipe -fstack-protector -I/usr/local/include'
    ccversion='', gccversion='11.2.0', gccosandvers=''
    intsize=4, longsize=8, ptrsize=8, doublesize=8, byteorder=12345678
    d_longlong=define, longlongsize=8, d_longdbl=define, longdblsize=16
    ivtype='long', ivsize=8, nvtype='long double', nvsize=16, Off_t='off_t', lseeksize=8
    alignbytes=16, prototype=define
  Linker and Libraries:
    ld='cc', ldflags =' -fstack-protector -L/usr/local/lib'
    libpth=/usr/local/lib /lib/x86_64-linux-gnu /lib/../lib /usr/lib/x86_64-linux-gnu /usr/lib/../lib /lib /usr/lib
    libs=-lpthread -lnsl -ldl -lm -lcrypt -lutil -lc
    perllibs=-lpthread -lnsl -ldl -lm -lcrypt -lutil -lc
    libc=libc-2.33.so, so=so, useshrplib=false, libperl=libperl.a
    gnulibc_version='2.33'
  Dynamic Linking:
    dlsrc=dl_dlopen.xs, dlext=so, d_dlsymun=undef, ccdlflags='-Wl,-E'
    cccdlflags='-fPIC', lddlflags='-shared -O2 -g -L/usr/local/lib -fstack-protector'


Characteristics of this binary (from libperl): 
  Compile-time options: DEBUGGING PERL_DONT_CREATE_GVSV PERL_MALLOC_WRAP
                        PERL_USE_DEVEL USE_64_BIT_ALL USE_64_BIT_INT
                        USE_LARGE_FILES USE_LONG_DOUBLE USE_PERLIO
                        USE_PERL_ATOF
  Locally applied patches:
	uncommitted-changes
  Built under linux
  Compiled at Mar 18 2022 09:31:19
  %ENV:
    PERL5LIB=""
    PERL5OPT=""
    PERL5_CPANPLUS_IS_RUNNING="1340520"
    PERL5_CPAN_IS_RUNNING="1340520"
    PERL_CANARY_STABILITY_NOPROMPT="1"
    PERL_MM_USE_DEFAULT="1"
    PERL_USE_UNSAFE_INC="1"
  @INC:
    /home/sand/src/perl/repoperls/installed-perls/host/k93msid/v5.12.5/fc43/lib/site_perl/5.12.5/x86_64-linux-ld
    /home/sand/src/perl/repoperls/installed-perls/host/k93msid/v5.12.5/fc43/lib/site_perl/5.12.5
    /home/sand/src/perl/repoperls/installed-perls/host/k93msid/v5.12.5/fc43/lib/5.12.5/x86_64-linux-ld
    /home/sand/src/perl/repoperls/installed-perls/host/k93msid/v5.12.5/fc43/lib/5.12.5
    .