Back
From: metabase:user:30977d10-2aae-11df-837a-5e0a49663a4f
Subject: FAIL GSSAPI-0.28 v5.22.2 SunOS/Solaris
Date: 2017-01-08T06:13:24Z
This distribution has been tested as part of the CPAN Testers
project, supporting the Perl programming language. See
http://wiki.cpantesters.org/ for more information or email
questions to cpan-testers-discuss@perl.org
--
Dear Achim Grolms,
This is a computer-generated report for GSSAPI-0.28
on perl 5.22.2, created by CPAN-Reporter-1.2018.
Thank you for uploading your work to CPAN. However, there was a problem
testing your distribution.
If you think this report is invalid, please consult the CPAN Testers Wiki
for suggestions on how to avoid getting FAIL reports for missing library
or binary dependencies, unsupported operating systems, and so on:
http://wiki.cpantesters.org/wiki/CPANAuthorNotes
Sections of this report:
* Tester comments
* Program output
* Prerequisites
* Environment and other context
------------------------------
TESTER COMMENTS
------------------------------
Additional comments from tester:
this report is from an automated smoke testing program
and was not reviewed by a human for accuracy
------------------------------
PROGRAM OUTPUT
------------------------------
Output from '/usr/bin/make test':
"/home/stro/perl/5.22.2t/bin/perl" -MExtUtils::Command::MM -e 'cp_nonempty' -- GSSAPI.bs blib/arch/auto/GSSAPI/GSSAPI.bs 644
PERL_DL_NONLAZY=1 "/home/stro/perl/5.22.2t/bin/perl" "-MExtUtils::Command::MM" "-MTest::Harness" "-e" "undef *Test::Harness::Switches; test_harness(0, 'blib/lib', 'blib/arch')" t/*.t
# Failed test 'GSS_S_CRED_UNAVAIL'
# at t/1constants.t line 101.
# Looks like you failed 1 test of 72.
t/1constants.t .....
Dubious, test returned 1 (wstat 256, 0x100)
Failed 1/72 subtests
t/2status.t ........ ok
t/checkoids.t ...... ok
t/importnames.t .... ok
# Kerberos 5, SPNEGO
t/indicatemechs.t .. ok
#
#
# No error: acquire_cred() failed, maybe because you have to run kinit first.
# Errormessage from your GSSAPI-implementation is:
#
# "No credentials were supplied, or the credentials were unavailable or inaccessible
# No credentials cache file found
# "
# run kinit to get a TGT and retry this test (just skipping now).
#
(in cleanup) oidset has no value.
t/inquire_cred.t ... ok
t/pod.t ............ ok
t/test.t ........... ok
#
#
# if you want to run tests that do a realworld *use* of your GSSAPI
# start a kinit and try to run
#
# ./examples/getcred_hostbased.pl
#
t/zbugfixes.t ...... ok
Test Summary Report
-------------------
t/1constants.t (Wstat: 256 Tests: 72 Failed: 1)
Failed test: 72
Non-zero exit status: 1
Files=9, Tests=152, 1 wallclock secs ( 0.06 usr 0.01 sys + 0.54 cusr 0.09 csys = 0.70 CPU)
Result: FAIL
Failed 1/9 test programs. 1/152 subtests failed.
*** Error code 255
make: Fatal error: Command failed for target `test_dynamic'
------------------------------
PREREQUISITES
------------------------------
Prerequisite modules loaded:
requires:
Module Need Have
------------------- ---- --------
Test::More 0 1.302073
build_requires:
Module Need Have
------------------- ---- --------
ExtUtils::MakeMaker 0 7.24
------------------------------
ENVIRONMENT AND OTHER CONTEXT
------------------------------
Environment variables:
AUTOMATED_TESTING = 1
LANG = en_US.UTF-8
PATH = /usr/gnu/bin:/usr/bin:/usr/sbin:/sbin:/usr/sfw/bin:
PERL5LIB =
PERL5OPT =
PERL5_CPANPLUS_IS_RUNNING = 12164
PERL5_CPAN_IS_RUNNING = 12164
PERL5_CPAN_IS_RUNNING_IN_RECURSION = 10779,12164
PERL_CR_SMOKER_CURRENT = Dancer2-Plugin-Auth-ActiveDirectory-0.03
PERL_EXTUTILS_AUTOINSTALL = --defaultdeps
PERL_MM_USE_DEFAULT = 1
SHELL = /bin/bash
TERM = xterm
Perl special variables (and OS-specific diagnostics, for MSWin32):
$^X = /home/stro/perl/5.22.2t/bin/perl
$UID/$EUID = 101 / 101
$GID = 10 10
$EGID = 10 10
Perl module toolchain versions installed:
Module Have
------------------- --------
CPAN 2.14
CPAN::Meta 2.150001
Cwd 3.56_01
ExtUtils::CBuilder 0.280221
ExtUtils::Command 7.24
ExtUtils::Install 2.04
ExtUtils::MakeMaker 7.24
ExtUtils::Manifest 1.70
ExtUtils::ParseXS 3.28
File::Spec 3.56_01
JSON 2.90
JSON::PP 2.27300
Module::Build 0.4220
Module::Signature n/a
Parse::CPAN::Meta 1.4414
Test::Harness 3.35
Test::More 1.302073
YAML 1.21
YAML::Syck 1.29
version 0.9909
--
Summary of my perl5 (revision 5 version 22 subversion 2) configuration:
Platform:
osname=solaris, osvers=2.11, archname=i86pc-solaris-thread-multi
uname='sunos vm-openindiana-001 5.11 illumos-2816291 i86pc i386 i86pc '
config_args='-Dcc=gcc'
hint=recommended, useposix=true, d_sigaction=define
useithreads=define, usemultiplicity=define
use64bitint=undef, use64bitall=undef, uselongdouble=undef
usemymalloc=n, bincompat5005=undef
Compiler:
cc='gcc', ccflags ='-D_REENTRANT -fno-strict-aliasing -pipe -I/usr/gnu/include -D_LARGEFILE_SOURCE -D_FILE_OFFSET_BITS=64 -DPERL_USE_SAFE_PUTENV',
optimize='-O',
cppflags='-D_REENTRANT -fno-strict-aliasing -pipe -I/usr/gnu/include'
ccversion='', gccversion='3.4.3 (csl-sol210-3_4-20050802)', gccosandvers='solaris2.11'
intsize=4, longsize=4, ptrsize=4, doublesize=8, byteorder=1234, doublekind=3
d_longlong=define, longlongsize=8, d_longdbl=define, longdblsize=12, longdblkind=3
ivtype='long', ivsize=4, nvtype='double', nvsize=8, Off_t='off_t', lseeksize=8
alignbytes=4, prototype=define
Linker and Libraries:
ld='gcc', ldflags =' -L/usr/gnu/lib '
libpth=/usr/gcc/3.4/lib /usr/lib /usr/gnu/lib /usr/ccs/lib
libs=-lpthread -lsocket -lnsl -lgdbm -ldb -ldl -lm -lc
perllibs=-lpthread -lsocket -lnsl -ldl -lm -lc
libc=/lib/libc.so, so=so, useshrplib=false, libperl=libperl.a
gnulibc_version=''
Dynamic Linking:
dlsrc=dl_dlopen.xs, dlext=so, d_dlsymun=undef, ccdlflags=' '
cccdlflags='-fPIC', lddlflags='-shared -L/usr/gnu/lib'
Characteristics of this binary (from libperl):
Compile-time options: HAS_TIMES MULTIPLICITY PERLIO_LAYERS
PERL_DONT_CREATE_GVSV
PERL_HASH_FUNC_ONE_AT_A_TIME_HARD
PERL_IMPLICIT_CONTEXT PERL_MALLOC_WRAP
PERL_NEW_COPY_ON_WRITE PERL_PRESERVE_IVUV
PERL_USE_SAFE_PUTENV USE_ITHREADS USE_LARGE_FILES
USE_LOCALE USE_LOCALE_COLLATE USE_LOCALE_CTYPE
USE_LOCALE_NUMERIC USE_LOCALE_TIME USE_PERLIO
USE_PERL_ATOF USE_REENTRANT_API
Built under solaris
Compiled at Dec 24 2016 02:34:52
%ENV:
PERL5LIB=""
PERL5OPT=""
PERL5_CPANPLUS_IS_RUNNING="12164"
PERL5_CPAN_IS_RUNNING="12164"
PERL5_CPAN_IS_RUNNING_IN_RECURSION="10779,12164"
PERL_CR_SMOKER_CURRENT="Dancer2-Plugin-Auth-ActiveDirectory-0.03"
PERL_EXTUTILS_AUTOINSTALL="--defaultdeps"
PERL_MM_USE_DEFAULT="1"
@INC:
/home/stro/perl/5.22.2t/lib/site_perl/5.22.2/i86pc-solaris-thread-multi
/home/stro/perl/5.22.2t/lib/site_perl/5.22.2
/home/stro/perl/5.22.2t/lib/5.22.2/i86pc-solaris-thread-multi
/home/stro/perl/5.22.2t/lib/5.22.2
.