Report for RPC-XML-0.74

Back
From: metabase:user:320bfe00-2aae-11df-837a-5e0a49663a4f
Subject: FAIL RPC-XML-0.74 v5.17.6 GNU/Linux
Date: 2012-10-24T17:38:03Z

This distribution has been tested as part of the CPAN Testers
project, supporting the Perl programming language.  See
http://wiki.cpantesters.org/ for more information or email
questions to cpan-testers-discuss@perl.org


--
Dear Randy J Ray,

This is a computer-generated report for RPC-XML-0.74
on perl 5.17.6, created by CPAN-Reporter-1.2006.

Thank you for uploading your work to CPAN.  However, there was a problem
testing your distribution.

If you think this report is invalid, please consult the CPAN Testers Wiki
for suggestions on how to avoid getting FAIL reports for missing library
or binary dependencies, unsupported operating systems, and so on:

http://wiki.cpantesters.org/wiki/CPANAuthorNotes

Sections of this report:

    * Tester comments
    * Program output
    * Prerequisites
    * Environment and other context

------------------------------
TESTER COMMENTS
------------------------------

Additional comments from tester:

this report is from an automated smoke testing program
and was not reviewed by a human for accuracy

------------------------------
PROGRAM OUTPUT
------------------------------

Output from '/usr/bin/make test':

PERL_DL_NONLAZY=1 /tmp/basesmoker-reloperl-8o6q/bin/perl "-MExtUtils::Command::MM" "-e" "test_harness(0, 'blib/lib', 'blib/arch')" t/*.t
t/00_load.t .................. ok
t/10_data.t .................. ok
t/11_base64_fh.t ............. ok
t/12_nil.t ................... ok
t/15_serialize.t ............. ok
t/20_xml_parser.t ............ ok
t/21_xml_libxml.t ............ ok
t/29_parserfactory.t ......... ok
t/30_method.t ................ ok
t/35_namespaces.t ............ ok
t/40_server.t ................ ok
t/40_server_xmllibxml.t ...... ok
t/41_server_hang.t ........... ok
t/50_client.t ................ ok

#   Failed test 'system.identity matches $srv->product_tokens'
#   at t/60_net_server.t line 60.
#          got: undef
#     expected: 'RPC::XML::Server/1.56'

#   Failed test 'system.listMethods returned ARRAY ref'
#   at t/60_net_server.t line 68.
#          got: ''
#     expected: 'ARRAY'

#   Failed test 'system.listMethods returned ARRAY ref'
#   at t/60_net_server.t line 80.
#          got: ''
#     expected: 'ARRAY'

#   Failed test 'system.listMethods returned ARRAY ref'
#   at t/60_net_server.t line 90.
#          got: ''
#     expected: 'ARRAY'

#   Failed test 'system.listMethods returned HASH ref'
#   at t/60_net_server.t line 100.
#          got: ''
#     expected: 'HASH'

#   Failed test 'system.methodHelp returned correct string'
#   at t/60_net_server.t line 110.
#          got: undef
#     expected: 'Return the server name and version as a string'

#   Failed test 'system.methodHelp returned ARRAY ref'
#   at t/60_net_server.t line 116.
#          got: ''
#     expected: 'ARRAY'

#   Failed test 'system.methodHelp (bad arg) response isa RPC::XML::fault'
#   at t/60_net_server.t line 127.
#     system.methodHelp (bad arg) response isn't a 'RPC::XML::fault' it's a ''

#   Failed test 'system.methodHelp returned ARRAY ref'
#   at t/60_net_server.t line 136.
#          got: ''
#     expected: 'ARRAY'

#   Failed test 'system.methodSignature (bad arg) response isa RPC::XML::fault'
#   at t/60_net_server.t line 146.
#     system.methodSignature (bad arg) response isn't a 'RPC::XML::fault' it's a ''

#   Failed test 'system.methodHelp returned ARRAY ref'
#   at t/60_net_server.t line 193.
#          got: ''
#     expected: 'ARRAY'
# Looks like you planned 30 tests but ran 29.
# Looks like you failed 11 tests of 29 run.
t/60_net_server.t ............ 
Dubious, test returned 11 (wstat 2816, 0xb00)
Failed 12/30 subtests 
	(less 16 skipped subtests: 2 okay)
t/70_compression_detect.t .... ok
t/90_rt50013_parser_bugs.t ... ok
t/90_rt54183_sigpipe.t ....... ok
t/90_rt54494_blessed_refs.t .. ok
t/90_rt58065_allow_nil.t ..... ok
t/90_rt58323_push_parser.t ... ok

Test Summary Report
-------------------
t/10_data.t                (Wstat: 0 Tests: 205 Failed: 0)
  TODO passed:   102-103
t/60_net_server.t          (Wstat: 2816 Tests: 29 Failed: 11)
  Failed tests:  3-4, 7, 9, 11, 14-15, 17, 19, 21, 24
  Non-zero exit status: 11
  Parse errors: Bad plan.  You planned 30 tests but ran 29.
Files=21, Tests=617, 41 wallclock secs ( 0.11 usr  0.02 sys +  1.80 cusr  0.26 csys =  2.19 CPU)
Result: FAIL
Failed 1/21 test programs. 11/617 subtests failed.
make: *** [test_dynamic] Error 255

------------------------------
PREREQUISITES
------------------------------

Prerequisite modules loaded:

requires:

    Module              Need     Have    
    ------------------- -------- --------
    constant            1.03     1.24    
    File::Spec          0.8      3.39_02 
    LWP                 5.834    6.04    
    perl                5.006001 5.017006
    Scalar::Util        1.19     1.25    
    Test::More          0        0.98    
    XML::Parser         2.31     2.41    

build_requires:

    Module              Need     Have    
    ------------------- -------- --------
    ExtUtils::MakeMaker 0        6.63_02 

configure_requires:

    Module              Need     Have    
    ------------------- -------- --------
    ExtUtils::MakeMaker 0        6.63_02 


------------------------------
ENVIRONMENT AND OTHER CONTEXT
------------------------------

Environment variables:

    AUTOMATED_TESTING = 1
    LANG = en_US.UTF-8
    LANGUAGE = en_US:en
    PATH = /home/sand/bin:/usr/local/bin:/usr/bin:/bin:/usr/bin/X11:/usr/games:/usr/local/perl/bin:/usr/X11/bin:/sbin:/usr/sbin
    PERL5LIB = /tmp/loop_over_bdir-RRkIBn/ProjectBuilder-0.11.3-cjJRgR/blib/arch:/tmp/loop_over_bdir-RRkIBn/ProjectBuilder-0.11.3-cjJRgR/blib/lib
    PERL5OPT = 
    PERL5_CPANPLUS_IS_RUNNING = 12791
    PERL5_CPAN_IS_RUNNING = 12791
    PERL_MM_USE_DEFAULT = 1
    SHELL = /usr/bin/zsh
    TERM = screen

Perl special variables (and OS-specific diagnostics, for MSWin32):

    $^X = /tmp/basesmoker-reloperl-8o6q/bin/perl
    $UID/$EUID = 1005 / 1005
    $GID = 1005 1005
    $EGID = 1005 1005

Perl module toolchain versions installed:

    Module              Have    
    ------------------- --------
    CPAN                1.9800  
    CPAN::Meta          2.120921
    Cwd                 3.39_02 
    ExtUtils::CBuilder  0.280209
    ExtUtils::Command   1.17    
    ExtUtils::Install   1.58    
    ExtUtils::MakeMaker 6.63_02 
    ExtUtils::Manifest  1.61    
    ExtUtils::ParseXS   3.18    
    File::Spec          3.39_02 
    JSON                2.53    
    JSON::PP            2.27200 
    Module::Build       0.4003  
    Module::Signature   0.68    
    Parse::CPAN::Meta   1.4404  
    Test::Harness       3.25_01 
    Test::More          0.98    
    YAML                0.84    
    YAML::Syck          1.21    
    version             0.9901  


--

Summary of my perl5 (revision 5 version 17 subversion 6) configuration:
  Commit id: af2fe5eb7afec48a3c828cbfe5de7011288fb6d2
  Platform:
    osname=linux, osvers=3.2.0-4-amd64, archname=x86_64-linux-thread-multi-ld
    uname='linux k83 3.2.0-4-amd64 #1 smp debian 3.2.30-1 x86_64 gnulinux '
    config_args='-Dprefix=/home/src/perl/repoperls/installed-perls/perl/v5.17.5-38-gaf2fe5e/a2da -Dmyhostname=k83 -Dinstallusrbinperl=n -Uversiononly -Dusedevel -des -Ui_db -Duseithreads -Duselongdouble -DDEBUGGING=-g'
    hint=recommended, useposix=true, d_sigaction=define
    useithreads=define, usemultiplicity=define
    useperlio=define, d_sfio=undef, uselargefiles=define, usesocks=undef
    use64bitint=define, use64bitall=define, uselongdouble=define
    usemymalloc=n, bincompat5005=undef
  Compiler:
    cc='cc', ccflags ='-D_REENTRANT -D_GNU_SOURCE -fno-strict-aliasing -pipe -fstack-protector -I/usr/local/include -D_LARGEFILE_SOURCE -D_FILE_OFFSET_BITS=64',
    optimize='-O2 -g',
    cppflags='-D_REENTRANT -D_GNU_SOURCE -fno-strict-aliasing -pipe -fstack-protector -I/usr/local/include'
    ccversion='', gccversion='4.7.2', gccosandvers=''
    intsize=4, longsize=8, ptrsize=8, doublesize=8, byteorder=12345678
    d_longlong=define, longlongsize=8, d_longdbl=define, longdblsize=16
    ivtype='long', ivsize=8, nvtype='long double', nvsize=16, Off_t='off_t', lseeksize=8
    alignbytes=16, prototype=define
  Linker and Libraries:
    ld='cc', ldflags =' -fstack-protector -L/usr/local/lib'
    libpth=/usr/local/lib /lib/x86_64-linux-gnu /lib/../lib /usr/lib/x86_64-linux-gnu /usr/lib/../lib /lib /usr/lib
    libs=-lnsl -ldb -ldl -lm -lcrypt -lutil -lpthread -lc
    perllibs=-lnsl -ldl -lm -lcrypt -lutil -lpthread -lc
    libc=, so=so, useshrplib=false, libperl=libperl.a
    gnulibc_version='2.13'
  Dynamic Linking:
    dlsrc=dl_dlopen.xs, dlext=so, d_dlsymun=undef, ccdlflags='-Wl,-E'
    cccdlflags='-fPIC', lddlflags='-shared -O2 -g -L/usr/local/lib -fstack-protector'


Characteristics of this binary (from libperl): 
  Compile-time options: HAS_TIMES MULTIPLICITY PERLIO_LAYERS
                        PERL_DONT_CREATE_GVSV PERL_IMPLICIT_CONTEXT
                        PERL_MALLOC_WRAP PERL_PRESERVE_IVUV PERL_USE_DEVEL
                        USE_64_BIT_ALL USE_64_BIT_INT USE_ITHREADS
                        USE_LARGE_FILES USE_LOCALE USE_LOCALE_COLLATE
                        USE_LOCALE_CTYPE USE_LOCALE_NUMERIC USE_LONG_DOUBLE
                        USE_PERLIO USE_PERL_ATOF USE_REENTRANT_API
  Built under linux
  Compiled at Oct 23 2012 21:46:02
  %ENV:
    PERL5LIB="/tmp/loop_over_bdir-RRkIBn/ProjectBuilder-0.11.3-cjJRgR/blib/arch:/tmp/loop_over_bdir-RRkIBn/ProjectBuilder-0.11.3-cjJRgR/blib/lib"
    PERL5OPT=""
    PERL5_CPANPLUS_IS_RUNNING="12791"
    PERL5_CPAN_IS_RUNNING="12791"
    PERL_MM_USE_DEFAULT="1"
  @INC:
    /tmp/loop_over_bdir-RRkIBn/ProjectBuilder-0.11.3-cjJRgR/blib/arch
    /tmp/loop_over_bdir-RRkIBn/ProjectBuilder-0.11.3-cjJRgR/blib/lib
    /home/src/perl/repoperls/installed-perls/perl/v5.17.5-38-gaf2fe5e/a2da/lib/site_perl/5.17.6/x86_64-linux-thread-multi-ld
    /home/src/perl/repoperls/installed-perls/perl/v5.17.5-38-gaf2fe5e/a2da/lib/site_perl/5.17.6
    /home/src/perl/repoperls/installed-perls/perl/v5.17.5-38-gaf2fe5e/a2da/lib/5.17.6/x86_64-linux-thread-multi-ld
    /home/src/perl/repoperls/installed-perls/perl/v5.17.5-38-gaf2fe5e/a2da/lib/5.17.6
    .