Back
From: metabase:user:0d96120c-29e2-11e5-b049-ede3035d37de
Subject: FAIL Test-UniqueTestNames-0.04.1 v5.23.1 SunOS/Solaris
Date: 2015-08-11T16:54:00Z
This distribution has been tested as part of the CPAN Testers
project, supporting the Perl programming language. See
http://wiki.cpantesters.org/ for more information or email
questions to cpan-testers-discuss@perl.org
--
Dear Josh Heumann,
This is a computer-generated report for Test-UniqueTestNames-0.04.1
on perl 5.23.1, created by CPAN-Reporter-1.2015.
Thank you for uploading your work to CPAN. However, there was a problem
testing your distribution.
If you think this report is invalid, please consult the CPAN Testers Wiki
for suggestions on how to avoid getting FAIL reports for missing library
or binary dependencies, unsupported operating systems, and so on:
http://wiki.cpantesters.org/wiki/CPANAuthorNotes
Sections of this report:
* Tester comments
* Program output
* Prerequisites
* Environment and other context
------------------------------
TESTER COMMENTS
------------------------------
Additional comments from tester:
this report is from an automated smoke testing program
and was not reviewed by a human for accuracy
CPU : Intel(r) Xeon(r) CPU E5-1650 v3 @ 3.50GHz
MEMORY : 8.00 GB
ARCH : i86pc
OS : Solaris 5.11
KERNEL : SunOS 5.11
VIRTUALIZATION : virtualbox
------------------------------
PROGRAM OUTPUT
------------------------------
Output from './Build test':
t/loop.t ....................... ok
t/many_duplicates.t ............ ok
t/many_many_duplicates.t ....... ok
# Failed test 'passes when there are multiple isa_oks, since isa_ok creates its own test name'
# at /export/home/jmaslak/perl5/perlbrew/perls/perl-5.23.1-ld/lib/5.23.1/Test/Builder/Tester.pm line 338.
# STDOUT is:
# ok 1 - An object of class 'Foo' isa 'Foo'
# ok 2 - An object of class 'Foo' isa 'Foo'
# ok 3 - An object of class 'Foo' isa 'Foo'
# not ok 4 - all test names unique
#
# not:
# ok 1 - The object isa Foo
# ok 2 - The object isa Foo
# ok 3 - The object isa Foo
# ok 4 - all test names unique
#
# as expected
# STDERR is:
# # Failed test 'all test names unique'
# # at lib/Test/UniqueTestNames.pm line 156.
# # The following 1 test name(s) were not unique:
# # Test Name Occurrences Line(s)
# # ----------------------------------------------------------------
# # An object of class 'Foo' isa 'Foo' 3 21 (3 times)
#
# not:
#
# as expected
t/multiple_isa_oks.t ...........
Failed 1/3 subtests
t/multiple_nameless.t .......... ok
t/nameless.t ................... ok
t/no_duplicates.t .............. ok
t/no_tests.t ................... ok
t/no_warnings.t ................ ok
t/one_duplicate.t .............. ok
t/one_duplicate_three_times.t .. ok
# Creating a new isa_ok test with multiple lines
# Creating a new test with no name
t/test_object.t ................ ok
# Adding another failing test with a lower line number
# Adding a test with no name
t/tracker.t .................... ok
t/unnamed_ok.t ................. ok
Test Summary Report
-------------------
t/multiple_isa_oks.t (Wstat: 0 Tests: 3 Failed: 1)
Failed test: 2
t/no_warnings.t (Wstat: 0 Tests: 1 Failed: 0)
TODO passed: 1
Files=14, Tests=91, 1 wallclock secs ( 0.08 usr 0.09 sys + 0.47 cusr 0.38 csys = 1.02 CPU)
Result: FAIL
Failed 1/14 test programs. 1/91 subtests failed.
------------------------------
PREREQUISITES
------------------------------
Prerequisite modules loaded:
build_requires:
Module Need Have
---------------- ---- --------
Hook::LexWrap 0 0.25
Test::Builder 0 1.001014
Test::Exception 0 0.40
Test::More 0 1.001014
Test::NoWarnings 0 1.04
------------------------------
ENVIRONMENT AND OTHER CONTEXT
------------------------------
Environment variables:
AUTOMATED_TESTING = 1
LANG = en_US.UTF-8
LC_ALL =
LC_COLLATE =
LC_CTYPE =
LC_MESSAGES =
LC_MONETARY =
LC_NUMERIC =
LC_TIME =
NONINTERACTIVE_TESTING = 1
PATH = /export/home/jmaslak/perl5/perlbrew/bin:/export/home/jmaslak/perl5/perlbrew/perls/perl-5.23.1-ld/bin:/export/home/jmaslak/perltest/bin:/export/home/jmaslak/perltest/bin:/export/home/jmaslak/perltest/bin:/export/home/jmaslak/bin:~/bin:/export/home/jmaslak/perl5/perlbrew/bin:/export/home/jmaslak/perl5/perlbrew/perls/perl-5.23.1/bin:/usr/bin:/bin:/usr/ccs/bin:/usr/sbin:/usr/ccs/bin:/opt/solarisstudio12.4/bin:/usr/ucb:~/perltest/bin
PERL5LIB =
PERL5OPT =
PERL5_CPANPLUS_IS_RUNNING = 24256
PERL5_CPAN_IS_RUNNING = 24256
PERL5_CPAN_IS_RUNNING_IN_RECURSION = 27906,24256
PERLBREW_BASHRC_VERSION = 0.73
PERLBREW_HOME = /export/home/jmaslak/.perlbrew
PERLBREW_LIB =
PERLBREW_MANPATH = /export/home/jmaslak/perl5/perlbrew/perls/perl-5.23.1-ld/man
PERLBREW_PATH = /export/home/jmaslak/perl5/perlbrew/bin:/export/home/jmaslak/perl5/perlbrew/perls/perl-5.23.1-ld/bin
PERLBREW_PERL = perl-5.23.1-ld
PERLBREW_ROOT = /export/home/jmaslak/perl5/perlbrew
PERLBREW_VERSION = 0.73
PERL_CR_SMOKER_CURRENT = Test-UniqueTestNames-0.04.1
PERL_EXTUTILS_AUTOINSTALL = --defaultdeps
PERL_LOCAL_LIB_ROOT =
PERL_MM_USE_DEFAULT = 1
SHELL = /usr/bin/bash
TERM = screen
Perl special variables (and OS-specific diagnostics, for MSWin32):
$^X = /export/home/jmaslak/perl5/perlbrew/perls/perl-5.23.1-ld/bin/perl5.23.1
$UID/$EUID = 100 / 100
$GID = 10 10
$EGID = 10 10
Perl module toolchain versions installed:
Module Have
------------------- --------
CPAN 2.11
CPAN::Meta 2.150005
Cwd 3.56
ExtUtils::CBuilder 0.280223
ExtUtils::Command 1.20
ExtUtils::Install 2.04
ExtUtils::MakeMaker 7.04_01
ExtUtils::Manifest 1.70
ExtUtils::ParseXS 3.28
File::Spec 3.56
JSON 2.90
JSON::PP 2.27300
Module::Build 0.4214
Module::Signature n/a
Parse::CPAN::Meta 1.4417
Test::Harness 3.35
Test::More 1.001014
YAML 1.15
YAML::Syck n/a
version 0.9909
--
Summary of my perl5 (revision 5 version 23 subversion 1) configuration:
Platform:
osname=solaris, osvers=2.11, archname=i86pc-solaris-ld
uname='sunos solaris.antelope.net 5.11 11.2 i86pc i386 i86pc '
config_args='-de -Dprefix=/export/home/jmaslak/perl5/perlbrew/perls/perl-5.23.1-ld -Duselongdouble -Dusedevel -Aeval:scriptdir=/export/home/jmaslak/perl5/perlbrew/perls/perl-5.23.1-ld/bin'
hint=recommended, useposix=true, d_sigaction=define
useithreads=undef, usemultiplicity=undef
use64bitint=undef, use64bitall=undef, uselongdouble=define
usemymalloc=n, bincompat5005=undef
Compiler:
cc='/opt/solarisstudio12.4/bin/cc', ccflags ='-I/usr/gnu/include -D_LARGEFILE_SOURCE -D_FILE_OFFSET_BITS=64 -DPERL_USE_SAFE_PUTENV',
optimize='-O',
cppflags='-I/usr/gnu/include'
ccversion='Sun C 5.13 SunOS_i386 2014/10/20', gccversion='', gccosandvers=''
intsize=4, longsize=4, ptrsize=4, doublesize=8, byteorder=1234, doublekind=3
d_longlong=define, longlongsize=8, d_longdbl=define, longdblsize=12, longdblkind=3
ivtype='long', ivsize=4, nvtype='long double', nvsize=12, Off_t='off_t', lseeksize=8
alignbytes=4, prototype=define
Linker and Libraries:
ld='/opt/solarisstudio12.4/bin/cc', ldflags =' -L/usr/lib -L/usr/ccs/lib -L/opt/solarisstudio12.4/lib/compilers/staticlib -L/opt/solarisstudio12.4/lib/compilers/sse2 -L/opt/solarisstudio12.4/lib/compilers -L/lib -L/usr/gnu/lib '
libpth=/usr/lib /usr/ccs/lib /opt/solarisstudio12.4/lib/compilers/staticlib /opt/solarisstudio12.4/lib/compilers/sse2 /opt/solarisstudio12.4/lib/compilers /lib /usr/gnu/lib
libs=-lpthread -lsocket -lnsl -lgdbm -ldb -ldl -lm -lc -lsunmath
perllibs=-lpthread -lsocket -lnsl -ldl -lm -lc -lsunmath
libc=/lib/libc.so, so=so, useshrplib=false, libperl=libperl.a
gnulibc_version=''
Dynamic Linking:
dlsrc=dl_dlopen.xs, dlext=so, d_dlsymun=undef, ccdlflags=' '
cccdlflags='-KPIC', lddlflags='-G -L/usr/lib -L/usr/ccs/lib -L/opt/solarisstudio12.4/lib/compilers/staticlib -L/opt/solarisstudio12.4/lib/compilers/sse2 -L/opt/solarisstudio12.4/lib/compilers -L/lib -L/usr/gnu/lib'
Characteristics of this binary (from libperl):
Compile-time options: HAS_TIMES PERLIO_LAYERS PERL_COPY_ON_WRITE
PERL_DONT_CREATE_GVSV
PERL_HASH_FUNC_ONE_AT_A_TIME_HARD PERL_MALLOC_WRAP
PERL_PRESERVE_IVUV PERL_USE_DEVEL
PERL_USE_SAFE_PUTENV USE_LARGE_FILES USE_LOCALE
USE_LOCALE_COLLATE USE_LOCALE_CTYPE
USE_LOCALE_NUMERIC USE_LOCALE_TIME USE_LONG_DOUBLE
USE_PERLIO USE_PERL_ATOF
Locally applied patches:
Devel::PatchPerl 1.38
Built under solaris
Compiled at Jul 25 2015 00:29:56
%ENV:
PERL5LIB=""
PERL5OPT=""
PERL5_CPANPLUS_IS_RUNNING="24256"
PERL5_CPAN_IS_RUNNING="24256"
PERL5_CPAN_IS_RUNNING_IN_RECURSION="27906,24256"
PERLBREW_BASHRC_VERSION="0.73"
PERLBREW_HOME="/export/home/jmaslak/.perlbrew"
PERLBREW_LIB=""
PERLBREW_MANPATH="/export/home/jmaslak/perl5/perlbrew/perls/perl-5.23.1-ld/man"
PERLBREW_PATH="/export/home/jmaslak/perl5/perlbrew/bin:/export/home/jmaslak/perl5/perlbrew/perls/perl-5.23.1-ld/bin"
PERLBREW_PERL="perl-5.23.1-ld"
PERLBREW_ROOT="/export/home/jmaslak/perl5/perlbrew"
PERLBREW_VERSION="0.73"
PERL_CR_SMOKER_CURRENT="Test-UniqueTestNames-0.04.1"
PERL_EXTUTILS_AUTOINSTALL="--defaultdeps"
PERL_LOCAL_LIB_ROOT=""
PERL_MM_USE_DEFAULT="1"
@INC:
/export/home/jmaslak/perl5/perlbrew/perls/perl-5.23.1-ld/lib/site_perl/5.23.1/i86pc-solaris-ld
/export/home/jmaslak/perl5/perlbrew/perls/perl-5.23.1-ld/lib/site_perl/5.23.1
/export/home/jmaslak/perl5/perlbrew/perls/perl-5.23.1-ld/lib/5.23.1/i86pc-solaris-ld
/export/home/jmaslak/perl5/perlbrew/perls/perl-5.23.1-ld/lib/5.23.1
.