Report for Spread-Session-0.4

Back
From: metabase:user:314402c4-2aae-11df-837a-5e0a49663a4f
Subject: FAIL Spread-Session-0.4 v5.18.2 FreeBSD
Date: 2014-05-14T05:42:41Z

This distribution has been tested as part of the CPAN Testers
project, supporting the Perl programming language.  See
http://wiki.cpantesters.org/ for more information or email
questions to cpan-testers-discuss@perl.org


--
Dear Jason W. May,

This is a computer-generated report for Spread-Session-0.4
on perl 5.18.2, created by CPAN-Reporter-1.2011.

Thank you for uploading your work to CPAN.  However, there was a problem
testing your distribution.

If you think this report is invalid, please consult the CPAN Testers Wiki
for suggestions on how to avoid getting FAIL reports for missing library
or binary dependencies, unsupported operating systems, and so on:

http://wiki.cpantesters.org/wiki/CPANAuthorNotes

Sections of this report:

    * Tester comments
    * Program output
    * Prerequisites
    * Environment and other context

------------------------------
TESTER COMMENTS
------------------------------

Additional comments from tester:

none provided

------------------------------
PROGRAM OUTPUT
------------------------------

Output from '/usr/bin/make test':

PERL_DL_NONLAZY=1 /usr/home/eserte/var/ctps/51911/install/perl-5.18.2/bin/perl5.18.2 "-MExtUtils::Command::MM" "-MTest::Harness" "-e" "undef *Test::Harness::Switches; test_harness(0, 'blib/lib', 'blib/arch')" t/*.t
t/00basic.t .......... ok
File does not exist: t/logging.xml at /home/eserte/var/ctps/51911/install/perl-5.18.2/lib/site_perl/5.18.2/Log/Channel.pm line 717.
BEGIN failed--compilation aborted at /usr/home/eserte/.cpan/build/Spread-Session-0.4-VL5LPH/blib/lib/Spread/Session.pm line 73.
Compilation failed in require at t/01sendreceive.t line 7.
BEGIN failed--compilation aborted at t/01sendreceive.t line 7.
# Looks like your test exited with 2 before it could output anything.
t/01sendreceive.t .... 
Dubious, test returned 2 (wstat 512, 0x200)
Failed 2/2 subtests 
Spread::connect failed: Could Not Connect at t/02oneway.t line 24.
Spread::connect failed: Could Not Connect at t/02oneway.t line 17.
t/02oneway.t ......... 
Dubious, test returned 61 (wstat 15616, 0x3d00)
Failed 2/2 subtests 
File does not exist: t/logging.xml at /home/eserte/var/ctps/51911/install/perl-5.18.2/lib/site_perl/5.18.2/Log/Channel.pm line 717.
BEGIN failed--compilation aborted at /usr/home/eserte/.cpan/build/Spread-Session-0.4-VL5LPH/blib/lib/Spread/Session.pm line 73.
Compilation failed in require at t/03onewayevent.t line 5.
BEGIN failed--compilation aborted at t/03onewayevent.t line 5.
t/03onewayevent.t .... 
Dubious, test returned 2 (wstat 512, 0x200)
No subtests run 
Spread::connect failed: Could Not Connect at t/04sendrcvnewcbk.t line 39.
Spread::connect failed: Could Not Connect at t/04sendrcvnewcbk.t line 23.
t/04sendrcvnewcbk.t .. 
Dubious, test returned 61 (wstat 15616, 0x3d00)
Failed 2/2 subtests 

Test Summary Report
-------------------
t/01sendreceive.t  (Wstat: 512 Tests: 0 Failed: 0)
  Non-zero exit status: 2
  Parse errors: Bad plan.  You planned 2 tests but ran 0.
t/02oneway.t       (Wstat: 15616 Tests: 0 Failed: 0)
  Non-zero exit status: 61
  Parse errors: Bad plan.  You planned 2 tests but ran 0.
t/03onewayevent.t  (Wstat: 512 Tests: 0 Failed: 0)
  Non-zero exit status: 2
  Parse errors: No plan found in TAP output
t/04sendrcvnewcbk.t (Wstat: 15616 Tests: 0 Failed: 0)
  Non-zero exit status: 61
  Parse errors: Bad plan.  You planned 2 tests but ran 0.
Files=5, Tests=1,  3 wallclock secs ( 0.05 usr  0.02 sys +  0.45 cusr  0.06 csys =  0.57 CPU)
Result: FAIL
Failed 4/5 test programs. 0/1 subtests failed.
*** [test_dynamic] Error code 61

Stop in /usr/home/eserte/.cpan/build/Spread-Session-0.4-VL5LPH.

------------------------------
PREREQUISITES
------------------------------

Prerequisite modules loaded:

requires:

    Module              Need Have    
    ------------------- ---- --------
    Spread              0    3.17.4.4

build_requires:

    Module              Need Have    
    ------------------- ---- --------
    ExtUtils::MakeMaker 0    6.98    


------------------------------
ENVIRONMENT AND OTHER CONTEXT
------------------------------

Environment variables:

    DBIC_NO_WARN_BAD_PERL = 1
    PATH = /usr/local/bin:/usr/bin:/bin:/usr/local/sbin:/usr/sbin:/sbin:/home/eserte/bin/freebsd9.1:/home/eserte/bin/sh:/home/eserte/bin:/usr/games:/home/eserte/devel:/usr/home/eserte/src/cpan-testers-parallelsmoker/utils
    PERL5LIB = 
    PERL5OPT = 
    PERL5_CPANPLUS_IS_RUNNING = 9461
    PERL5_CPAN_IS_RUNNING = 9461
    PERL5_CPAN_IS_RUNNING_IN_RECURSION = 91368,9461
    PERLDOC = -MPod::Perldoc::ToTextOverstrike
    PERL_BATCH = yes
    PERL_CPAN_REPORTER_DIR = /home/eserte/var/ctps/51911/config/perl-5.18.2/cpanreporter
    PERL_EXTUTILS_AUTOINSTALL = --defaultdeps
    PERL_HTML_DISPLAY_CLASS = HTML::Display::Mozilla
    PERL_PARALLEL_SMOKER = yes
    PERL_TEST_UNPATCHED = 1
    PERL_TEST_UNPATCHED = 1
    SHELL = /usr/local/bin/zsh
    TERM = xterm
    TMPDIR = /var/tmp/cpansmoker-1000

Perl special variables (and OS-specific diagnostics, for MSWin32):

    $^X = /usr/home/eserte/var/ctps/51911/install/perl-5.18.2/bin/perl5.18.2
    $UID/$EUID = 1000 / 1000
    $GID = 1000 1000 0 5
    $EGID = 1000 1000 0 5

Perl module toolchain versions installed:

    Module              Have    
    ------------------- --------
    CPAN                2.05    
    CPAN::Meta          2.141170
    Cwd                 3.40    
    ExtUtils::CBuilder  0.280216
    ExtUtils::Command   1.18    
    ExtUtils::Install   1.67    
    ExtUtils::MakeMaker 6.98    
    ExtUtils::Manifest  1.63    
    ExtUtils::ParseXS   3.24    
    File::Spec          3.40    
    JSON                2.90    
    JSON::PP            2.27203 
    Module::Build       0.4205  
    Module::Signature   0.73    
    Parse::CPAN::Meta   1.4414  
    Test::Harness       3.30    
    Test::More          1.001003
    YAML                0.90    
    YAML::Syck          1.27    
    version             0.9908  


--

Summary of my perl5 (revision 5 version 18 subversion 2) configuration:
   
  Platform:
    osname=freebsd, osvers=9.2-release, archname=amd64-freebsd
    uname='freebsd cvrsnica-freebsd-92-ctps-51911.herceg.de 9.2-release freebsd 9.2-release #0 r255898: thu sep 26 22:50:31 utc 2013 root@bake.isc.freebsd.org:usrobjusrsrcsysgeneric amd64 '
    config_args='-ds -e -Uversiononly -Dinstallusrbinperl=n -Dusedevel -Dprefix=/home/eserte/var/ctps/51911/install/perl-5.18.2'
    hint=recommended, useposix=true, d_sigaction=define
    useithreads=undef, usemultiplicity=undef
    useperlio=define, d_sfio=undef, uselargefiles=define, usesocks=undef
    use64bitint=define, use64bitall=define, uselongdouble=undef
    usemymalloc=n, bincompat5005=undef
  Compiler:
    cc='cc', ccflags ='-DHAS_FPSETMASK -DHAS_FLOATINGPOINT_H -fno-strict-aliasing -pipe -fstack-protector -I/usr/local/include',
    optimize='-O',
    cppflags='-DHAS_FPSETMASK -DHAS_FLOATINGPOINT_H -fno-strict-aliasing -pipe -fstack-protector -I/usr/local/include'
    ccversion='', gccversion='4.2.1 20070831 patched [FreeBSD]', gccosandvers=''
    intsize=4, longsize=8, ptrsize=8, doublesize=8, byteorder=12345678
    d_longlong=define, longlongsize=8, d_longdbl=define, longdblsize=16
    ivtype='long', ivsize=8, nvtype='double', nvsize=8, Off_t='off_t', lseeksize=8
    alignbytes=8, prototype=define
  Linker and Libraries:
    ld='cc', ldflags ='-Wl,-E  -fstack-protector -L/usr/local/lib'
    libpth=/usr/lib /usr/local/lib
    libs=-lgdbm -lm -lcrypt -lutil -lc
    perllibs=-lm -lcrypt -lutil -lc
    libc=, so=so, useshrplib=false, libperl=libperl.a
    gnulibc_version=''
  Dynamic Linking:
    dlsrc=dl_dlopen.xs, dlext=so, d_dlsymun=undef, ccdlflags=' '
    cccdlflags='-DPIC -fPIC', lddlflags='-shared  -L/usr/local/lib -fstack-protector'


Characteristics of this binary (from libperl): 
  Compile-time options: HAS_TIMES PERLIO_LAYERS PERL_DONT_CREATE_GVSV
                        PERL_HASH_FUNC_ONE_AT_A_TIME_HARD PERL_MALLOC_WRAP
                        PERL_PRESERVE_IVUV PERL_SAWAMPERSAND PERL_USE_DEVEL
                        USE_64_BIT_ALL USE_64_BIT_INT USE_LARGE_FILES
                        USE_LOCALE USE_LOCALE_COLLATE USE_LOCALE_CTYPE
                        USE_LOCALE_NUMERIC USE_PERLIO USE_PERL_ATOF
  Built under freebsd
  Compiled at Apr 25 2014 08:12:08
  %ENV:
    PERL5LIB=""
    PERL5OPT=""
    PERL5_CPANPLUS_IS_RUNNING="9461"
    PERL5_CPAN_IS_RUNNING="9461"
    PERL5_CPAN_IS_RUNNING_IN_RECURSION="91368,9461"
    PERLDOC="-MPod::Perldoc::ToTextOverstrike"
    PERL_BATCH="yes"
    PERL_CPAN_REPORTER_DIR="/home/eserte/var/ctps/51911/config/perl-5.18.2/cpanreporter"
    PERL_EXTUTILS_AUTOINSTALL="--defaultdeps"
    PERL_HTML_DISPLAY_CLASS="HTML::Display::Mozilla"
    PERL_PARALLEL_SMOKER="yes"
    PERL_TEST_UNPATCHED="1"
  @INC:
    /home/eserte/var/ctps/51911/install/perl-5.18.2/lib/site_perl/5.18.2/amd64-freebsd
    /home/eserte/var/ctps/51911/install/perl-5.18.2/lib/site_perl/5.18.2
    /home/eserte/var/ctps/51911/install/perl-5.18.2/lib/5.18.2/amd64-freebsd
    /home/eserte/var/ctps/51911/install/perl-5.18.2/lib/5.18.2
    .