Report for Audio-TagLib-1.64

Back
From: metabase:user:259e1362-c848-11e1-acfa-89c38cc6bf43
Subject: FAIL Audio-TagLib-1.64 v5.18.2 GNU/Linux
Date: 2014-09-10T15:24:33Z

This distribution has been tested as part of the CPAN Testers
project, supporting the Perl programming language.  See
http://wiki.cpantesters.org/ for more information or email
questions to cpan-testers-discuss@perl.org


--
Dear Geoffrey Leach,

This is a computer-generated report for Audio-TagLib-1.64
on perl 5.18.2, created by CPAN-Reporter-1.2011.

Thank you for uploading your work to CPAN.  However, there was a problem
testing your distribution.

If you think this report is invalid, please consult the CPAN Testers Wiki
for suggestions on how to avoid getting FAIL reports for missing library
or binary dependencies, unsupported operating systems, and so on:

http://wiki.cpantesters.org/wiki/CPANAuthorNotes

Sections of this report:

    * Tester comments
    * Program output
    * Prerequisites
    * Environment and other context

------------------------------
TESTER COMMENTS
------------------------------

Additional comments from tester:

none provided

------------------------------
PROGRAM OUTPUT
------------------------------

Output from '/usr/bin/make test':

Running Mkbootstrap for Audio::TagLib ()
chmod 644 TagLib.bs
PERL_DL_NONLAZY=1 /pkg/perl/5.18.2-13/bin/perl "-MExtUtils::Command::MM" "-MTest::Harness" "-e" "undef *Test::Harness::Switches; test_harness(0, 'blib/lib', 'blib/arch')" t/*.t
# Using taglib 1.9.1
t/TagLib.t ....................................... ok
t/TagLib_APE_Footer.t ............................ ok
t/TagLib_APE_Item.t .............................. ok
t/TagLib_APE_ItemListMap.t ....................... ok
t/TagLib_APE_ItemListMap_Iterator.t .............. ok
t/TagLib_APE_Tag.t ............................... ok
t/TagLib_AudioProperties.t ....................... ok
t/TagLib_ByteVector.t ............................ ok
t/TagLib_ByteVector_Iterator.t ................... ok
t/TagLib_ByteVectorList.t ........................ ok
t/TagLib_File.t .................................. ok
t/TagLib_FileRef.t ............................... ok
t/TagLib_FileRef_FileTypeResolver.t .............. ok
t/TagLib_FLAC_File.t ............................. ok
t/TagLib_FLAC_Properties.t ....................... ok
t/TagLib_ID3v1.t ................................. ok
t/TagLib_ID3v1_GenreMap.t ........................ ok
t/TagLib_ID3v1_GenreMap_Iterator.t ............... ok
t/TagLib_ID3v1_StringHandler.t ................... ok
t/TagLib_ID3v1_Tag.t ............................. ok
t/TagLib_ID3v2_AttachedPictureFrame.t ............ ok
t/TagLib_ID3v2_CommentsFrame.t ................... ok
t/TagLib_ID3v2_ExtendedHeader.t .................. ok
t/TagLib_ID3v2_Footer.t .......................... ok
t/TagLib_ID3v2_Frame.t ........................... ok
t/TagLib_ID3v2_FrameFactory.t .................... ok

#   Failed test at t/TagLib_ID3v2_FrameList.t line 60.
#                   'TIT2title'
#     doesn't match '(?^:^TPE1.*?artist$)'
# method sortedInsert(item) and getItem(i) failed
# Looks like you failed 1 test of 31.
t/TagLib_ID3v2_FrameList.t ....................... 
Dubious, test returned 1 (wstat 256, 0x100)
Failed 1/31 subtests 
t/TagLib_ID3v2_FrameList_Iterator.t .............. ok
t/TagLib_ID3v2_FrameListMap.t .................... ok
t/TagLib_ID3v2_FrameListMap_Iterator.t ........... ok
t/TagLib_ID3v2_Header.t .......................... ok
t/TagLib_ID3v2_RelativeVolumeFrame.t ............. ok
t/TagLib_ID3v2_RelativeVolumeFrame_PeakVolume.t .. ok
t/TagLib_ID3v2_SynchData.t ....................... ok
t/TagLib_ID3v2_Tag.t ............................. ok
t/TagLib_ID3v2_TextIdentificationFrame.t ......... ok
t/TagLib_ID3v2_UniqueFileIdentifierFrame.t ....... ok
t/TagLib_ID3v2_UnknownFrame.t .................... ok
t/TagLib_ID3v2_UserTextIdentificationFrame.t ..... ok
t/TagLib_MPC_File.t .............................. ok
t/TagLib_MPC_Properties.t ........................ ok
t/TagLib_MPEG_File.t ............................. ok
t/TagLib_MPEG_Header.t ........................... ok
t/TagLib_MPEG_Properties.t ....................... ok
t/TagLib_MPEG_XingHeader.t ....................... ok
t/TagLib_Ogg_FieldListMap.t ...................... ok
t/TagLib_Ogg_FieldListMap_Iterator.t ............. ok
t/TagLib_Ogg_File.t .............................. ok
t/TagLib_Ogg_FLAC_File.t ......................... ok
t/TagLib_Ogg_Page.t .............................. ok
t/TagLib_Ogg_PageHeader.t ........................ ok
t/TagLib_Ogg_Vorbis_File.t ....................... ok
t/TagLib_Ogg_Vorbis_Properties.t ................. ok
t/TagLib_Ogg_XiphComment.t ....................... ok
t/TagLib_String.t ................................ ok
t/TagLib_String_Iterator.t ....................... ok
t/TagLib_StringList.t ............................ ok
t/TagLib_Tag.t ................................... ok
t/TagLib_Vorbis_File.t ........................... ok
t/TagLib_Vorbis_Properties.t ..................... ok

Test Summary Report
-------------------
t/TagLib_ID3v2_FrameList.t                     (Wstat: 256 Tests: 31 Failed: 1)
  Failed test:  9
  Non-zero exit status: 1
Files=60, Tests=699,  4 wallclock secs ( 0.23 usr  0.04 sys +  2.82 cusr  0.23 csys =  3.32 CPU)
Result: FAIL
Failed 1/60 test programs. 1/699 subtests failed.
Makefile:1389: recipe for target 'test_dynamic' failed
make: *** [test_dynamic] Error 255

------------------------------
PREREQUISITES
------------------------------

Prerequisite modules loaded:

requires:

    Module              Need     Have    
    ------------------- -------- --------
    Encode              0        2.62    
    perl                5.010000 5.018002
    Test::Deep          0        0.112   
    Test::More          0        1.001003
    Test::Simple        0.99     1.001003

build_requires:

    Module              Need     Have    
    ------------------- -------- --------
    ExtUtils::MakeMaker 0        6.98    

configure_requires:

    Module              Need     Have    
    ------------------- -------- --------
    Config              0        5.018002
    ExtUtils::MakeMaker 0        6.98    
    version             0.77     0.9908  


------------------------------
ENVIRONMENT AND OTHER CONTEXT
------------------------------

Environment variables:

    LANG = en_GB.UTF-8
    LC_COLLATE = C
    PATH = /usr/bin:/bin:/usr/sbin:/sbin:/usr/games
    PERL5LIB = 
    PERL5OPT = 
    PERL5_CPANPLUS_IS_RUNNING = 27188
    PERL5_CPAN_IS_RUNNING = 27188
    SHELL = /bin/bash
    TERM = xterm-color

Perl special variables (and OS-specific diagnostics, for MSWin32):

    $^X = /pkg/perl/5.18.2-13/bin/perl
    $UID/$EUID = 0 / 0
    $GID = 0 0 1 2 3 4 6 10 11 16 25 73 89
    $EGID = 0 0 1 2 3 4 6 10 11 16 25 73 89

Perl module toolchain versions installed:

    Module              Have    
    ------------------- --------
    CPAN                2.05    
    CPAN::Meta          2.141520
    Cwd                 3.47    
    ExtUtils::CBuilder  0.280216
    ExtUtils::Command   1.18    
    ExtUtils::Install   1.68    
    ExtUtils::MakeMaker 6.98    
    ExtUtils::Manifest  1.63    
    ExtUtils::ParseXS   3.24    
    File::Spec          3.47    
    JSON                2.90    
    JSON::PP            2.27203 
    Module::Build       0.4206  
    Module::Signature   0.73    
    Parse::CPAN::Meta   1.4414  
    Test::Harness       3.32    
    Test::More          1.001003
    YAML                0.96    
    YAML::Syck          1.27    
    version             0.9908  


--

Summary of my perl5 (revision 5 version 18 subversion 2) configuration:
  Local Commit: 480db2e29f47813a4ba1ba64755421a040dd3f3a
  Ancestor: a80542ec933825b39d4634c64ca38e0598154434
  Platform:
    osname=linux, osvers=3.12.5-dirty, archname=x86_64-linux-thread-multi
    uname='linux spindle 3.12.5-dirty #1 smp mon dec 16 10:39:59 gmt 2013 x86_64 gnulinux '
    config_args='-d -e -D privlib=/usr/lib/perl5/5.18 -D sitelib=/usr/lib/perl5/site_perl/5.18 -D optimize=-Wstrict-overflow=1 -gdwarf-4 -feliminate-dwarf2-dups -feliminate-unused-debug-types -fvar-tracking-assignments -O2 -D__NO_STRING_INLINES -D__NO_MATH_INLINES'
    hint=recommended, useposix=true, d_sigaction=define
    useithreads=define, usemultiplicity=define
    useperlio=define, d_sfio=undef, uselargefiles=define, usesocks=undef
    use64bitint=define, use64bitall=define, uselongdouble=undef
    usemymalloc=n, bincompat5005=undef
  Compiler:
    cc='gcc', ccflags ='-D_REENTRANT -D_GNU_SOURCE -D_REENTRANT -D_GNU_SOURCE -g -fno-strict-aliasing -D_LARGEFILE_SOURCE -D_FILE_OFFSET_BITS=64 -pipe -fstack-protector -D_LARGEFILE_SOURCE -D_FILE_OFFSET_BITS=64',
    optimize='-Wstrict-overflow=1 -gdwarf-4 -feliminate-dwarf2-dups -feliminate-unused-debug-types -fvar-tracking-assignments -O2 -D__NO_STRING_INLINES -D__NO_MATH_INLINES',
    cppflags='-D_REENTRANT -D_GNU_SOURCE -D_REENTRANT -D_GNU_SOURCE -g -fno-strict-aliasing -D_LARGEFILE_SOURCE -D_FILE_OFFSET_BITS=64 -pipe -fstack-protector'
    ccversion='', gccversion='4.7.3 20130310 (prerelease)', gccosandvers=''
    intsize=4, longsize=8, ptrsize=8, doublesize=8, byteorder=12345678
    d_longlong=define, longlongsize=8, d_longdbl=define, longdblsize=16
    ivtype='long', ivsize=8, nvtype='double', nvsize=8, Off_t='off_t', lseeksize=8
    alignbytes=8, prototype=define
  Linker and Libraries:
    ld='gcc', ldflags =' -fstack-protector -L/usr/local/lib'
    libpth=/usr/local/lib /lib/64 /usr/lib/64 /lib /usr/lib /lib64 /usr/lib64
    libs=-lgdbm -ldb -ldl -lm -lcrypt -lutil -lpthread -lc -lgdbm_compat
    perllibs=-ldl -lm -lcrypt -lutil -lpthread -lc
    libc=/lib/libc-2.18.so, so=so, useshrplib=true, libperl=libperl.so
    gnulibc_version='2.18'
  Dynamic Linking:
    dlsrc=dl_dlopen.xs, dlext=so, d_dlsymun=undef, ccdlflags='-Wl,-E -Wl,-rpath,/usr/lib/perl5/5.18/x86_64-linux-thread-multi/CORE'
    cccdlflags='-fPIC', lddlflags='-shared -Wstrict-overflow=1 -gdwarf-4 -feliminate-dwarf2-dups -feliminate-unused-debug-types -fvar-tracking-assignments -O2 -D__NO_STRING_INLINES -D__NO_MATH_INLINES -L/usr/local/lib -fstack-protector'


Characteristics of this binary (from libperl): 
  Compile-time options: HAS_TIMES MULTIPLICITY PERLIO_LAYERS
                        PERL_DONT_CREATE_GVSV
                        PERL_HASH_FUNC_ONE_AT_A_TIME_HARD
                        PERL_IMPLICIT_CONTEXT PERL_MALLOC_WRAP
                        PERL_PRESERVE_IVUV PERL_SAWAMPERSAND USE_64_BIT_ALL
                        USE_64_BIT_INT USE_ITHREADS USE_LARGE_FILES
                        USE_LOCALE USE_LOCALE_COLLATE USE_LOCALE_CTYPE
                        USE_LOCALE_NUMERIC USE_PERLIO USE_PERL_ATOF
                        USE_REENTRANT_API
  Locally applied patches:
	7d4f5a230e0aa1355d3c43d8bc0846373539e9d5
	69011a33f141f67d93da68c3c2fceff361cbb4f4
	74a68f09cf8fcc7428cadc6a52d972ed0c711711
	d68be6d020bbd71d5417bc9058427c6fdada989b
	6b8374d67921f0e94b41dc4cf4e2bdcf3189b97d
	560a90908de166c84afbc53ef342b984baa29132
  Built under linux
  Compiled at Jan 13 2014 14:01:54
  %ENV:
    PERL5LIB=""
    PERL5OPT=""
    PERL5_CPANPLUS_IS_RUNNING="27188"
    PERL5_CPAN_IS_RUNNING="27188"
  @INC:
    /usr/lib/perl5/site_perl/5.18/x86_64-linux-thread-multi
    /usr/lib/perl5/site_perl/5.18
    /usr/lib/perl5/5.18/x86_64-linux-thread-multi
    /usr/lib/perl5/5.18
    .