Report for Tkx-1.09

Back
From: metabase:user:31d414ea-2aae-11df-837a-5e0a49663a4f
Subject: FAIL Tkx-1.09 v5.10.1 SunOS/Solaris
Date: 2010-11-25T21:04:19Z

This distribution has been tested as part of the CPAN Testers
project, supporting the Perl programming language.  See
http://wiki.cpantesters.org/ for more information or email
questions to cpan-testers-discuss@perl.org


--
Dear Gisle Aas,

This is a computer-generated report for Tkx-1.09
on perl 5.10.1, created by CPAN-Reporter-1.1711.

Thank you for uploading your work to CPAN.  However, there was a problem
testing your distribution.

If you think this report is invalid, please consult the CPAN Testers Wiki
for suggestions on how to avoid getting FAIL reports for missing library
or binary dependencies, unsupported operating systems, and so on:

http://wiki.cpantesters.org/wiki/CPANAuthorNotes

Sections of this report:

    * Tester comments
    * Program output
    * Prerequisites
    * Environment and other context

------------------------------
TESTER COMMENTS
------------------------------

Additional comments from tester:

this report is from an automated smoke testing program
and was not reviewed by a human for accuracy

------------------------------
PROGRAM OUTPUT
------------------------------

Output from '/usr/local/bin/make test':

PERL_DL_NONLAZY=1 /rpool/home/david/cpantesting/perl-5.10.1/bin/perl "-MExtUtils::Command::MM" "-e" "test_harness(0, 'blib/lib', 'blib/arch')" t/*.t
no display name and no $DISPLAY environment variable at t/LabEntry.t line 8.
Compilation failed in require at t/LabEntry.t line 8.
BEGIN failed--compilation aborted at t/LabEntry.t line 8.
t/LabEntry.t ...... 
Dubious, test returned 2 (wstat 512, 0x200)
No subtests run 
no display name and no $DISPLAY environment variable at t/mega-config.t line 8.
Compilation failed in require at t/mega-config.t line 8.
BEGIN failed--compilation aborted at t/mega-config.t line 8.
t/mega-config.t ... 
Dubious, test returned 2 (wstat 512, 0x200)
No subtests run 
no display name and no $DISPLAY environment variable at t/mega.t line 8.
Compilation failed in require at t/mega.t line 8.
BEGIN failed--compilation aborted at t/mega.t line 8.
t/mega.t .......... 
Dubious, test returned 2 (wstat 512, 0x200)
No subtests run 
no display name and no $DISPLAY environment variable at t/nul-char.t line 15.
Compilation failed in require at t/nul-char.t line 15.
BEGIN failed--compilation aborted at t/nul-char.t line 15.
t/nul-char.t ...... 
Dubious, test returned 2 (wstat 512, 0x200)
No subtests run 
no display name and no $DISPLAY environment variable at t/tcl-callback.t line 8.
Compilation failed in require at t/tcl-callback.t line 8.
BEGIN failed--compilation aborted at t/tcl-callback.t line 8.
t/tcl-callback.t .. 
Dubious, test returned 2 (wstat 512, 0x200)
No subtests run 
no display name and no $DISPLAY environment variable at t/tcl.t line 8.
Compilation failed in require at t/tcl.t line 8.
BEGIN failed--compilation aborted at t/tcl.t line 8.
t/tcl.t ........... 
Dubious, test returned 2 (wstat 512, 0x200)
No subtests run 
no display name and no $DISPLAY environment variable at t/tk.t line 8.
Compilation failed in require at t/tk.t line 8.
BEGIN failed--compilation aborted at t/tk.t line 8.
t/tk.t ............ 
Dubious, test returned 2 (wstat 512, 0x200)
No subtests run 
no display name and no $DISPLAY environment variable at t/utf8.t line 15.
Compilation failed in require at t/utf8.t line 15.
BEGIN failed--compilation aborted at t/utf8.t line 15.
t/utf8.t .......... 
Dubious, test returned 2 (wstat 512, 0x200)
No subtests run 

Test Summary Report
-------------------
t/LabEntry.t    (Wstat: 512 Tests: 0 Failed: 0)
  Non-zero exit status: 2
  Parse errors: No plan found in TAP output
t/mega-config.t (Wstat: 512 Tests: 0 Failed: 0)
  Non-zero exit status: 2
  Parse errors: No plan found in TAP output
t/mega.t        (Wstat: 512 Tests: 0 Failed: 0)
  Non-zero exit status: 2
  Parse errors: No plan found in TAP output
t/nul-char.t    (Wstat: 512 Tests: 0 Failed: 0)
  Non-zero exit status: 2
  Parse errors: No plan found in TAP output
t/tcl-callback.t (Wstat: 512 Tests: 0 Failed: 0)
  Non-zero exit status: 2
  Parse errors: No plan found in TAP output
t/tcl.t         (Wstat: 512 Tests: 0 Failed: 0)
  Non-zero exit status: 2
  Parse errors: No plan found in TAP output
t/tk.t          (Wstat: 512 Tests: 0 Failed: 0)
  Non-zero exit status: 2
  Parse errors: No plan found in TAP output
t/utf8.t        (Wstat: 512 Tests: 0 Failed: 0)
  Non-zero exit status: 2
  Parse errors: No plan found in TAP output
Files=8, Tests=0,  4 wallclock secs ( 0.21 usr  0.12 sys +  2.17 cusr  1.24 csys =  3.74 CPU)
Result: FAIL
Failed 8/8 test programs. 0/0 subtests failed.
make: *** [test_dynamic] Error 2

------------------------------
PREREQUISITES
------------------------------

Prerequisite modules loaded:

requires:

    Module              Need Have   
    ------------------- ---- -------
    Tcl                 1    1.00   

configure_requires:

    Module              Need Have   
    ------------------- ---- -------
    ExtUtils::MakeMaker 0    6.55_02


------------------------------
ENVIRONMENT AND OTHER CONTEXT
------------------------------

Environment variables:

    AUTOMATED_TESTING = 1
    LD_LIBRARY_PATH = /usr/local/lib:/usr/lib:/usr/openwin/lib:/usr/ucblib:.
    PATH = /rpool/home/david/cpantesting/bin:/usr/local/bin:/usr/bin:/sbin:/usr/sbin:/usr/openwin/bin:/usr/ccs/bin:/usr/ucb:/etc:.
    PERL5LIB = 
    PERL5OPT = 
    PERL5_CPANPLUS_IS_RUNNING = 1560
    PERL5_CPAN_IS_RUNNING = 1560
    PERLVER = 5.10.1
    SHELL = /bin/bash
    TERM = screen

Perl special variables (and OS-specific diagnostics, for MSWin32):

    $^X = /rpool/home/david/cpantesting/perl-5.10.1/bin/perl
    $UID/$EUID = 10217 / 10217
    $GID = 1 1
    $EGID = 1 1

Perl module toolchain versions installed:

    Module              Have   
    ------------------- -------
    CPAN                1.9402 
    Cwd                 3.31   
    ExtUtils::CBuilder  0.2703 
    ExtUtils::Command   1.16   
    ExtUtils::Install   1.54   
    ExtUtils::MakeMaker 6.55_02
    ExtUtils::Manifest  1.56   
    ExtUtils::ParseXS   2.2206 
    File::Spec          3.31   
    Module::Build       0.3607 
    Module::Signature   0.66   
    Test::Harness       3.17   
    Test::More          0.96   
    YAML                0.72   
    YAML::Syck          1.17   
    version             0.85   


--

Summary of my perl5 (revision 5 version 10 subversion 1) configuration:
   
  Platform:
    osname=solaris, osvers=2.10, archname=sun4-solaris-thread-multi
    uname='sunos t1k.mrbill.net 5.10 generic_142900-06 sun4v sparc sunw,sun-fire-t1000 solaris '
    config_args='-de -Dprefix=/usr/local/home/david/cpantesting/perl-5.10.1 -Dusethreads'
    hint=recommended, useposix=true, d_sigaction=define
    useithreads=define, usemultiplicity=define
    useperlio=define, d_sfio=undef, uselargefiles=define, usesocks=undef
    use64bitint=undef, use64bitall=undef, uselongdouble=undef
    usemymalloc=n, bincompat5005=undef
  Compiler:
    cc='cc', ccflags ='-D_REENTRANT -fno-strict-aliasing -pipe -I/usr/local/include -D_LARGEFILE_SOURCE -D_FILE_OFFSET_BITS=64 -DPERL_USE_SAFE_PUTENV',
    optimize='-O',
    cppflags='-D_REENTRANT -fno-strict-aliasing -pipe -I/usr/local/include'
    ccversion='', gccversion='3.4.3 (csl-sol210-3_4-branch+sol_rpath)', gccosandvers='solaris2.10'
    intsize=4, longsize=4, ptrsize=4, doublesize=8, byteorder=4321
    d_longlong=define, longlongsize=8, d_longdbl=define, longdblsize=16
    ivtype='long', ivsize=4, nvtype='double', nvsize=8, Off_t='off_t', lseeksize=8
    alignbytes=8, prototype=define
  Linker and Libraries:
    ld='cc', ldflags =' -L/usr/local/lib '
    libpth=/usr/local/lib /usr/lib /usr/ccs/lib
    libs=-lsocket -lnsl -ldl -lm -lpthread -lc
    perllibs=-lsocket -lnsl -ldl -lm -lpthread -lc
    libc=/lib/libc.so, so=so, useshrplib=false, libperl=libperl.a
    gnulibc_version=''
  Dynamic Linking:
    dlsrc=dl_dlopen.xs, dlext=so, d_dlsymun=undef, ccdlflags=' '
    cccdlflags='-fPIC', lddlflags='-G -L/usr/local/lib'


Characteristics of this binary (from libperl): 
  Compile-time options: MULTIPLICITY PERL_DONT_CREATE_GVSV
                        PERL_IMPLICIT_CONTEXT PERL_MALLOC_WRAP
                        PERL_USE_SAFE_PUTENV USE_ITHREADS USE_LARGE_FILES
                        USE_PERLIO USE_REENTRANT_API
  Built under solaris
  Compiled at Mar 25 2010 15:59:57
  %ENV:
    PERL5LIB=""
    PERL5OPT=""
    PERL5_CPANPLUS_IS_RUNNING="1560"
    PERL5_CPAN_IS_RUNNING="1560"
    PERLVER="5.10.1"
  @INC:
    /usr/local/home/david/cpantesting/perl-5.10.1/lib/5.10.1/sun4-solaris-thread-multi
    /usr/local/home/david/cpantesting/perl-5.10.1/lib/5.10.1
    /usr/local/home/david/cpantesting/perl-5.10.1/lib/site_perl/5.10.1/sun4-solaris-thread-multi
    /usr/local/home/david/cpantesting/perl-5.10.1/lib/site_perl/5.10.1
    .