SReview v0.9.0 Perl 5 v5.24.2 x86_64-linux-ld
- Status
- Na
- From
- Andreas J. König (ANDK)
- Dist
-
SReview v0.9.0
- Platform
- Perl 5 v5.24.2 x86_64-linux-ld
- Date
- 2022-12-17 17:30:58
- ID
- 91df7328-7e30-11ed-a1a3-b604ea08a1e1
This distribution has been tested as part of the CPAN Testers
project, supporting the Perl programming language. See
http://wiki.cpantesters.org/ for more information or email
questions to cpan-testers-discuss@perl.org
--
Dear Wouter Verhelst,
This is a computer-generated report for SReview-0.9.0
on perl 5.24.2, created by CPAN-Reporter-1.2018.
Thank you for uploading your work to CPAN. While attempting to build or test
this distribution, the distribution signaled that support is not available
either for this operating system or this version of Perl. Nevertheless, any
diagnostic output produced is provided below for reference. If this is not
what you expect, you may wish to consult the CPAN Testers Wiki:
http://wiki.cpantesters.org/wiki/CPANAuthorNotes
Sections of this report:
* Tester comments
* Program output
* Prerequisites
* Environment and other context
------------------------------
TESTER COMMENTS
------------------------------
Additional comments from tester:
this report is from an automated smoke testing program
and was not reviewed by a human for accuracy
------------------------------
PROGRAM OUTPUT
------------------------------
Output from '/usr/bin/make test':
PERL_DL_NONLAZY=1 "/home/sand/src/perl/repoperls/installed-perls/host/k93msid/v5.24.2/fc43/bin/perl" "-MExtUtils::Command::MM" "-MTest::Harness" "-e" "undef *Test::Harness::Switches; test_harness(0, 'blib/lib', 'blib/arch')" t/*.t
t/010-config.t ........... ok
t/040-db.t ............... ok
Can't locate Media/Convert/Asset.pm in @INC (you may need to install the Media::Convert::Asset module) (@INC contains: /tmp/loop_over_bdir-2167-V4odiX/SReview-0.9.0-0/blib/lib /tmp/loop_over_bdir-2167-V4odiX/SReview-0.9.0-0/blib/arch /home/sand/src/perl/repoperls/installed-perls/host/k93msid/v5.24.2/fc43/lib/site_perl/5.24.2/x86_64-linux-ld /home/sand/src/perl/repoperls/installed-perls/host/k93msid/v5.24.2/fc43/lib/site_perl/5.24.2 /home/sand/src/perl/repoperls/installed-perls/host/k93msid/v5.24.2/fc43/lib/5.24.2/x86_64-linux-ld /home/sand/src/perl/repoperls/installed-perls/host/k93msid/v5.24.2/fc43/lib/5.24.2 .) at t/080-runthrough.t line 13.
BEGIN failed--compilation aborted at t/080-runthrough.t line 13.
# Looks like your test exited with 2 before it could output anything.
t/080-runthrough.t .......
Dubious, test returned 2 (wstat 512, 0x200)
Failed 15/15 subtests
Perl v5.28.0 required--this is only v5.24.2, stopped at t/085-schedule-export.t line 3.
BEGIN failed--compilation aborted at t/085-schedule-export.t line 3.
t/085-schedule-export.t ..
Dubious, test returned 255 (wstat 65280, 0xff00)
No subtests run
Warning: could not find configuration file /etc/sreview/config.pm, falling back to defaults at /tmp/loop_over_bdir-2167-V4odiX/SReview-0.9.0-0/blib/lib/SReview/Config/Common.pm line 63.
t/090-talk.t ............. ok
Warning: could not find configuration file /etc/sreview/config.pm, falling back to defaults at /tmp/loop_over_bdir-2167-V4odiX/SReview-0.9.0-0/blib/lib/SReview/Config/Common.pm line 63.
t/095-files.t ............ ok
Can't locate Media/Convert/Asset.pm in @INC (you may need to install the Media::Convert::Asset module) (@INC contains: /tmp/loop_over_bdir-2167-V4odiX/SReview-0.9.0-0/blib/lib /tmp/loop_over_bdir-2167-V4odiX/SReview-0.9.0-0/blib/arch /home/sand/src/perl/repoperls/installed-perls/host/k93msid/v5.24.2/fc43/lib/site_perl/5.24.2/x86_64-linux-ld /home/sand/src/perl/repoperls/installed-perls/host/k93msid/v5.24.2/fc43/lib/site_perl/5.24.2 /home/sand/src/perl/repoperls/installed-perls/host/k93msid/v5.24.2/fc43/lib/5.24.2/x86_64-linux-ld /home/sand/src/perl/repoperls/installed-perls/host/k93msid/v5.24.2/fc43/lib/5.24.2 .) at /tmp/loop_over_bdir-2167-V4odiX/SReview-0.9.0-0/blib/lib/SReview/Talk.pm line 5.
BEGIN failed--compilation aborted at /tmp/loop_over_bdir-2167-V4odiX/SReview-0.9.0-0/blib/lib/SReview/Talk.pm line 5.
Compilation failed in require at t/100-mojo.t line 22.
BEGIN failed--compilation aborted at t/100-mojo.t line 22.
# Looks like your test exited with 2 before it could output anything.
t/100-mojo.t .............
Dubious, test returned 2 (wstat 512, 0x200)
Failed 34/34 subtests
Warning: could not find configuration file /etc/sreview/config.pm, falling back to defaults at /tmp/loop_over_bdir-2167-V4odiX/SReview-0.9.0-0/blib/lib/SReview/Config/Common.pm line 63.
t/110-api.t .............. ok
t/120-types.t ............ ok
t/130-schedule.t ......... ok
Test Summary Report
-------------------
t/080-runthrough.t (Wstat: 512 (exited 2) Tests: 0 Failed: 0)
Non-zero exit status: 2
Parse errors: Bad plan. You planned 15 tests but ran 0.
t/085-schedule-export.t (Wstat: 65280 (exited 255) Tests: 0 Failed: 0)
Non-zero exit status: 255
Parse errors: No plan found in TAP output
t/100-mojo.t (Wstat: 512 (exited 2) Tests: 0 Failed: 0)
Non-zero exit status: 2
Parse errors: Bad plan. You planned 34 tests but ran 0.
Files=10, Tests=50, 6 wallclock secs ( 0.05 usr 0.03 sys + 3.20 cusr 0.67 csys = 3.95 CPU)
Result: FAIL
Failed 3/10 test programs. 0/50 subtests failed.
make: *** [Makefile:1110: test_dynamic] Error 255
------------------------------
PREREQUISITES
------------------------------
Prerequisite modules loaded:
requires:
Module Need Have
---------------------------- ------ --------
Class::Type::Enum 0 0.014
Crypt::PRNG 0 0.077
DateTime 0 1.58
DateTime::Format::ISO8601 0 0.16
DateTime::Format::Pg 0 0.16014
! Media::Convert v1.0.1 n/a
Mojo::JSON 0 0
Mojo::Pg 0 4.27
! Mojolicious::Plugin::OpenAPI 4.03 n/a
Moose 0 2.2201
Net::Amazon::S3 0 0.991
Net::SSH::AuthorizedKeysFile 0 0.18
Text::Format 0 0.62
build_requires:
Module Need Have
---------------------------- ------ --------
ExtUtils::MakeMaker 0 7.64
Test::More 0 1.302190
YAML::XS 0 0.85
configure_requires:
Module Need Have
---------------------------- ------ --------
ExtUtils::Depends 0 0.8001
------------------------------
ENVIRONMENT AND OTHER CONTEXT
------------------------------
Environment variables:
AUTOMATED_TESTING = 1
LANG = en_US.UTF-8
LANGUAGE = en_US:en
PATH = /home/sand/bin:/usr/local/bin:/usr/bin:/bin:/usr/games:/usr/local/perl/bin:/usr/X11/bin:/sbin:/usr/sbin
PERL5LIB =
PERL5OPT =
PERL5_CPANPLUS_IS_RUNNING = 87885
PERL5_CPAN_IS_RUNNING = 87885
PERL_CANARY_STABILITY_NOPROMPT = 1
PERL_MM_USE_DEFAULT = 1
PERL_USE_UNSAFE_INC = 1
SHELL = /usr/bin/zsh
TERM = screen
Perl special variables (and OS-specific diagnostics, for MSWin32):
$^X = /home/sand/src/perl/repoperls/installed-perls/host/k93msid/v5.24.2/fc43/bin/perl
$UID/$EUID = 1005 / 1005
$GID = 1005 1005
$EGID = 1005 1005
Perl module toolchain versions installed:
Module Have
------------------- --------
CPAN 2.34
CPAN::Meta 2.150010
Cwd 3.75
ExtUtils::CBuilder 0.280236
ExtUtils::Command 7.64
ExtUtils::Install 2.06
ExtUtils::MakeMaker 7.64
ExtUtils::Manifest 1.70
ExtUtils::ParseXS 3.44
File::Spec 3.75
JSON 4.05
JSON::PP 4.11
Module::Build 0.4231
Module::Signature 0.88
Parse::CPAN::Meta 2.150010
Test::Harness 3.44
Test::More 1.302190
YAML 1.30
YAML::Syck 1.34
version 0.9929
--
Summary of my perl5 (revision 5 version 24 subversion 2) configuration:
Derived from: eb3b805818a89c08b5564d383beddf70f69af1a3
Platform:
osname=linux, osvers=5.16.0-6-amd64, archname=x86_64-linux-ld
uname='linux k93msid 5.16.0-6-amd64 #1 smp preempt debian 5.16.18-1 (2022-03-29) x86_64 gnulinux '
config_args='-Dprefix=/home/sand/src/perl/repoperls/installed-perls/host/k93msid/v5.24.2/fc43 -Dmyhostname=k93msid -Dinstallusrbinperl=n -Uversiononly -Dusedevel -des -Ui_db -Dlibswanted=cl pthread socket inet nsl gdbm dbm malloc dl ld sun m crypt sec util c cposix posix ucb BSD gdbm_compat -Uuseithreads -Duselongdouble -DEBUGGING=both'
hint=recommended, useposix=true, d_sigaction=define
useithreads=undef, usemultiplicity=undef
use64bitint=define, use64bitall=define, uselongdouble=define
usemymalloc=n, bincompat5005=undef
Compiler:
cc='cc', ccflags ='-fwrapv -DDEBUGGING -fno-strict-aliasing -pipe -fstack-protector-strong -I/usr/local/include -D_LARGEFILE_SOURCE -D_FILE_OFFSET_BITS=64 -D_FORTIFY_SOURCE=2',
optimize='-O2 -g',
cppflags='-fwrapv -DDEBUGGING -fno-strict-aliasing -pipe -fstack-protector-strong -I/usr/local/include'
ccversion='', gccversion='11.2.0', gccosandvers=''
intsize=4, longsize=8, ptrsize=8, doublesize=8, byteorder=12345678, doublekind=3
d_longlong=define, longlongsize=8, d_longdbl=define, longdblsize=16, longdblkind=3
ivtype='long', ivsize=8, nvtype='long double', nvsize=16, Off_t='off_t', lseeksize=8
alignbytes=16, prototype=define
Linker and Libraries:
ld='cc', ldflags =' -fstack-protector-strong -L/usr/local/lib'
libpth=/usr/local/lib /usr/include/x86_64-linux-gnu /usr/lib /lib/x86_64-linux-gnu /lib/../lib /usr/lib/x86_64-linux-gnu /usr/lib/../lib /lib
libs=-lpthread -lnsl -ldl -lm -lcrypt -lutil -lc
perllibs=-lpthread -lnsl -ldl -lm -lcrypt -lutil -lc
libc=libc-2.33.so, so=so, useshrplib=false, libperl=libperl.a
gnulibc_version='2.33'
Dynamic Linking:
dlsrc=dl_dlopen.xs, dlext=so, d_dlsymun=undef, ccdlflags='-Wl,-E'
cccdlflags='-fPIC', lddlflags='-shared -O2 -g -L/usr/local/lib -fstack-protector-strong'
Characteristics of this binary (from libperl):
Compile-time options: DEBUGGING HAS_TIMES PERLIO_LAYERS PERL_COPY_ON_WRITE
PERL_DONT_CREATE_GVSV
PERL_HASH_FUNC_ONE_AT_A_TIME_HARD PERL_MALLOC_WRAP
PERL_PRESERVE_IVUV PERL_USE_DEVEL USE_64_BIT_ALL
USE_64_BIT_INT USE_LARGE_FILES USE_LOCALE
USE_LOCALE_COLLATE USE_LOCALE_CTYPE
USE_LOCALE_NUMERIC USE_LOCALE_TIME USE_LONG_DOUBLE
USE_PERLIO USE_PERL_ATOF
Locally applied patches:
uncommitted-changes
Built under linux
Compiled at Apr 28 2022 07:06:45
%ENV:
PERL5LIB=""
PERL5OPT=""
PERL5_CPANPLUS_IS_RUNNING="87885"
PERL5_CPAN_IS_RUNNING="87885"
PERL_CANARY_STABILITY_NOPROMPT="1"
PERL_MM_USE_DEFAULT="1"
PERL_USE_UNSAFE_INC="1"
@INC:
/home/sand/src/perl/repoperls/installed-perls/host/k93msid/v5.24.2/fc43/lib/site_perl/5.24.2/x86_64-linux-ld
/home/sand/src/perl/repoperls/installed-perls/host/k93msid/v5.24.2/fc43/lib/site_perl/5.24.2
/home/sand/src/perl/repoperls/installed-perls/host/k93msid/v5.24.2/fc43/lib/5.24.2/x86_64-linux-ld
/home/sand/src/perl/repoperls/installed-perls/host/k93msid/v5.24.2/fc43/lib/5.24.2
.