Back
From: metabase:user:314402c4-2aae-11df-837a-5e0a49663a4f
Subject: NA Sensu-API-Client-0.02 v5.8.9 FreeBSD
Date: 2014-06-10T18:18:06Z
This distribution has been tested as part of the CPAN Testers
project, supporting the Perl programming language. See
http://wiki.cpantesters.org/ for more information or email
questions to cpan-testers-discuss@perl.org
--
Dear Miquel Ruiz Martin,
This is a computer-generated report for Sensu-API-Client-0.02
on perl 5.8.9, created by CPAN-Reporter-1.2011.
Thank you for uploading your work to CPAN. While attempting to build or test
this distribution, the distribution signaled that support is not available
either for this operating system or this version of Perl. Nevertheless, any
diagnostic output produced is provided below for reference. If this is not
what you expect, you may wish to consult the CPAN Testers Wiki:
http://wiki.cpantesters.org/wiki/CPANAuthorNotes
Sections of this report:
* Tester comments
* Program output
* Prerequisites
* Environment and other context
------------------------------
TESTER COMMENTS
------------------------------
Additional comments from tester:
none provided
------------------------------
PROGRAM OUTPUT
------------------------------
Output from '/usr/bin/make test':
PERL_DL_NONLAZY=1 /usr/perl5.8.9/bin/perl "-MExtUtils::Command::MM" "-MTest::Harness" "-e" "undef *Test::Harness::Switches; test_harness(0, 'blib/lib', 'blib/arch')" t/*.t
# Failed test 'use Sensu::API::Client;'
# at t/00-use.t line 6.
# Tried to use 'Sensu::API::Client'.
# Error: Perl v5.10.0 required--this is only v5.8.9, stopped at /usr/home/eserte/.cpan/build/Sensu-API-Client-0.02-1vYuAx/blib/lib/Sensu/API/Client.pm line 4.
# BEGIN failed--compilation aborted at /usr/home/eserte/.cpan/build/Sensu-API-Client-0.02-1vYuAx/blib/lib/Sensu/API/Client.pm line 4.
# Compilation failed in require at t/00-use.t line 6.
# BEGIN failed--compilation aborted at t/00-use.t line 6.
# Looks like you failed 1 test of 1.
t/00-use.t .........
Dubious, test returned 1 (wstat 256, 0x100)
Failed 1/1 subtests
Perl v5.10.0 required--this is only v5.8.9, stopped at /usr/home/eserte/.cpan/build/Sensu-API-Client-0.02-1vYuAx/blib/lib/Sensu/API/Client.pm line 4.
BEGIN failed--compilation aborted at /usr/home/eserte/.cpan/build/Sensu-API-Client-0.02-1vYuAx/blib/lib/Sensu/API/Client.pm line 4.
Compilation failed in require at t/01-events.t line 7.
BEGIN failed--compilation aborted at t/01-events.t line 7.
t/01-events.t ......
Dubious, test returned 255 (wstat 65280, 0xff00)
No subtests run
Perl v5.10.0 required--this is only v5.8.9, stopped at /usr/home/eserte/.cpan/build/Sensu-API-Client-0.02-1vYuAx/blib/lib/Sensu/API/Client.pm line 4.
BEGIN failed--compilation aborted at /usr/home/eserte/.cpan/build/Sensu-API-Client-0.02-1vYuAx/blib/lib/Sensu/API/Client.pm line 4.
Compilation failed in require at t/02-info.t line 5.
BEGIN failed--compilation aborted at t/02-info.t line 5.
t/02-info.t ........
Dubious, test returned 255 (wstat 65280, 0xff00)
No subtests run
Perl v5.10.0 required--this is only v5.8.9, stopped at /usr/home/eserte/.cpan/build/Sensu-API-Client-0.02-1vYuAx/blib/lib/Sensu/API/Client.pm line 4.
BEGIN failed--compilation aborted at /usr/home/eserte/.cpan/build/Sensu-API-Client-0.02-1vYuAx/blib/lib/Sensu/API/Client.pm line 4.
Compilation failed in require at t/03-stashes.t line 7.
BEGIN failed--compilation aborted at t/03-stashes.t line 7.
t/03-stashes.t .....
Dubious, test returned 255 (wstat 65280, 0xff00)
No subtests run
Perl v5.10.0 required--this is only v5.8.9, stopped at /usr/home/eserte/.cpan/build/Sensu-API-Client-0.02-1vYuAx/blib/lib/Sensu/API/Client.pm line 4.
BEGIN failed--compilation aborted at /usr/home/eserte/.cpan/build/Sensu-API-Client-0.02-1vYuAx/blib/lib/Sensu/API/Client.pm line 4.
Compilation failed in require at t/04-health.t line 7.
BEGIN failed--compilation aborted at t/04-health.t line 7.
t/04-health.t ......
Dubious, test returned 255 (wstat 65280, 0xff00)
No subtests run
Perl v5.10.0 required--this is only v5.8.9, stopped at /usr/home/eserte/.cpan/build/Sensu-API-Client-0.02-1vYuAx/blib/lib/Sensu/API/Client.pm line 4.
BEGIN failed--compilation aborted at /usr/home/eserte/.cpan/build/Sensu-API-Client-0.02-1vYuAx/blib/lib/Sensu/API/Client.pm line 4.
Compilation failed in require at t/05-clients.t line 7.
BEGIN failed--compilation aborted at t/05-clients.t line 7.
t/05-clients.t .....
Dubious, test returned 255 (wstat 65280, 0xff00)
No subtests run
Perl v5.10.0 required--this is only v5.8.9, stopped at /usr/home/eserte/.cpan/build/Sensu-API-Client-0.02-1vYuAx/blib/lib/Sensu/API/Client.pm line 4.
BEGIN failed--compilation aborted at /usr/home/eserte/.cpan/build/Sensu-API-Client-0.02-1vYuAx/blib/lib/Sensu/API/Client.pm line 4.
Compilation failed in require at t/06-checks.t line 7.
BEGIN failed--compilation aborted at t/06-checks.t line 7.
t/06-checks.t ......
Dubious, test returned 255 (wstat 65280, 0xff00)
No subtests run
Perl v5.10.0 required--this is only v5.8.9, stopped at /usr/home/eserte/.cpan/build/Sensu-API-Client-0.02-1vYuAx/blib/lib/Sensu/API/Client.pm line 4.
BEGIN failed--compilation aborted at /usr/home/eserte/.cpan/build/Sensu-API-Client-0.02-1vYuAx/blib/lib/Sensu/API/Client.pm line 4.
Compilation failed in require at t/07-aggregates.t line 7.
BEGIN failed--compilation aborted at t/07-aggregates.t line 7.
t/07-aggregates.t ..
Dubious, test returned 255 (wstat 65280, 0xff00)
No subtests run
Test Summary Report
-------------------
t/00-use.t (Wstat: 256 Tests: 1 Failed: 1)
Failed test: 1
Non-zero exit status: 1
t/01-events.t (Wstat: 65280 Tests: 0 Failed: 0)
Non-zero exit status: 255
Parse errors: No plan found in TAP output
t/02-info.t (Wstat: 65280 Tests: 0 Failed: 0)
Non-zero exit status: 255
Parse errors: No plan found in TAP output
t/03-stashes.t (Wstat: 65280 Tests: 0 Failed: 0)
Non-zero exit status: 255
Parse errors: No plan found in TAP output
t/04-health.t (Wstat: 65280 Tests: 0 Failed: 0)
Non-zero exit status: 255
Parse errors: No plan found in TAP output
t/05-clients.t (Wstat: 65280 Tests: 0 Failed: 0)
Non-zero exit status: 255
Parse errors: No plan found in TAP output
t/06-checks.t (Wstat: 65280 Tests: 0 Failed: 0)
Non-zero exit status: 255
Parse errors: No plan found in TAP output
t/07-aggregates.t (Wstat: 65280 Tests: 0 Failed: 0)
Non-zero exit status: 255
Parse errors: No plan found in TAP output
Files=8, Tests=1, 0 wallclock secs ( 0.05 usr 0.04 sys + 0.40 cusr 0.07 csys = 0.55 CPU)
Result: FAIL
Failed 8/8 test programs. 1/1 subtests failed.
*** [test_dynamic] Error code 255
Stop in /usr/home/eserte/.cpan/build/Sensu-API-Client-0.02-1vYuAx.
------------------------------
PREREQUISITES
------------------------------
Prerequisite modules loaded:
requires:
Module Need Have
------------------- ----- --------
HTTP::Tiny 0.034 0.043
JSON 0 2.90
Moo 0 1.005000
namespace::clean 0 0.25
Try::Tiny 0 0.22
build_requires:
Module Need Have
------------------- ----- --------
ExtUtils::MakeMaker 0 6.98
Test::Exception 0 0.32
Test::More 0 1.001003
configure_requires:
Module Need Have
------------------- ----- --------
ExtUtils::MakeMaker 6.30 6.98
------------------------------
ENVIRONMENT AND OTHER CONTEXT
------------------------------
Environment variables:
DBIC_NO_WARN_BAD_PERL = 1
LC_ALL = de_DE.ISO8859-1
PATH = /usr/local/bin:/usr/bin:/bin:/usr/local/sbin:/usr/sbin:/sbin:/home/cpansand/bin/freebsd9.1:/home/cpansand/bin/sh:/home/cpansand/bin:/usr/games:/home/cpansand/devel:/usr/home/eserte/src/srezic-misc/scripts
PERL5LIB =
PERL5OPT =
PERL5_CPANPLUS_IS_RUNNING = 988
PERL5_CPAN_IS_RUNNING = 988
PERL5_CPAN_IS_RUNNING_IN_RECURSION = 969,988
PERLDOC = -MPod::Perldoc::ToTextOverstrike
PERL_BATCH = yes
PERL_CPAN_REPORTER_CONFIG = /var/tmp/cpansmoker-1023/_wB1zpBNu0_config.ini
PERL_EXTUTILS_AUTOINSTALL = --defaultdeps
PERL_HTML_DISPLAY_CLASS = HTML::Display::Mozilla
SHELL = /usr/local/bin/zsh
TERM = screen
TMPDIR = /var/tmp/cpansmoker-1023
Perl special variables (and OS-specific diagnostics, for MSWin32):
$^X = /usr/perl5.8.9/bin/perl
$UID/$EUID = 1023 / 1023
$GID = 1023 1023
$EGID = 1023 1023
Perl module toolchain versions installed:
Module Have
------------------- --------
CPAN 2.05
CPAN::Meta 2.141520
Cwd 3.47
ExtUtils::CBuilder 0.280216
ExtUtils::Command 1.16
ExtUtils::Install 1.68
ExtUtils::MakeMaker 6.98
ExtUtils::Manifest 1.60
ExtUtils::ParseXS 3.24
File::Spec 3.47
JSON 2.90
JSON::PP 2.27203
Module::Build 0.4205
Module::Signature n/a
Parse::CPAN::Meta 1.4414
Test::Harness 3.31
Test::More 1.001003
YAML 0.92
YAML::Syck 1.27
version 0.9908
--
Summary of my perl5 (revision 5 version 8 subversion 9) configuration:
Platform:
osname=freebsd, osvers=9.2-release-p4, archname=amd64-freebsd
uname='freebsd cvrsnica-freebsd-92 9.2-release-p4 freebsd 9.2-release-p4 #0: tue apr 8 18:08:22 utc 2014 root@amd64-builder.daemonology.net:usrobjusrsrcsysgeneric amd64 '
config_args='-ds -e -Dprefix=/usr/perl5.8.9'
hint=recommended, useposix=true, d_sigaction=define
usethreads=undef use5005threads=undef useithreads=undef usemultiplicity=undef
useperlio=define d_sfio=undef uselargefiles=define usesocks=undef
use64bitint=define use64bitall=define uselongdouble=undef
usemymalloc=n, bincompat5005=undef
Compiler:
cc='cc', ccflags ='-DHAS_FPSETMASK -DHAS_FLOATINGPOINT_H -fno-strict-aliasing -pipe -I/usr/local/include',
optimize='-O',
cppflags='-DHAS_FPSETMASK -DHAS_FLOATINGPOINT_H -fno-strict-aliasing -pipe -I/usr/local/include'
ccversion='', gccversion='4.2.1 20070831 patched [FreeBSD]', gccosandvers=''
intsize=4, longsize=8, ptrsize=8, doublesize=8, byteorder=12345678
d_longlong=define, longlongsize=8, d_longdbl=define, longdblsize=16
ivtype='long', ivsize=8, nvtype='double', nvsize=8, Off_t='off_t', lseeksize=8
alignbytes=8, prototype=define
Linker and Libraries:
ld='cc', ldflags ='-Wl,-E -L/usr/local/lib'
libpth=/usr/lib /usr/local/lib
libs=-lgdbm -lm -lcrypt -lutil -lc
perllibs=-lm -lcrypt -lutil -lc
libc=, so=so, useshrplib=false, libperl=libperl.a
gnulibc_version=''
Dynamic Linking:
dlsrc=dl_dlopen.xs, dlext=so, d_dlsymun=undef, ccdlflags=' '
cccdlflags='-DPIC -fPIC', lddlflags='-shared -L/usr/local/lib'
Characteristics of this binary (from libperl):
Compile-time options: PERL_MALLOC_WRAP USE_64_BIT_ALL USE_64_BIT_INT
USE_FAST_STDIO USE_LARGE_FILES USE_PERLIO
Built under freebsd
Compiled at May 15 2014 22:27:57
%ENV:
PERL5LIB=""
PERL5OPT=""
PERL5_CPANPLUS_IS_RUNNING="988"
PERL5_CPAN_IS_RUNNING="988"
PERL5_CPAN_IS_RUNNING_IN_RECURSION="969,988"
PERLDOC="-MPod::Perldoc::ToTextOverstrike"
PERL_BATCH="yes"
PERL_CPAN_REPORTER_CONFIG="/var/tmp/cpansmoker-1023/_wB1zpBNu0_config.ini"
PERL_EXTUTILS_AUTOINSTALL="--defaultdeps"
PERL_HTML_DISPLAY_CLASS="HTML::Display::Mozilla"
@INC:
/usr/perl5.8.9/lib/5.8.9/amd64-freebsd
/usr/perl5.8.9/lib/5.8.9
/usr/perl5.8.9/lib/site_perl/5.8.9/amd64-freebsd
/usr/perl5.8.9/lib/site_perl/5.8.9
.