Report for Log-Log4perl-AutoCategorize-0.03_51

Back
From: metabase:user:3198cbe2-2aae-11df-837a-5e0a49663a4f
Subject: FAIL Log-Log4perl-AutoCategorize-0.03_51 v5.16.2 GNU/Linux
Date: 2014-01-13T23:22:29Z

This distribution has been tested as part of the CPAN Testers
project, supporting the Perl programming language.  See
http://wiki.cpantesters.org/ for more information or email
questions to cpan-testers-discuss@perl.org


--
Dear Jim Cromie,

This is a computer-generated report for Log-Log4perl-AutoCategorize-0.03_51
on perl 5.16.2, created by CPAN-Reporter-1.2010.

Thank you for uploading your work to CPAN.  However, there was a problem
testing your distribution.

If you think this report is invalid, please consult the CPAN Testers Wiki
for suggestions on how to avoid getting FAIL reports for missing library
or binary dependencies, unsupported operating systems, and so on:

http://wiki.cpantesters.org/wiki/CPANAuthorNotes

Sections of this report:

    * Tester comments
    * Program output
    * Prerequisites
    * Environment and other context

------------------------------
TESTER COMMENTS
------------------------------

Additional comments from tester:

this report is from an automated smoke testing program
and was not reviewed by a human for accuracy

------------------------------
PROGRAM OUTPUT
------------------------------

Output from './Build test':

Use of qw(...) as parentheses is deprecated at ../lib/Log/Log4perl/AutoCategorize.pm line 175.
Use of qw(...) as parentheses is deprecated at ../lib/Log/Log4perl/AutoCategorize.pm line 339.
2014/01/13 23:22:22 Log.Log4perl.AutoCategorize.END.info.322: Seen Log Events:, {
  'Log.Log4perl.AutoCategorize.END.info.322' => 1
}
2014/01/13 23:22:22 Log.Log4perl.AutoCategorize.END.info.322: UnSeen Log Events:, {}
2014/01/13 23:22:22 Log.Log4perl.AutoCategorize.END.info.322: cat2data:, {}
t/01_use.t ........... ok
Use of qw(...) as parentheses is deprecated at ../lib/Log/Log4perl/AutoCategorize.pm line 175.
Use of qw(...) as parentheses is deprecated at ../lib/Log/Log4perl/AutoCategorize.pm line 339.

#   Failed test 'found info.41 complex ref dump'
#   at t/02_basic.t line 70.
#                   'Use of qw(...) as parentheses is deprecated at ../lib/Log/Log4perl/AutoCategorize.pm line 175.
# Use of qw(...) as parentheses is deprecated at ../lib/Log/Log4perl/AutoCategorize.pm line 339.
# 2014/01/13 23:22:22 main.main.debug.36: 1, 
# 2014/01/13 23:22:22 main.main.info.37: one arg, 
# 2014/01/13 23:22:22 main.main.warn.38: 2 args, 
# 2014/01/13 23:22:22 main.main.debug.39: [
#   'arrayref'
# ]
# 2014/01/13 23:22:22 main.main.info.40: {
#   'hash' => 'ref'
# }
# 2014/01/13 23:22:22 main.main.info.40: [
#   [
#     'nested',
#     'arrayref',
#     'and'
#   ],
#   {
#     'hash' => 'also'
#   }
# ]
# 2014/01/13 23:22:22 main.main.info.40: {
#   'inner' => 'call to same fn'
# }
# 2014/01/13 23:22:22 main.main.info.44: logged, 
# 2014/01/13 23:22:22 main.main.debug.39: {
#   'inner' => 'call to diff fn'
# }
# 2014/01/13 23:22:22 main.main.info.40: logged nested, {
#   'hash' => 'ref'
# }
# 2014/01/13 23:22:22 main.usersub.info.54: logging from main function, [
#   1
# ]
# 2014/01/13 23:22:22 main.usersub.info.55: logging from main function 1, 
# 2014/01/13 23:22:22 main.usersub.info.56: logging from main function arg1 1, 
# 2014/01/13 23:22:22 Foo.uselogger.debug.22: logging from Foo Foo 1, 
# 2014/01/13 23:22:22 Foo.uselogger.debug.23: logging from Foo Foo 1 extra, 
# 2014/01/13 23:22:22 Foo.uselogger.debug.24: logging from Foo, [
#   'Foo',
#   1
# ]
# 2014/01/13 23:22:22 main.main.debug.36: 2, 
# 2014/01/13 23:22:22 main.main.info.37: one arg, 
# 2014/01/13 23:22:22 main.main.warn.38: 2 args, 
# 2014/01/13 23:22:22 main.main.debug.39: [
#   'arrayref'
# ]
# 2014/01/13 23:22:22 main.main.info.40: {
#   'hash' => 'ref'
# }
# 2014/01/13 23:22:22 main.main.info.40: [
#   [
#     'nested',
#     'arrayref',
#     'and'
#   ],
#   {
#     'hash' => 'also'
#   }
# ]
# 2014/01/13 23:22:22 main.main.info.40: {
#   'inner' => 'call to same fn'
# }
# 2014/01/13 23:22:22 main.main.info.44: logged, 
# 2014/01/13 23:22:22 main.main.debug.39: {
#   'inner' => 'call to diff fn'
# }
# 2014/01/13 23:22:22 main.main.info.40: logged nested, {
#   'hash' => 'ref'
# }
# 2014/01/13 23:22:22 main.usersub.info.54: logging from main function, [
#   2
# ]
# 2014/01/13 23:22:22 main.usersub.info.55: logging from main function 2, 
# 2014/01/13 23:22:22 main.usersub.info.56: logging from main function arg1 2, 
# 2014/01/13 23:22:22 Foo.uselogger.debug.22: logging from Foo Foo 2, 
# 2014/01/13 23:22:22 Foo.uselogger.debug.23: logging from Foo Foo 2 extra, 
# 2014/01/13 23:22:22 Foo.uselogger.debug.24: logging from Foo, [
#   'Foo',
#   2
# ]
# bar is not a legitimate log-level
#  at dflt_stdout.pl line 59.
# 2014/01/13 23:22:22 main.main.info.40: Seen Log Events:, {
#   'log4perl.category.Foo.uselogger.debug.22' => 2,
#   'log4perl.category.Foo.uselogger.debug.23' => 2,
#   'log4perl.category.Foo.uselogger.debug.24' => 2,
#   'log4perl.category.main.main.debug.36' => 2,
#   'log4perl.category.main.main.debug.39' => 4,
#   'log4perl.category.main.main.info.37' => 2,
#   'log4perl.category.main.main.info.40' => 8,
#   'log4perl.category.main.main.info.44' => 2,
#   'log4perl.category.main.main.warn.38' => 2,
#   'log4perl.category.main.usersub.info.54' => 2,
#   'log4perl.category.main.usersub.info.55' => 2,
#   'log4perl.category.main.usersub.info.56' => 2,
#   'main.main.info.40' => 1
# }
# 2014/01/13 23:22:22 main.main.info.40: UnSeen Log Events:, {
#   'debug_00012' => 'main,dflt_stdout.pl,63',
#   'info_00011' => 'main,dflt_stdout.pl,62'
# }
# 2014/01/13 23:22:22 main.main.info.40: cat2data:, {
#   'Foo.uselogger.debug.22' => 'debug_00001',
#   'Foo.uselogger.debug.23' => 'debug_00002',
#   'Foo.uselogger.debug.24' => 'debug_00003',
#   'main.main.debug.36' => 'debug_00007',
#   'main.main.debug.39' => 'debug',
#   'main.main.info.37' => 'info_00008',
#   'main.main.info.40' => 'info',
#   'main.main.info.44' => 'info_00010',
#   'main.main.warn.38' => 'warn_00009',
#   'main.usersub.info.54' => 'info_00004',
#   'main.usersub.info.55' => 'info_00005',
#   'main.usersub.info.56' => 'info_00006'
# }
# '
#     doesn't match '(?^:main\.main\.info\.41\:\ \[\
# \ \ \[\
# \ \ \ \ \'nested\'\,\
# \ \ \ \ \'arrayref\'\,\
# \ \ \ \ \'and\'\
# \ \ \]\,\
# \ \ \{\
# \ \ \ \ \'hash\'\ \=\>\ \'also\'\
# \ \ \}\
# \])'

#   Failed test 'found inner info() invocation'
#   at t/02_basic.t line 86.
#                   'Use of qw(...) as parentheses is deprecated at ../lib/Log/Log4perl/AutoCategorize.pm line 175.
# Use of qw(...) as parentheses is deprecated at ../lib/Log/Log4perl/AutoCategorize.pm line 339.
# 2014/01/13 23:22:22 main.main.debug.36: 1, 
# 2014/01/13 23:22:22 main.main.info.37: one arg, 
# 2014/01/13 23:22:22 main.main.warn.38: 2 args, 
# 2014/01/13 23:22:22 main.main.debug.39: [
#   'arrayref'
# ]
# 2014/01/13 23:22:22 main.main.info.40: {
#   'hash' => 'ref'
# }
# 2014/01/13 23:22:22 main.main.info.40: [
#   [
#     'nested',
#     'arrayref',
#     'and'
#   ],
#   {
#     'hash' => 'also'
#   }
# ]
# 2014/01/13 23:22:22 main.main.info.40: {
#   'inner' => 'call to same fn'
# }
# 2014/01/13 23:22:22 main.main.info.44: logged, 
# 2014/01/13 23:22:22 main.main.debug.39: {
#   'inner' => 'call to diff fn'
# }
# 2014/01/13 23:22:22 main.main.info.40: logged nested, {
#   'hash' => 'ref'
# }
# 2014/01/13 23:22:22 main.usersub.info.54: logging from main function, [
#   1
# ]
# 2014/01/13 23:22:22 main.usersub.info.55: logging from main function 1, 
# 2014/01/13 23:22:22 main.usersub.info.56: logging from main function arg1 1, 
# 2014/01/13 23:22:22 Foo.uselogger.debug.22: logging from Foo Foo 1, 
# 2014/01/13 23:22:22 Foo.uselogger.debug.23: logging from Foo Foo 1 extra, 
# 2014/01/13 23:22:22 Foo.uselogger.debug.24: logging from Foo, [
#   'Foo',
#   1
# ]
# 2014/01/13 23:22:22 main.main.debug.36: 2, 
# 2014/01/13 23:22:22 main.main.info.37: one arg, 
# 2014/01/13 23:22:22 main.main.warn.38: 2 args, 
# 2014/01/13 23:22:22 main.main.debug.39: [
#   'arrayref'
# ]
# 2014/01/13 23:22:22 main.main.info.40: {
#   'hash' => 'ref'
# }
# 2014/01/13 23:22:22 main.main.info.40: [
#   [
#     'nested',
#     'arrayref',
#     'and'
#   ],
#   {
#     'hash' => 'also'
#   }
# ]
# 2014/01/13 23:22:22 main.main.info.40: {
#   'inner' => 'call to same fn'
# }
# 2014/01/13 23:22:22 main.main.info.44: logged, 
# 2014/01/13 23:22:22 main.main.debug.39: {
#   'inner' => 'call to diff fn'
# }
# 2014/01/13 23:22:22 main.main.info.40: logged nested, {
#   'hash' => 'ref'
# }
# 2014/01/13 23:22:22 main.usersub.info.54: logging from main function, [
#   2
# ]
# 2014/01/13 23:22:22 main.usersub.info.55: logging from main function 2, 
# 2014/01/13 23:22:22 main.usersub.info.56: logging from main function arg1 2, 
# 2014/01/13 23:22:22 Foo.uselogger.debug.22: logging from Foo Foo 2, 
# 2014/01/13 23:22:22 Foo.uselogger.debug.23: logging from Foo Foo 2 extra, 
# 2014/01/13 23:22:22 Foo.uselogger.debug.24: logging from Foo, [
#   'Foo',
#   2
# ]
# bar is not a legitimate log-level
#  at dflt_stdout.pl line 59.
# 2014/01/13 23:22:22 main.main.info.40: Seen Log Events:, {
#   'log4perl.category.Foo.uselogger.debug.22' => 2,
#   'log4perl.category.Foo.uselogger.debug.23' => 2,
#   'log4perl.category.Foo.uselogger.debug.24' => 2,
#   'log4perl.category.main.main.debug.36' => 2,
#   'log4perl.category.main.main.debug.39' => 4,
#   'log4perl.category.main.main.info.37' => 2,
#   'log4perl.category.main.main.info.40' => 8,
#   'log4perl.category.main.main.info.44' => 2,
#   'log4perl.category.main.main.warn.38' => 2,
#   'log4perl.category.main.usersub.info.54' => 2,
#   'log4perl.category.main.usersub.info.55' => 2,
#   'log4perl.category.main.usersub.info.56' => 2,
#   'main.main.info.40' => 1
# }
# 2014/01/13 23:22:22 main.main.info.40: UnSeen Log Events:, {
#   'debug_00012' => 'main,dflt_stdout.pl,63',
#   'info_00011' => 'main,dflt_stdout.pl,62'
# }
# 2014/01/13 23:22:22 main.main.info.40: cat2data:, {
#   'Foo.uselogger.debug.22' => 'debug_00001',
#   'Foo.uselogger.debug.23' => 'debug_00002',
#   'Foo.uselogger.debug.24' => 'debug_00003',
#   'main.main.debug.36' => 'debug_00007',
#   'main.main.debug.39' => 'debug',
#   'main.main.info.37' => 'info_00008',
#   'main.main.info.40' => 'info',
#   'main.main.info.44' => 'info_00010',
#   'main.main.warn.38' => 'warn_00009',
#   'main.usersub.info.54' => 'info_00004',
#   'main.usersub.info.55' => 'info_00005',
#   'main.usersub.info.56' => 'info_00006'
# }
# '
#     doesn't match '(?^:main\.main\.info\.44\:\ \{\
# \ \ \'inner\'\ \=\>\ \'call\ to\ same\ fn\'\
# \})'

#   Failed test 'found outer info() invocation on same line'
#   at t/02_basic.t line 92.
#                   'Use of qw(...) as parentheses is deprecated at ../lib/Log/Log4perl/AutoCategorize.pm line 175.
# Use of qw(...) as parentheses is deprecated at ../lib/Log/Log4perl/AutoCategorize.pm line 339.
# 2014/01/13 23:22:22 main.main.debug.36: 1, 
# 2014/01/13 23:22:22 main.main.info.37: one arg, 
# 2014/01/13 23:22:22 main.main.warn.38: 2 args, 
# 2014/01/13 23:22:22 main.main.debug.39: [
#   'arrayref'
# ]
# 2014/01/13 23:22:22 main.main.info.40: {
#   'hash' => 'ref'
# }
# 2014/01/13 23:22:22 main.main.info.40: [
#   [
#     'nested',
#     'arrayref',
#     'and'
#   ],
#   {
#     'hash' => 'also'
#   }
# ]
# 2014/01/13 23:22:22 main.main.info.40: {
#   'inner' => 'call to same fn'
# }
# 2014/01/13 23:22:22 main.main.info.44: logged, 
# 2014/01/13 23:22:22 main.main.debug.39: {
#   'inner' => 'call to diff fn'
# }
# 2014/01/13 23:22:22 main.main.info.40: logged nested, {
#   'hash' => 'ref'
# }
# 2014/01/13 23:22:22 main.usersub.info.54: logging from main function, [
#   1
# ]
# 2014/01/13 23:22:22 main.usersub.info.55: logging from main function 1, 
# 2014/01/13 23:22:22 main.usersub.info.56: logging from main function arg1 1, 
# 2014/01/13 23:22:22 Foo.uselogger.debug.22: logging from Foo Foo 1, 
# 2014/01/13 23:22:22 Foo.uselogger.debug.23: logging from Foo Foo 1 extra, 
# 2014/01/13 23:22:22 Foo.uselogger.debug.24: logging from Foo, [
#   'Foo',
#   1
# ]
# 2014/01/13 23:22:22 main.main.debug.36: 2, 
# 2014/01/13 23:22:22 main.main.info.37: one arg, 
# 2014/01/13 23:22:22 main.main.warn.38: 2 args, 
# 2014/01/13 23:22:22 main.main.debug.39: [
#   'arrayref'
# ]
# 2014/01/13 23:22:22 main.main.info.40: {
#   'hash' => 'ref'
# }
# 2014/01/13 23:22:22 main.main.info.40: [
#   [
#     'nested',
#     'arrayref',
#     'and'
#   ],
#   {
#     'hash' => 'also'
#   }
# ]
# 2014/01/13 23:22:22 main.main.info.40: {
#   'inner' => 'call to same fn'
# }
# 2014/01/13 23:22:22 main.main.info.44: logged, 
# 2014/01/13 23:22:22 main.main.debug.39: {
#   'inner' => 'call to diff fn'
# }
# 2014/01/13 23:22:22 main.main.info.40: logged nested, {
#   'hash' => 'ref'
# }
# 2014/01/13 23:22:22 main.usersub.info.54: logging from main function, [
#   2
# ]
# 2014/01/13 23:22:22 main.usersub.info.55: logging from main function 2, 
# 2014/01/13 23:22:22 main.usersub.info.56: logging from main function arg1 2, 
# 2014/01/13 23:22:22 Foo.uselogger.debug.22: logging from Foo Foo 2, 
# 2014/01/13 23:22:22 Foo.uselogger.debug.23: logging from Foo Foo 2 extra, 
# 2014/01/13 23:22:22 Foo.uselogger.debug.24: logging from Foo, [
#   'Foo',
#   2
# ]
# bar is not a legitimate log-level
#  at dflt_stdout.pl line 59.
# 2014/01/13 23:22:22 main.main.info.40: Seen Log Events:, {
#   'log4perl.category.Foo.uselogger.debug.22' => 2,
#   'log4perl.category.Foo.uselogger.debug.23' => 2,
#   'log4perl.category.Foo.uselogger.debug.24' => 2,
#   'log4perl.category.main.main.debug.36' => 2,
#   'log4perl.category.main.main.debug.39' => 4,
#   'log4perl.category.main.main.info.37' => 2,
#   'log4perl.category.main.main.info.40' => 8,
#   'log4perl.category.main.main.info.44' => 2,
#   'log4perl.category.main.main.warn.38' => 2,
#   'log4perl.category.main.usersub.info.54' => 2,
#   'log4perl.category.main.usersub.info.55' => 2,
#   'log4perl.category.main.usersub.info.56' => 2,
#   'main.main.info.40' => 1
# }
# 2014/01/13 23:22:22 main.main.info.40: UnSeen Log Events:, {
#   'debug_00012' => 'main,dflt_stdout.pl,63',
#   'info_00011' => 'main,dflt_stdout.pl,62'
# }
# 2014/01/13 23:22:22 main.main.info.40: cat2data:, {
#   'Foo.uselogger.debug.22' => 'debug_00001',
#   'Foo.uselogger.debug.23' => 'debug_00002',
#   'Foo.uselogger.debug.24' => 'debug_00003',
#   'main.main.debug.36' => 'debug_00007',
#   'main.main.debug.39' => 'debug',
#   'main.main.info.37' => 'info_00008',
#   'main.main.info.40' => 'info',
#   'main.main.info.44' => 'info_00010',
#   'main.main.warn.38' => 'warn_00009',
#   'main.usersub.info.54' => 'info_00004',
#   'main.usersub.info.55' => 'info_00005',
#   'main.usersub.info.56' => 'info_00006'
# }
# '
#     doesn't match '(?^:main\.main\.info\.44a\:\ logged\,\ )'

#   Failed test 'found inner debug() invocation'
#   at t/02_basic.t line 95.
#                   'Use of qw(...) as parentheses is deprecated at ../lib/Log/Log4perl/AutoCategorize.pm line 175.
# Use of qw(...) as parentheses is deprecated at ../lib/Log/Log4perl/AutoCategorize.pm line 339.
# 2014/01/13 23:22:22 main.main.debug.36: 1, 
# 2014/01/13 23:22:22 main.main.info.37: one arg, 
# 2014/01/13 23:22:22 main.main.warn.38: 2 args, 
# 2014/01/13 23:22:22 main.main.debug.39: [
#   'arrayref'
# ]
# 2014/01/13 23:22:22 main.main.info.40: {
#   'hash' => 'ref'
# }
# 2014/01/13 23:22:22 main.main.info.40: [
#   [
#     'nested',
#     'arrayref',
#     'and'
#   ],
#   {
#     'hash' => 'also'
#   }
# ]
# 2014/01/13 23:22:22 main.main.info.40: {
#   'inner' => 'call to same fn'
# }
# 2014/01/13 23:22:22 main.main.info.44: logged, 
# 2014/01/13 23:22:22 main.main.debug.39: {
#   'inner' => 'call to diff fn'
# }
# 2014/01/13 23:22:22 main.main.info.40: logged nested, {
#   'hash' => 'ref'
# }
# 2014/01/13 23:22:22 main.usersub.info.54: logging from main function, [
#   1
# ]
# 2014/01/13 23:22:22 main.usersub.info.55: logging from main function 1, 
# 2014/01/13 23:22:22 main.usersub.info.56: logging from main function arg1 1, 
# 2014/01/13 23:22:22 Foo.uselogger.debug.22: logging from Foo Foo 1, 
# 2014/01/13 23:22:22 Foo.uselogger.debug.23: logging from Foo Foo 1 extra, 
# 2014/01/13 23:22:22 Foo.uselogger.debug.24: logging from Foo, [
#   'Foo',
#   1
# ]
# 2014/01/13 23:22:22 main.main.debug.36: 2, 
# 2014/01/13 23:22:22 main.main.info.37: one arg, 
# 2014/01/13 23:22:22 main.main.warn.38: 2 args, 
# 2014/01/13 23:22:22 main.main.debug.39: [
#   'arrayref'
# ]
# 2014/01/13 23:22:22 main.main.info.40: {
#   'hash' => 'ref'
# }
# 2014/01/13 23:22:22 main.main.info.40: [
#   [
#     'nested',
#     'arrayref',
#     'and'
#   ],
#   {
#     'hash' => 'also'
#   }
# ]
# 2014/01/13 23:22:22 main.main.info.40: {
#   'inner' => 'call to same fn'
# }
# 2014/01/13 23:22:22 main.main.info.44: logged, 
# 2014/01/13 23:22:22 main.main.debug.39: {
#   'inner' => 'call to diff fn'
# }
# 2014/01/13 23:22:22 main.main.info.40: logged nested, {
#   'hash' => 'ref'
# }
# 2014/01/13 23:22:22 main.usersub.info.54: logging from main function, [
#   2
# ]
# 2014/01/13 23:22:22 main.usersub.info.55: logging from main function 2, 
# 2014/01/13 23:22:22 main.usersub.info.56: logging from main function arg1 2, 
# 2014/01/13 23:22:22 Foo.uselogger.debug.22: logging from Foo Foo 2, 
# 2014/01/13 23:22:22 Foo.uselogger.debug.23: logging from Foo Foo 2 extra, 
# 2014/01/13 23:22:22 Foo.uselogger.debug.24: logging from Foo, [
#   'Foo',
#   2
# ]
# bar is not a legitimate log-level
#  at dflt_stdout.pl line 59.
# 2014/01/13 23:22:22 main.main.info.40: Seen Log Events:, {
#   'log4perl.category.Foo.uselogger.debug.22' => 2,
#   'log4perl.category.Foo.uselogger.debug.23' => 2,
#   'log4perl.category.Foo.uselogger.debug.24' => 2,
#   'log4perl.category.main.main.debug.36' => 2,
#   'log4perl.category.main.main.debug.39' => 4,
#   'log4perl.category.main.main.info.37' => 2,
#   'log4perl.category.main.main.info.40' => 8,
#   'log4perl.category.main.main.info.44' => 2,
#   'log4perl.category.main.main.warn.38' => 2,
#   'log4perl.category.main.usersub.info.54' => 2,
#   'log4perl.category.main.usersub.info.55' => 2,
#   'log4perl.category.main.usersub.info.56' => 2,
#   'main.main.info.40' => 1
# }
# 2014/01/13 23:22:22 main.main.info.40: UnSeen Log Events:, {
#   'debug_00012' => 'main,dflt_stdout.pl,63',
#   'info_00011' => 'main,dflt_stdout.pl,62'
# }
# 2014/01/13 23:22:22 main.main.info.40: cat2data:, {
#   'Foo.uselogger.debug.22' => 'debug_00001',
#   'Foo.uselogger.debug.23' => 'debug_00002',
#   'Foo.uselogger.debug.24' => 'debug_00003',
#   'main.main.debug.36' => 'debug_00007',
#   'main.main.debug.39' => 'debug',
#   'main.main.info.37' => 'info_00008',
#   'main.main.info.40' => 'info',
#   'main.main.info.44' => 'info_00010',
#   'main.main.warn.38' => 'warn_00009',
#   'main.usersub.info.54' => 'info_00004',
#   'main.usersub.info.55' => 'info_00005',
#   'main.usersub.info.56' => 'info_00006'
# }
# '
#     doesn't match '(?^:main\.main\.debug\.47\:\ \{\
# \ \ \'inner\'\ \=\>\ \'call\ to\ diff\ fn\'\
# \})'

#   Failed test 'found outer info() invocation'
#   at t/02_basic.t line 100.
#                   'Use of qw(...) as parentheses is deprecated at ../lib/Log/Log4perl/AutoCategorize.pm line 175.
# Use of qw(...) as parentheses is deprecated at ../lib/Log/Log4perl/AutoCategorize.pm line 339.
# 2014/01/13 23:22:22 main.main.debug.36: 1, 
# 2014/01/13 23:22:22 main.main.info.37: one arg, 
# 2014/01/13 23:22:22 main.main.warn.38: 2 args, 
# 2014/01/13 23:22:22 main.main.debug.39: [
#   'arrayref'
# ]
# 2014/01/13 23:22:22 main.main.info.40: {
#   'hash' => 'ref'
# }
# 2014/01/13 23:22:22 main.main.info.40: [
#   [
#     'nested',
#     'arrayref',
#     'and'
#   ],
#   {
#     'hash' => 'also'
#   }
# ]
# 2014/01/13 23:22:22 main.main.info.40: {
#   'inner' => 'call to same fn'
# }
# 2014/01/13 23:22:22 main.main.info.44: logged, 
# 2014/01/13 23:22:22 main.main.debug.39: {
#   'inner' => 'call to diff fn'
# }
# 2014/01/13 23:22:22 main.main.info.40: logged nested, {
#   'hash' => 'ref'
# }
# 2014/01/13 23:22:22 main.usersub.info.54: logging from main function, [
#   1
# ]
# 2014/01/13 23:22:22 main.usersub.info.55: logging from main function 1, 
# 2014/01/13 23:22:22 main.usersub.info.56: logging from main function arg1 1, 
# 2014/01/13 23:22:22 Foo.uselogger.debug.22: logging from Foo Foo 1, 
# 2014/01/13 23:22:22 Foo.uselogger.debug.23: logging from Foo Foo 1 extra, 
# 2014/01/13 23:22:22 Foo.uselogger.debug.24: logging from Foo, [
#   'Foo',
#   1
# ]
# 2014/01/13 23:22:22 main.main.debug.36: 2, 
# 2014/01/13 23:22:22 main.main.info.37: one arg, 
# 2014/01/13 23:22:22 main.main.warn.38: 2 args, 
# 2014/01/13 23:22:22 main.main.debug.39: [
#   'arrayref'
# ]
# 2014/01/13 23:22:22 main.main.info.40: {
#   'hash' => 'ref'
# }
# 2014/01/13 23:22:22 main.main.info.40: [
#   [
#     'nested',
#     'arrayref',
#     'and'
#   ],
#   {
#     'hash' => 'also'
#   }
# ]
# 2014/01/13 23:22:22 main.main.info.40: {
#   'inner' => 'call to same fn'
# }
# 2014/01/13 23:22:22 main.main.info.44: logged, 
# 2014/01/13 23:22:22 main.main.debug.39: {
#   'inner' => 'call to diff fn'
# }
# 2014/01/13 23:22:22 main.main.info.40: logged nested, {
#   'hash' => 'ref'
# }
# 2014/01/13 23:22:22 main.usersub.info.54: logging from main function, [
#   2
# ]
# 2014/01/13 23:22:22 main.usersub.info.55: logging from main function 2, 
# 2014/01/13 23:22:22 main.usersub.info.56: logging from main function arg1 2, 
# 2014/01/13 23:22:22 Foo.uselogger.debug.22: logging from Foo Foo 2, 
# 2014/01/13 23:22:22 Foo.uselogger.debug.23: logging from Foo Foo 2 extra, 
# 2014/01/13 23:22:22 Foo.uselogger.debug.24: logging from Foo, [
#   'Foo',
#   2
# ]
# bar is not a legitimate log-level
#  at dflt_stdout.pl line 59.
# 2014/01/13 23:22:22 main.main.info.40: Seen Log Events:, {
#   'log4perl.category.Foo.uselogger.debug.22' => 2,
#   'log4perl.category.Foo.uselogger.debug.23' => 2,
#   'log4perl.category.Foo.uselogger.debug.24' => 2,
#   'log4perl.category.main.main.debug.36' => 2,
#   'log4perl.category.main.main.debug.39' => 4,
#   'log4perl.category.main.main.info.37' => 2,
#   'log4perl.category.main.main.info.40' => 8,
#   'log4perl.category.main.main.info.44' => 2,
#   'log4perl.category.main.main.warn.38' => 2,
#   'log4perl.category.main.usersub.info.54' => 2,
#   'log4perl.category.main.usersub.info.55' => 2,
#   'log4perl.category.main.usersub.info.56' => 2,
#   'main.main.info.40' => 1
# }
# 2014/01/13 23:22:22 main.main.info.40: UnSeen Log Events:, {
#   'debug_00012' => 'main,dflt_stdout.pl,63',
#   'info_00011' => 'main,dflt_stdout.pl,62'
# }
# 2014/01/13 23:22:22 main.main.info.40: cat2data:, {
#   'Foo.uselogger.debug.22' => 'debug_00001',
#   'Foo.uselogger.debug.23' => 'debug_00002',
#   'Foo.uselogger.debug.24' => 'debug_00003',
#   'main.main.debug.36' => 'debug_00007',
#   'main.main.debug.39' => 'debug',
#   'main.main.info.37' => 'info_00008',
#   'main.main.info.40' => 'info',
#   'main.main.info.44' => 'info_00010',
#   'main.main.warn.38' => 'warn_00009',
#   'main.usersub.info.54' => 'info_00004',
#   'main.usersub.info.55' => 'info_00005',
#   'main.usersub.info.56' => 'info_00006'
# }
# '
#     doesn't match '(?^:main\.main\.info\.47\:\ logged\ nested\,\ \{\
# \ \ \'hash\'\ \=\>\ \'ref\'\
# \})'

#   Failed test 'OK - Seen report looks good - look at t/out.basic.stderr'
#   at t/02_basic.t line 133.
#                   'Use of qw(...) as parentheses is deprecated at ../lib/Log/Log4perl/AutoCategorize.pm line 175.
# Use of qw(...) as parentheses is deprecated at ../lib/Log/Log4perl/AutoCategorize.pm line 339.
# 2014/01/13 23:22:22 main.main.debug.36: 1, 
# 2014/01/13 23:22:22 main.main.info.37: one arg, 
# 2014/01/13 23:22:22 main.main.warn.38: 2 args, 
# 2014/01/13 23:22:22 main.main.debug.39: [
#   'arrayref'
# ]
# 2014/01/13 23:22:22 main.main.info.40: {
#   'hash' => 'ref'
# }
# 2014/01/13 23:22:22 main.main.info.40: [
#   [
#     'nested',
#     'arrayref',
#     'and'
#   ],
#   {
#     'hash' => 'also'
#   }
# ]
# 2014/01/13 23:22:22 main.main.info.40: {
#   'inner' => 'call to same fn'
# }
# 2014/01/13 23:22:22 main.main.info.44: logged, 
# 2014/01/13 23:22:22 main.main.debug.39: {
#   'inner' => 'call to diff fn'
# }
# 2014/01/13 23:22:22 main.main.info.40: logged nested, {
#   'hash' => 'ref'
# }
# 2014/01/13 23:22:22 main.usersub.info.54: logging from main function, [
#   1
# ]
# 2014/01/13 23:22:22 main.usersub.info.55: logging from main function 1, 
# 2014/01/13 23:22:22 main.usersub.info.56: logging from main function arg1 1, 
# 2014/01/13 23:22:22 Foo.uselogger.debug.22: logging from Foo Foo 1, 
# 2014/01/13 23:22:22 Foo.uselogger.debug.23: logging from Foo Foo 1 extra, 
# 2014/01/13 23:22:22 Foo.uselogger.debug.24: logging from Foo, [
#   'Foo',
#   1
# ]
# 2014/01/13 23:22:22 main.main.debug.36: 2, 
# 2014/01/13 23:22:22 main.main.info.37: one arg, 
# 2014/01/13 23:22:22 main.main.warn.38: 2 args, 
# 2014/01/13 23:22:22 main.main.debug.39: [
#   'arrayref'
# ]
# 2014/01/13 23:22:22 main.main.info.40: {
#   'hash' => 'ref'
# }
# 2014/01/13 23:22:22 main.main.info.40: [
#   [
#     'nested',
#     'arrayref',
#     'and'
#   ],
#   {
#     'hash' => 'also'
#   }
# ]
# 2014/01/13 23:22:22 main.main.info.40: {
#   'inner' => 'call to same fn'
# }
# 2014/01/13 23:22:22 main.main.info.44: logged, 
# 2014/01/13 23:22:22 main.main.debug.39: {
#   'inner' => 'call to diff fn'
# }
# 2014/01/13 23:22:22 main.main.info.40: logged nested, {
#   'hash' => 'ref'
# }
# 2014/01/13 23:22:22 main.usersub.info.54: logging from main function, [
#   2
# ]
# 2014/01/13 23:22:22 main.usersub.info.55: logging from main function 2, 
# 2014/01/13 23:22:22 main.usersub.info.56: logging from main function arg1 2, 
# 2014/01/13 23:22:22 Foo.uselogger.debug.22: logging from Foo Foo 2, 
# 2014/01/13 23:22:22 Foo.uselogger.debug.23: logging from Foo Foo 2 extra, 
# 2014/01/13 23:22:22 Foo.uselogger.debug.24: logging from Foo, [
#   'Foo',
#   2
# ]
# bar is not a legitimate log-level
#  at dflt_stdout.pl line 59.
# 2014/01/13 23:22:22 main.main.info.40: Seen Log Events:, {
#   'log4perl.category.Foo.uselogger.debug.22' => 2,
#   'log4perl.category.Foo.uselogger.debug.23' => 2,
#   'log4perl.category.Foo.uselogger.debug.24' => 2,
#   'log4perl.category.main.main.debug.36' => 2,
#   'log4perl.category.main.main.debug.39' => 4,
#   'log4perl.category.main.main.info.37' => 2,
#   'log4perl.category.main.main.info.40' => 8,
#   'log4perl.category.main.main.info.44' => 2,
#   'log4perl.category.main.main.warn.38' => 2,
#   'log4perl.category.main.usersub.info.54' => 2,
#   'log4perl.category.main.usersub.info.55' => 2,
#   'log4perl.category.main.usersub.info.56' => 2,
#   'main.main.info.40' => 1
# }
# 2014/01/13 23:22:22 main.main.info.40: UnSeen Log Events:, {
#   'debug_00012' => 'main,dflt_stdout.pl,63',
#   'info_00011' => 'main,dflt_stdout.pl,62'
# }
# 2014/01/13 23:22:22 main.main.info.40: cat2data:, {
#   'Foo.uselogger.debug.22' => 'debug_00001',
#   'Foo.uselogger.debug.23' => 'debug_00002',
#   'Foo.uselogger.debug.24' => 'debug_00003',
#   'main.main.debug.36' => 'debug_00007',
#   'main.main.debug.39' => 'debug',
#   'main.main.info.37' => 'info_00008',
#   'main.main.info.40' => 'info',
#   'main.main.info.44' => 'info_00010',
#   'main.main.warn.38' => 'warn_00009',
#   'main.usersub.info.54' => 'info_00004',
#   'main.usersub.info.55' => 'info_00005',
#   'main.usersub.info.56' => 'info_00006'
# }
# '
#     doesn't match '(?^:(Log\.Log4perl\.AutoCategorize\.END\.info\.\d+\:\ Seen\ Log\ Events\:\,\ \{\
# \ \ \'Log\.Log4perl\.AutoCategorize\.END\.info\.\d+\'\ \=\>\ 1\,\
# \ \ \'log4perl\.category\.Foo\.uselogger\.debug\.22\'\ \=\>\ 2\,\
# \ \ \'log4perl\.category\.Foo\.uselogger\.debug\.23\'\ \=\>\ 2\,\
# \ \ \'log4perl\.category\.Foo\.uselogger\.debug\.24\'\ \=\>\ 2\,\
# \ \ \'log4perl\.category\.main\.main\.debug\.36\'\ \=\>\ 2\,\
# \ \ \'log4perl\.category\.main\.main\.debug\.39\'\ \=\>\ 2\,\
# \ \ \'log4perl\.category\.main\.main\.debug\.47\'\ \=\>\ 2\,\
# \ \ \'log4perl\.category\.main\.main\.info\.37\'\ \=\>\ 2\,\
# \ \ \'log4perl\.category\.main\.main\.info\.40\'\ \=\>\ 2\,\
# \ \ \'log4perl\.category\.main\.main\.info\.41\'\ \=\>\ 2\,\
# \ \ \'log4perl\.category\.main\.main\.info\.44\'\ \=\>\ 2\,\
# \ \ \'log4perl\.category\.main\.main\.info\.44a\'\ \=\>\ 2\,\
# \ \ \'log4perl\.category\.main\.main\.info\.47\'\ \=\>\ 2\,\
# \ \ \'log4perl\.category\.main\.main\.warn\.38\'\ \=\>\ 2\,\
# \ \ \'log4perl\.category\.main\.usersub\.info\.54\'\ \=\>\ 2\,\
# \ \ \'log4perl\.category\.main\.usersub\.info\.55\'\ \=\>\ 2\,\
# \ \ \'log4perl\.category\.main\.usersub\.info\.56\'\ \=\>\ 2\
# \}))'

#   Failed test 'OK - Un-Seen report looks good - look at t/out.basic.stderr'
#   at t/02_basic.t line 154.
#                   'Use of qw(...) as parentheses is deprecated at ../lib/Log/Log4perl/AutoCategorize.pm line 175.
# Use of qw(...) as parentheses is deprecated at ../lib/Log/Log4perl/AutoCategorize.pm line 339.
# 2014/01/13 23:22:22 main.main.debug.36: 1, 
# 2014/01/13 23:22:22 main.main.info.37: one arg, 
# 2014/01/13 23:22:22 main.main.warn.38: 2 args, 
# 2014/01/13 23:22:22 main.main.debug.39: [
#   'arrayref'
# ]
# 2014/01/13 23:22:22 main.main.info.40: {
#   'hash' => 'ref'
# }
# 2014/01/13 23:22:22 main.main.info.40: [
#   [
#     'nested',
#     'arrayref',
#     'and'
#   ],
#   {
#     'hash' => 'also'
#   }
# ]
# 2014/01/13 23:22:22 main.main.info.40: {
#   'inner' => 'call to same fn'
# }
# 2014/01/13 23:22:22 main.main.info.44: logged, 
# 2014/01/13 23:22:22 main.main.debug.39: {
#   'inner' => 'call to diff fn'
# }
# 2014/01/13 23:22:22 main.main.info.40: logged nested, {
#   'hash' => 'ref'
# }
# 2014/01/13 23:22:22 main.usersub.info.54: logging from main function, [
#   1
# ]
# 2014/01/13 23:22:22 main.usersub.info.55: logging from main function 1, 
# 2014/01/13 23:22:22 main.usersub.info.56: logging from main function arg1 1, 
# 2014/01/13 23:22:22 Foo.uselogger.debug.22: logging from Foo Foo 1, 
# 2014/01/13 23:22:22 Foo.uselogger.debug.23: logging from Foo Foo 1 extra, 
# 2014/01/13 23:22:22 Foo.uselogger.debug.24: logging from Foo, [
#   'Foo',
#   1
# ]
# 2014/01/13 23:22:22 main.main.debug.36: 2, 
# 2014/01/13 23:22:22 main.main.info.37: one arg, 
# 2014/01/13 23:22:22 main.main.warn.38: 2 args, 
# 2014/01/13 23:22:22 main.main.debug.39: [
#   'arrayref'
# ]
# 2014/01/13 23:22:22 main.main.info.40: {
#   'hash' => 'ref'
# }
# 2014/01/13 23:22:22 main.main.info.40: [
#   [
#     'nested',
#     'arrayref',
#     'and'
#   ],
#   {
#     'hash' => 'also'
#   }
# ]
# 2014/01/13 23:22:22 main.main.info.40: {
#   'inner' => 'call to same fn'
# }
# 2014/01/13 23:22:22 main.main.info.44: logged, 
# 2014/01/13 23:22:22 main.main.debug.39: {
#   'inner' => 'call to diff fn'
# }
# 2014/01/13 23:22:22 main.main.info.40: logged nested, {
#   'hash' => 'ref'
# }
# 2014/01/13 23:22:22 main.usersub.info.54: logging from main function, [
#   2
# ]
# 2014/01/13 23:22:22 main.usersub.info.55: logging from main function 2, 
# 2014/01/13 23:22:22 main.usersub.info.56: logging from main function arg1 2, 
# 2014/01/13 23:22:22 Foo.uselogger.debug.22: logging from Foo Foo 2, 
# 2014/01/13 23:22:22 Foo.uselogger.debug.23: logging from Foo Foo 2 extra, 
# 2014/01/13 23:22:22 Foo.uselogger.debug.24: logging from Foo, [
#   'Foo',
#   2
# ]
# bar is not a legitimate log-level
#  at dflt_stdout.pl line 59.
# 2014/01/13 23:22:22 main.main.info.40: Seen Log Events:, {
#   'log4perl.category.Foo.uselogger.debug.22' => 2,
#   'log4perl.category.Foo.uselogger.debug.23' => 2,
#   'log4perl.category.Foo.uselogger.debug.24' => 2,
#   'log4perl.category.main.main.debug.36' => 2,
#   'log4perl.category.main.main.debug.39' => 4,
#   'log4perl.category.main.main.info.37' => 2,
#   'log4perl.category.main.main.info.40' => 8,
#   'log4perl.category.main.main.info.44' => 2,
#   'log4perl.category.main.main.warn.38' => 2,
#   'log4perl.category.main.usersub.info.54' => 2,
#   'log4perl.category.main.usersub.info.55' => 2,
#   'log4perl.category.main.usersub.info.56' => 2,
#   'main.main.info.40' => 1
# }
# 2014/01/13 23:22:22 main.main.info.40: UnSeen Log Events:, {
#   'debug_00012' => 'main,dflt_stdout.pl,63',
#   'info_00011' => 'main,dflt_stdout.pl,62'
# }
# 2014/01/13 23:22:22 main.main.info.40: cat2data:, {
#   'Foo.uselogger.debug.22' => 'debug_00001',
#   'Foo.uselogger.debug.23' => 'debug_00002',
#   'Foo.uselogger.debug.24' => 'debug_00003',
#   'main.main.debug.36' => 'debug_00007',
#   'main.main.debug.39' => 'debug',
#   'main.main.info.37' => 'info_00008',
#   'main.main.info.40' => 'info',
#   'main.main.info.44' => 'info_00010',
#   'main.main.warn.38' => 'warn_00009',
#   'main.usersub.info.54' => 'info_00004',
#   'main.usersub.info.55' => 'info_00005',
#   'main.usersub.info.56' => 'info_00006'
# }
# '
#     doesn't match '(?^:(Log\.Log4perl\.AutoCategorize\.END\.info\.\d+\:\ UnSeen\ Log\ Events\:\,\ \{\
# \ \ \'debug_00018\'\ \=\>\ \'main\,dflt_stdout\.pl\,63\'\,\
# \ \ \'info_00017\'\ \=\>\ \'main\,dflt_stdout\.pl\,62\'\
# \}))'
2014/01/13 23:22:22 Log.Log4perl.AutoCategorize.END.info.322: Seen Log Events:, {
  'Log.Log4perl.AutoCategorize.END.info.322' => 1
}
2014/01/13 23:22:22 Log.Log4perl.AutoCategorize.END.info.322: UnSeen Log Events:, {}
2014/01/13 23:22:22 Log.Log4perl.AutoCategorize.END.info.322: cat2data:, {}
# Looks like you failed 7 tests of 25.
t/02_basic.t ......... 
Dubious, test returned 7 (wstat 1792, 0x700)
Failed 7/25 subtests 
# now examine output

#   Failed test '17 munged names'
#   at t/03_options.t line 52.
#  for some reason, one method called from END block is un-munged

#   Failed test '17 categories'
#   at t/03_options.t line 64.

#   Failed test '17 methods built'
#   at t/03_options.t line 75.
# Looks like you failed 3 tests of 10.
t/03_options.t ....... 
Dubious, test returned 3 (wstat 768, 0x300)
Failed 3/10 subtests 
Use of qw(...) as parentheses is deprecated at ../lib/Log/Log4perl/AutoCategorize.pm line 175.
Use of qw(...) as parentheses is deprecated at ../lib/Log/Log4perl/AutoCategorize.pm line 339.
t/04_subclass.t ...... ok

#   Failed test 'OK - Seen report in t/out.tinitstr.cover'
#   at t/05_initstr.t line 56.
#                   '(23:22:23.546) Log.Log4perl.AutoCategorize.END.info.322: Seen Log Events:, {
#   'Log.Log4perl.AutoCategorize.END.info.322' => 1,
#   'log4perl.category.A.bar.debug.52' => -50,
#   'log4perl.category.A.bar.warn.51' => 50,
#   'log4perl.category.main.foo.warn.41' => 25,
#   'log4perl.category.main.main.info.33' => 5,
#   'log4perl.category.main.main.warn.32' => 5
# }
# (23:22:23.546) Log.Log4perl.AutoCategorize.END.info.322: UnSeen Log Events:, {}
# (23:22:23.547) Log.Log4perl.AutoCategorize.END.info.322: cat2data:, {
#   'A.bar.debug.52' => 'debug_00003',
#   'A.bar.warn.51' => 'warn_00002',
#   'main.foo.warn.41' => 'warn_00001',
#   'main.main.info.33' => 'info_00005',
#   'main.main.warn.32' => 'warn_00004'
# }
# '
#     doesn't match '(?^:(Log\.Log4perl\.AutoCategorize\.END\.info\.\d+\:\ Seen\ Log\ Events\:\,\ \{\
# \ \ \'Log\.Log4perl\.AutoCategorize\.END\.info\.\d+\'\ \=\>\ 1\,\
# \ \ \'log4perl\.category\.A\.bar\.debug\.52\'\ \=\>\ \'\-50\'\,\
# \ \ \'log4perl\.category\.A\.bar\.warn\.51\'\ \=\>\ 50\,\
# \ \ \'log4perl\.category\.main\.foo\.warn\.41\'\ \=\>\ 25\,\
# \ \ \'log4perl\.category\.main\.main\.info\.33\'\ \=\>\ 5\,\
# \ \ \'log4perl\.category\.main\.main\.warn\.32\'\ \=\>\ 5\
# \}))'
# Looks like you failed 1 test of 12.
t/05_initstr.t ....... 
Dubious, test returned 1 (wstat 256, 0x100)
Failed 1/12 subtests 

#   Failed test 'OK - Seen report'
#   at t/06_conf_file.t line 55.
#                   '(23:22:23.738) Log.Log4perl.AutoCategorize.END.info.322: Seen Log Events:, {
#   'Log.Log4perl.AutoCategorize.END.info.322' => 1,
#   'log4perl.category.A.truck.debug.63' => 20,
#   'log4perl.category.A.truck.debug.65' => 20,
#   'log4perl.category.A.truck.debug.66' => 20,
#   'log4perl.category.A.truck.warn.62' => 20,
#   'log4perl.category.main.car.warn.46' => 10,
#   'log4perl.category.main.main.info.28' => 5,
#   'log4perl.category.main.main.warn.27' => 5,
#   'log4perl.category.main.suv.warn.51' => -10,
#   'log4perl.category.main.suv.warn.52' => -10
# }
# (23:22:23.739) Log.Log4perl.AutoCategorize.END.info.322: UnSeen Log Events:, {
#   'info_00010' => 'main,tconf_file.pl,36',
#   'warn_00007' => 'B::C,tconf_file.pl,76'
# }
# (23:22:23.739) Log.Log4perl.AutoCategorize.END.info.322: cat2data:, {
#   'A.truck.debug.63' => 'debug_00004',
#   'A.truck.debug.65' => 'debug_00005',
#   'A.truck.debug.66' => 'debug_1_00006',
#   'A.truck.warn.62' => 'warn_00003',
#   'main.car.warn.46' => 'warn',
#   'main.main.info.28' => 'info_00009',
#   'main.main.warn.27' => 'warn_00008',
#   'main.suv.warn.51' => 'warn_00001',
#   'main.suv.warn.52' => 'warn_00002'
# }
# '
#     doesn't match '(?^:(Log\.Log4perl\.AutoCategorize\.END\.info\.\d+\:\ Seen\ Log\ Events\:\,\ \{\
# \ \ \'Log\.Log4perl\.AutoCategorize\.END\.info\.\d+\'\ \=\>\ 1\,\
# \ \ \'log4perl\.category\.A\.truck\.debug\.63\'\ \=\>\ 20\,\
# \ \ \'log4perl\.category\.A\.truck\.debug\.65\'\ \=\>\ 20\,\
# \ \ \'log4perl\.category\.A\.truck\.debug\.66\'\ \=\>\ 20\,\
# \ \ \'log4perl\.category\.A\.truck\.warn\.62\'\ \=\>\ 20\,\
# \ \ \'log4perl\.category\.main\.car\.warn\.46\'\ \=\>\ 10\,\
# \ \ \'log4perl\.category\.main\.main\.info\.28\'\ \=\>\ 5\,\
# \ \ \'log4perl\.category\.main\.main\.warn\.27\'\ \=\>\ 5\,\
# \ \ \'log4perl\.category\.main\.suv\.warn\.51\'\ \=\>\ \'\-10\'\,\
# \ \ \'log4perl\.category\.main\.suv\.warn\.52\'\ \=\>\ \'\-10\'\
# \}))'

#   Failed test 'OK - Un-Seen report'
#   at t/06_conf_file.t line 69.
#                   '(23:22:23.738) Log.Log4perl.AutoCategorize.END.info.322: Seen Log Events:, {
#   'Log.Log4perl.AutoCategorize.END.info.322' => 1,
#   'log4perl.category.A.truck.debug.63' => 20,
#   'log4perl.category.A.truck.debug.65' => 20,
#   'log4perl.category.A.truck.debug.66' => 20,
#   'log4perl.category.A.truck.warn.62' => 20,
#   'log4perl.category.main.car.warn.46' => 10,
#   'log4perl.category.main.main.info.28' => 5,
#   'log4perl.category.main.main.warn.27' => 5,
#   'log4perl.category.main.suv.warn.51' => -10,
#   'log4perl.category.main.suv.warn.52' => -10
# }
# (23:22:23.739) Log.Log4perl.AutoCategorize.END.info.322: UnSeen Log Events:, {
#   'info_00010' => 'main,tconf_file.pl,36',
#   'warn_00007' => 'B::C,tconf_file.pl,76'
# }
# (23:22:23.739) Log.Log4perl.AutoCategorize.END.info.322: cat2data:, {
#   'A.truck.debug.63' => 'debug_00004',
#   'A.truck.debug.65' => 'debug_00005',
#   'A.truck.debug.66' => 'debug_1_00006',
#   'A.truck.warn.62' => 'warn_00003',
#   'main.car.warn.46' => 'warn',
#   'main.main.info.28' => 'info_00009',
#   'main.main.warn.27' => 'warn_00008',
#   'main.suv.warn.51' => 'warn_00001',
#   'main.suv.warn.52' => 'warn_00002'
# }
# '
#     doesn't match '(?^:(Log\.Log4perl\.AutoCategorize\.END\.info\.\d+\:\ UnSeen\ Log\ Events\:\,\ \{\
# \ \ \'info_00011\'\ \=\>\ \'main\,tconf_file\.pl\,36\'\,\
# \ \ \'warn_00008\'\ \=\>\ \'B\:\:C\,tconf_file\.pl\,76\'\
# \}))'

#   Failed test 'OK - cat-2-munged data'
#   at t/06_conf_file.t line 75.
#                   '(23:22:23.738) Log.Log4perl.AutoCategorize.END.info.322: Seen Log Events:, {
#   'Log.Log4perl.AutoCategorize.END.info.322' => 1,
#   'log4perl.category.A.truck.debug.63' => 20,
#   'log4perl.category.A.truck.debug.65' => 20,
#   'log4perl.category.A.truck.debug.66' => 20,
#   'log4perl.category.A.truck.warn.62' => 20,
#   'log4perl.category.main.car.warn.46' => 10,
#   'log4perl.category.main.main.info.28' => 5,
#   'log4perl.category.main.main.warn.27' => 5,
#   'log4perl.category.main.suv.warn.51' => -10,
#   'log4perl.category.main.suv.warn.52' => -10
# }
# (23:22:23.739) Log.Log4perl.AutoCategorize.END.info.322: UnSeen Log Events:, {
#   'info_00010' => 'main,tconf_file.pl,36',
#   'warn_00007' => 'B::C,tconf_file.pl,76'
# }
# (23:22:23.739) Log.Log4perl.AutoCategorize.END.info.322: cat2data:, {
#   'A.truck.debug.63' => 'debug_00004',
#   'A.truck.debug.65' => 'debug_00005',
#   'A.truck.debug.66' => 'debug_1_00006',
#   'A.truck.warn.62' => 'warn_00003',
#   'main.car.warn.46' => 'warn',
#   'main.main.info.28' => 'info_00009',
#   'main.main.warn.27' => 'warn_00008',
#   'main.suv.warn.51' => 'warn_00001',
#   'main.suv.warn.52' => 'warn_00002'
# }
# '
#     doesn't match '(?^:(Log\.Log4perl\.AutoCategorize\.END\.info\.\d+\:\ cat2data\:\,\ \{\
# \ \ \'A\.truck\.debug\.63\'\ \=\>\ \'debug_00005\'\,\
# \ \ \'A\.truck\.debug\.65\'\ \=\>\ \'debug_00006\'\,\
# \ \ \'A\.truck\.debug\.66\'\ \=\>\ \'debug_1_00007\'\,\
# \ \ \'A\.truck\.warn\.62\'\ \=\>\ \'warn_00004\'\,\
# \ \ \'main\.car\.warn\.46\'\ \=\>\ \'warn_00001\'\,\
# \ \ \'main\.main\.info\.28\'\ \=\>\ \'info_00010\'\,\
# \ \ \'main\.main\.warn\.27\'\ \=\>\ \'warn_00009\'\,\
# \ \ \'main\.suv\.warn\.51\'\ \=\>\ \'warn_00002\'\,\
# \ \ \'main\.suv\.warn\.52\'\ \=\>\ \'warn_00003\'\
# \}))'
# Looks like you failed 3 tests of 9.
t/06_conf_file.t ..... 
Dubious, test returned 3 (wstat 768, 0x300)
Failed 3/9 subtests 
Use of qw(...) as parentheses is deprecated at ../lib/Log/Log4perl/AutoCategorize.pm line 175.
Use of qw(...) as parentheses is deprecated at ../lib/Log/Log4perl/AutoCategorize.pm line 339.
t/07_coexist.t ....... ok

#   Failed test 'got expected size breakdown of vivified functions'
#   at t/08_options_more.t line 48.
#                   'importing: Log::Log4perl::AutoCategorize into main, users: main
# importing: Log::Log4perl::AutoCategorize into Foo, users: main,Foo
# in Foo->bar()
# in Foo->bar(1)
# total size of stashed subs: 274589
# function size breakdown: {
#   'debug' => 22878,
#   'debug_00001' => 22884,
#   'debug_00002' => 22884,
#   'debug_00003' => 22884,
#   'debug_00007' => 22884,
#   'info' => 22877,
#   'info_00004' => 22883,
#   'info_00005' => 22883,
#   'info_00006' => 22883,
#   'info_00008' => 22883,
#   'info_00010' => 22883,
#   'warn_00009' => 22883
# }
# total size of my hashs: 85887
# my hash size breakdown: {
#   'SeenCat' => 1753,
#   'UnSeenCat' => 489,
#   'cat2data' => 83645
# }
# total size of stash items: 1441080
# total size, all at once: 314271
# stash size breakdown: {
#   '*Log::Log4perl::AutoCategorize' => 383,
#   '*Log::Log4perl::AutoCategorize::AUTOLOAD' => 221138,
#   '*Log::Log4perl::AutoCategorize::BEGIN' => 10101,
#   '*Log::Log4perl::AutoCategorize::Dump' => 261,
#   '*Log::Log4perl::AutoCategorize::Dumper' => 7582,
#   '*Log::Log4perl::AutoCategorize::END' => 44406,
#   '*Log::Log4perl::AutoCategorize::NOTICE' => 363,
#   '*Log::Log4perl::AutoCategorize::NOTIFY' => 363,
#   '*Log::Log4perl::AutoCategorize::O_ALIAS' => 10750,
#   '*Log::Log4perl::AutoCategorize::O_DEFER' => 10750,
#   '*Log::Log4perl::AutoCategorize::O_EXLOCK' => 10750,
#   '*Log::Log4perl::AutoCategorize::O_NOINHERIT' => 10750,
#   '*Log::Log4perl::AutoCategorize::O_RANDOM' => 10750,
#   '*Log::Log4perl::AutoCategorize::O_RAW' => 10750,
#   '*Log::Log4perl::AutoCategorize::O_RSRC' => 10750,
#   '*Log::Log4perl::AutoCategorize::O_SEQUENTIAL' => 10750,
#   '*Log::Log4perl::AutoCategorize::O_SHLOCK' => 10750,
#   '*Log::Log4perl::AutoCategorize::O_TEMPORARY' => 10750,
#   '*Log::Log4perl::AutoCategorize::SeenCat' => 2017,
#   '*Log::Log4perl::AutoCategorize::UnSeenCat' => 755,
#   '*Log::Log4perl::AutoCategorize::VERSION' => 320,
#   '*Log::Log4perl::AutoCategorize::__ANON__' => 265,
#   '*Log::Log4perl::AutoCategorize::bar' => 260,
#   '*Log::Log4perl::AutoCategorize::can' => 628,
#   '*Log::Log4perl::AutoCategorize::carp' => 145899,
#   '*Log::Log4perl::AutoCategorize::cat2data' => 83910,
#   '*Log::Log4perl::AutoCategorize::confess' => 115744,
#   '*Log::Log4perl::AutoCategorize::croak' => 145983,
#   '*Log::Log4perl::AutoCategorize::debug' => 22878,
#   '*Log::Log4perl::AutoCategorize::debug_00001' => 22884,
#   '*Log::Log4perl::AutoCategorize::debug_00002' => 22884,
#   '*Log::Log4perl::AutoCategorize::debug_00003' => 22884,
#   '*Log::Log4perl::AutoCategorize::debug_00007' => 22884,
#   '*Log::Log4perl::AutoCategorize::dumpchain' => 10168,
#   '*Log::Log4perl::AutoCategorize::fn2cat' => 383,
#   '*Log::Log4perl::AutoCategorize::get_loglevel' => 9686,
#   '*Log::Log4perl::AutoCategorize::import' => 35265,
#   '*Log::Log4perl::AutoCategorize::info' => 22877,
#   '*Log::Log4perl::AutoCategorize::info_00004' => 22883,
#   '*Log::Log4perl::AutoCategorize::info_00005' => 22883,
#   '*Log::Log4perl::AutoCategorize::info_00006' => 22883,
#   '*Log::Log4perl::AutoCategorize::info_00008' => 22883,
#   '*Log::Log4perl::AutoCategorize::info_00010' => 22883,
#   '*Log::Log4perl::AutoCategorize::logitDumper' => 168747,
#   '*Log::Log4perl::AutoCategorize::logitYAML' => 7733,
#   '*Log::Log4perl::AutoCategorize::myDump' => 17286,
#   '*Log::Log4perl::AutoCategorize::opNames' => 11136,
#   '*Log::Log4perl::AutoCategorize::set_debug' => 15707,
#   '*Log::Log4perl::AutoCategorize::size' => 715,
#   '*Log::Log4perl::AutoCategorize::total_size' => 696,
#   '*Log::Log4perl::AutoCategorize::usrPkgs' => 515,
#   '*Log::Log4perl::AutoCategorize::warn_00009' => 22883,
#   'SCALAR(0x23f0e28)' => 24,
#   'SCALAR(0x23f0e58)' => 24,
#   'SCALAR(0x23f0e88)' => 24,
#   'SCALAR(0x23f0eb8)' => 24,
#   'SCALAR(0x23f0ee8)' => 24,
#   'SCALAR(0x23f0f18)' => 24,
#   'SCALAR(0x23f0f48)' => 24,
#   'SCALAR(0x23f0f78)' => 24,
#   'SCALAR(0x23f0fa8)' => 24,
#   'SCALAR(0x23f0fd8)' => 24,
#   'SCALAR(0x23f1008)' => 24,
#   'SCALAR(0x23f1068)' => 24,
#   'SCALAR(0x23f1098)' => 24,
#   'SCALAR(0x23f10c8)' => 24,
#   'SCALAR(0x23f10f8)' => 24,
#   'SCALAR(0x23f1128)' => 24,
#   'SCALAR(0x23f1158)' => 24,
#   'SCALAR(0x23f1188)' => 24,
#   'SCALAR(0x23f11b8)' => 24,
#   'SCALAR(0x23f11e8)' => 24,
#   'SCALAR(0x23f1218)' => 24,
#   'SCALAR(0x23f17b8)' => 24,
#   'SCALAR(0x23f17e8)' => 24,
#   'SCALAR(0x23f1818)' => 24
# }
# Devel::Size: Calculated sizes for compiled regexes are incompatible, and probably always will be
# Devel::Size: Calculated sizes for compiled regexes are incompatible, and probably always will be
# Devel::Size: Calculated sizes for compiled regexes are incompatible, and probably always will be
# Devel::Size: Calculated sizes for compiled regexes are incompatible, and probably always will be
# Devel::Size: Calculated sizes for compiled regexes are incompatible, and probably always will be
# Devel::Size: Calculated sizes for compiled regexes are incompatible, and probably always will be
# Devel::Size: Calculated sizes for compiled regexes are incompatible, and probably always will be
# Devel::Size: Calculated sizes for compiled regexes are incompatible, and probably always will be
# Devel::Size: Calculated sizes for compiled regexes are incompatible, and probably always will be
# '
#     doesn't match '(?^:(size\ breakdown\:\ \{\
# \ \ \'debug_00001\'\ \=\>\ 6390\,\
# \ \ \'debug_00002\'\ \=\>\ 6390\,\
# \ \ \'debug_00003\'\ \=\>\ 6390\,\
# \ \ \'debug_00007\'\ \=\>\ 6390\,\
# \ \ \'debug_00010\'\ \=\>\ 6390\,\
# \ \ \'debug_00016\'\ \=\>\ 6390\,\
# \ \ \'info_00004\'\ \=\>\ 6388\,\
# \ \ \'info_00005\'\ \=\>\ 6388\,\
# \ \ \'info_00006\'\ \=\>\ 6388\,\
# \ \ \'info_00008\'\ \=\>\ 6388\,\
# \ \ \'info_00011\'\ \=\>\ 6388\,\
# \ \ \'info_00012\'\ \=\>\ 6388\,\
# \ \ \'info_00013\'\ \=\>\ 6388\,\
# \ \ \'info_00014\'\ \=\>\ 6388\,\
# \ \ \'info_00015\'\ \=\>\ 6388\,\
# \ \ \'warn_00009\'\ \=\>\ 6388\
# \}))'
# Looks like you failed 1 test of 5.
t/08_options_more.t .. 
Dubious, test returned 1 (wstat 256, 0x100)
Failed 1/5 subtests 
Use of qw(...) as parentheses is deprecated at ../lib/Log/Log4perl/AutoCategorize.pm line 175.
Use of qw(...) as parentheses is deprecated at ../lib/Log/Log4perl/AutoCategorize.pm line 339.
t/09_coexist_easy.t .. ok
Use of qw(...) as parentheses is deprecated at ../lib/Log/Log4perl/AutoCategorize.pm line 175.
Use of qw(...) as parentheses is deprecated at ../lib/Log/Log4perl/AutoCategorize.pm line 339.

#   Failed test 'found: 'log4perl.category.X.truck.debug.9' => '-5''
#   at t/10_multi_pack.t line 129.
#                   '(23:22:24.560) Log.Log4perl.AutoCategorize.END.info.322: Seen Log Events:, {
#   'Log.Log4perl.AutoCategorize.END.info.322' => 1,
#   'log4perl.category.X.truck.debug.9' => -5,
#   'log4perl.category.X.truck.warn.8' => 5,
#   'log4perl.category.Y.truck.debug.9' => -5,
#   'log4perl.category.Y.truck.warn.8' => 5,
#   'log4perl.category.main.main.info.81' => 5,
#   'log4perl.category.main.main.warn.80' => 5
# }
# (23:22:24.561) Log.Log4perl.AutoCategorize.END.info.322: UnSeen Log Events:, {}
# (23:22:24.561) Log.Log4perl.AutoCategorize.END.info.322: cat2data:, {
#   'X.truck.debug.9' => 'debug_00002',
#   'X.truck.warn.8' => 'warn_00001',
#   'Y.truck.debug.9' => 'debug_00004',
#   'Y.truck.warn.8' => 'warn_00003',
#   'main.main.info.81' => 'info_00006',
#   'main.main.warn.80' => 'warn_00005'
# }
# '
#     doesn't match '(?^ms:\'log4perl\.category\.X\.truck\.debug\.9\'\ \=\>\ \'\-5\')'

#   Failed test 'found: 'log4perl.category.Y.truck.debug.9' => '-5''
#   at t/10_multi_pack.t line 129.
#                   '(23:22:24.560) Log.Log4perl.AutoCategorize.END.info.322: Seen Log Events:, {
#   'Log.Log4perl.AutoCategorize.END.info.322' => 1,
#   'log4perl.category.X.truck.debug.9' => -5,
#   'log4perl.category.X.truck.warn.8' => 5,
#   'log4perl.category.Y.truck.debug.9' => -5,
#   'log4perl.category.Y.truck.warn.8' => 5,
#   'log4perl.category.main.main.info.81' => 5,
#   'log4perl.category.main.main.warn.80' => 5
# }
# (23:22:24.561) Log.Log4perl.AutoCategorize.END.info.322: UnSeen Log Events:, {}
# (23:22:24.561) Log.Log4perl.AutoCategorize.END.info.322: cat2data:, {
#   'X.truck.debug.9' => 'debug_00002',
#   'X.truck.warn.8' => 'warn_00001',
#   'Y.truck.debug.9' => 'debug_00004',
#   'Y.truck.warn.8' => 'warn_00003',
#   'main.main.info.81' => 'info_00006',
#   'main.main.warn.80' => 'warn_00005'
# }
# '
#     doesn't match '(?^ms:\'log4perl\.category\.Y\.truck\.debug\.9\'\ \=\>\ \'\-5\')'
Use of qw(...) as parentheses is deprecated at ../lib/Log/Log4perl/AutoCategorize.pm line 175.
Use of qw(...) as parentheses is deprecated at ../lib/Log/Log4perl/AutoCategorize.pm line 339.

#   Failed test 'found: 'log4perl.category.X.truck.debug.9' => '-5''
#   at t/10_multi_pack.t line 129.
#                   '(23:22:24.727) Log.Log4perl.AutoCategorize.END.info.322: Seen Log Events:, {
#   'Log.Log4perl.AutoCategorize.END.info.322' => 1,
#   'log4perl.category.X.truck.debug.9' => -5,
#   'log4perl.category.X.truck.warn.8' => 5,
#   'log4perl.category.Z.truck.debug.9' => -5,
#   'log4perl.category.Z.truck.warn.8' => 5,
#   'log4perl.category.main.main.info.81' => 5,
#   'log4perl.category.main.main.warn.80' => 5
# }
# (23:22:24.728) Log.Log4perl.AutoCategorize.END.info.322: UnSeen Log Events:, {}
# (23:22:24.728) Log.Log4perl.AutoCategorize.END.info.322: cat2data:, {
#   'X.truck.debug.9' => 'debug_00002',
#   'X.truck.warn.8' => 'warn_00001',
#   'Z.truck.debug.9' => 'debug_00004',
#   'Z.truck.warn.8' => 'warn_00003',
#   'main.main.info.81' => 'info_00006',
#   'main.main.warn.80' => 'warn_00005'
# }
# '
#     doesn't match '(?^ms:\'log4perl\.category\.X\.truck\.debug\.9\'\ \=\>\ \'\-5\')'

#   Failed test 'found: 'log4perl.category.Z.truck.debug.9' => '-5''
#   at t/10_multi_pack.t line 129.
#                   '(23:22:24.727) Log.Log4perl.AutoCategorize.END.info.322: Seen Log Events:, {
#   'Log.Log4perl.AutoCategorize.END.info.322' => 1,
#   'log4perl.category.X.truck.debug.9' => -5,
#   'log4perl.category.X.truck.warn.8' => 5,
#   'log4perl.category.Z.truck.debug.9' => -5,
#   'log4perl.category.Z.truck.warn.8' => 5,
#   'log4perl.category.main.main.info.81' => 5,
#   'log4perl.category.main.main.warn.80' => 5
# }
# (23:22:24.728) Log.Log4perl.AutoCategorize.END.info.322: UnSeen Log Events:, {}
# (23:22:24.728) Log.Log4perl.AutoCategorize.END.info.322: cat2data:, {
#   'X.truck.debug.9' => 'debug_00002',
#   'X.truck.warn.8' => 'warn_00001',
#   'Z.truck.debug.9' => 'debug_00004',
#   'Z.truck.warn.8' => 'warn_00003',
#   'main.main.info.81' => 'info_00006',
#   'main.main.warn.80' => 'warn_00005'
# }
# '
#     doesn't match '(?^ms:\'log4perl\.category\.Z\.truck\.debug\.9\'\ \=\>\ \'\-5\')'
Use of qw(...) as parentheses is deprecated at ../lib/Log/Log4perl/AutoCategorize.pm line 175.
Use of qw(...) as parentheses is deprecated at ../lib/Log/Log4perl/AutoCategorize.pm line 339.

#   Failed test 'found: 'log4perl.category.Y.truck.debug.9' => '-5''
#   at t/10_multi_pack.t line 129.
#                   '(23:22:24.882) Log.Log4perl.AutoCategorize.END.info.322: Seen Log Events:, {
#   'Log.Log4perl.AutoCategorize.END.info.322' => 1,
#   'log4perl.category.Y.truck.debug.9' => -5,
#   'log4perl.category.Y.truck.warn.8' => 5,
#   'log4perl.category.Z.truck.debug.9' => -5,
#   'log4perl.category.Z.truck.warn.8' => 5,
#   'log4perl.category.main.main.info.81' => 5,
#   'log4perl.category.main.main.warn.80' => 5
# }
# (23:22:24.882) Log.Log4perl.AutoCategorize.END.info.322: UnSeen Log Events:, {}
# (23:22:24.883) Log.Log4perl.AutoCategorize.END.info.322: cat2data:, {
#   'Y.truck.debug.9' => 'debug_00002',
#   'Y.truck.warn.8' => 'warn_00001',
#   'Z.truck.debug.9' => 'debug_00004',
#   'Z.truck.warn.8' => 'warn_00003',
#   'main.main.info.81' => 'info_00006',
#   'main.main.warn.80' => 'warn_00005'
# }
# '
#     doesn't match '(?^ms:\'log4perl\.category\.Y\.truck\.debug\.9\'\ \=\>\ \'\-5\')'

#   Failed test 'found: 'log4perl.category.Z.truck.debug.9' => '-5''
#   at t/10_multi_pack.t line 129.
#                   '(23:22:24.882) Log.Log4perl.AutoCategorize.END.info.322: Seen Log Events:, {
#   'Log.Log4perl.AutoCategorize.END.info.322' => 1,
#   'log4perl.category.Y.truck.debug.9' => -5,
#   'log4perl.category.Y.truck.warn.8' => 5,
#   'log4perl.category.Z.truck.debug.9' => -5,
#   'log4perl.category.Z.truck.warn.8' => 5,
#   'log4perl.category.main.main.info.81' => 5,
#   'log4perl.category.main.main.warn.80' => 5
# }
# (23:22:24.882) Log.Log4perl.AutoCategorize.END.info.322: UnSeen Log Events:, {}
# (23:22:24.883) Log.Log4perl.AutoCategorize.END.info.322: cat2data:, {
#   'Y.truck.debug.9' => 'debug_00002',
#   'Y.truck.warn.8' => 'warn_00001',
#   'Z.truck.debug.9' => 'debug_00004',
#   'Z.truck.warn.8' => 'warn_00003',
#   'main.main.info.81' => 'info_00006',
#   'main.main.warn.80' => 'warn_00005'
# }
# '
#     doesn't match '(?^ms:\'log4perl\.category\.Z\.truck\.debug\.9\'\ \=\>\ \'\-5\')'
Use of qw(...) as parentheses is deprecated at ../lib/Log/Log4perl/AutoCategorize.pm line 175.
Use of qw(...) as parentheses is deprecated at ../lib/Log/Log4perl/AutoCategorize.pm line 339.

#   Failed test 'found: 'log4perl.category.X.truck.debug.9' => '-5''
#   at t/10_multi_pack.t line 129.
#                   '(23:22:25.039) Log.Log4perl.AutoCategorize.END.info.322: Seen Log Events:, {
#   'Log.Log4perl.AutoCategorize.END.info.322' => 1,
#   'log4perl.category.X.truck.debug.9' => -5,
#   'log4perl.category.X.truck.warn.8' => 5,
#   'log4perl.category.Y.truck.debug.9' => -5,
#   'log4perl.category.Y.truck.warn.8' => 5,
#   'log4perl.category.main.main.info.81' => 5,
#   'log4perl.category.main.main.warn.80' => 5
# }
# (23:22:25.039) Log.Log4perl.AutoCategorize.END.info.322: UnSeen Log Events:, {}
# (23:22:25.040) Log.Log4perl.AutoCategorize.END.info.322: cat2data:, {
#   'X.truck.debug.9' => 'debug_00002',
#   'X.truck.warn.8' => 'warn_00001',
#   'Y.truck.debug.9' => 'debug_00004',
#   'Y.truck.warn.8' => 'warn_00003',
#   'main.main.info.81' => 'info',
#   'main.main.warn.80' => 'warn'
# }
# '
#     doesn't match '(?^ms:\'log4perl\.category\.X\.truck\.debug\.9\'\ \=\>\ \'\-5\')'

#   Failed test 'found: 'log4perl.category.Y.truck.debug.9' => '-5''
#   at t/10_multi_pack.t line 129.
#                   '(23:22:25.039) Log.Log4perl.AutoCategorize.END.info.322: Seen Log Events:, {
#   'Log.Log4perl.AutoCategorize.END.info.322' => 1,
#   'log4perl.category.X.truck.debug.9' => -5,
#   'log4perl.category.X.truck.warn.8' => 5,
#   'log4perl.category.Y.truck.debug.9' => -5,
#   'log4perl.category.Y.truck.warn.8' => 5,
#   'log4perl.category.main.main.info.81' => 5,
#   'log4perl.category.main.main.warn.80' => 5
# }
# (23:22:25.039) Log.Log4perl.AutoCategorize.END.info.322: UnSeen Log Events:, {}
# (23:22:25.040) Log.Log4perl.AutoCategorize.END.info.322: cat2data:, {
#   'X.truck.debug.9' => 'debug_00002',
#   'X.truck.warn.8' => 'warn_00001',
#   'Y.truck.debug.9' => 'debug_00004',
#   'Y.truck.warn.8' => 'warn_00003',
#   'main.main.info.81' => 'info',
#   'main.main.warn.80' => 'warn'
# }
# '
#     doesn't match '(?^ms:\'log4perl\.category\.Y\.truck\.debug\.9\'\ \=\>\ \'\-5\')'
Use of qw(...) as parentheses is deprecated at ../lib/Log/Log4perl/AutoCategorize.pm line 175.
Use of qw(...) as parentheses is deprecated at ../lib/Log/Log4perl/AutoCategorize.pm line 339.

#   Failed test 'found: 'log4perl.category.X.truck.debug.9' => '-5''
#   at t/10_multi_pack.t line 129.
#                   '(23:22:25.198) Log.Log4perl.AutoCategorize.END.info.322: Seen Log Events:, {
#   'Log.Log4perl.AutoCategorize.END.info.322' => 1,
#   'log4perl.category.X.truck.debug.9' => -5,
#   'log4perl.category.X.truck.warn.8' => 5,
#   'log4perl.category.Z.truck.debug.9' => -5,
#   'log4perl.category.Z.truck.warn.8' => 5,
#   'log4perl.category.main.main.info.81' => 5,
#   'log4perl.category.main.main.warn.80' => 5
# }
# (23:22:25.198) Log.Log4perl.AutoCategorize.END.info.322: UnSeen Log Events:, {}
# (23:22:25.198) Log.Log4perl.AutoCategorize.END.info.322: cat2data:, {
#   'X.truck.debug.9' => 'debug_00002',
#   'X.truck.warn.8' => 'warn_00001',
#   'Z.truck.debug.9' => 'debug_00004',
#   'Z.truck.warn.8' => 'warn_00003',
#   'main.main.info.81' => 'info',
#   'main.main.warn.80' => 'warn'
# }
# '
#     doesn't match '(?^ms:\'log4perl\.category\.X\.truck\.debug\.9\'\ \=\>\ \'\-5\')'

#   Failed test 'found: 'log4perl.category.Z.truck.debug.9' => '-5''
#   at t/10_multi_pack.t line 129.
#                   '(23:22:25.198) Log.Log4perl.AutoCategorize.END.info.322: Seen Log Events:, {
#   'Log.Log4perl.AutoCategorize.END.info.322' => 1,
#   'log4perl.category.X.truck.debug.9' => -5,
#   'log4perl.category.X.truck.warn.8' => 5,
#   'log4perl.category.Z.truck.debug.9' => -5,
#   'log4perl.category.Z.truck.warn.8' => 5,
#   'log4perl.category.main.main.info.81' => 5,
#   'log4perl.category.main.main.warn.80' => 5
# }
# (23:22:25.198) Log.Log4perl.AutoCategorize.END.info.322: UnSeen Log Events:, {}
# (23:22:25.198) Log.Log4perl.AutoCategorize.END.info.322: cat2data:, {
#   'X.truck.debug.9' => 'debug_00002',
#   'X.truck.warn.8' => 'warn_00001',
#   'Z.truck.debug.9' => 'debug_00004',
#   'Z.truck.warn.8' => 'warn_00003',
#   'main.main.info.81' => 'info',
#   'main.main.warn.80' => 'warn'
# }
# '
#     doesn't match '(?^ms:\'log4perl\.category\.Z\.truck\.debug\.9\'\ \=\>\ \'\-5\')'
Use of qw(...) as parentheses is deprecated at ../lib/Log/Log4perl/AutoCategorize.pm line 175.
Use of qw(...) as parentheses is deprecated at ../lib/Log/Log4perl/AutoCategorize.pm line 339.

#   Failed test 'found: 'log4perl.category.Y.truck.debug.9' => '-5''
#   at t/10_multi_pack.t line 129.
#                   '(23:22:25.381) Log.Log4perl.AutoCategorize.END.info.322: Seen Log Events:, {
#   'Log.Log4perl.AutoCategorize.END.info.322' => 1,
#   'log4perl.category.Y.truck.debug.9' => -5,
#   'log4perl.category.Y.truck.warn.8' => 5,
#   'log4perl.category.Z.truck.debug.9' => -5,
#   'log4perl.category.Z.truck.warn.8' => 5,
#   'log4perl.category.main.main.info.81' => 5,
#   'log4perl.category.main.main.warn.80' => 5
# }
# (23:22:25.381) Log.Log4perl.AutoCategorize.END.info.322: UnSeen Log Events:, {}
# (23:22:25.381) Log.Log4perl.AutoCategorize.END.info.322: cat2data:, {
#   'Y.truck.debug.9' => 'debug_00002',
#   'Y.truck.warn.8' => 'warn_00001',
#   'Z.truck.debug.9' => 'debug_00004',
#   'Z.truck.warn.8' => 'warn_00003',
#   'main.main.info.81' => 'info',
#   'main.main.warn.80' => 'warn'
# }
# '
#     doesn't match '(?^ms:\'log4perl\.category\.Y\.truck\.debug\.9\'\ \=\>\ \'\-5\')'

#   Failed test 'found: 'log4perl.category.Z.truck.debug.9' => '-5''
#   at t/10_multi_pack.t line 129.
#                   '(23:22:25.381) Log.Log4perl.AutoCategorize.END.info.322: Seen Log Events:, {
#   'Log.Log4perl.AutoCategorize.END.info.322' => 1,
#   'log4perl.category.Y.truck.debug.9' => -5,
#   'log4perl.category.Y.truck.warn.8' => 5,
#   'log4perl.category.Z.truck.debug.9' => -5,
#   'log4perl.category.Z.truck.warn.8' => 5,
#   'log4perl.category.main.main.info.81' => 5,
#   'log4perl.category.main.main.warn.80' => 5
# }
# (23:22:25.381) Log.Log4perl.AutoCategorize.END.info.322: UnSeen Log Events:, {}
# (23:22:25.381) Log.Log4perl.AutoCategorize.END.info.322: cat2data:, {
#   'Y.truck.debug.9' => 'debug_00002',
#   'Y.truck.warn.8' => 'warn_00001',
#   'Z.truck.debug.9' => 'debug_00004',
#   'Z.truck.warn.8' => 'warn_00003',
#   'main.main.info.81' => 'info',
#   'main.main.warn.80' => 'warn'
# }
# '
#     doesn't match '(?^ms:\'log4perl\.category\.Z\.truck\.debug\.9\'\ \=\>\ \'\-5\')'
Use of qw(...) as parentheses is deprecated at ../lib/Log/Log4perl/AutoCategorize.pm line 175.
Use of qw(...) as parentheses is deprecated at ../lib/Log/Log4perl/AutoCategorize.pm line 339.

#   Failed test 'found: 'log4perl.category.X.truck.debug.9' => '-5''
#   at t/10_multi_pack.t line 129.
#                   '(23:22:25.633) Log.Log4perl.AutoCategorize.END.info.322: Seen Log Events:, {
#   'Log.Log4perl.AutoCategorize.END.info.322' => 1,
#   'log4perl.category.X.truck.debug.9' => -5,
#   'log4perl.category.X.truck.warn.8' => 5,
#   'log4perl.category.Y.truck.debug.9' => -5,
#   'log4perl.category.Y.truck.warn.8' => 5,
#   'log4perl.category.main.main.info.81' => 5,
#   'log4perl.category.main.main.warn.80' => 5
# }
# (23:22:25.633) Log.Log4perl.AutoCategorize.END.info.322: UnSeen Log Events:, {}
# (23:22:25.633) Log.Log4perl.AutoCategorize.END.info.322: cat2data:, {
#   'X.truck.debug.9' => 'debug_00002',
#   'X.truck.warn.8' => 'warn_00001',
#   'Y.truck.debug.9' => 'debug_00004',
#   'Y.truck.warn.8' => 'warn_00003',
#   'main.main.info.81' => 'info',
#   'main.main.warn.80' => 'warn'
# }
# '
#     doesn't match '(?^ms:\'log4perl\.category\.X\.truck\.debug\.9\'\ \=\>\ \'\-5\')'

#   Failed test 'found: 'log4perl.category.Y.truck.debug.9' => '-5''
#   at t/10_multi_pack.t line 129.
#                   '(23:22:25.633) Log.Log4perl.AutoCategorize.END.info.322: Seen Log Events:, {
#   'Log.Log4perl.AutoCategorize.END.info.322' => 1,
#   'log4perl.category.X.truck.debug.9' => -5,
#   'log4perl.category.X.truck.warn.8' => 5,
#   'log4perl.category.Y.truck.debug.9' => -5,
#   'log4perl.category.Y.truck.warn.8' => 5,
#   'log4perl.category.main.main.info.81' => 5,
#   'log4perl.category.main.main.warn.80' => 5
# }
# (23:22:25.633) Log.Log4perl.AutoCategorize.END.info.322: UnSeen Log Events:, {}
# (23:22:25.633) Log.Log4perl.AutoCategorize.END.info.322: cat2data:, {
#   'X.truck.debug.9' => 'debug_00002',
#   'X.truck.warn.8' => 'warn_00001',
#   'Y.truck.debug.9' => 'debug_00004',
#   'Y.truck.warn.8' => 'warn_00003',
#   'main.main.info.81' => 'info',
#   'main.main.warn.80' => 'warn'
# }
# '
#     doesn't match '(?^ms:\'log4perl\.category\.Y\.truck\.debug\.9\'\ \=\>\ \'\-5\')'
Use of qw(...) as parentheses is deprecated at ../lib/Log/Log4perl/AutoCategorize.pm line 175.
Use of qw(...) as parentheses is deprecated at ../lib/Log/Log4perl/AutoCategorize.pm line 339.

#   Failed test 'found: 'log4perl.category.X.truck.debug.9' => '-5''
#   at t/10_multi_pack.t line 129.
#                   '(23:22:25.812) Log.Log4perl.AutoCategorize.END.info.322: Seen Log Events:, {
#   'Log.Log4perl.AutoCategorize.END.info.322' => 1,
#   'log4perl.category.X.truck.debug.9' => -5,
#   'log4perl.category.X.truck.warn.8' => 5,
#   'log4perl.category.Z.truck.debug.9' => -5,
#   'log4perl.category.Z.truck.warn.8' => 5,
#   'log4perl.category.main.main.info.81' => 5,
#   'log4perl.category.main.main.warn.80' => 5
# }
# (23:22:25.812) Log.Log4perl.AutoCategorize.END.info.322: UnSeen Log Events:, {}
# (23:22:25.812) Log.Log4perl.AutoCategorize.END.info.322: cat2data:, {
#   'X.truck.debug.9' => 'debug_00002',
#   'X.truck.warn.8' => 'warn_00001',
#   'Z.truck.debug.9' => 'debug_00004',
#   'Z.truck.warn.8' => 'warn_00003',
#   'main.main.info.81' => 'info',
#   'main.main.warn.80' => 'warn'
# }
# '
#     doesn't match '(?^ms:\'log4perl\.category\.X\.truck\.debug\.9\'\ \=\>\ \'\-5\')'

#   Failed test 'found: 'log4perl.category.Z.truck.debug.9' => '-5''
#   at t/10_multi_pack.t line 129.
#                   '(23:22:25.812) Log.Log4perl.AutoCategorize.END.info.322: Seen Log Events:, {
#   'Log.Log4perl.AutoCategorize.END.info.322' => 1,
#   'log4perl.category.X.truck.debug.9' => -5,
#   'log4perl.category.X.truck.warn.8' => 5,
#   'log4perl.category.Z.truck.debug.9' => -5,
#   'log4perl.category.Z.truck.warn.8' => 5,
#   'log4perl.category.main.main.info.81' => 5,
#   'log4perl.category.main.main.warn.80' => 5
# }
# (23:22:25.812) Log.Log4perl.AutoCategorize.END.info.322: UnSeen Log Events:, {}
# (23:22:25.812) Log.Log4perl.AutoCategorize.END.info.322: cat2data:, {
#   'X.truck.debug.9' => 'debug_00002',
#   'X.truck.warn.8' => 'warn_00001',
#   'Z.truck.debug.9' => 'debug_00004',
#   'Z.truck.warn.8' => 'warn_00003',
#   'main.main.info.81' => 'info',
#   'main.main.warn.80' => 'warn'
# }
# '
#     doesn't match '(?^ms:\'log4perl\.category\.Z\.truck\.debug\.9\'\ \=\>\ \'\-5\')'
Use of qw(...) as parentheses is deprecated at ../lib/Log/Log4perl/AutoCategorize.pm line 175.
Use of qw(...) as parentheses is deprecated at ../lib/Log/Log4perl/AutoCategorize.pm line 339.

#   Failed test 'found: 'log4perl.category.Y.truck.debug.9' => '-5''
#   at t/10_multi_pack.t line 129.
#                   '(23:22:26.092) Log.Log4perl.AutoCategorize.END.info.322: Seen Log Events:, {
#   'Log.Log4perl.AutoCategorize.END.info.322' => 1,
#   'log4perl.category.Y.truck.debug.9' => -5,
#   'log4perl.category.Y.truck.warn.8' => 5,
#   'log4perl.category.Z.truck.debug.9' => -5,
#   'log4perl.category.Z.truck.warn.8' => 5,
#   'log4perl.category.main.main.info.81' => 5,
#   'log4perl.category.main.main.warn.80' => 5
# }
# (23:22:26.092) Log.Log4perl.AutoCategorize.END.info.322: UnSeen Log Events:, {}
# (23:22:26.092) Log.Log4perl.AutoCategorize.END.info.322: cat2data:, {
#   'Y.truck.debug.9' => 'debug_00002',
#   'Y.truck.warn.8' => 'warn_00001',
#   'Z.truck.debug.9' => 'debug_00004',
#   'Z.truck.warn.8' => 'warn_00003',
#   'main.main.info.81' => 'info',
#   'main.main.warn.80' => 'warn'
# }
# '
#     doesn't match '(?^ms:\'log4perl\.category\.Y\.truck\.debug\.9\'\ \=\>\ \'\-5\')'

#   Failed test 'found: 'log4perl.category.Z.truck.debug.9' => '-5''
#   at t/10_multi_pack.t line 129.
#                   '(23:22:26.092) Log.Log4perl.AutoCategorize.END.info.322: Seen Log Events:, {
#   'Log.Log4perl.AutoCategorize.END.info.322' => 1,
#   'log4perl.category.Y.truck.debug.9' => -5,
#   'log4perl.category.Y.truck.warn.8' => 5,
#   'log4perl.category.Z.truck.debug.9' => -5,
#   'log4perl.category.Z.truck.warn.8' => 5,
#   'log4perl.category.main.main.info.81' => 5,
#   'log4perl.category.main.main.warn.80' => 5
# }
# (23:22:26.092) Log.Log4perl.AutoCategorize.END.info.322: UnSeen Log Events:, {}
# (23:22:26.092) Log.Log4perl.AutoCategorize.END.info.322: cat2data:, {
#   'Y.truck.debug.9' => 'debug_00002',
#   'Y.truck.warn.8' => 'warn_00001',
#   'Z.truck.debug.9' => 'debug_00004',
#   'Z.truck.warn.8' => 'warn_00003',
#   'main.main.info.81' => 'info',
#   'main.main.warn.80' => 'warn'
# }
# '
#     doesn't match '(?^ms:\'log4perl\.category\.Z\.truck\.debug\.9\'\ \=\>\ \'\-5\')'
Use of qw(...) as parentheses is deprecated at ../lib/Log/Log4perl/AutoCategorize.pm line 175.
Use of qw(...) as parentheses is deprecated at ../lib/Log/Log4perl/AutoCategorize.pm line 339.

#   Failed test 'found: 'log4perl.category.X.truck.debug.9' => '-5''
#   at t/10_multi_pack.t line 129.
#                   '(23:22:26.245) Log.Log4perl.AutoCategorize.END.info.322: Seen Log Events:, {
#   'Log.Log4perl.AutoCategorize.END.info.322' => 1,
#   'log4perl.category.X.truck.debug.9' => -5,
#   'log4perl.category.X.truck.warn.8' => 5,
#   'log4perl.category.Y.truck.debug.9' => -5,
#   'log4perl.category.Y.truck.warn.8' => 5,
#   'log4perl.category.main.main.info.81' => 5,
#   'log4perl.category.main.main.warn.80' => 5
# }
# (23:22:26.247) Log.Log4perl.AutoCategorize.END.info.322: UnSeen Log Events:, {}
# (23:22:26.248) Log.Log4perl.AutoCategorize.END.info.322: cat2data:, {
#   'X.truck.debug.9' => 'debug_00004',
#   'X.truck.warn.8' => 'warn_00003',
#   'Y.truck.debug.9' => 'debug_00002',
#   'Y.truck.warn.8' => 'warn_00001',
#   'main.main.info.81' => 'info_00006',
#   'main.main.warn.80' => 'warn_00005'
# }
# '
#     doesn't match '(?^ms:\'log4perl\.category\.X\.truck\.debug\.9\'\ \=\>\ \'\-5\')'

#   Failed test 'found: 'log4perl.category.Y.truck.debug.9' => '-5''
#   at t/10_multi_pack.t line 129.
#                   '(23:22:26.245) Log.Log4perl.AutoCategorize.END.info.322: Seen Log Events:, {
#   'Log.Log4perl.AutoCategorize.END.info.322' => 1,
#   'log4perl.category.X.truck.debug.9' => -5,
#   'log4perl.category.X.truck.warn.8' => 5,
#   'log4perl.category.Y.truck.debug.9' => -5,
#   'log4perl.category.Y.truck.warn.8' => 5,
#   'log4perl.category.main.main.info.81' => 5,
#   'log4perl.category.main.main.warn.80' => 5
# }
# (23:22:26.247) Log.Log4perl.AutoCategorize.END.info.322: UnSeen Log Events:, {}
# (23:22:26.248) Log.Log4perl.AutoCategorize.END.info.322: cat2data:, {
#   'X.truck.debug.9' => 'debug_00004',
#   'X.truck.warn.8' => 'warn_00003',
#   'Y.truck.debug.9' => 'debug_00002',
#   'Y.truck.warn.8' => 'warn_00001',
#   'main.main.info.81' => 'info_00006',
#   'main.main.warn.80' => 'warn_00005'
# }
# '
#     doesn't match '(?^ms:\'log4perl\.category\.Y\.truck\.debug\.9\'\ \=\>\ \'\-5\')'
Use of qw(...) as parentheses is deprecated at ../lib/Log/Log4perl/AutoCategorize.pm line 175.
Use of qw(...) as parentheses is deprecated at ../lib/Log/Log4perl/AutoCategorize.pm line 339.

#   Failed test 'found: 'log4perl.category.X.truck.debug.9' => '-5''
#   at t/10_multi_pack.t line 129.
#                   '(23:22:26.412) Log.Log4perl.AutoCategorize.END.info.322: Seen Log Events:, {
#   'Log.Log4perl.AutoCategorize.END.info.322' => 1,
#   'log4perl.category.X.truck.debug.9' => -5,
#   'log4perl.category.X.truck.warn.8' => 5,
#   'log4perl.category.Z.truck.debug.9' => -5,
#   'log4perl.category.Z.truck.warn.8' => 5,
#   'log4perl.category.main.main.info.81' => 5,
#   'log4perl.category.main.main.warn.80' => 5
# }
# (23:22:26.413) Log.Log4perl.AutoCategorize.END.info.322: UnSeen Log Events:, {}
# (23:22:26.413) Log.Log4perl.AutoCategorize.END.info.322: cat2data:, {
#   'X.truck.debug.9' => 'debug_00004',
#   'X.truck.warn.8' => 'warn_00003',
#   'Z.truck.debug.9' => 'debug_00002',
#   'Z.truck.warn.8' => 'warn_00001',
#   'main.main.info.81' => 'info_00006',
#   'main.main.warn.80' => 'warn_00005'
# }
# '
#     doesn't match '(?^ms:\'log4perl\.category\.X\.truck\.debug\.9\'\ \=\>\ \'\-5\')'

#   Failed test 'found: 'log4perl.category.Z.truck.debug.9' => '-5''
#   at t/10_multi_pack.t line 129.
#                   '(23:22:26.412) Log.Log4perl.AutoCategorize.END.info.322: Seen Log Events:, {
#   'Log.Log4perl.AutoCategorize.END.info.322' => 1,
#   'log4perl.category.X.truck.debug.9' => -5,
#   'log4perl.category.X.truck.warn.8' => 5,
#   'log4perl.category.Z.truck.debug.9' => -5,
#   'log4perl.category.Z.truck.warn.8' => 5,
#   'log4perl.category.main.main.info.81' => 5,
#   'log4perl.category.main.main.warn.80' => 5
# }
# (23:22:26.413) Log.Log4perl.AutoCategorize.END.info.322: UnSeen Log Events:, {}
# (23:22:26.413) Log.Log4perl.AutoCategorize.END.info.322: cat2data:, {
#   'X.truck.debug.9' => 'debug_00004',
#   'X.truck.warn.8' => 'warn_00003',
#   'Z.truck.debug.9' => 'debug_00002',
#   'Z.truck.warn.8' => 'warn_00001',
#   'main.main.info.81' => 'info_00006',
#   'main.main.warn.80' => 'warn_00005'
# }
# '
#     doesn't match '(?^ms:\'log4perl\.category\.Z\.truck\.debug\.9\'\ \=\>\ \'\-5\')'
Use of qw(...) as parentheses is deprecated at ../lib/Log/Log4perl/AutoCategorize.pm line 175.
Use of qw(...) as parentheses is deprecated at ../lib/Log/Log4perl/AutoCategorize.pm line 339.

#   Failed test 'found: 'log4perl.category.Y.truck.debug.9' => '-5''
#   at t/10_multi_pack.t line 129.
#                   '(23:22:26.572) Log.Log4perl.AutoCategorize.END.info.322: Seen Log Events:, {
#   'Log.Log4perl.AutoCategorize.END.info.322' => 1,
#   'log4perl.category.Y.truck.debug.9' => -5,
#   'log4perl.category.Y.truck.warn.8' => 5,
#   'log4perl.category.Z.truck.debug.9' => -5,
#   'log4perl.category.Z.truck.warn.8' => 5,
#   'log4perl.category.main.main.info.81' => 5,
#   'log4perl.category.main.main.warn.80' => 5
# }
# (23:22:26.573) Log.Log4perl.AutoCategorize.END.info.322: UnSeen Log Events:, {}
# (23:22:26.574) Log.Log4perl.AutoCategorize.END.info.322: cat2data:, {
#   'Y.truck.debug.9' => 'debug_00004',
#   'Y.truck.warn.8' => 'warn_00003',
#   'Z.truck.debug.9' => 'debug_00002',
#   'Z.truck.warn.8' => 'warn_00001',
#   'main.main.info.81' => 'info',
#   'main.main.warn.80' => 'warn'
# }
# '
#     doesn't match '(?^ms:\'log4perl\.category\.Y\.truck\.debug\.9\'\ \=\>\ \'\-5\')'

#   Failed test 'found: 'log4perl.category.Z.truck.debug.9' => '-5''
#   at t/10_multi_pack.t line 129.
#                   '(23:22:26.572) Log.Log4perl.AutoCategorize.END.info.322: Seen Log Events:, {
#   'Log.Log4perl.AutoCategorize.END.info.322' => 1,
#   'log4perl.category.Y.truck.debug.9' => -5,
#   'log4perl.category.Y.truck.warn.8' => 5,
#   'log4perl.category.Z.truck.debug.9' => -5,
#   'log4perl.category.Z.truck.warn.8' => 5,
#   'log4perl.category.main.main.info.81' => 5,
#   'log4perl.category.main.main.warn.80' => 5
# }
# (23:22:26.573) Log.Log4perl.AutoCategorize.END.info.322: UnSeen Log Events:, {}
# (23:22:26.574) Log.Log4perl.AutoCategorize.END.info.322: cat2data:, {
#   'Y.truck.debug.9' => 'debug_00004',
#   'Y.truck.warn.8' => 'warn_00003',
#   'Z.truck.debug.9' => 'debug_00002',
#   'Z.truck.warn.8' => 'warn_00001',
#   'main.main.info.81' => 'info',
#   'main.main.warn.80' => 'warn'
# }
# '
#     doesn't match '(?^ms:\'log4perl\.category\.Z\.truck\.debug\.9\'\ \=\>\ \'\-5\')'
Use of qw(...) as parentheses is deprecated at ../lib/Log/Log4perl/AutoCategorize.pm line 175.
Use of qw(...) as parentheses is deprecated at ../lib/Log/Log4perl/AutoCategorize.pm line 339.

#   Failed test 'found: 'log4perl.category.X.truck.debug.9' => '-5''
#   at t/10_multi_pack.t line 129.
#                   '(23:22:26.720) Log.Log4perl.AutoCategorize.END.info.322: Seen Log Events:, {
#   'Log.Log4perl.AutoCategorize.END.info.322' => 1,
#   'log4perl.category.X.truck.debug.9' => -5,
#   'log4perl.category.X.truck.warn.8' => 5,
#   'log4perl.category.main.main.info.81' => 5,
#   'log4perl.category.main.main.warn.80' => 5
# }
# (23:22:26.721) Log.Log4perl.AutoCategorize.END.info.322: UnSeen Log Events:, {}
# (23:22:26.721) Log.Log4perl.AutoCategorize.END.info.322: cat2data:, {
#   'X.truck.debug.9' => 'debug_00002',
#   'X.truck.warn.8' => 'warn_00001',
#   'main.main.info.81' => 'info_00004',
#   'main.main.warn.80' => 'warn_00003'
# }
# '
#     doesn't match '(?^ms:\'log4perl\.category\.X\.truck\.debug\.9\'\ \=\>\ \'\-5\')'
Use of qw(...) as parentheses is deprecated at ../lib/Log/Log4perl/AutoCategorize.pm line 175.
Use of qw(...) as parentheses is deprecated at ../lib/Log/Log4perl/AutoCategorize.pm line 339.

#   Failed test 'found: 'log4perl.category.Y.truck.debug.9' => '-5''
#   at t/10_multi_pack.t line 129.
#                   '(23:22:26.864) Log.Log4perl.AutoCategorize.END.info.322: Seen Log Events:, {
#   'Log.Log4perl.AutoCategorize.END.info.322' => 1,
#   'log4perl.category.Y.truck.debug.9' => -5,
#   'log4perl.category.Y.truck.warn.8' => 5,
#   'log4perl.category.main.main.info.81' => 5,
#   'log4perl.category.main.main.warn.80' => 5
# }
# (23:22:26.865) Log.Log4perl.AutoCategorize.END.info.322: UnSeen Log Events:, {}
# (23:22:26.866) Log.Log4perl.AutoCategorize.END.info.322: cat2data:, {
#   'Y.truck.debug.9' => 'debug_00002',
#   'Y.truck.warn.8' => 'warn_00001',
#   'main.main.info.81' => 'info',
#   'main.main.warn.80' => 'warn'
# }
# '
#     doesn't match '(?^ms:\'log4perl\.category\.Y\.truck\.debug\.9\'\ \=\>\ \'\-5\')'
Use of qw(...) as parentheses is deprecated at ../lib/Log/Log4perl/AutoCategorize.pm line 175.
Use of qw(...) as parentheses is deprecated at ../lib/Log/Log4perl/AutoCategorize.pm line 339.

#   Failed test 'found: 'log4perl.category.Z.truck.debug.9' => '-5''
#   at t/10_multi_pack.t line 129.
#                   '(23:22:27.003) Log.Log4perl.AutoCategorize.END.info.322: Seen Log Events:, {
#   'Log.Log4perl.AutoCategorize.END.info.322' => 1,
#   'log4perl.category.Z.truck.debug.9' => -5,
#   'log4perl.category.Z.truck.warn.8' => 5,
#   'log4perl.category.main.main.info.81' => 5,
#   'log4perl.category.main.main.warn.80' => 5
# }
# (23:22:27.004) Log.Log4perl.AutoCategorize.END.info.322: UnSeen Log Events:, {}
# (23:22:27.004) Log.Log4perl.AutoCategorize.END.info.322: cat2data:, {
#   'Z.truck.debug.9' => 'debug_00002',
#   'Z.truck.warn.8' => 'warn_00001',
#   'main.main.info.81' => 'info',
#   'main.main.warn.80' => 'warn'
# }
# '
#     doesn't match '(?^ms:\'log4perl\.category\.Z\.truck\.debug\.9\'\ \=\>\ \'\-5\')'
Use of qw(...) as parentheses is deprecated at ../lib/Log/Log4perl/AutoCategorize.pm line 175.
Use of qw(...) as parentheses is deprecated at ../lib/Log/Log4perl/AutoCategorize.pm line 339.

#   Failed test 'found: 'log4perl.category.X.truck.debug.9' => '-5''
#   at t/10_multi_pack.t line 129.
#                   '(23:22:27.153) Log.Log4perl.AutoCategorize.END.info.322: Seen Log Events:, {
#   'Log.Log4perl.AutoCategorize.END.info.322' => 1,
#   'log4perl.category.X.truck.debug.9' => -5,
#   'log4perl.category.X.truck.warn.8' => 5,
#   'log4perl.category.main.main.info.81' => 5,
#   'log4perl.category.main.main.warn.80' => 5
# }
# (23:22:27.154) Log.Log4perl.AutoCategorize.END.info.322: UnSeen Log Events:, {}
# (23:22:27.154) Log.Log4perl.AutoCategorize.END.info.322: cat2data:, {
#   'X.truck.debug.9' => 'debug_00002',
#   'X.truck.warn.8' => 'warn_00001',
#   'main.main.info.81' => 'info_00004',
#   'main.main.warn.80' => 'warn_00003'
# }
# '
#     doesn't match '(?^ms:\'log4perl\.category\.X\.truck\.debug\.9\'\ \=\>\ \'\-5\')'
Use of qw(...) as parentheses is deprecated at ../lib/Log/Log4perl/AutoCategorize.pm line 175.
Use of qw(...) as parentheses is deprecated at ../lib/Log/Log4perl/AutoCategorize.pm line 339.

#   Failed test 'found: 'log4perl.category.Y.truck.debug.9' => '-5''
#   at t/10_multi_pack.t line 129.
#                   '(23:22:27.295) Log.Log4perl.AutoCategorize.END.info.322: Seen Log Events:, {
#   'Log.Log4perl.AutoCategorize.END.info.322' => 1,
#   'log4perl.category.Y.truck.debug.9' => -5,
#   'log4perl.category.Y.truck.warn.8' => 5,
#   'log4perl.category.main.main.info.81' => 5,
#   'log4perl.category.main.main.warn.80' => 5
# }
# (23:22:27.295) Log.Log4perl.AutoCategorize.END.info.322: UnSeen Log Events:, {}
# (23:22:27.296) Log.Log4perl.AutoCategorize.END.info.322: cat2data:, {
#   'Y.truck.debug.9' => 'debug_00002',
#   'Y.truck.warn.8' => 'warn_00001',
#   'main.main.info.81' => 'info_00004',
#   'main.main.warn.80' => 'warn_00003'
# }
# '
#     doesn't match '(?^ms:\'log4perl\.category\.Y\.truck\.debug\.9\'\ \=\>\ \'\-5\')'
Use of qw(...) as parentheses is deprecated at ../lib/Log/Log4perl/AutoCategorize.pm line 175.
Use of qw(...) as parentheses is deprecated at ../lib/Log/Log4perl/AutoCategorize.pm line 339.

#   Failed test 'found: 'log4perl.category.Z.truck.debug.9' => '-5''
#   at t/10_multi_pack.t line 129.
#                   '(23:22:27.443) Log.Log4perl.AutoCategorize.END.info.322: Seen Log Events:, {
#   'Log.Log4perl.AutoCategorize.END.info.322' => 1,
#   'log4perl.category.Z.truck.debug.9' => -5,
#   'log4perl.category.Z.truck.warn.8' => 5,
#   'log4perl.category.main.main.info.81' => 5,
#   'log4perl.category.main.main.warn.80' => 5
# }
# (23:22:27.443) Log.Log4perl.AutoCategorize.END.info.322: UnSeen Log Events:, {}
# (23:22:27.444) Log.Log4perl.AutoCategorize.END.info.322: cat2data:, {
#   'Z.truck.debug.9' => 'debug_00002',
#   'Z.truck.warn.8' => 'warn_00001',
#   'main.main.info.81' => 'info_00004',
#   'main.main.warn.80' => 'warn_00003'
# }
# '
#     doesn't match '(?^ms:\'log4perl\.category\.Z\.truck\.debug\.9\'\ \=\>\ \'\-5\')'
Use of qw(...) as parentheses is deprecated at ../lib/Log/Log4perl/AutoCategorize.pm line 175.
Use of qw(...) as parentheses is deprecated at ../lib/Log/Log4perl/AutoCategorize.pm line 339.

#   Failed test 'found: 'log4perl.category.X.truck.debug.9' => '-5''
#   at t/10_multi_pack.t line 129.
#                   '(23:22:27.625) Log.Log4perl.AutoCategorize.END.info.322: Seen Log Events:, {
#   'Log.Log4perl.AutoCategorize.END.info.322' => 1,
#   'log4perl.category.X.truck.debug.9' => -5,
#   'log4perl.category.X.truck.warn.8' => 5,
#   'log4perl.category.Y.truck.debug.9' => -5,
#   'log4perl.category.Y.truck.warn.8' => 5,
#   'log4perl.category.Z.truck.debug.9' => -5,
#   'log4perl.category.Z.truck.warn.8' => 5,
#   'log4perl.category.main.main.info.81' => 5,
#   'log4perl.category.main.main.warn.80' => 5
# }
# (23:22:27.625) Log.Log4perl.AutoCategorize.END.info.322: UnSeen Log Events:, {}
# (23:22:27.625) Log.Log4perl.AutoCategorize.END.info.322: cat2data:, {
#   'X.truck.debug.9' => 'debug_00002',
#   'X.truck.warn.8' => 'warn_00001',
#   'Y.truck.debug.9' => 'debug_00004',
#   'Y.truck.warn.8' => 'warn_00003',
#   'Z.truck.debug.9' => 'debug_00006',
#   'Z.truck.warn.8' => 'warn_00005',
#   'main.main.info.81' => 'info_00008',
#   'main.main.warn.80' => 'warn_00007'
# }
# '
#     doesn't match '(?^ms:\'log4perl\.category\.X\.truck\.debug\.9\'\ \=\>\ \'\-5\')'

#   Failed test 'found: 'log4perl.category.Y.truck.debug.9' => '-5''
#   at t/10_multi_pack.t line 129.
#                   '(23:22:27.625) Log.Log4perl.AutoCategorize.END.info.322: Seen Log Events:, {
#   'Log.Log4perl.AutoCategorize.END.info.322' => 1,
#   'log4perl.category.X.truck.debug.9' => -5,
#   'log4perl.category.X.truck.warn.8' => 5,
#   'log4perl.category.Y.truck.debug.9' => -5,
#   'log4perl.category.Y.truck.warn.8' => 5,
#   'log4perl.category.Z.truck.debug.9' => -5,
#   'log4perl.category.Z.truck.warn.8' => 5,
#   'log4perl.category.main.main.info.81' => 5,
#   'log4perl.category.main.main.warn.80' => 5
# }
# (23:22:27.625) Log.Log4perl.AutoCategorize.END.info.322: UnSeen Log Events:, {}
# (23:22:27.625) Log.Log4perl.AutoCategorize.END.info.322: cat2data:, {
#   'X.truck.debug.9' => 'debug_00002',
#   'X.truck.warn.8' => 'warn_00001',
#   'Y.truck.debug.9' => 'debug_00004',
#   'Y.truck.warn.8' => 'warn_00003',
#   'Z.truck.debug.9' => 'debug_00006',
#   'Z.truck.warn.8' => 'warn_00005',
#   'main.main.info.81' => 'info_00008',
#   'main.main.warn.80' => 'warn_00007'
# }
# '
#     doesn't match '(?^ms:\'log4perl\.category\.Y\.truck\.debug\.9\'\ \=\>\ \'\-5\')'

#   Failed test 'found: 'log4perl.category.Z.truck.debug.9' => '-5''
#   at t/10_multi_pack.t line 129.
#                   '(23:22:27.625) Log.Log4perl.AutoCategorize.END.info.322: Seen Log Events:, {
#   'Log.Log4perl.AutoCategorize.END.info.322' => 1,
#   'log4perl.category.X.truck.debug.9' => -5,
#   'log4perl.category.X.truck.warn.8' => 5,
#   'log4perl.category.Y.truck.debug.9' => -5,
#   'log4perl.category.Y.truck.warn.8' => 5,
#   'log4perl.category.Z.truck.debug.9' => -5,
#   'log4perl.category.Z.truck.warn.8' => 5,
#   'log4perl.category.main.main.info.81' => 5,
#   'log4perl.category.main.main.warn.80' => 5
# }
# (23:22:27.625) Log.Log4perl.AutoCategorize.END.info.322: UnSeen Log Events:, {}
# (23:22:27.625) Log.Log4perl.AutoCategorize.END.info.322: cat2data:, {
#   'X.truck.debug.9' => 'debug_00002',
#   'X.truck.warn.8' => 'warn_00001',
#   'Y.truck.debug.9' => 'debug_00004',
#   'Y.truck.warn.8' => 'warn_00003',
#   'Z.truck.debug.9' => 'debug_00006',
#   'Z.truck.warn.8' => 'warn_00005',
#   'main.main.info.81' => 'info_00008',
#   'main.main.warn.80' => 'warn_00007'
# }
# '
#     doesn't match '(?^ms:\'log4perl\.category\.Z\.truck\.debug\.9\'\ \=\>\ \'\-5\')'
Use of qw(...) as parentheses is deprecated at ../lib/Log/Log4perl/AutoCategorize.pm line 175.
Use of qw(...) as parentheses is deprecated at ../lib/Log/Log4perl/AutoCategorize.pm line 339.

#   Failed test 'found: 'log4perl.category.W.truck.debug.9' => '-5''
#   at t/10_multi_pack.t line 129.
#                   '(23:22:27.797) Log.Log4perl.AutoCategorize.END.info.322: Seen Log Events:, {
#   'Log.Log4perl.AutoCategorize.END.info.322' => 1,
#   'log4perl.category.W.truck.debug.9' => -5,
#   'log4perl.category.W.truck.warn.8' => 5,
#   'log4perl.category.X.truck.debug.9' => -5,
#   'log4perl.category.X.truck.warn.8' => 5,
#   'log4perl.category.Y.truck.debug.9' => -5,
#   'log4perl.category.Y.truck.warn.8' => 5,
#   'log4perl.category.Z.truck.debug.9' => -5,
#   'log4perl.category.Z.truck.warn.8' => 5,
#   'log4perl.category.main.main.info.81' => 5,
#   'log4perl.category.main.main.warn.80' => 5
# }
# (23:22:27.797) Log.Log4perl.AutoCategorize.END.info.322: UnSeen Log Events:, {}
# (23:22:27.797) Log.Log4perl.AutoCategorize.END.info.322: cat2data:, {
#   'W.truck.debug.9' => 'debug_00002',
#   'W.truck.warn.8' => 'warn_00001',
#   'X.truck.debug.9' => 'debug_00004',
#   'X.truck.warn.8' => 'warn_00003',
#   'Y.truck.debug.9' => 'debug_00006',
#   'Y.truck.warn.8' => 'warn_00005',
#   'Z.truck.debug.9' => 'debug_00008',
#   'Z.truck.warn.8' => 'warn_00007',
#   'main.main.info.81' => 'info_00010',
#   'main.main.warn.80' => 'warn_00009'
# }
# '
#     doesn't match '(?^ms:\'log4perl\.category\.W\.truck\.debug\.9\'\ \=\>\ \'\-5\')'

#   Failed test 'found: 'log4perl.category.X.truck.debug.9' => '-5''
#   at t/10_multi_pack.t line 129.
#                   '(23:22:27.797) Log.Log4perl.AutoCategorize.END.info.322: Seen Log Events:, {
#   'Log.Log4perl.AutoCategorize.END.info.322' => 1,
#   'log4perl.category.W.truck.debug.9' => -5,
#   'log4perl.category.W.truck.warn.8' => 5,
#   'log4perl.category.X.truck.debug.9' => -5,
#   'log4perl.category.X.truck.warn.8' => 5,
#   'log4perl.category.Y.truck.debug.9' => -5,
#   'log4perl.category.Y.truck.warn.8' => 5,
#   'log4perl.category.Z.truck.debug.9' => -5,
#   'log4perl.category.Z.truck.warn.8' => 5,
#   'log4perl.category.main.main.info.81' => 5,
#   'log4perl.category.main.main.warn.80' => 5
# }
# (23:22:27.797) Log.Log4perl.AutoCategorize.END.info.322: UnSeen Log Events:, {}
# (23:22:27.797) Log.Log4perl.AutoCategorize.END.info.322: cat2data:, {
#   'W.truck.debug.9' => 'debug_00002',
#   'W.truck.warn.8' => 'warn_00001',
#   'X.truck.debug.9' => 'debug_00004',
#   'X.truck.warn.8' => 'warn_00003',
#   'Y.truck.debug.9' => 'debug_00006',
#   'Y.truck.warn.8' => 'warn_00005',
#   'Z.truck.debug.9' => 'debug_00008',
#   'Z.truck.warn.8' => 'warn_00007',
#   'main.main.info.81' => 'info_00010',
#   'main.main.warn.80' => 'warn_00009'
# }
# '
#     doesn't match '(?^ms:\'log4perl\.category\.X\.truck\.debug\.9\'\ \=\>\ \'\-5\')'

#   Failed test 'found: 'log4perl.category.Y.truck.debug.9' => '-5''
#   at t/10_multi_pack.t line 129.
#                   '(23:22:27.797) Log.Log4perl.AutoCategorize.END.info.322: Seen Log Events:, {
#   'Log.Log4perl.AutoCategorize.END.info.322' => 1,
#   'log4perl.category.W.truck.debug.9' => -5,
#   'log4perl.category.W.truck.warn.8' => 5,
#   'log4perl.category.X.truck.debug.9' => -5,
#   'log4perl.category.X.truck.warn.8' => 5,
#   'log4perl.category.Y.truck.debug.9' => -5,
#   'log4perl.category.Y.truck.warn.8' => 5,
#   'log4perl.category.Z.truck.debug.9' => -5,
#   'log4perl.category.Z.truck.warn.8' => 5,
#   'log4perl.category.main.main.info.81' => 5,
#   'log4perl.category.main.main.warn.80' => 5
# }
# (23:22:27.797) Log.Log4perl.AutoCategorize.END.info.322: UnSeen Log Events:, {}
# (23:22:27.797) Log.Log4perl.AutoCategorize.END.info.322: cat2data:, {
#   'W.truck.debug.9' => 'debug_00002',
#   'W.truck.warn.8' => 'warn_00001',
#   'X.truck.debug.9' => 'debug_00004',
#   'X.truck.warn.8' => 'warn_00003',
#   'Y.truck.debug.9' => 'debug_00006',
#   'Y.truck.warn.8' => 'warn_00005',
#   'Z.truck.debug.9' => 'debug_00008',
#   'Z.truck.warn.8' => 'warn_00007',
#   'main.main.info.81' => 'info_00010',
#   'main.main.warn.80' => 'warn_00009'
# }
# '
#     doesn't match '(?^ms:\'log4perl\.category\.Y\.truck\.debug\.9\'\ \=\>\ \'\-5\')'

#   Failed test 'found: 'log4perl.category.Z.truck.debug.9' => '-5''
#   at t/10_multi_pack.t line 129.
#                   '(23:22:27.797) Log.Log4perl.AutoCategorize.END.info.322: Seen Log Events:, {
#   'Log.Log4perl.AutoCategorize.END.info.322' => 1,
#   'log4perl.category.W.truck.debug.9' => -5,
#   'log4perl.category.W.truck.warn.8' => 5,
#   'log4perl.category.X.truck.debug.9' => -5,
#   'log4perl.category.X.truck.warn.8' => 5,
#   'log4perl.category.Y.truck.debug.9' => -5,
#   'log4perl.category.Y.truck.warn.8' => 5,
#   'log4perl.category.Z.truck.debug.9' => -5,
#   'log4perl.category.Z.truck.warn.8' => 5,
#   'log4perl.category.main.main.info.81' => 5,
#   'log4perl.category.main.main.warn.80' => 5
# }
# (23:22:27.797) Log.Log4perl.AutoCategorize.END.info.322: UnSeen Log Events:, {}
# (23:22:27.797) Log.Log4perl.AutoCategorize.END.info.322: cat2data:, {
#   'W.truck.debug.9' => 'debug_00002',
#   'W.truck.warn.8' => 'warn_00001',
#   'X.truck.debug.9' => 'debug_00004',
#   'X.truck.warn.8' => 'warn_00003',
#   'Y.truck.debug.9' => 'debug_00006',
#   'Y.truck.warn.8' => 'warn_00005',
#   'Z.truck.debug.9' => 'debug_00008',
#   'Z.truck.warn.8' => 'warn_00007',
#   'main.main.info.81' => 'info_00010',
#   'main.main.warn.80' => 'warn_00009'
# }
# '
#     doesn't match '(?^ms:\'log4perl\.category\.Z\.truck\.debug\.9\'\ \=\>\ \'\-5\')'
Use of qw(...) as parentheses is deprecated at ../lib/Log/Log4perl/AutoCategorize.pm line 175.
Use of qw(...) as parentheses is deprecated at ../lib/Log/Log4perl/AutoCategorize.pm line 339.

#   Failed test 'found: 'log4perl.category.W.truck.debug.9' => '-5''
#   at t/10_multi_pack.t line 129.
#                   '(23:22:28.050) Log.Log4perl.AutoCategorize.END.info.322: Seen Log Events:, {
#   'Log.Log4perl.AutoCategorize.END.info.322' => 1,
#   'log4perl.category.W.truck.debug.9' => -5,
#   'log4perl.category.W.truck.warn.8' => 5,
#   'log4perl.category.X.truck.debug.9' => -5,
#   'log4perl.category.X.truck.warn.8' => 5,
#   'log4perl.category.Y.truck.debug.9' => -5,
#   'log4perl.category.Y.truck.warn.8' => 5,
#   'log4perl.category.Z.truck.debug.9' => -5,
#   'log4perl.category.Z.truck.warn.8' => 5,
#   'log4perl.category.main.main.info.81' => 5,
#   'log4perl.category.main.main.warn.80' => 5
# }
# (23:22:28.051) Log.Log4perl.AutoCategorize.END.info.322: UnSeen Log Events:, {}
# (23:22:28.051) Log.Log4perl.AutoCategorize.END.info.322: cat2data:, {
#   'W.truck.debug.9' => 'debug_00008',
#   'W.truck.warn.8' => 'warn_00007',
#   'X.truck.debug.9' => 'debug_00002',
#   'X.truck.warn.8' => 'warn_00001',
#   'Y.truck.debug.9' => 'debug_00004',
#   'Y.truck.warn.8' => 'warn_00003',
#   'Z.truck.debug.9' => 'debug_00006',
#   'Z.truck.warn.8' => 'warn_00005',
#   'main.main.info.81' => 'info',
#   'main.main.warn.80' => 'warn'
# }
# '
#     doesn't match '(?^ms:\'log4perl\.category\.W\.truck\.debug\.9\'\ \=\>\ \'\-5\')'

#   Failed test 'found: 'log4perl.category.X.truck.debug.9' => '-5''
#   at t/10_multi_pack.t line 129.
#                   '(23:22:28.050) Log.Log4perl.AutoCategorize.END.info.322: Seen Log Events:, {
#   'Log.Log4perl.AutoCategorize.END.info.322' => 1,
#   'log4perl.category.W.truck.debug.9' => -5,
#   'log4perl.category.W.truck.warn.8' => 5,
#   'log4perl.category.X.truck.debug.9' => -5,
#   'log4perl.category.X.truck.warn.8' => 5,
#   'log4perl.category.Y.truck.debug.9' => -5,
#   'log4perl.category.Y.truck.warn.8' => 5,
#   'log4perl.category.Z.truck.debug.9' => -5,
#   'log4perl.category.Z.truck.warn.8' => 5,
#   'log4perl.category.main.main.info.81' => 5,
#   'log4perl.category.main.main.warn.80' => 5
# }
# (23:22:28.051) Log.Log4perl.AutoCategorize.END.info.322: UnSeen Log Events:, {}
# (23:22:28.051) Log.Log4perl.AutoCategorize.END.info.322: cat2data:, {
#   'W.truck.debug.9' => 'debug_00008',
#   'W.truck.warn.8' => 'warn_00007',
#   'X.truck.debug.9' => 'debug_00002',
#   'X.truck.warn.8' => 'warn_00001',
#   'Y.truck.debug.9' => 'debug_00004',
#   'Y.truck.warn.8' => 'warn_00003',
#   'Z.truck.debug.9' => 'debug_00006',
#   'Z.truck.warn.8' => 'warn_00005',
#   'main.main.info.81' => 'info',
#   'main.main.warn.80' => 'warn'
# }
# '
#     doesn't match '(?^ms:\'log4perl\.category\.X\.truck\.debug\.9\'\ \=\>\ \'\-5\')'

#   Failed test 'found: 'log4perl.category.Y.truck.debug.9' => '-5''
#   at t/10_multi_pack.t line 129.
#                   '(23:22:28.050) Log.Log4perl.AutoCategorize.END.info.322: Seen Log Events:, {
#   'Log.Log4perl.AutoCategorize.END.info.322' => 1,
#   'log4perl.category.W.truck.debug.9' => -5,
#   'log4perl.category.W.truck.warn.8' => 5,
#   'log4perl.category.X.truck.debug.9' => -5,
#   'log4perl.category.X.truck.warn.8' => 5,
#   'log4perl.category.Y.truck.debug.9' => -5,
#   'log4perl.category.Y.truck.warn.8' => 5,
#   'log4perl.category.Z.truck.debug.9' => -5,
#   'log4perl.category.Z.truck.warn.8' => 5,
#   'log4perl.category.main.main.info.81' => 5,
#   'log4perl.category.main.main.warn.80' => 5
# }
# (23:22:28.051) Log.Log4perl.AutoCategorize.END.info.322: UnSeen Log Events:, {}
# (23:22:28.051) Log.Log4perl.AutoCategorize.END.info.322: cat2data:, {
#   'W.truck.debug.9' => 'debug_00008',
#   'W.truck.warn.8' => 'warn_00007',
#   'X.truck.debug.9' => 'debug_00002',
#   'X.truck.warn.8' => 'warn_00001',
#   'Y.truck.debug.9' => 'debug_00004',
#   'Y.truck.warn.8' => 'warn_00003',
#   'Z.truck.debug.9' => 'debug_00006',
#   'Z.truck.warn.8' => 'warn_00005',
#   'main.main.info.81' => 'info',
#   'main.main.warn.80' => 'warn'
# }
# '
#     doesn't match '(?^ms:\'log4perl\.category\.Y\.truck\.debug\.9\'\ \=\>\ \'\-5\')'

#   Failed test 'found: 'log4perl.category.Z.truck.debug.9' => '-5''
#   at t/10_multi_pack.t line 129.
#                   '(23:22:28.050) Log.Log4perl.AutoCategorize.END.info.322: Seen Log Events:, {
#   'Log.Log4perl.AutoCategorize.END.info.322' => 1,
#   'log4perl.category.W.truck.debug.9' => -5,
#   'log4perl.category.W.truck.warn.8' => 5,
#   'log4perl.category.X.truck.debug.9' => -5,
#   'log4perl.category.X.truck.warn.8' => 5,
#   'log4perl.category.Y.truck.debug.9' => -5,
#   'log4perl.category.Y.truck.warn.8' => 5,
#   'log4perl.category.Z.truck.debug.9' => -5,
#   'log4perl.category.Z.truck.warn.8' => 5,
#   'log4perl.category.main.main.info.81' => 5,
#   'log4perl.category.main.main.warn.80' => 5
# }
# (23:22:28.051) Log.Log4perl.AutoCategorize.END.info.322: UnSeen Log Events:, {}
# (23:22:28.051) Log.Log4perl.AutoCategorize.END.info.322: cat2data:, {
#   'W.truck.debug.9' => 'debug_00008',
#   'W.truck.warn.8' => 'warn_00007',
#   'X.truck.debug.9' => 'debug_00002',
#   'X.truck.warn.8' => 'warn_00001',
#   'Y.truck.debug.9' => 'debug_00004',
#   'Y.truck.warn.8' => 'warn_00003',
#   'Z.truck.debug.9' => 'debug_00006',
#   'Z.truck.warn.8' => 'warn_00005',
#   'main.main.info.81' => 'info',
#   'main.main.warn.80' => 'warn'
# }
# '
#     doesn't match '(?^ms:\'log4perl\.category\.Z\.truck\.debug\.9\'\ \=\>\ \'\-5\')'
# Looks like you failed 41 tests of 665.
t/10_multi_pack.t .... 
Dubious, test returned 41 (wstat 10496, 0x2900)
Failed 41/665 subtests 
t/99_cleanup.t ....... ok

Test Summary Report
-------------------
t/02_basic.t       (Wstat: 1792 Tests: 25 Failed: 7)
  Failed tests:  14-18, 24-25
  Non-zero exit status: 7
t/03_options.t     (Wstat: 768 Tests: 10 Failed: 3)
  Failed tests:  7-9
  Non-zero exit status: 3
t/05_initstr.t     (Wstat: 256 Tests: 12 Failed: 1)
  Failed test:  10
  Non-zero exit status: 1
t/06_conf_file.t   (Wstat: 768 Tests: 9 Failed: 3)
  Failed tests:  7-9
  Non-zero exit status: 3
t/08_options_more.t (Wstat: 256 Tests: 5 Failed: 1)
  Failed test:  5
  Non-zero exit status: 1
t/10_multi_pack.t  (Wstat: 10496 Tests: 665 Failed: 41)
  Failed tests:  27, 29, 59, 61, 91, 93, 123, 125, 155, 157
                187, 189, 219, 221, 251, 253, 283, 285
                315, 317, 347, 349, 379, 381, 406, 431
                456, 481, 506, 531, 566, 568, 570, 610
                612, 614, 616, 656, 658, 660, 662
  Non-zero exit status: 41
Files=11, Tests=854,  6 wallclock secs ( 0.21 usr  0.04 sys +  4.07 cusr  0.53 csys =  4.85 CPU)
Result: FAIL
Failed 6/11 test programs. 56/854 subtests failed.

------------------------------
PREREQUISITES
------------------------------

Prerequisite modules loaded:

requires:

    Module      Need    Have    
    ----------- ------- --------
    B::Generate 1.06_01 1.48    
    optimizer   0.05_01 0.08    
    perl        v5.8.0  5.016002


------------------------------
ENVIRONMENT AND OTHER CONTEXT
------------------------------

Environment variables:

    AUTOMATED_TESTING = 1
    LANG = en_GB.UTF-8
    LC_ADDRESS = en_GB.UTF-8
    LC_COLLATE = en_GB.UTF-8
    LC_CTYPE = en_GB.UTF-8
    LC_IDENTIFICATION = en_GB.UTF-8
    LC_MEASUREMENT = en_GB.UTF-8
    LC_MESSAGES = en_GB.UTF-8
    LC_MONETARY = en_GB.UTF-8
    LC_NAME = en_GB.UTF-8
    LC_NUMERIC = en_GB.UTF-8
    LC_PAPER = en_GB.UTF-8
    LC_TELEPHONE = en_GB.UTF-8
    LC_TIME = en_GB.UTF-8
    PATH = /home/graham/perls/perl5.16.2/bin:/home/graham/perls/perl5.16.2/bin:/usr/local/sbin:/usr/local/bin:/usr/bin:/usr/bin/core_perl
    PERL5LIB = 
    PERL5OPT = 
    PERL5_CPANPLUS_IS_RUNNING = 22090
    PERL5_CPAN_IS_RUNNING = 22090
    PERL5_CPAN_IS_RUNNING_IN_RECURSION = 19242,22090
    PERL_CR_SMOKER_CURRENT = Log-Log4perl-AutoCategorize-0.03_51
    PERL_EXTUTILS_AUTOINSTALL = --defaultdeps
    PERL_MM_USE_DEFAULT = 1
    SHELL = /bin/bash
    TERM = xterm

Perl special variables (and OS-specific diagnostics, for MSWin32):

    $^X = /home/graham/perls/perl5.16.2/bin/perl
    $UID/$EUID = 1000 / 1000
    $GID = 100 10 100
    $EGID = 100 10 100

Perl module toolchain versions installed:

    Module              Have    
    ------------------- --------
    CPAN                1.9402  
    CPAN::Meta          2.133380
    Cwd                 3.40    
    ExtUtils::CBuilder  0.280212
    ExtUtils::Command   1.18    
    ExtUtils::Install   1.58    
    ExtUtils::MakeMaker 6.87_01 
    ExtUtils::Manifest  1.63    
    ExtUtils::ParseXS   3.22    
    File::Spec          3.40    
    JSON                2.90    
    JSON::PP            2.27203 
    Module::Build       0.4204  
    Module::Signature   n/a     
    Parse::CPAN::Meta   1.4409  
    Test::Harness       3.30    
    Test::More          1.001002
    YAML                0.88    
    YAML::Syck          1.27    
    version             0.9906  


--

Summary of my perl5 (revision 5 version 16 subversion 2) configuration:
   
  Platform:
    osname=linux, osvers=3.11.6-1-arch, archname=x86_64-linux
    uname='linux arch003 3.11.6-1-arch #1 smp preempt fri oct 18 23:22:36 cest 2013 x86_64 gnulinux '
    config_args=''
    hint=recommended, useposix=true, d_sigaction=define
    useithreads=undef, usemultiplicity=undef
    useperlio=define, d_sfio=undef, uselargefiles=define, usesocks=undef
    use64bitint=define, use64bitall=define, uselongdouble=undef
    usemymalloc=n, bincompat5005=undef
  Compiler:
    cc='cc', ccflags ='-fno-strict-aliasing -pipe -fstack-protector -I/usr/local/include -D_LARGEFILE_SOURCE -D_FILE_OFFSET_BITS=64',
    optimize='-O2',
    cppflags='-fno-strict-aliasing -pipe -fstack-protector -I/usr/local/include'
    ccversion='', gccversion='4.8.2', gccosandvers=''
    intsize=4, longsize=8, ptrsize=8, doublesize=8, byteorder=12345678
    d_longlong=define, longlongsize=8, d_longdbl=define, longdblsize=16
    ivtype='long', ivsize=8, nvtype='double', nvsize=8, Off_t='off_t', lseeksize=8
    alignbytes=8, prototype=define
  Linker and Libraries:
    ld='cc', ldflags =' -fstack-protector -L/usr/local/lib'
    libpth=/usr/local/lib /lib/../lib /usr/lib/../lib /lib /usr/lib /lib64 /usr/lib64
    libs=-lnsl -lgdbm -ldb -ldl -lm -lcrypt -lutil -lc -lgdbm_compat
    perllibs=-lnsl -ldl -lm -lcrypt -lutil -lc
    libc=/lib/libc-2.18.so, so=so, useshrplib=false, libperl=libperl.a
    gnulibc_version='2.18'
  Dynamic Linking:
    dlsrc=dl_dlopen.xs, dlext=so, d_dlsymun=undef, ccdlflags='-Wl,-E'
    cccdlflags='-fPIC', lddlflags='-shared -O2 -L/usr/local/lib -fstack-protector'


Characteristics of this binary (from libperl): 
  Compile-time options: HAS_TIMES PERLIO_LAYERS PERL_DONT_CREATE_GVSV
                        PERL_MALLOC_WRAP PERL_PRESERVE_IVUV USE_64_BIT_ALL
                        USE_64_BIT_INT USE_LARGE_FILES USE_LOCALE
                        USE_LOCALE_COLLATE USE_LOCALE_CTYPE
                        USE_LOCALE_NUMERIC USE_PERLIO USE_PERL_ATOF
  Built under linux
  Compiled at Dec  9 2013 10:49:46
  %ENV:
    PERL5LIB=""
    PERL5OPT=""
    PERL5_CPANPLUS_IS_RUNNING="22090"
    PERL5_CPAN_IS_RUNNING="22090"
    PERL5_CPAN_IS_RUNNING_IN_RECURSION="19242,22090"
    PERL_CR_SMOKER_CURRENT="Log-Log4perl-AutoCategorize-0.03_51"
    PERL_EXTUTILS_AUTOINSTALL="--defaultdeps"
    PERL_MM_USE_DEFAULT="1"
  @INC:
    /home/graham/perls/perl5.16.2/lib/site_perl/5.16.2/x86_64-linux
    /home/graham/perls/perl5.16.2/lib/site_perl/5.16.2
    /home/graham/perls/perl5.16.2/lib/5.16.2/x86_64-linux
    /home/graham/perls/perl5.16.2/lib/5.16.2
    .