HTML-TableExtract v2.15 Perl 5 v5.41.13 i86pc-solaris-64
- Status
- Fail
- From
- Carlos Guevara
- Dist
-
HTML-TableExtract v2.15
- Platform
- Perl 5 v5.41.13 i86pc-solaris-64
- Date
- 2025-05-22 10:07:29
- ID
- 920c40fe-36f4-11f0-bbe9-8a42e0530bb2
This distribution has been tested as part of the CPAN Testers
project, supporting the Perl programming language. See
http://wiki.cpantesters.org/ for more information or email
questions to cpan-testers-discuss@perl.org
--
Dear Matt Sisk,
This is a computer-generated report for HTML-TableExtract-2.15
on perl 5.41.13, created by CPAN-Reporter-1.2020.
Thank you for uploading your work to CPAN. However, there was a problem
testing your distribution.
If you think this report is invalid, please consult the CPAN Testers Wiki
for suggestions on how to avoid getting FAIL reports for missing library
or binary dependencies, unsupported operating systems, and so on:
http://wiki.cpantesters.org/wiki/CPANAuthorNotes
Sections of this report:
* Tester comments
* Program output
* Prerequisites
* Environment and other context
------------------------------
TESTER COMMENTS
------------------------------
Additional comments from tester:
this report is from an automated smoke testing program
and was not reviewed by a human for accuracy
------------------------------
PROGRAM OUTPUT
------------------------------
Output from '/usr/bin/make test':
PERL_DL_NONLAZY=1 "/export/home/cpan/bin/perl/bin/perl5.41.13" "-MExtUtils::Command::MM" "-MTest::Harness" "-e" "undef *Test::Harness::Switches; test_harness(0, 'blib/lib', 'blib/arch')" t/*.t
t/00_basic.t ......... ok
t/01_pod.t ........... skipped: (dev only)
t/02_pod_coverage.t .. skipped: (dev only)
t/10_bulk.t .......... ok
t/11_count.t ......... ok
t/12_depth.t ......... ok
t/13_attrib.t ........ ok
t/14_headers.t ....... ok
t/15_depth_count.t ... ok
t/16_subtable.t ...... ok
t/20_skew.t .......... ok
t/21_skew_map.t ...... ok
t/22_header_row.t .... ok
Use of uninitialized value $ptag in string eq at /export/home/cpan/bin/perl/lib/site_perl/5.41.13/HTML/TreeBuilder.pm line 341.
Use of uninitialized value $ptag in string eq at /export/home/cpan/bin/perl/lib/site_perl/5.41.13/HTML/TreeBuilder.pm line 349.
Use of uninitialized value in string eq at /export/home/cpan/bin/perl/lib/site_perl/5.41.13/HTML/Element.pm line 1670.
Use of uninitialized value in string eq at /export/home/cpan/bin/perl/lib/site_perl/5.41.13/HTML/Element.pm line 1670.
Use of uninitialized value in hash element at /export/home/cpan/bin/perl/lib/site_perl/5.41.13/HTML/Element.pm line 1677.
Use of uninitialized value $ptag in string eq at /export/home/cpan/bin/perl/lib/site_perl/5.41.13/HTML/TreeBuilder.pm line 1071.
Use of uninitialized value $ptag in string eq at /export/home/cpan/bin/perl/lib/site_perl/5.41.13/HTML/TreeBuilder.pm line 341.
Use of uninitialized value $ptag in string eq at /export/home/cpan/bin/perl/lib/site_perl/5.41.13/HTML/TreeBuilder.pm line 349.
Use of uninitialized value $ptag in string eq at /export/home/cpan/bin/perl/lib/site_perl/5.41.13/HTML/TreeBuilder.pm line 341.
Use of uninitialized value $ptag in string eq at /export/home/cpan/bin/perl/lib/site_perl/5.41.13/HTML/TreeBuilder.pm line 349.
Use of uninitialized value $ptag in string eq at /export/home/cpan/bin/perl/lib/site_perl/5.41.13/HTML/TreeBuilder.pm line 464.
Use of uninitialized value $ptag in hash element at /export/home/cpan/bin/perl/lib/site_perl/5.41.13/HTML/TreeBuilder.pm line 468.
Use of uninitialized value in string eq at /export/home/cpan/bin/perl/lib/site_perl/5.41.13/HTML/Element.pm line 1670.
Use of uninitialized value in string eq at /export/home/cpan/bin/perl/lib/site_perl/5.41.13/HTML/Element.pm line 1670.
Use of uninitialized value in hash element at /export/home/cpan/bin/perl/lib/site_perl/5.41.13/HTML/Element.pm line 1677.
Use of uninitialized value in hash element at /export/home/cpan/bin/perl/lib/site_perl/5.41.13/HTML/Element.pm line 1677.
Use of uninitialized value in hash element at /export/home/cpan/bin/perl/lib/site_perl/5.41.13/HTML/Element.pm line 1677.
Use of uninitialized value in hash element at /export/home/cpan/bin/perl/lib/site_perl/5.41.13/HTML/Element.pm line 1677.
Use of uninitialized value in hash element at /export/home/cpan/bin/perl/lib/site_perl/5.41.13/HTML/Element.pm line 1677.
Use of uninitialized value in hash element at /export/home/cpan/bin/perl/lib/site_perl/5.41.13/HTML/Element.pm line 1677.
Use of uninitialized value in hash element at /export/home/cpan/bin/perl/lib/site_perl/5.41.13/HTML/Element.pm line 1677.
Use of uninitialized value in hash element at /export/home/cpan/bin/perl/lib/site_perl/5.41.13/HTML/Element.pm line 1677.
Use of uninitialized value in hash element at /export/home/cpan/bin/perl/lib/site_perl/5.41.13/HTML/Element.pm line 1677.
Use of uninitialized value in hash element at /export/home/cpan/bin/perl/lib/site_perl/5.41.13/HTML/Element.pm line 1677.
Use of uninitialized value in hash element at /export/home/cpan/bin/perl/lib/site_perl/5.41.13/HTML/Element.pm line 1677.
Use of uninitialized value in hash element at /export/home/cpan/bin/perl/lib/site_perl/5.41.13/HTML/Element.pm line 1677.
Use of uninitialized value in hash element at /export/home/cpan/bin/perl/lib/site_perl/5.41.13/HTML/Element.pm line 1677.
Use of uninitialized value in hash element at /export/home/cpan/bin/perl/lib/site_perl/5.41.13/HTML/Element.pm line 1677.
Use of uninitialized value in hash element at /export/home/cpan/bin/perl/lib/site_perl/5.41.13/HTML/Element.pm line 1677.
Use of uninitialized value in hash element at /export/home/cpan/bin/perl/lib/site_perl/5.41.13/HTML/Element.pm line 1677.
Use of uninitialized value in hash element at /export/home/cpan/bin/perl/lib/site_perl/5.41.13/HTML/Element.pm line 1677.
Use of uninitialized value $ptag in string eq at /export/home/cpan/bin/perl/lib/site_perl/5.41.13/HTML/TreeBuilder.pm line 1071.
Use of uninitialized value $ptag in string eq at /export/home/cpan/bin/perl/lib/site_perl/5.41.13/HTML/TreeBuilder.pm line 1071.
Use of uninitialized value in hash element at /export/home/cpan/bin/perl/lib/site_perl/5.41.13/HTML/TreeBuilder.pm line 1180.
Use of uninitialized value $ptag in hash element at /export/home/cpan/bin/perl/lib/site_perl/5.41.13/HTML/TreeBuilder.pm line 1206.
Use of uninitialized value in hash element at /export/home/cpan/bin/perl/lib/site_perl/5.41.13/HTML/Element.pm line 1677.
Use of uninitialized value in concatenation (.) or string at /export/home/cpan/bin/perl/lib/site_perl/5.41.13/HTML/TreeBuilder.pm line 1317.
Use of uninitialized value $ptag in string eq at /export/home/cpan/bin/perl/lib/site_perl/5.41.13/HTML/TreeBuilder.pm line 1071.
# Failed test 'mass html comp'
# at t/30_tree.t line 53.
# got: '<html></html>'
# expected: '<html><head><title>gnarly table</title></head><body><table border=1><tr><td colspan=4 rowspan=1>(0,0) [1,4]</td><td colspan=4 rowspan=2>(0,1) [2,4]</td></tr><tr><td colspan=1 rowspan=2>(1,0) [2,1]</td><td colspan=1 rowspan=1>(1,1) [1,1]</td><td colspan=2 rowspan=1>(1,2) [1,2]</td></tr><tr><td colspan=4 rowspan=2>(2,0) [2,4]</td><td colspan=2 rowspan=2>(2,1) [2,2]</td><td colspan=1 rowspan=1>(2,2) [1,1]</td></tr><tr><td colspan=1 rowspan=1>(3,0) [1,1]</td><td colspan=1 rowspan=1>(3,1) [1,1]</td></tr><tr><td colspan=2 rowspan=3>(4,0) [3,2]</td><td colspan=1 rowspan=1>(4,1) [1,1]</td><td colspan=1 rowspan=3>(4,2) [3,1]</td><td colspan=4 rowspan=4>(4,3) [4,4]</td></tr><tr><td colspan=1 rowspan=1>(5,0) [1,1]</td></tr><tr><td colspan=1 rowspan=1>(6,0) [1,1]</td></tr><tr><td colspan=4 rowspan=1>(7,0) [1,4]</td></tr></table></body></html>'
Use of uninitialized value $ptag in string eq at /export/home/cpan/bin/perl/lib/site_perl/5.41.13/HTML/TreeBuilder.pm line 341.
Use of uninitialized value $ptag in string eq at /export/home/cpan/bin/perl/lib/site_perl/5.41.13/HTML/TreeBuilder.pm line 349.
Use of uninitialized value in string eq at /export/home/cpan/bin/perl/lib/site_perl/5.41.13/HTML/Element.pm line 1670.
Use of uninitialized value in string eq at /export/home/cpan/bin/perl/lib/site_perl/5.41.13/HTML/Element.pm line 1670.
Use of uninitialized value in hash element at /export/home/cpan/bin/perl/lib/site_perl/5.41.13/HTML/Element.pm line 1677.
Use of uninitialized value $ptag in string eq at /export/home/cpan/bin/perl/lib/site_perl/5.41.13/HTML/TreeBuilder.pm line 1071.
Use of uninitialized value $ptag in string eq at /export/home/cpan/bin/perl/lib/site_perl/5.41.13/HTML/TreeBuilder.pm line 341.
Use of uninitialized value $ptag in string eq at /export/home/cpan/bin/perl/lib/site_perl/5.41.13/HTML/TreeBuilder.pm line 349.
Use of uninitialized value $ptag in string eq at /export/home/cpan/bin/perl/lib/site_perl/5.41.13/HTML/TreeBuilder.pm line 341.
Use of uninitialized value $ptag in string eq at /export/home/cpan/bin/perl/lib/site_perl/5.41.13/HTML/TreeBuilder.pm line 349.
Use of uninitialized value $ptag in string eq at /export/home/cpan/bin/perl/lib/site_perl/5.41.13/HTML/TreeBuilder.pm line 464.
Use of uninitialized value $ptag in hash element at /export/home/cpan/bin/perl/lib/site_perl/5.41.13/HTML/TreeBuilder.pm line 468.
Use of uninitialized value in string eq at /export/home/cpan/bin/perl/lib/site_perl/5.41.13/HTML/Element.pm line 1670.
Use of uninitialized value in string eq at /export/home/cpan/bin/perl/lib/site_perl/5.41.13/HTML/Element.pm line 1670.
Use of uninitialized value in hash element at /export/home/cpan/bin/perl/lib/site_perl/5.41.13/HTML/Element.pm line 1677.
Use of uninitialized value in hash element at /export/home/cpan/bin/perl/lib/site_perl/5.41.13/HTML/Element.pm line 1677.
Use of uninitialized value in hash element at /export/home/cpan/bin/perl/lib/site_perl/5.41.13/HTML/Element.pm line 1677.
Use of uninitialized value in hash element at /export/home/cpan/bin/perl/lib/site_perl/5.41.13/HTML/Element.pm line 1677.
Use of uninitialized value in hash element at /export/home/cpan/bin/perl/lib/site_perl/5.41.13/HTML/Element.pm line 1677.
Use of uninitialized value in hash element at /export/home/cpan/bin/perl/lib/site_perl/5.41.13/HTML/Element.pm line 1677.
Use of uninitialized value in hash element at /export/home/cpan/bin/perl/lib/site_perl/5.41.13/HTML/Element.pm line 1677.
Use of uninitialized value in hash element at /export/home/cpan/bin/perl/lib/site_perl/5.41.13/HTML/Element.pm line 1677.
Use of uninitialized value in hash element at /export/home/cpan/bin/perl/lib/site_perl/5.41.13/HTML/Element.pm line 1677.
Use of uninitialized value in hash element at /export/home/cpan/bin/perl/lib/site_perl/5.41.13/HTML/Element.pm line 1677.
Use of uninitialized value in hash element at /export/home/cpan/bin/perl/lib/site_perl/5.41.13/HTML/Element.pm line 1677.
Use of uninitialized value in hash element at /export/home/cpan/bin/perl/lib/site_perl/5.41.13/HTML/Element.pm line 1677.
Use of uninitialized value in hash element at /export/home/cpan/bin/perl/lib/site_perl/5.41.13/HTML/Element.pm line 1677.
Use of uninitialized value in hash element at /export/home/cpan/bin/perl/lib/site_perl/5.41.13/HTML/Element.pm line 1677.
Use of uninitialized value in hash element at /export/home/cpan/bin/perl/lib/site_perl/5.41.13/HTML/Element.pm line 1677.
Use of uninitialized value in hash element at /export/home/cpan/bin/perl/lib/site_perl/5.41.13/HTML/Element.pm line 1677.
Use of uninitialized value in hash element at /export/home/cpan/bin/perl/lib/site_perl/5.41.13/HTML/Element.pm line 1677.
Use of uninitialized value $ptag in string eq at /export/home/cpan/bin/perl/lib/site_perl/5.41.13/HTML/TreeBuilder.pm line 1071.
Use of uninitialized value $ptag in string eq at /export/home/cpan/bin/perl/lib/site_perl/5.41.13/HTML/TreeBuilder.pm line 1071.
Use of uninitialized value in hash element at /export/home/cpan/bin/perl/lib/site_perl/5.41.13/HTML/TreeBuilder.pm line 1180.
Use of uninitialized value $ptag in hash element at /export/home/cpan/bin/perl/lib/site_perl/5.41.13/HTML/TreeBuilder.pm line 1206.
Use of uninitialized value in hash element at /export/home/cpan/bin/perl/lib/site_perl/5.41.13/HTML/Element.pm line 1677.
Use of uninitialized value in concatenation (.) or string at /export/home/cpan/bin/perl/lib/site_perl/5.41.13/HTML/TreeBuilder.pm line 1317.
Use of uninitialized value $ptag in string eq at /export/home/cpan/bin/perl/lib/site_perl/5.41.13/HTML/TreeBuilder.pm line 1071.
# Looks like you failed 1 test of 126.
t/30_tree.t ..........
Dubious, test returned 1 (wstat 256, 0x100)
Failed 1/126 subtests
Test Summary Report
-------------------
t/30_tree.t (Wstat: 256 (exited 1) Tests: 126 Failed: 1)
Failed test: 65
Non-zero exit status: 1
Files=14, Tests=2613, 2 wallclock secs ( 0.13 usr 0.04 sys + 1.00 cusr 0.17 csys = 1.34 CPU)
Result: FAIL
Failed 1/14 test programs. 1/2613 subtests failed.
*** Error code 1
make: Fatal error: Command failed for target `test_dynamic'
------------------------------
PREREQUISITES
------------------------------
Prerequisite modules loaded:
requires:
Module Need Have
------------------- ---- ----
HTML::Parser 0 3.83
build_requires:
Module Need Have
------------------- ---- ----
ExtUtils::MakeMaker 0 7.74
configure_requires:
Module Need Have
------------------- ---- ----
ExtUtils::MakeMaker 0 7.74
------------------------------
ENVIRONMENT AND OTHER CONTEXT
------------------------------
Environment variables:
AUTOMATED_TESTING = 1
DATE_MANIP_TEST_DM5 = 1
LANG = en_US.UTF-8
LC_ALL = C
NONINTERACTIVE_TESTING = 1
NO_NETWORK_TESTING = 1
PATH = /export/home/cpan/bin/perl/bin:/usr/bin:/usr/sbin:/sbin:/opt/ooce/bin:/usr/gnu/bin
PERL5LIB =
PERL5OPT =
PERL5_CPANPLUS_IS_RUNNING = 7233
PERL5_CPAN_IS_RUNNING = 7233
PERL_MM_USE_DEFAULT = 1
PERL_USE_UNSAFE_INC = 1
SHELL = /bin/sh
TERM = screen
Perl special variables (and OS-specific diagnostics, for MSWin32):
$^X = /export/home/cpan/bin/perl/bin/perl5.41.13
$UID/$EUID = 101 / 101
$GID = 1 1
$EGID = 1 1
Perl module toolchain versions installed:
Module Have
------------------- --------
CPAN 2.38
CPAN::Meta 2.150010
Cwd 3.94
ExtUtils::CBuilder 0.280241
ExtUtils::Command 7.74
ExtUtils::Install 2.22
ExtUtils::MakeMaker 7.74
ExtUtils::Manifest 1.75
ExtUtils::ParseXS 3.57
File::Spec 3.94
JSON 4.10
JSON::PP 4.16
Module::Build 0.4234
Module::Signature 0.89
Parse::CPAN::Meta 2.150010
Test2 1.302213
Test::Harness 3.50
Test::More 1.302213
YAML 1.31
YAML::Syck 1.34
version 0.9933
--
Summary of my perl5 (revision 5 version 41 subversion 13) configuration:
Commit id: a1af91d3af8227a1bcf03e06fc7450ebd7ca51a0
Platform:
osname=solaris
osvers=2.11
archname=i86pc-solaris-64
uname='sunos cjg-omniosce 5.11 omnios-r151052-5ce47a2ab6 i86pc i386 i86pc '
config_args='-des -Dprefix=/export/home/cpan/bin/perl -Dscriptdir=/export/home/cpan/bin/perl/bin -Dusedevel -Duse64bitall -Dcc=gcc'
hint=recommended
useposix=true
d_sigaction=define
useithreads=undef
usemultiplicity=undef
use64bitint=define
use64bitall=define
uselongdouble=undef
usemymalloc=n
default_inc_excludes_dot=define
Compiler:
cc='gcc'
ccflags ='-m64 -fwrapv -fno-strict-aliasing -pipe -fstack-protector-strong -D_LARGEFILE_SOURCE -D_FILE_OFFSET_BITS=64 -D_FORTIFY_SOURCE=2'
optimize='-O'
cppflags='-m64 -fwrapv -fno-strict-aliasing -pipe -fstack-protector-strong'
ccversion=''
gccversion='14.2.0'
gccosandvers=''
intsize=4
longsize=8
ptrsize=8
doublesize=8
byteorder=12345678
doublekind=3
d_longlong=define
longlongsize=8
d_longdbl=define
longdblsize=16
longdblkind=3
ivtype='long'
ivsize=8
nvtype='double'
nvsize=8
Off_t='off_t'
lseeksize=8
alignbytes=8
prototype=define
Linker and Libraries:
ld='gcc'
ldflags =' -m64 -fstack-protector-strong -L/usr/gnu/lib '
libpth=/opt/gcc-14/lib /usr/lib /usr/gnu/lib /usr/ccs/lib
libs=-lpthread -lsocket -lnsl -ldl -lm -lc
perllibs=-lpthread -lsocket -lnsl -ldl -lm -lc
libc=/lib/libc.so
so=so
useshrplib=true
libperl=libperl.so
gnulibc_version=''
Dynamic Linking:
dlsrc=dl_dlopen.xs
dlext=so
d_dlsymun=undef
ccdlflags=' -R /export/home/cpan/bin/perl/lib/5.41.13/i86pc-solaris-64/CORE'
cccdlflags='-fPIC'
lddlflags=' -shared -m64 -L/usr/gnu/lib -fstack-protector-strong'
Characteristics of this binary (from libperl):
Compile-time options:
HAS_LONG_DOUBLE
HAS_STRTOLD
HAS_TIMES
PERLIO_LAYERS
PERL_COPY_ON_WRITE
PERL_DONT_CREATE_GVSV
PERL_HASH_FUNC_SIPHASH13
PERL_HASH_USE_SBOX32
PERL_MALLOC_WRAP
PERL_OP_PARENT
PERL_PRESERVE_IVUV
PERL_USE_DEVEL
PERL_USE_SAFE_PUTENV
USE_64_BIT_ALL
USE_64_BIT_INT
USE_LARGE_FILES
USE_LOCALE
USE_LOCALE_COLLATE
USE_LOCALE_CTYPE
USE_LOCALE_NUMERIC
USE_LOCALE_TIME
USE_PERLIO
USE_PERL_ATOF
Built under solaris
Compiled at May 22 2025 02:16:19
%ENV:
PERL5LIB=""
PERL5OPT=""
PERL5_CPANPLUS_IS_RUNNING="7233"
PERL5_CPAN_IS_RUNNING="7233"
PERL_MM_USE_DEFAULT="1"
PERL_USE_UNSAFE_INC="1"
@INC:
/export/home/cpan/bin/perl/lib/site_perl/5.41.13/i86pc-solaris-64
/export/home/cpan/bin/perl/lib/site_perl/5.41.13
/export/home/cpan/bin/perl/lib/5.41.13/i86pc-solaris-64
/export/home/cpan/bin/perl/lib/5.41.13
.