Report for Sensu-API-Client-0.02

Back
From: metabase:user:320bfe00-2aae-11df-837a-5e0a49663a4f
Subject: NA Sensu-API-Client-0.02 v5.8.9 GNU/Linux
Date: 2014-06-11T00:08:52Z

This distribution has been tested as part of the CPAN Testers
project, supporting the Perl programming language.  See
http://wiki.cpantesters.org/ for more information or email
questions to cpan-testers-discuss@perl.org


--
Dear Miquel Ruiz Martin,

This is a computer-generated report for Sensu-API-Client-0.02
on perl 5.8.9, created by CPAN-Reporter-1.2011.

Thank you for uploading your work to CPAN.  While attempting to build or test
this distribution, the distribution signaled that support is not available
either for this operating system or this version of Perl.  Nevertheless, any
diagnostic output produced is provided below for reference.  If this is not
what you expect, you may wish to consult the CPAN Testers Wiki:

http://wiki.cpantesters.org/wiki/CPANAuthorNotes

Sections of this report:

    * Tester comments
    * Program output
    * Prerequisites
    * Environment and other context

------------------------------
TESTER COMMENTS
------------------------------

Additional comments from tester:

this report is from an automated smoke testing program
and was not reviewed by a human for accuracy

------------------------------
PROGRAM OUTPUT
------------------------------

Output from '/usr/bin/make test':

PERL_DL_NONLAZY=1 /home/sand/src/perl/repoperls/installed-perls/perl/perl-5.8.9/5da8/bin/perl "-MExtUtils::Command::MM" "-MTest::Harness" "-e" "undef *Test::Harness::Switches; test_harness(0, 'blib/lib', 'blib/arch')" t/*.t

#   Failed test 'use Sensu::API::Client;'
#   at t/00-use.t line 6.
#     Tried to use 'Sensu::API::Client'.
#     Error:  Perl v5.10.0 required--this is only v5.8.9, stopped at /tmp/loop_over_bdir-12181-nEINX6/Sensu-API-Client-0.02-tEhLnx/blib/lib/Sensu/API/Client.pm line 4.
# BEGIN failed--compilation aborted at /tmp/loop_over_bdir-12181-nEINX6/Sensu-API-Client-0.02-tEhLnx/blib/lib/Sensu/API/Client.pm line 4.
# Compilation failed in require at t/00-use.t line 6.
# BEGIN failed--compilation aborted at t/00-use.t line 6.
# Looks like you failed 1 test of 1.
t/00-use.t ......... 
Dubious, test returned 1 (wstat 256, 0x100)
Failed 1/1 subtests 
Perl v5.10.0 required--this is only v5.8.9, stopped at /tmp/loop_over_bdir-12181-nEINX6/Sensu-API-Client-0.02-tEhLnx/blib/lib/Sensu/API/Client.pm line 4.
BEGIN failed--compilation aborted at /tmp/loop_over_bdir-12181-nEINX6/Sensu-API-Client-0.02-tEhLnx/blib/lib/Sensu/API/Client.pm line 4.
Compilation failed in require at t/01-events.t line 7.
BEGIN failed--compilation aborted at t/01-events.t line 7.
t/01-events.t ...... 
Dubious, test returned 255 (wstat 65280, 0xff00)
No subtests run 
Perl v5.10.0 required--this is only v5.8.9, stopped at /tmp/loop_over_bdir-12181-nEINX6/Sensu-API-Client-0.02-tEhLnx/blib/lib/Sensu/API/Client.pm line 4.
BEGIN failed--compilation aborted at /tmp/loop_over_bdir-12181-nEINX6/Sensu-API-Client-0.02-tEhLnx/blib/lib/Sensu/API/Client.pm line 4.
Compilation failed in require at t/02-info.t line 5.
BEGIN failed--compilation aborted at t/02-info.t line 5.
t/02-info.t ........ 
Dubious, test returned 255 (wstat 65280, 0xff00)
No subtests run 
Perl v5.10.0 required--this is only v5.8.9, stopped at /tmp/loop_over_bdir-12181-nEINX6/Sensu-API-Client-0.02-tEhLnx/blib/lib/Sensu/API/Client.pm line 4.
BEGIN failed--compilation aborted at /tmp/loop_over_bdir-12181-nEINX6/Sensu-API-Client-0.02-tEhLnx/blib/lib/Sensu/API/Client.pm line 4.
Compilation failed in require at t/03-stashes.t line 7.
BEGIN failed--compilation aborted at t/03-stashes.t line 7.
t/03-stashes.t ..... 
Dubious, test returned 255 (wstat 65280, 0xff00)
No subtests run 
Perl v5.10.0 required--this is only v5.8.9, stopped at /tmp/loop_over_bdir-12181-nEINX6/Sensu-API-Client-0.02-tEhLnx/blib/lib/Sensu/API/Client.pm line 4.
BEGIN failed--compilation aborted at /tmp/loop_over_bdir-12181-nEINX6/Sensu-API-Client-0.02-tEhLnx/blib/lib/Sensu/API/Client.pm line 4.
Compilation failed in require at t/04-health.t line 7.
BEGIN failed--compilation aborted at t/04-health.t line 7.
t/04-health.t ...... 
Dubious, test returned 255 (wstat 65280, 0xff00)
No subtests run 
Perl v5.10.0 required--this is only v5.8.9, stopped at /tmp/loop_over_bdir-12181-nEINX6/Sensu-API-Client-0.02-tEhLnx/blib/lib/Sensu/API/Client.pm line 4.
BEGIN failed--compilation aborted at /tmp/loop_over_bdir-12181-nEINX6/Sensu-API-Client-0.02-tEhLnx/blib/lib/Sensu/API/Client.pm line 4.
Compilation failed in require at t/05-clients.t line 7.
BEGIN failed--compilation aborted at t/05-clients.t line 7.
t/05-clients.t ..... 
Dubious, test returned 255 (wstat 65280, 0xff00)
No subtests run 
Perl v5.10.0 required--this is only v5.8.9, stopped at /tmp/loop_over_bdir-12181-nEINX6/Sensu-API-Client-0.02-tEhLnx/blib/lib/Sensu/API/Client.pm line 4.
BEGIN failed--compilation aborted at /tmp/loop_over_bdir-12181-nEINX6/Sensu-API-Client-0.02-tEhLnx/blib/lib/Sensu/API/Client.pm line 4.
Compilation failed in require at t/06-checks.t line 7.
BEGIN failed--compilation aborted at t/06-checks.t line 7.
t/06-checks.t ...... 
Dubious, test returned 255 (wstat 65280, 0xff00)
No subtests run 
Perl v5.10.0 required--this is only v5.8.9, stopped at /tmp/loop_over_bdir-12181-nEINX6/Sensu-API-Client-0.02-tEhLnx/blib/lib/Sensu/API/Client.pm line 4.
BEGIN failed--compilation aborted at /tmp/loop_over_bdir-12181-nEINX6/Sensu-API-Client-0.02-tEhLnx/blib/lib/Sensu/API/Client.pm line 4.
Compilation failed in require at t/07-aggregates.t line 7.
BEGIN failed--compilation aborted at t/07-aggregates.t line 7.
t/07-aggregates.t .. 
Dubious, test returned 255 (wstat 65280, 0xff00)
No subtests run 

Test Summary Report
-------------------
t/00-use.t       (Wstat: 256 Tests: 1 Failed: 1)
  Failed test:  1
  Non-zero exit status: 1
t/01-events.t    (Wstat: 65280 Tests: 0 Failed: 0)
  Non-zero exit status: 255
  Parse errors: No plan found in TAP output
t/02-info.t      (Wstat: 65280 Tests: 0 Failed: 0)
  Non-zero exit status: 255
  Parse errors: No plan found in TAP output
t/03-stashes.t   (Wstat: 65280 Tests: 0 Failed: 0)
  Non-zero exit status: 255
  Parse errors: No plan found in TAP output
t/04-health.t    (Wstat: 65280 Tests: 0 Failed: 0)
  Non-zero exit status: 255
  Parse errors: No plan found in TAP output
t/05-clients.t   (Wstat: 65280 Tests: 0 Failed: 0)
  Non-zero exit status: 255
  Parse errors: No plan found in TAP output
t/06-checks.t    (Wstat: 65280 Tests: 0 Failed: 0)
  Non-zero exit status: 255
  Parse errors: No plan found in TAP output
t/07-aggregates.t (Wstat: 65280 Tests: 0 Failed: 0)
  Non-zero exit status: 255
  Parse errors: No plan found in TAP output
Files=8, Tests=1,  1 wallclock secs ( 0.04 usr  0.00 sys +  0.14 cusr  0.01 csys =  0.19 CPU)
Result: FAIL
Failed 8/8 test programs. 1/1 subtests failed.
Makefile:849: recipe for target 'test_dynamic' failed
make: *** [test_dynamic] Error 255

------------------------------
PREREQUISITES
------------------------------

Prerequisite modules loaded:

requires:

    Module              Need  Have    
    ------------------- ----- --------
    HTTP::Tiny          0.034 0.043   
    JSON                0     2.90    
    Moo                 0     1.005000
    namespace::clean    0     0.25    
    Try::Tiny           0     0.22    

build_requires:

    Module              Need  Have    
    ------------------- ----- --------
    ExtUtils::MakeMaker 0     6.98    
    Test::Exception     0     0.32    
    Test::More          0     1.001003

configure_requires:

    Module              Need  Have    
    ------------------- ----- --------
    ExtUtils::MakeMaker 6.30  6.98    


------------------------------
ENVIRONMENT AND OTHER CONTEXT
------------------------------

Environment variables:

    AUTOMATED_TESTING = 1
    LANG = en_US.UTF-8
    LANGUAGE = en_US:en
    PATH = /usr/lib/ccache:/home/sand/bin:/usr/local/bin:/usr/bin:/bin:/usr/games:/usr/local/perl/bin:/usr/X11/bin:/sbin:/usr/sbin
    PERL5LIB = 
    PERL5OPT = 
    PERL5_CPANPLUS_IS_RUNNING = 12182
    PERL5_CPAN_IS_RUNNING = 12182
    PERL_MM_USE_DEFAULT = 1
    SHELL = /usr/bin/zsh
    TERM = screen

Perl special variables (and OS-specific diagnostics, for MSWin32):

    $^X = /home/sand/src/perl/repoperls/installed-perls/perl/perl-5.8.9/5da8/bin/perl
    $UID/$EUID = 1005 / 1005
    $GID = 1005 1005
    $EGID = 1005 1005

Perl module toolchain versions installed:

    Module              Have    
    ------------------- --------
    CPAN                2.05    
    CPAN::Meta          2.141520
    Cwd                 3.47    
    ExtUtils::CBuilder  0.280216
    ExtUtils::Command   1.16    
    ExtUtils::Install   1.54    
    ExtUtils::MakeMaker 6.98    
    ExtUtils::Manifest  1.60    
    ExtUtils::ParseXS   3.24    
    File::Spec          3.47    
    JSON                2.90    
    JSON::PP            2.27203 
    Module::Build       0.4205  
    Module::Signature   0.73    
    Parse::CPAN::Meta   1.4414  
    Test::Harness       3.31    
    Test::More          1.001003
    YAML                0.92    
    YAML::Syck          1.27    
    version             0.88    


--

Summary of my perl5 (revision 5 version 8 subversion 9) configuration:
  Platform:
    osname=linux, osvers=3.14-1-amd64, archname=x86_64-linux
    uname='linux k83 3.14-1-amd64 #1 smp debian 3.14.5-1 (2014-06-05) x86_64 gnulinux '
    config_args='-Dprefix=/home/sand/src/perl/repoperls/installed-perls/perl/perl-5.8.9/5da8 -Dmyhostname=k83 -Dinstallusrbinperl=n -Uversiononly -Dusedevel -des -Ui_db -Uuseithreads -Uuselongdouble -DDEBUGGING=-g -Dusedl -Ddlsrc=dl_dlopen.xs -Dlibs=-lnsl -ldb -ldl -lm -lcrypt -lutil -lc -Dlibpth=/usr/lib/x86_64-linux-gnu /usr/local/lib /lib /usr/lib'
    hint=recommended, useposix=true, d_sigaction=define
    usethreads=undef use5005threads=undef useithreads=undef usemultiplicity=undef
    useperlio=define d_sfio=undef uselargefiles=define usesocks=undef
    use64bitint=define use64bitall=define uselongdouble=undef
    usemymalloc=n, bincompat5005=undef
  Compiler:
    cc='cc', ccflags ='-fno-strict-aliasing -pipe -I/usr/local/include -D_LARGEFILE_SOURCE -D_FILE_OFFSET_BITS=64',
    optimize='-O2 -g',
    cppflags='-fno-strict-aliasing -pipe -I/usr/local/include'
    ccversion='', gccversion='4.8.3', gccosandvers=''
    intsize=4, longsize=8, ptrsize=8, doublesize=8, byteorder=12345678
    d_longlong=define, longlongsize=8, d_longdbl=define, longdblsize=16
    ivtype='long', ivsize=8, nvtype='double', nvsize=8, Off_t='off_t', lseeksize=8
    alignbytes=8, prototype=define
  Linker and Libraries:
    ld='cc', ldflags =' -L/usr/local/lib'
    libpth=/usr/lib/x86_64-linux-gnu /usr/local/lib /lib /usr/lib
    libs=-lnsl -ldb -ldl -lm -lcrypt -lutil -lc
    perllibs=-lnsl -ldl -lm -lcrypt -lutil -lc
    libc=, so=so, useshrplib=false, libperl=libperl.a
    gnulibc_version='2.19'
  Dynamic Linking:
    dlsrc=dl_dlopen.xs, dlext=so, d_dlsymun=undef, ccdlflags='-Wl,-E'
    cccdlflags='-fPIC', lddlflags='-shared -O2 -g -L/usr/local/lib'


Characteristics of this binary (from libperl): 
  Compile-time options: PERL_MALLOC_WRAP USE_64_BIT_ALL USE_64_BIT_INT
                        USE_FAST_STDIO USE_LARGE_FILES USE_PERLIO
  Built under linux
  Compiled at Jun 10 2014 19:39:46
  %ENV:
    PERL5LIB=""
    PERL5OPT=""
    PERL5_CPANPLUS_IS_RUNNING="12182"
    PERL5_CPAN_IS_RUNNING="12182"
    PERL_MM_USE_DEFAULT="1"
  @INC:
    /home/sand/src/perl/repoperls/installed-perls/perl/perl-5.8.9/5da8/lib/5.8.9/x86_64-linux
    /home/sand/src/perl/repoperls/installed-perls/perl/perl-5.8.9/5da8/lib/5.8.9
    /home/sand/src/perl/repoperls/installed-perls/perl/perl-5.8.9/5da8/lib/site_perl/5.8.9/x86_64-linux
    /home/sand/src/perl/repoperls/installed-perls/perl/perl-5.8.9/5da8/lib/site_perl/5.8.9
    .