ETL-Yertl v0.044 Perl 5 v5.26.3 x86_64-linux

Status
Fail
From
Slaven Rezić
Dist
ETL-Yertl v0.044
Platform
Perl 5 v5.26.3 x86_64-linux
Date
2024-10-18 22:16:07
ID
92729b92-8d9e-11ef-8074-47f66d8775ea
This distribution has been tested as part of the CPAN Testers
project, supporting the Perl programming language.  See
http://wiki.cpantesters.org/ for more information or email
questions to cpan-testers-discuss@perl.org


--
Dear Doug Bell,

This is a computer-generated report for ETL-Yertl-0.044
on perl 5.26.3, created by CPAN-Reporter-1.2019.

Thank you for uploading your work to CPAN.  However, there was a problem
testing your distribution.

If you think this report is invalid, please consult the CPAN Testers Wiki
for suggestions on how to avoid getting FAIL reports for missing library
or binary dependencies, unsupported operating systems, and so on:

http://wiki.cpantesters.org/wiki/CPANAuthorNotes

Sections of this report:

    * Tester comments
    * Program output
    * Prerequisites
    * Environment and other context

------------------------------
TESTER COMMENTS
------------------------------

Additional comments from tester:

none provided

------------------------------
PROGRAM OUTPUT
------------------------------

Output from '/usr/bin/make test':

PERL_DL_NONLAZY=1 "/opt/perl-5.26.3/bin/perl" "-MExtUtils::Command::MM" "-MTest::Harness" "-e" "undef *Test::Harness::Switches; test_harness(0, 'blib/lib', 'blib/arch')" t/*.t t/adapter/*.t t/bin/*.t t/command/ygrok/*.t t/command/ygrok/pattern/*.t t/command/yq/*.t t/format/*.t t/integration/*.t
t/00-compile.t ........................... ok
# 
# Versions for all modules listed in MYMETA.json (including optional ones):
# 
# === Configure Requires ===
# 
#     Module              Want Have
#     ------------------- ---- ----
#     ExtUtils::MakeMaker  any 7.70
# 
# === Build Requires ===
# 
#     Module              Want Have
#     ------------------- ---- ----
#     ExtUtils::MakeMaker  any 7.70
# 
# === Test Requires ===
# 
#     Module                  Want     Have
#     ------------------- -------- --------
#     Capture::Tiny            any     0.48
#     Dir::Self                any     0.11
#     ExtUtils::MakeMaker      any     7.70
#     File::Spec               any     3.75
#     Future                   any     0.50
#     IO::Handle               any     1.55
#     IPC::Open3               any     1.20
#     JSON::PP                 any     4.16
#     Mock::MonkeyPatch        any     1.03
#     Test::Deep               any    1.204
#     Test::Differences        any     0.71
#     Test::Exception          any     0.43
#     Test::Lib                any    0.003
#     Test::More          1.001005 1.302204
# 
# === Test Recommends ===
# 
#     Module         Want     Have
#     ---------- -------- --------
#     CPAN::Meta 2.120900 2.150010
# 
# === Runtime Requires ===
# 
#     Module                    Want       Have
#     ------------------- ---------- ----------
#     File::HomeDir              any      1.006
#     File::Spec                 any       3.75
#     Getopt::Long              2.36       2.57
#     Hash::Merge::Simple        any      0.051
#     IO::Async                 0.77      0.802
#     IO::Interactive            any      1.025
#     Import::Base             0.010      1.004
#     JSON::MaybeXS              any   1.004008
#     List::Util                 any       1.64
#     Module::Runtime            any      0.016
#     Net::Async::HTTP           any       0.49
#     Path::Tiny               0.072      0.146
#     Pod::Usage::Return         any      0.003
#     Regexp::Common      2013031301 2017060201
#     SQL::Abstract              any   2.000001
#     Time::Local                any       1.35
#     Time::Piece                any     1.3401
#     URI                        any       5.28
#     YAML::Tiny                 any       1.74
#     boolean                    any       0.46
# 
# === Runtime Recommends ===
# 
#     Module       Want     Have
#     ------------ ---- --------
#     DBD::SQLite   any     1.74
#     DBI           any    1.643
#     JSON::PP      any     4.16
#     JSON::XS      any     4.03
#     Text::CSV     any     2.04
#     Text::CSV_XS  any     1.54
#     YAML::Syck    any     1.34
#     YAML::XS      any v0.901.0
# 
t/00-report-prereqs.t .................... ok
t/adapter/graphite.t ..................... ok
t/adapter/influxdb.t ..................... ok
t/bin/yfrom.t ............................ ok
t/bin/ygrok.t ............................ ok
t/bin/yq.t ............................... ok

                #   Failed test at t/bin/ysql.t line 516.
                # Comparing $data as a Bag
                # Missing: 1 reference
                # Looks like you failed 1 test of 3.

            #   Failed test '--where'
            #   at t/bin/ysql.t line 524.
            # Looks like you failed 1 test of 5.

        #   Failed test '--select'
        #   at t/bin/ysql.t line 575.

                #   Failed test at t/bin/ysql.t line 600.
                # Comparing $data as a Bag
                # Missing: 1 reference
                # Extra: 1 reference
                # Looks like you failed 1 test of 3.

            #   Failed test '--where'
            #   at t/bin/ysql.t line 605.
            # Looks like you failed 1 test of 4.

        #   Failed test '--count'
        #   at t/bin/ysql.t line 606.

                #   Failed test at t/bin/ysql.t line 667.
                # Comparing $data as a Bag
                # Extra: 1 reference
                # Looks like you failed 1 test of 4.

            #   Failed test '--where'
            #   at t/bin/ysql.t line 672.
            # Looks like you failed 1 test of 5.

        #   Failed test '--delete'
        #   at t/bin/ysql.t line 674.
        # Looks like you failed 3 tests of 4.

    #   Failed test 'sql helper options'
    #   at t/bin/ysql.t line 675.
    # Looks like you failed 1 test of 6.

#   Failed test 'query'
#   at t/bin/ysql.t line 928.
# Looks like you failed 1 test of 4.
t/bin/ysql.t ............................. 
Dubious, test returned 1 (wstat 256, 0x100)
Failed 1/4 subtests 
t/bin/yto.t .............................. ok
t/bin/yts.t .............................. ok
t/command/ygrok/edit_patterns.t .......... ok
t/command/ygrok/pattern/http_combined.t .. ok
t/command/ygrok/pattern/http_common.t .... ok
t/command/ygrok/pattern/linux_proc.t ..... ok
t/command/ygrok/pattern/ls-l.t ........... ok
t/command/ygrok/pattern/ps-u.t ........... ok
t/command/ygrok/pattern/ps-x.t ........... ok
t/command/ygrok/pattern/ps.t ............. ok
t/command/ygrok/pattern/syslog.t ......... ok
t/command/yq/combinator.t ................ ok
t/command/yq/comparison.t ................ ok
t/command/yq/conditional.t ............... ok
t/command/yq/filter.t .................... ok
t/command/yq/functions.t ................. ok
t/command/yq/regression.t ................ ok
t/command/yq/values.t .................... ok
t/format.t ............................... ok
t/format/csv.t ........................... ok
Prototype mismatch: sub main::decode_json ($) vs none at /opt/perl-5.26.3/lib/site_perl/5.26.3/Exporter.pm line 63.
 at (eval 29) line 1.
t/format/json.t .......................... ok
t/format/yaml.t .......................... ok
t/format_stream.t ........................ ok
t/helpers.t .............................. ok
t/input_series.t ......................... ok
t/integration/parse_apache_log.t ......... ok
t/transform.t ............................ ok

Test Summary Report
-------------------
t/bin/ysql.t                           (Wstat: 256 (exited 1) Tests: 4 Failed: 1)
  Failed test:  4
  Non-zero exit status: 1
Files=35, Tests=124,  7 wallclock secs ( 0.17 usr  0.07 sys +  6.14 cusr  1.39 csys =  7.77 CPU)
Result: FAIL
Failed 1/35 test programs. 1/124 subtests failed.
make: *** [Makefile:1051: test_dynamic] Error 255

------------------------------
PREREQUISITES
------------------------------

Prerequisite modules loaded:

requires:

    Module              Need       Have      
    ------------------- ---------- ----------
    boolean             0          0.46      
    File::HomeDir       0          1.006     
    File::Spec          0          3.75      
    Getopt::Long        2.36       2.57      
    Hash::Merge::Simple 0          0.051     
    Import::Base        0.010      1.004     
    IO::Async           0.77       0.802     
    IO::Interactive     0          1.025     
    JSON::MaybeXS       0          1.004008  
    List::Util          0          1.64      
    Module::Runtime     0          0.016     
    Net::Async::HTTP    0          0.49      
    Path::Tiny          0.072      0.146     
    perl                5.010      5.026003  
    Pod::Usage::Return  0          0.003     
    Regexp::Common      2013031301 2017060201
    SQL::Abstract       0          2.000001  
    Time::Local         0          1.35      
    Time::Piece         0          1.3401    
    URI                 0          5.28      
    YAML::Tiny          0          1.74      

build_requires:

    Module              Need       Have      
    ------------------- ---------- ----------
    Capture::Tiny       0          0.48      
    Dir::Self           0          0.11      
    ExtUtils::MakeMaker 0          7.70      
    File::Spec          0          3.75      
    Future              0          0.50      
    IO::Handle          0          1.55      
    IPC::Open3          0          1.20      
    JSON::PP            0          4.16      
    Mock::MonkeyPatch   0          1.03      
    Test::Deep          0          1.204     
    Test::Differences   0          0.71      
    Test::Exception     0          0.43      
    Test::Lib           0          0.003     
    Test::More          1.001005   1.302204  

configure_requires:

    Module              Need       Have      
    ------------------- ---------- ----------
    ExtUtils::MakeMaker 0          7.70      


------------------------------
ENVIRONMENT AND OTHER CONTEXT
------------------------------

Environment variables:

    LANG = en_AU.UTF-8
    PATH = /usr/local/bin:/usr/bin:/bin:/usr/local/sbin:/usr/sbin:/sbin:/home/cpansand/bin/linux-gnu:/home/cpansand/bin/sh:/home/cpansand/bin:/usr/games:/home/cpansand/devel:/home/eserte/src/srezic-misc/scripts
    PERL5LIB = /home/cpansand/.cpan/build/2024101809/Pod-Usage-Return-0.003-1/blib/arch:/home/cpansand/.cpan/build/2024101809/Pod-Usage-Return-0.003-1/blib/lib
    PERL5OPT = 
    PERL5_CPANPLUS_IS_RUNNING = 3157914
    PERL5_CPAN_IS_RUNNING = 3157914
    PERL5_CPAN_IS_RUNNING_IN_RECURSION = 3157653,3157914
    PERLDOC = -MPod::Perldoc::ToTextOverstrike
    PERL_BATCH = yes
    PERL_CANARY_STABILITY_NOPROMPT = 1
    PERL_CPAN_REPORTER_CONFIG = /var/tmp/cpansmoker-1023/2024101809/cpanreporter_000_config.ini
    PERL_EXTUTILS_AUTOINSTALL = --defaultdeps
    PERL_USE_UNSAFE_INC = 1
    SHELL = /usr/bin/zsh
    TERM = screen
    TMPDIR = /var/tmp/cpansmoker-1023/2024101809

Perl special variables (and OS-specific diagnostics, for MSWin32):

    $^X = /opt/perl-5.26.3/bin/perl
    $UID/$EUID = 1023 / 1023
    $GID = 1023 1023
    $EGID = 1023 1023

Perl module toolchain versions installed:

    Module              Have    
    ------------------- --------
    CPAN                2.18    
    CPAN::Meta          2.150010
    Cwd                 3.75    
    ExtUtils::CBuilder  0.280236
    ExtUtils::Command   7.70    
    ExtUtils::Install   2.06    
    ExtUtils::MakeMaker 7.70    
    ExtUtils::Manifest  1.75    
    ExtUtils::ParseXS   3.51    
    File::Spec          3.75    
    JSON                4.10    
    JSON::PP            4.16    
    Module::Build       0.4234  
    Module::Signature   n/a     
    Parse::CPAN::Meta   2.150010
    Test2               1.302204
    Test::Harness       3.50    
    Test::More          1.302204
    YAML                1.31    
    YAML::Syck          1.34    
    version             0.9930  


--

Summary of my perl5 (revision 5 version 26 subversion 3) configuration:
   
  Platform:
    osname=linux
    osvers=6.6.8-100.fc38.x86_64
    archname=x86_64-linux
    uname='linux fedora39-2gb-hil 6.6.8-100.fc38.x86_64 #1 smp preempt_dynamic thu dec 21 04:01:45 utc 2023 x86_64 gnulinux '
    config_args='-ds -e -Dprefix=/opt/perl-5.26.3 -Dcf_email=srezic@cpan.org'
    hint=recommended
    useposix=true
    d_sigaction=define
    useithreads=undef
    usemultiplicity=undef
    use64bitint=define
    use64bitall=define
    uselongdouble=undef
    usemymalloc=n
    default_inc_excludes_dot=define
    bincompat5005=undef
  Compiler:
    cc='cc'
    ccflags ='-fwrapv -fno-strict-aliasing -pipe -fstack-protector-strong -I/usr/local/include -D_LARGEFILE_SOURCE -D_FILE_OFFSET_BITS=64 -D_FORTIFY_SOURCE=2'
    optimize='-O2'
    cppflags='-fwrapv -fno-strict-aliasing -pipe -fstack-protector-strong -I/usr/local/include'
    ccversion=''
    gccversion='13.2.1 20231205 (Red Hat 13.2.1-6)'
    gccosandvers=''
    intsize=4
    longsize=8
    ptrsize=8
    doublesize=8
    byteorder=12345678
    doublekind=3
    d_longlong=define
    longlongsize=8
    d_longdbl=define
    longdblsize=16
    longdblkind=3
    ivtype='long'
    ivsize=8
    nvtype='double'
    nvsize=8
    Off_t='off_t'
    lseeksize=8
    alignbytes=8
    prototype=define
  Linker and Libraries:
    ld='cc'
    ldflags =' -fstack-protector-strong -L/usr/local/lib'
    libpth=/usr/local/lib /usr/lib /lib/../lib64 /usr/lib/../lib64 /lib /lib64 /usr/lib64 /usr/local/lib64
    libs=-lpthread -ldb -ldl -lm -lcrypt -lutil -lc
    perllibs=-lpthread -ldl -lm -lcrypt -lutil -lc
    libc=/lib/../lib64/libc.so.6
    so=so
    useshrplib=false
    libperl=libperl.a
    gnulibc_version='2.38'
  Dynamic Linking:
    dlsrc=dl_dlopen.xs
    dlext=so
    d_dlsymun=undef
    ccdlflags='-Wl,-E'
    cccdlflags='-fPIC'
    lddlflags='-shared -O2 -L/usr/local/lib -fstack-protector-strong'


Characteristics of this binary (from libperl): 
  Compile-time options:
    HAS_TIMES
    PERLIO_LAYERS
    PERL_COPY_ON_WRITE
    PERL_DONT_CREATE_GVSV
    PERL_MALLOC_WRAP
    PERL_OP_PARENT
    PERL_PRESERVE_IVUV
    USE_64_BIT_ALL
    USE_64_BIT_INT
    USE_LARGE_FILES
    USE_LOCALE
    USE_LOCALE_COLLATE
    USE_LOCALE_CTYPE
    USE_LOCALE_NUMERIC
    USE_LOCALE_TIME
    USE_PERLIO
    USE_PERL_ATOF
  Locally applied patches:
    Devel::PatchPerl 2.08
  Built under linux
  Compiled at Dec 27 2023 08:18:18
  %ENV:
    PERL5LIB="/home/cpansand/.cpan/build/2024101809/Pod-Usage-Return-0.003-1/blib/arch:/home/cpansand/.cpan/build/2024101809/Pod-Usage-Return-0.003-1/blib/lib"
    PERL5OPT=""
    PERL5_CPANPLUS_IS_RUNNING="3157914"
    PERL5_CPAN_IS_RUNNING="3157914"
    PERL5_CPAN_IS_RUNNING_IN_RECURSION="3157653,3157914"
    PERLDOC="-MPod::Perldoc::ToTextOverstrike"
    PERL_BATCH="yes"
    PERL_CANARY_STABILITY_NOPROMPT="1"
    PERL_CPAN_REPORTER_CONFIG="/var/tmp/cpansmoker-1023/2024101809/cpanreporter_000_config.ini"
    PERL_EXTUTILS_AUTOINSTALL="--defaultdeps"
    PERL_USE_UNSAFE_INC="1"
  @INC:
    /home/cpansand/.cpan/build/2024101809/Pod-Usage-Return-0.003-1/blib/arch
    /home/cpansand/.cpan/build/2024101809/Pod-Usage-Return-0.003-1/blib/lib
    /opt/perl-5.26.3/lib/site_perl/5.26.3/x86_64-linux
    /opt/perl-5.26.3/lib/site_perl/5.26.3
    /opt/perl-5.26.3/lib/5.26.3/x86_64-linux
    /opt/perl-5.26.3/lib/5.26.3
    .