Report for PerlIO-via-Skip-0.06

Back
From: metabase:user:320bfe00-2aae-11df-837a-5e0a49663a4f
Subject: FAIL PerlIO-via-Skip-0.06 v5.14.2 GNU/Linux
Date: 2012-05-04T03:59:39Z

This distribution has been tested as part of the CPAN Testers
project, supporting the Perl programming language.  See
http://wiki.cpantesters.org/ for more information or email
questions to cpan-testers-discuss@perl.org


--
Dear Ioannis Tambouras,

This is a computer-generated report for PerlIO-via-Skip-0.06
on perl 5.14.2, created by CPAN-Reporter-1.2006.

Thank you for uploading your work to CPAN.  However, there was a problem
testing your distribution.

If you think this report is invalid, please consult the CPAN Testers Wiki
for suggestions on how to avoid getting FAIL reports for missing library
or binary dependencies, unsupported operating systems, and so on:

http://wiki.cpantesters.org/wiki/CPANAuthorNotes

Sections of this report:

    * Tester comments
    * Program output
    * Prerequisites
    * Environment and other context

------------------------------
TESTER COMMENTS
------------------------------

Additional comments from tester:

this report is from an automated smoke testing program
and was not reviewed by a human for accuracy

------------------------------
PROGRAM OUTPUT
------------------------------

Output from './Build test':

Use of ?PATTERN? without explicit operator is deprecated at /tmp/loop_over_bdir-aifA9A/PerlIO-via-Skip-0.06-X9SCeV/blib/lib/PerlIO/via/Skip.pm line 66.
Use of ?PATTERN? without explicit operator is deprecated at /tmp/loop_over_bdir-aifA9A/PerlIO-via-Skip-0.06-X9SCeV/blib/lib/PerlIO/via/Skip.pm line 96.
t/00_load.t ............ ok
t/01b_pod.t ............ ok
Use of ?PATTERN? without explicit operator is deprecated at /tmp/loop_over_bdir-aifA9A/PerlIO-via-Skip-0.06-X9SCeV/blib/lib/PerlIO/via/Skip.pm line 66.
Use of ?PATTERN? without explicit operator is deprecated at /tmp/loop_over_bdir-aifA9A/PerlIO-via-Skip-0.06-X9SCeV/blib/lib/PerlIO/via/Skip.pm line 96.
t/01c_coverage.t ....... ok
A plan was set but we're not testing at /home/src/perl/repoperls/installed-perls/perl/v5.14.2/2b65/lib/5.14.2/TB2/EventHandler.pm line 85.
# Looks like your test exited with 255 before it could output anything.
t/01s_spelling.t ....... 
Dubious, test returned 255 (wstat 65280, 0xff00)
No subtests run 
t/02_hasversion.t ...... ok

#   Failed test '../PerlIO-via-Skip-0.06-X9SCeV.yml contains valid YAML'
#   at t/03_meta.t line 9.

#   Failed test '../PerlIO-via-Skip-0.06-X9SCeV.yml meets the designated specification'
#   at t/03_meta.t line 9.
#   ERR: Failed to load YAML document from '../PerlIO-via-Skip-0.06-X9SCeV.yml' at /home/src/perl/repoperls/installed-perls/perl/v5.14.2/2b65/lib/site_perl/5.14.2/Parse/CPAN/Meta.pm line 111.
# 2 tests of 2 failed.
t/03_meta.t ............ 
Dubious, test returned 2 (wstat 512, 0x200)
Failed 2/2 subtests 
t/05_minimumversion.t .. ok
t/07_strict.t .......... ok
Use of ?PATTERN? without explicit operator is deprecated at /tmp/loop_over_bdir-aifA9A/PerlIO-via-Skip-0.06-X9SCeV/blib/lib/PerlIO/via/Skip.pm line 66.
Use of ?PATTERN? without explicit operator is deprecated at /tmp/loop_over_bdir-aifA9A/PerlIO-via-Skip-0.06-X9SCeV/blib/lib/PerlIO/via/Skip.pm line 96.
t/binmode.t ............ ok
Use of ?PATTERN? without explicit operator is deprecated at /tmp/loop_over_bdir-aifA9A/PerlIO-via-Skip-0.06-X9SCeV/blib/lib/PerlIO/via/Skip.pm line 66.
Use of ?PATTERN? without explicit operator is deprecated at /tmp/loop_over_bdir-aifA9A/PerlIO-via-Skip-0.06-X9SCeV/blib/lib/PerlIO/via/Skip.pm line 96.
t/config.t ............. ok
Use of ?PATTERN? without explicit operator is deprecated at /tmp/loop_over_bdir-aifA9A/PerlIO-via-Skip-0.06-X9SCeV/blib/lib/PerlIO/via/Skip.pm line 66.
Use of ?PATTERN? without explicit operator is deprecated at /tmp/loop_over_bdir-aifA9A/PerlIO-via-Skip-0.06-X9SCeV/blib/lib/PerlIO/via/Skip.pm line 96.
t/dot.t ................ ok
Use of ?PATTERN? without explicit operator is deprecated at /tmp/loop_over_bdir-aifA9A/PerlIO-via-Skip-0.06-X9SCeV/blib/lib/PerlIO/via/Skip.pm line 66.
Use of ?PATTERN? without explicit operator is deprecated at /tmp/loop_over_bdir-aifA9A/PerlIO-via-Skip-0.06-X9SCeV/blib/lib/PerlIO/via/Skip.pm line 96.
t/main.t ............... ok
Use of ?PATTERN? without explicit operator is deprecated at /tmp/loop_over_bdir-aifA9A/PerlIO-via-Skip-0.06-X9SCeV/blib/lib/PerlIO/via/Skip.pm line 66.
Use of ?PATTERN? without explicit operator is deprecated at /tmp/loop_over_bdir-aifA9A/PerlIO-via-Skip-0.06-X9SCeV/blib/lib/PerlIO/via/Skip.pm line 96.
t/mode.t ............... ok
Use of ?PATTERN? without explicit operator is deprecated at /tmp/loop_over_bdir-aifA9A/PerlIO-via-Skip-0.06-X9SCeV/blib/lib/PerlIO/via/Skip.pm line 66.
Use of ?PATTERN? without explicit operator is deprecated at /tmp/loop_over_bdir-aifA9A/PerlIO-via-Skip-0.06-X9SCeV/blib/lib/PerlIO/via/Skip.pm line 96.
t/r01_general.t ........ ok
Use of ?PATTERN? without explicit operator is deprecated at /tmp/loop_over_bdir-aifA9A/PerlIO-via-Skip-0.06-X9SCeV/blib/lib/PerlIO/via/Skip.pm line 66.
Use of ?PATTERN? without explicit operator is deprecated at /tmp/loop_over_bdir-aifA9A/PerlIO-via-Skip-0.06-X9SCeV/blib/lib/PerlIO/via/Skip.pm line 96.
t/r02_eol.t ............ ok
Use of ?PATTERN? without explicit operator is deprecated at /tmp/loop_over_bdir-aifA9A/PerlIO-via-Skip-0.06-X9SCeV/blib/lib/PerlIO/via/Skip.pm line 66.
Use of ?PATTERN? without explicit operator is deprecated at /tmp/loop_over_bdir-aifA9A/PerlIO-via-Skip-0.06-X9SCeV/blib/lib/PerlIO/via/Skip.pm line 96.
t/r03_after.t .......... ok
Use of ?PATTERN? without explicit operator is deprecated at /tmp/loop_over_bdir-aifA9A/PerlIO-via-Skip-0.06-X9SCeV/blib/lib/PerlIO/via/Skip.pm line 66.
Use of ?PATTERN? without explicit operator is deprecated at /tmp/loop_over_bdir-aifA9A/PerlIO-via-Skip-0.06-X9SCeV/blib/lib/PerlIO/via/Skip.pm line 96.
t/r04_maxlines.t ....... ok
Use of ?PATTERN? without explicit operator is deprecated at /tmp/loop_over_bdir-aifA9A/PerlIO-via-Skip-0.06-X9SCeV/blib/lib/PerlIO/via/Skip.pm line 66.
Use of ?PATTERN? without explicit operator is deprecated at /tmp/loop_over_bdir-aifA9A/PerlIO-via-Skip-0.06-X9SCeV/blib/lib/PerlIO/via/Skip.pm line 96.
t/r05_patterns.t ....... ok
Use of ?PATTERN? without explicit operator is deprecated at /tmp/loop_over_bdir-aifA9A/PerlIO-via-Skip-0.06-X9SCeV/blib/lib/PerlIO/via/Skip.pm line 66.
Use of ?PATTERN? without explicit operator is deprecated at /tmp/loop_over_bdir-aifA9A/PerlIO-via-Skip-0.06-X9SCeV/blib/lib/PerlIO/via/Skip.pm line 96.
t/r06_blanklines.t ..... ok
Use of ?PATTERN? without explicit operator is deprecated at /tmp/loop_over_bdir-aifA9A/PerlIO-via-Skip-0.06-X9SCeV/blib/lib/PerlIO/via/Skip.pm line 66.
Use of ?PATTERN? without explicit operator is deprecated at /tmp/loop_over_bdir-aifA9A/PerlIO-via-Skip-0.06-X9SCeV/blib/lib/PerlIO/via/Skip.pm line 96.
t/r07_comments.t ....... ok
Use of ?PATTERN? without explicit operator is deprecated at /tmp/loop_over_bdir-aifA9A/PerlIO-via-Skip-0.06-X9SCeV/blib/lib/PerlIO/via/Skip.pm line 66.
Use of ?PATTERN? without explicit operator is deprecated at /tmp/loop_over_bdir-aifA9A/PerlIO-via-Skip-0.06-X9SCeV/blib/lib/PerlIO/via/Skip.pm line 96.
t/rr01_general.t ....... ok
Use of ?PATTERN? without explicit operator is deprecated at /tmp/loop_over_bdir-aifA9A/PerlIO-via-Skip-0.06-X9SCeV/blib/lib/PerlIO/via/Skip.pm line 66.
Use of ?PATTERN? without explicit operator is deprecated at /tmp/loop_over_bdir-aifA9A/PerlIO-via-Skip-0.06-X9SCeV/blib/lib/PerlIO/via/Skip.pm line 96.
t/rw01_general.t ....... ok
Use of ?PATTERN? without explicit operator is deprecated at /tmp/loop_over_bdir-aifA9A/PerlIO-via-Skip-0.06-X9SCeV/blib/lib/PerlIO/via/Skip.pm line 66.
Use of ?PATTERN? without explicit operator is deprecated at /tmp/loop_over_bdir-aifA9A/PerlIO-via-Skip-0.06-X9SCeV/blib/lib/PerlIO/via/Skip.pm line 96.
t/w01_general.t ........ ok
Use of ?PATTERN? without explicit operator is deprecated at /tmp/loop_over_bdir-aifA9A/PerlIO-via-Skip-0.06-X9SCeV/blib/lib/PerlIO/via/Skip.pm line 66.
Use of ?PATTERN? without explicit operator is deprecated at /tmp/loop_over_bdir-aifA9A/PerlIO-via-Skip-0.06-X9SCeV/blib/lib/PerlIO/via/Skip.pm line 96.
t/w02a_eol.t ........... ok
Use of ?PATTERN? without explicit operator is deprecated at /tmp/loop_over_bdir-aifA9A/PerlIO-via-Skip-0.06-X9SCeV/blib/lib/PerlIO/via/Skip.pm line 66.
Use of ?PATTERN? without explicit operator is deprecated at /tmp/loop_over_bdir-aifA9A/PerlIO-via-Skip-0.06-X9SCeV/blib/lib/PerlIO/via/Skip.pm line 96.
t/w02b_eol.t ........... ok
Use of ?PATTERN? without explicit operator is deprecated at /tmp/loop_over_bdir-aifA9A/PerlIO-via-Skip-0.06-X9SCeV/blib/lib/PerlIO/via/Skip.pm line 66.
Use of ?PATTERN? without explicit operator is deprecated at /tmp/loop_over_bdir-aifA9A/PerlIO-via-Skip-0.06-X9SCeV/blib/lib/PerlIO/via/Skip.pm line 96.
t/w03_after.t .......... ok
Use of ?PATTERN? without explicit operator is deprecated at /tmp/loop_over_bdir-aifA9A/PerlIO-via-Skip-0.06-X9SCeV/blib/lib/PerlIO/via/Skip.pm line 66.
Use of ?PATTERN? without explicit operator is deprecated at /tmp/loop_over_bdir-aifA9A/PerlIO-via-Skip-0.06-X9SCeV/blib/lib/PerlIO/via/Skip.pm line 96.
t/w04_maxlines.t ....... ok
Use of ?PATTERN? without explicit operator is deprecated at /tmp/loop_over_bdir-aifA9A/PerlIO-via-Skip-0.06-X9SCeV/blib/lib/PerlIO/via/Skip.pm line 66.
Use of ?PATTERN? without explicit operator is deprecated at /tmp/loop_over_bdir-aifA9A/PerlIO-via-Skip-0.06-X9SCeV/blib/lib/PerlIO/via/Skip.pm line 96.
t/w05_patterns.t ....... ok
Use of ?PATTERN? without explicit operator is deprecated at /tmp/loop_over_bdir-aifA9A/PerlIO-via-Skip-0.06-X9SCeV/blib/lib/PerlIO/via/Skip.pm line 66.
Use of ?PATTERN? without explicit operator is deprecated at /tmp/loop_over_bdir-aifA9A/PerlIO-via-Skip-0.06-X9SCeV/blib/lib/PerlIO/via/Skip.pm line 96.
t/w06_blanklines.t ..... ok
Use of ?PATTERN? without explicit operator is deprecated at /tmp/loop_over_bdir-aifA9A/PerlIO-via-Skip-0.06-X9SCeV/blib/lib/PerlIO/via/Skip.pm line 66.
Use of ?PATTERN? without explicit operator is deprecated at /tmp/loop_over_bdir-aifA9A/PerlIO-via-Skip-0.06-X9SCeV/blib/lib/PerlIO/via/Skip.pm line 96.
t/w07_comments.t ....... ok

Test Summary Report
-------------------
t/01s_spelling.t     (Wstat: 65280 Tests: 0 Failed: 0)
  Non-zero exit status: 255
  Parse errors: No plan found in TAP output
t/03_meta.t          (Wstat: 512 Tests: 2 Failed: 2)
  Failed tests:  1-2
  Non-zero exit status: 2
Files=30, Tests=163,  5 wallclock secs ( 0.11 usr  0.05 sys +  3.69 cusr  0.33 csys =  4.18 CPU)
Result: FAIL
Failed 2/30 test programs. 2/163 subtests failed.

------------------------------
PREREQUISITES
------------------------------

Prerequisite modules loaded:

requires:

    Module Need  Have    
    ------ ----- --------
    perl   5.006 5.014002


------------------------------
ENVIRONMENT AND OTHER CONTEXT
------------------------------

Environment variables:

    AUTOMATED_TESTING = 1
    LANG = en_US.UTF-8
    LANGUAGE = en_US:en
    PATH = /home/sand/bin:/usr/local/bin:/usr/bin:/bin:/usr/bin/X11:/usr/games:/usr/local/perl/bin:/usr/X11/bin:/sbin:/usr/sbin
    PERL5LIB = 
    PERL5OPT = 
    PERL5_CPANPLUS_IS_RUNNING = 24125
    PERL5_CPAN_IS_RUNNING = 24125
    PERL_MM_USE_DEFAULT = 1
    SHELL = /usr/bin/zsh
    TERM = screen

Perl special variables (and OS-specific diagnostics, for MSWin32):

    $^X = /home/sand/src/perl/repoperls/installed-perls/perl/v5.14.2/2b65/bin/perl
    $UID/$EUID = 1005 / 1005
    $GID = 1005 1005
    $EGID = 1005 1005

Perl module toolchain versions installed:

    Module              Have        
    ------------------- ------------
    CPAN                1.9800      
    CPAN::Meta          2.120921    
    Cwd                 3.39_01     
    ExtUtils::CBuilder  0.280205    
    ExtUtils::Command   1.17        
    ExtUtils::Install   1.56        
    ExtUtils::MakeMaker 6.63_02     
    ExtUtils::Manifest  1.60        
    ExtUtils::ParseXS   3.15        
    File::Spec          3.39_01     
    JSON                2.53        
    JSON::PP            2.27200     
    Module::Build       0.40        
    Module::Signature   0.68        
    Parse::CPAN::Meta   1.4404      
    Test::Harness       3.23        
    Test::More          1.005000_005
    YAML                0.80        
    YAML::Syck          1.20        
    version             0.98        


--

Summary of my perl5 (revision 5 version 14 subversion 2) configuration:
  Commit id: dc281e6088d189558b79a5121119b7196c8b3db0
  Platform:
    osname=linux, osvers=2.6.32-5-amd64, archname=x86_64-linux-ld
    uname='linux k83 2.6.32-5-amd64 #1 smp mon oct 3 03:59:20 utc 2011 x86_64 gnulinux '
    config_args='-Dprefix=/home/src/perl/repoperls/installed-perls/perl/v5.14.2/2b65 -Dinstallusrbinperl=n -Uversiononly -Dusedevel -des -Ui_db -Uuseithreads -Duselongdouble -DDEBUGGING=-g'
    hint=recommended, useposix=true, d_sigaction=define
    useithreads=undef, usemultiplicity=undef
    useperlio=define, d_sfio=undef, uselargefiles=define, usesocks=undef
    use64bitint=define, use64bitall=define, uselongdouble=define
    usemymalloc=n, bincompat5005=undef
  Compiler:
    cc='cc', ccflags ='-fno-strict-aliasing -pipe -fstack-protector -I/usr/local/include -D_LARGEFILE_SOURCE -D_FILE_OFFSET_BITS=64',
    optimize='-O2 -g',
    cppflags='-fno-strict-aliasing -pipe -fstack-protector -I/usr/local/include'
    ccversion='', gccversion='4.4.5', gccosandvers=''
    intsize=4, longsize=8, ptrsize=8, doublesize=8, byteorder=12345678
    d_longlong=define, longlongsize=8, d_longdbl=define, longdblsize=16
    ivtype='long', ivsize=8, nvtype='long double', nvsize=16, Off_t='off_t', lseeksize=8
    alignbytes=16, prototype=define
  Linker and Libraries:
    ld='cc', ldflags =' -fstack-protector -L/usr/local/lib'
    libpth=/usr/local/lib /lib/x86_64-linux-gnu /lib/../lib /usr/lib/x86_64-linux-gnu /usr/lib/../lib /lib /usr/lib /lib64 /usr/lib64
    libs=-lnsl -ldb -ldl -lm -lcrypt -lutil -lc
    perllibs=-lnsl -ldl -lm -lcrypt -lutil -lc
    libc=/lib/libc-2.11.2.so, so=so, useshrplib=false, libperl=libperl.a
    gnulibc_version='2.11.2'
  Dynamic Linking:
    dlsrc=dl_dlopen.xs, dlext=so, d_dlsymun=undef, ccdlflags='-Wl,-E'
    cccdlflags='-fPIC', lddlflags='-shared -O2 -g -L/usr/local/lib -fstack-protector'


Characteristics of this binary (from libperl): 
  Compile-time options: PERL_DONT_CREATE_GVSV PERL_MALLOC_WRAP
                        PERL_PRESERVE_IVUV PERL_USE_DEVEL USE_64_BIT_ALL
                        USE_64_BIT_INT USE_LARGE_FILES USE_LONG_DOUBLE
                        USE_PERLIO USE_PERL_ATOF
  Built under linux
  Compiled at Oct 16 2011 05:57:02
  %ENV:
    PERL5LIB=""
    PERL5OPT=""
    PERL5_CPANPLUS_IS_RUNNING="24125"
    PERL5_CPAN_IS_RUNNING="24125"
    PERL_MM_USE_DEFAULT="1"
  @INC:
    /home/src/perl/repoperls/installed-perls/perl/v5.14.2/2b65/lib/site_perl/5.14.2/x86_64-linux-ld
    /home/src/perl/repoperls/installed-perls/perl/v5.14.2/2b65/lib/site_perl/5.14.2
    /home/src/perl/repoperls/installed-perls/perl/v5.14.2/2b65/lib/5.14.2/x86_64-linux-ld
    /home/src/perl/repoperls/installed-perls/perl/v5.14.2/2b65/lib/5.14.2
    .