Variable-Declaration v0.02 Perl 5 v5.18.2 x86_64-linux
- Status
- Fail
- From
- Slaven Rezić (SREZIC)
- Dist
-
Variable-Declaration v0.02
- Platform
- Perl 5 v5.18.2 x86_64-linux
- Date
- 2019-01-01 17:42:13
- ID
- 92a55c04-0dec-11e9-b5ce-b80455701eeb
This distribution has been tested as part of the CPAN Testers
project, supporting the Perl programming language. See
http://wiki.cpantesters.org/ for more information or email
questions to cpan-testers-discuss@perl.org
--
Dear KFLY,
This is a computer-generated report for Variable-Declaration-0.02
on perl 5.18.2, created by CPAN-Reporter-1.2018.
Thank you for uploading your work to CPAN. However, there was a problem
testing your distribution.
If you think this report is invalid, please consult the CPAN Testers Wiki
for suggestions on how to avoid getting FAIL reports for missing library
or binary dependencies, unsupported operating systems, and so on:
http://wiki.cpantesters.org/wiki/CPANAuthorNotes
Sections of this report:
* Tester comments
* Program output
* Prerequisites
* Environment and other context
------------------------------
TESTER COMMENTS
------------------------------
Additional comments from tester:
none provided
------------------------------
PROGRAM OUTPUT
------------------------------
Output from './Build test':
t/00_compile.t ............. ok
t/01_define.t ..............
No subtests run
# Failed test at t/02_unimport.t line 13.
# Looks like you failed 1 test of 2.
t/02_unimport.t ............
Dubious, test returned 1 (wstat 256, 0x100)
Failed 1/2 subtests
t/03_level/00_import.t ..... ok
t/03_level/01_level_0.t .... ok
t/03_level/01_level_1.t .... ok
t/03_level/01_level_2.t .... ok
t/04_croak.t ............... ok
t/05_data_lock.t ........... ok
t/06_type_tie.t ............ ok
t/10_render_declaration.t .. ok
t/20_parse.t ............... ok
t/21_parse_type_varlist.t .. ok
t/22_parse_type_var.t ...... ok
Test Summary Report
-------------------
t/01_define.t (Wstat: 11 Tests: 0 Failed: 0)
Non-zero wait status: 11
Parse errors: No plan found in TAP output
t/02_unimport.t (Wstat: 256 Tests: 2 Failed: 1)
Failed test: 2
Non-zero exit status: 1
Files=14, Tests=37, 3 wallclock secs ( 0.05 usr 0.07 sys + 1.15 cusr 0.21 csys = 1.48 CPU)
Result: FAIL
------------------------------
PREREQUISITES
------------------------------
Prerequisite modules loaded:
requires:
Module Need Have
------------------- ------- --------
Carp 0 1.50
Data::Lock 0 1.03
Import::Into 0 1.002005
Keyword::Simple 0 0.03
perl v5.12.0 5.018002
PPR 0 0.000014
Type::Tie 0 0.011
build_requires:
Module Need Have
------------------- ------- --------
Test::More 0.98 1.302136
configure_requires:
Module Need Have
------------------- ------- --------
Module::Build::Tiny 0.035 0.039
------------------------------
ENVIRONMENT AND OTHER CONTEXT
------------------------------
Environment variables:
LANG = C
PATH = /usr/local/bin:/usr/bin:/bin:/usr/local/sbin:/usr/sbin:/sbin:/home/cpansand/bin/linux-gnu:/home/cpansand/bin/sh:/home/cpansand/bin:/usr/games:/home/cpansand/devel:/home/eserte/src/srezic-misc/scripts
PERL5LIB = /home/cpansand/.cpan/build/2019010117/Data-Lock-1.03-3/blib/arch:/home/cpansand/.cpan/build/2019010117/Data-Lock-1.03-3/blib/lib:/home/cpansand/.cpan/build/2019010117/Type-Tie-0.011-5/blib/arch:/home/cpansand/.cpan/build/2019010117/Type-Tie-0.011-5/blib/lib
PERL5OPT =
PERL5_CPANPLUS_IS_RUNNING = 21672
PERL5_CPAN_IS_RUNNING = 21672
PERL5_CPAN_IS_RUNNING_IN_RECURSION = 20166,21672
PERLDOC = -MPod::Perldoc::ToTextOverstrike
PERL_BATCH = yes
PERL_CANARY_STABILITY_NOPROMPT = 1
PERL_CPAN_REPORTER_CONFIG = /var/tmp/cpansmoker-1023/2019010117/cpanreporter_000_config.ini
PERL_EXTUTILS_AUTOINSTALL = --defaultdeps
PERL_USE_UNSAFE_INC = 1
SHELL = /bin/zsh
TERM = screen
TMPDIR = /var/tmp/cpansmoker-1023/2019010117
Perl special variables (and OS-specific diagnostics, for MSWin32):
$^X = /bbbike/perl-5.18.2/bin/perl
$UID/$EUID = 1023 / 1023
$GID = 1023 1023
$EGID = 1023 1023
Perl module toolchain versions installed:
Module Have
------------------- --------
CPAN 2.16
CPAN::Meta 2.150010
Cwd 3.74
ExtUtils::CBuilder 0.280230
ExtUtils::Command 7.34
ExtUtils::Install 2.14
ExtUtils::MakeMaker 7.34
ExtUtils::Manifest 1.71
ExtUtils::ParseXS 3.30
File::Spec 3.74
JSON 4.00
JSON::PP 2.97001
Module::Build 0.4224
Module::Signature 0.81
Parse::CPAN::Meta 2.150010
Test::Harness 3.42
Test::More 1.302136
YAML 1.27
YAML::Syck 1.30
version 0.9918
--
Summary of my perl5 (revision 5 version 18 subversion 2) configuration:
Platform:
osname=linux, osvers=3.16.0-4-amd64, archname=x86_64-linux
uname='linux eserte 3.16.0-4-amd64 #1 smp debian 3.16.7-ckt25-2 (2016-04-08) x86_64 gnulinux '
config_args='-ds -e -Dprefix=/opt/perl-5.18.2 -Dcf_email=srezic@cpan.org'
hint=recommended, useposix=true, d_sigaction=define
useithreads=undef, usemultiplicity=undef
useperlio=define, d_sfio=undef, uselargefiles=define, usesocks=undef
use64bitint=define, use64bitall=define, uselongdouble=undef
usemymalloc=n, bincompat5005=undef
Compiler:
cc='cc', ccflags ='-fno-strict-aliasing -pipe -fstack-protector -I/usr/local/include -D_LARGEFILE_SOURCE -D_FILE_OFFSET_BITS=64',
optimize='-O2',
cppflags='-fno-strict-aliasing -pipe -fstack-protector -I/usr/local/include'
ccversion='', gccversion='4.9.2', gccosandvers=''
intsize=4, longsize=8, ptrsize=8, doublesize=8, byteorder=12345678
d_longlong=define, longlongsize=8, d_longdbl=define, longdblsize=16
ivtype='long', ivsize=8, nvtype='double', nvsize=8, Off_t='off_t', lseeksize=8
alignbytes=8, prototype=define
Linker and Libraries:
ld='cc', ldflags =' -fstack-protector -L/usr/local/lib'
libpth=/usr/local/lib /lib/x86_64-linux-gnu /lib/../lib /usr/lib/x86_64-linux-gnu /usr/lib/../lib /lib /usr/lib
libs=-lnsl -lgdbm -ldb -ldl -lm -lcrypt -lutil -lc -lgdbm_compat
perllibs=-lnsl -ldl -lm -lcrypt -lutil -lc
libc=, so=so, useshrplib=false, libperl=libperl.a
gnulibc_version='2.19'
Dynamic Linking:
dlsrc=dl_dlopen.xs, dlext=so, d_dlsymun=undef, ccdlflags='-Wl,-E'
cccdlflags='-fPIC', lddlflags='-shared -O2 -L/usr/local/lib -fstack-protector'
Characteristics of this binary (from libperl):
Compile-time options: HAS_TIMES PERLIO_LAYERS PERL_DONT_CREATE_GVSV
PERL_HASH_FUNC_ONE_AT_A_TIME_HARD PERL_MALLOC_WRAP
PERL_PRESERVE_IVUV PERL_SAWAMPERSAND USE_64_BIT_ALL
USE_64_BIT_INT USE_LARGE_FILES USE_LOCALE
USE_LOCALE_COLLATE USE_LOCALE_CTYPE
USE_LOCALE_NUMERIC USE_PERLIO USE_PERL_ATOF
Built under linux
Compiled at May 7 2016 16:24:49
%ENV:
PERL5LIB="/home/cpansand/.cpan/build/2019010117/Data-Lock-1.03-3/blib/arch:/home/cpansand/.cpan/build/2019010117/Data-Lock-1.03-3/blib/lib:/home/cpansand/.cpan/build/2019010117/Type-Tie-0.011-5/blib/arch:/home/cpansand/.cpan/build/2019010117/Type-Tie-0.011-5/blib/lib"
PERL5OPT=""
PERL5_CPANPLUS_IS_RUNNING="21672"
PERL5_CPAN_IS_RUNNING="21672"
PERL5_CPAN_IS_RUNNING_IN_RECURSION="20166,21672"
PERLDOC="-MPod::Perldoc::ToTextOverstrike"
PERL_BATCH="yes"
PERL_CANARY_STABILITY_NOPROMPT="1"
PERL_CPAN_REPORTER_CONFIG="/var/tmp/cpansmoker-1023/2019010117/cpanreporter_000_config.ini"
PERL_EXTUTILS_AUTOINSTALL="--defaultdeps"
PERL_USE_UNSAFE_INC="1"
@INC:
/home/cpansand/.cpan/build/2019010117/Data-Lock-1.03-3/blib/arch
/home/cpansand/.cpan/build/2019010117/Data-Lock-1.03-3/blib/lib
/home/cpansand/.cpan/build/2019010117/Type-Tie-0.011-5/blib/arch
/home/cpansand/.cpan/build/2019010117/Type-Tie-0.011-5/blib/lib
/opt/perl-5.18.2/lib/site_perl/5.18.2/x86_64-linux
/opt/perl-5.18.2/lib/site_perl/5.18.2
/opt/perl-5.18.2/lib/5.18.2/x86_64-linux
/opt/perl-5.18.2/lib/5.18.2
.